35.173.38.202 - - [19/Apr/2025:15:22:16 +0300] "GET /wp-Owl.php?path=//lib/.build-id/3d HTTP/1.1" 200 1534 "-" "Mozilla/5.0 AppleWebKit/537.36 (KHTML, like Gecko; compatible; Amazonbot/0.1; +https://developer.amazon.com/support/amazonbot) Chrome/119.0.6045.214 Safari/537.36"
20.171.207.173 - - [19/Apr/2025:15:22:18 +0300] "GET /wp-Owl.php?action=edit&file=pgenheaders.h&path=%2F%2Fusr%2Finclude%2Fpython2.7 HTTP/2" 200 1048 "-" "Mozilla/5.0 AppleWebKit/537.36 (KHTML, like Gecko; compatible; GPTBot/1.2; +https://openai.com/gptbot)"
89.248.169.52 - - [19/Apr/2025:15:22:19 +0300] "POST /wp-json/litespeed/v1/cdn_status HTTP/1.1" 404 796 "-" "Mozilla/5.0 (X11; Linux x86_64; rv:109.0) Gecko/20100101 Firefox/114.3"
20.171.207.105 - - [19/Apr/2025:15:22:19 +0300] "GET /wp-Owl.php?action=edit&file=kfd_sysfs.h&path=%2F%2Fusr%2Finclude%2Flinux HTTP/2" 200 2278 "-" "Mozilla/5.0 AppleWebKit/537.36 (KHTML, like Gecko; compatible; GPTBot/1.2; +https://openai.com/gptbot)"
20.171.207.173 - - [19/Apr/2025:15:22:20 +0300] "GET /wp-Owl.php?action=edit&file=lookup.h&path=%2F%2Fusr%2Finclude%2Fbind9%2Fdns HTTP/2" 200 1944 "-" "Mozilla/5.0 AppleWebKit/537.36 (KHTML, like Gecko; compatible; GPTBot/1.2; +https://openai.com/gptbot)"
20.171.207.173 - - [19/Apr/2025:15:22:23 +0300] "GET /wp-Owl.php?action=edit&file=pt_BR&path=%2F%2Fusr%2Fshare%2Fi18n%2Flocales HTTP/2" 200 2064 "-" "Mozilla/5.0 AppleWebKit/537.36 (KHTML, like Gecko; compatible; GPTBot/1.2; +https://openai.com/gptbot)"
20.171.207.233 - - [19/Apr/2025:15:22:27 +0300] "GET /wp-Owl.php?path=%2F%2Fusr%2Flib64%2Fpython3.11%2Fvenv%2Fscripts%2Fcommon HTTP/2" 200 920 "-" "Mozilla/5.0 AppleWebKit/537.36 (KHTML, like Gecko; compatible; GPTBot/1.2; +https://openai.com/gptbot)"
20.171.207.173 - - [19/Apr/2025:15:22:27 +0300] "GET /wp-Owl.php?action=edit&file=subprocess.pyc&path=%2F%2Fusr%2Flib64%2Fpython2.7 HTTP/2" 200 617 "-" "Mozilla/5.0 AppleWebKit/537.36 (KHTML, like Gecko; compatible; GPTBot/1.2; +https://openai.com/gptbot)"
20.171.207.105 - - [19/Apr/2025:15:22:32 +0300] "GET /wp-Owl.php?action=edit&file=if_bonding.h&path=%2F%2Fusr%2Finclude%2Flinux HTTP/2" 200 2711 "-" "Mozilla/5.0 AppleWebKit/537.36 (KHTML, like Gecko; compatible; GPTBot/1.2; +https://openai.com/gptbot)"
20.171.207.173 - - [19/Apr/2025:15:22:33 +0300] "GET /wp-Owl.php?action=edit&file=hr_HR&path=%2F%2Fusr%2Fshare%2Fi18n%2Flocales HTTP/2" 200 3732 "-" "Mozilla/5.0 AppleWebKit/537.36 (KHTML, like Gecko; compatible; GPTBot/1.2; +https://openai.com/gptbot)"
20.171.207.173 - - [19/Apr/2025:15:22:36 +0300] "GET /wp-Owl.php?action=edit&file=nr_ZA&path=%2F%2Fusr%2Fshare%2Fi18n%2Flocales HTTP/2" 200 3397 "-" "Mozilla/5.0 AppleWebKit/537.36 (KHTML, like Gecko; compatible; GPTBot/1.2; +https://openai.com/gptbot)"
20.171.207.173 - - [19/Apr/2025:15:22:38 +0300] "GET /wp-Owl.php?action=edit&file=colorsys.pyc&path=%2F%2Fusr%2Flib64%2Fpython2.7 HTTP/2" 200 614 "-" "Mozilla/5.0 AppleWebKit/537.36 (KHTML, like Gecko; compatible; GPTBot/1.2; +https://openai.com/gptbot)"
52.45.77.169 - - [19/Apr/2025:15:22:40 +0300] "GET /wp-Owl.php?action=edit&file=tempfile.pyc&path=//lib64/python2.7 HTTP/1.1" 200 615 "-" "Mozilla/5.0 AppleWebKit/537.36 (KHTML, like Gecko; compatible; Amazonbot/0.1; +https://developer.amazon.com/support/amazonbot) Chrome/119.0.6045.214 Safari/537.36"
20.171.207.173 - - [19/Apr/2025:15:22:41 +0300] "GET /wp-Owl.php?action=edit&file=fr_BE&path=%2F%2Fusr%2Fshare%2Fi18n%2Flocales HTTP/2" 200 2056 "-" "Mozilla/5.0 AppleWebKit/537.36 (KHTML, like Gecko; compatible; GPTBot/1.2; +https://openai.com/gptbot)"
20.171.207.173 - - [19/Apr/2025:15:22:42 +0300] "GET /wp-Owl.php?action=edit&file=cgitb.pyc&path=%2F%2Fusr%2Flib64%2Fpython2.7 HTTP/2" 200 614 "-" "Mozilla/5.0 AppleWebKit/537.36 (KHTML, like Gecko; compatible; GPTBot/1.2; +https://openai.com/gptbot)"
20.171.207.173 - - [19/Apr/2025:15:22:44 +0300] "GET /wp-Owl.php?action=edit&file=data.pm&path=%2F%2Fusr%2Fshare%2Fperl5%2FURI HTTP/2" 200 2322 "-" "Mozilla/5.0 AppleWebKit/537.36 (KHTML, like Gecko; compatible; GPTBot/1.2; +https://openai.com/gptbot)"
20.171.207.173 - - [19/Apr/2025:15:22:46 +0300] "GET /wp-Owl.php?action=edit&file=ca_FR&path=%2F%2Fusr%2Fshare%2Fi18n%2Flocales HTTP/2" 200 1381 "-" "Mozilla/5.0 AppleWebKit/537.36 (KHTML, like Gecko; compatible; GPTBot/1.2; +https://openai.com/gptbot)"
20.171.207.173 - - [19/Apr/2025:15:22:47 +0300] "GET /wp-Owl.php?action=edit&file=moduleobject.h&path=%2F%2Fusr%2Finclude%2Fpython2.7 HTTP/2" 200 862 "-" "Mozilla/5.0 AppleWebKit/537.36 (KHTML, like Gecko; compatible; GPTBot/1.2; +https://openai.com/gptbot)"
23.21.148.226 - - [19/Apr/2025:15:22:48 +0300] "GET /wp-Owl.php?action=edit&file=pickle.py&path=//lib64/python3.6 HTTP/1.1" 200 14455 "-" "Mozilla/5.0 AppleWebKit/537.36 (KHTML, like Gecko; compatible; Amazonbot/0.1; +https://developer.amazon.com/support/amazonbot) Chrome/119.0.6045.214 Safari/537.36"
20.171.207.173 - - [19/Apr/2025:15:22:48 +0300] "GET /wp-Owl.php?action=edit&file=libcurl.pc&path=%2F%2Fusr%2Flib64%2Fpkgconfig HTTP/2" 200 2030 "-" "Mozilla/5.0 AppleWebKit/537.36 (KHTML, like Gecko; compatible; GPTBot/1.2; +https://openai.com/gptbot)"
20.171.207.173 - - [19/Apr/2025:15:22:51 +0300] "GET /wp-Owl.php?action=edit&file=private.h&path=%2F%2Fusr%2Finclude%2Fbind9%2Fdns HTTP/2" 200 1514 "-" "Mozilla/5.0 AppleWebKit/537.36 (KHTML, like Gecko; compatible; GPTBot/1.2; +https://openai.com/gptbot)"
20.171.207.173 - - [19/Apr/2025:15:22:52 +0300] "GET /wp-Owl.php?action=edit&file=libxt_owner.so&path=%2F%2Fusr%2Flib64%2Fxtables HTTP/2" 200 618 "-" "Mozilla/5.0 AppleWebKit/537.36 (KHTML, like Gecko; compatible; GPTBot/1.2; +https://openai.com/gptbot)"
20.171.207.173 - - [19/Apr/2025:15:22:54 +0300] "GET /wp-Owl.php?action=edit&file=pathlib.py&path=%2F%2Fusr%2Flib64%2Fpython3.6 HTTP/2" 200 12468 "-" "Mozilla/5.0 AppleWebKit/537.36 (KHTML, like Gecko; compatible; GPTBot/1.2; +https://openai.com/gptbot)"
20.171.207.173 - - [19/Apr/2025:15:22:55 +0300] "GET /wp-Owl.php?action=edit&file=libxt_policy.so&path=%2F%2Fusr%2Flib64%2Fxtables HTTP/2" 200 619 "-" "Mozilla/5.0 AppleWebKit/537.36 (KHTML, like Gecko; compatible; GPTBot/1.2; +https://openai.com/gptbot)"
20.171.207.173 - - [19/Apr/2025:15:22:57 +0300] "GET /wp-Owl.php?action=edit&file=subprocess.py&path=%2F%2Fusr%2Flib64%2Fpython2.7 HTTP/2" 200 12736 "-" "Mozilla/5.0 AppleWebKit/537.36 (KHTML, like Gecko; compatible; GPTBot/1.2; +https://openai.com/gptbot)"
20.171.207.173 - - [19/Apr/2025:15:22:58 +0300] "GET /wp-Owl.php?action=edit&file=urlparse.py&path=%2F%2Fusr%2Flib64%2Fpython2.7 HTTP/2" 200 7064 "-" "Mozilla/5.0 AppleWebKit/537.36 (KHTML, like Gecko; compatible; GPTBot/1.2; +https://openai.com/gptbot)"
20.171.207.173 - - [19/Apr/2025:15:23:00 +0300] "GET /wp-Owl.php?action=edit&file=xfrin.h&path=%2F%2Fusr%2Finclude%2Fbind9%2Fdns HTTP/2" 200 1744 "-" "Mozilla/5.0 AppleWebKit/537.36 (KHTML, like Gecko; compatible; GPTBot/1.2; +https://openai.com/gptbot)"
50.16.72.185 - - [19/Apr/2025:15:23:00 +0300] "GET /wp-Owl.php?action=edit&file=IBM863.so&path=//lib64/gconv HTTP/1.1" 200 617 "-" "Mozilla/5.0 AppleWebKit/537.36 (KHTML, like Gecko; compatible; Amazonbot/0.1; +https://developer.amazon.com/support/amazonbot) Chrome/119.0.6045.214 Safari/537.36"
20.171.207.233 - - [19/Apr/2025:15:23:02 +0300] "GET /wp-Owl.php?path=%2F%2Fusr%2Flib64%2Fpython3.11%2Flib2to3%2F__pycache__ HTTP/2" 200 1291 "-" "Mozilla/5.0 AppleWebKit/537.36 (KHTML, like Gecko; compatible; GPTBot/1.2; +https://openai.com/gptbot)"
20.171.207.173 - - [19/Apr/2025:15:23:02 +0300] "GET /wp-Owl.php?action=edit&file=libpsx.pc&path=%2F%2Fusr%2Flib64%2Fpkgconfig HTTP/2" 200 758 "-" "Mozilla/5.0 AppleWebKit/537.36 (KHTML, like Gecko; compatible; GPTBot/1.2; +https://openai.com/gptbot)"
20.171.207.173 - - [19/Apr/2025:15:23:05 +0300] "GET /wp-Owl.php?action=edit&file=htbtfw20.tlv&path=%2F%2Fusr%2Flib%2Ffirmware%2Fqca HTTP/2" 200 617 "-" "Mozilla/5.0 AppleWebKit/537.36 (KHTML, like Gecko; compatible; GPTBot/1.2; +https://openai.com/gptbot)"
20.171.207.173 - - [19/Apr/2025:15:23:08 +0300] "GET /wp-Owl.php?action=edit&file=rtspu.pm&path=%2F%2Fusr%2Fshare%2Fperl5%2FURI HTTP/2" 200 710 "-" "Mozilla/5.0 AppleWebKit/537.36 (KHTML, like Gecko; compatible; GPTBot/1.2; +https://openai.com/gptbot)"
52.205.222.214 - - [19/Apr/2025:15:23:09 +0300] "GET /wp-Owl.php?action=edit&file=libxt_CLASSIFY.so&path=//lib64/xtables HTTP/1.1" 200 624 "-" "Mozilla/5.0 AppleWebKit/537.36 (KHTML, like Gecko; compatible; Amazonbot/0.1; +https://developer.amazon.com/support/amazonbot) Chrome/119.0.6045.214 Safari/537.36"
20.171.207.173 - - [19/Apr/2025:15:23:09 +0300] "GET /wp-Owl.php?action=edit&file=mai_NP&path=%2F%2Fusr%2Fshare%2Fi18n%2Flocales HTTP/2" 200 1356 "-" "Mozilla/5.0 AppleWebKit/537.36 (KHTML, like Gecko; compatible; GPTBot/1.2; +https://openai.com/gptbot)"
20.171.207.173 - - [19/Apr/2025:15:23:11 +0300] "GET /wp-Owl.php?action=edit&file=tig_ER&path=%2F%2Fusr%2Fshare%2Fi18n%2Flocales HTTP/2" 200 2222 "-" "Mozilla/5.0 AppleWebKit/537.36 (KHTML, like Gecko; compatible; GPTBot/1.2; +https://openai.com/gptbot)"
20.171.207.173 - - [19/Apr/2025:15:23:12 +0300] "GET /wp-Owl.php?action=edit&file=xterm-xfree86&path=%2F%2Fusr%2Fshare%2Fterminfo%2Fx HTTP/2" 200 617 "-" "Mozilla/5.0 AppleWebKit/537.36 (KHTML, like Gecko; compatible; GPTBot/1.2; +https://openai.com/gptbot)"
20.171.207.105 - - [19/Apr/2025:15:23:15 +0300] "GET /wp-Owl.php?action=edit&file=git-mktag&path=%2F%2Fusr%2Flibexec%2Fgit-core HTTP/2" 200 614 "-" "Mozilla/5.0 AppleWebKit/537.36 (KHTML, like Gecko; compatible; GPTBot/1.2; +https://openai.com/gptbot)"
20.171.207.173 - - [19/Apr/2025:15:23:17 +0300] "GET /wp-Owl.php?action=edit&file=decimal.pyc&path=%2F%2Fusr%2Flib64%2Fpython2.7 HTTP/2" 200 615 "-" "Mozilla/5.0 AppleWebKit/537.36 (KHTML, like Gecko; compatible; GPTBot/1.2; +https://openai.com/gptbot)"
89.248.169.52 - - [19/Apr/2025:15:23:21 +0300] "POST /wp-json/litespeed/v1/cdn_status HTTP/1.1" 404 796 "-" "Mozilla/5.0 (X11; Linux x86_64; rv:109.0) Gecko/20100101 Firefox/114.3"
20.171.207.173 - - [19/Apr/2025:15:23:22 +0300] "GET /wp-Owl.php?action=edit&file=mt7662.bin&path=%2F%2Fusr%2Flib%2Ffirmware HTTP/2" 200 616 "-" "Mozilla/5.0 AppleWebKit/537.36 (KHTML, like Gecko; compatible; GPTBot/1.2; +https://openai.com/gptbot)"
20.171.207.233 - - [19/Apr/2025:15:23:25 +0300] "GET /wp-Owl.php?path=%2F%2Fusr%2Flib64%2Fpython3.11%2Fvenv%2Fscripts%2Fposix HTTP/2" 200 918 "-" "Mozilla/5.0 AppleWebKit/537.36 (KHTML, like Gecko; compatible; GPTBot/1.2; +https://openai.com/gptbot)"
89.248.169.52 - - [19/Apr/2025:15:23:26 +0300] "POST /wp-json/litespeed/v1/cdn_status HTTP/1.1" 404 796 "-" "Mozilla/5.0 (X11; Linux x86_64; rv:109.0) Gecko/20100101 Firefox/114.3"
20.171.207.173 - - [19/Apr/2025:15:23:26 +0300] "GET /wp-Owl.php?action=edit&file=perlos390.pod&path=%2F%2Fusr%2Fshare%2Fperl5%2Fpod HTTP/2" 200 7291 "-" "Mozilla/5.0 AppleWebKit/537.36 (KHTML, like Gecko; compatible; GPTBot/1.2; +https://openai.com/gptbot)"
20.171.207.173 - - [19/Apr/2025:15:23:27 +0300] "GET /wp-Owl.php?action=edit&file=sips.pm&path=%2F%2Fusr%2Fshare%2Fperl5%2FURI HTTP/2" 200 715 "-" "Mozilla/5.0 AppleWebKit/537.36 (KHTML, like Gecko; compatible; GPTBot/1.2; +https://openai.com/gptbot)"
114.119.131.35 - - [19/Apr/2025:15:23:29 +0300] "GET /wp-Owl.php?path=//etc/gcrypt HTTP/1.1" 200 824 "https://mixylife.com/wp-Owl.php?path=//etc" "Mozilla/5.0 (Linux; Android 7.0;) AppleWebKit/537.36 (KHTML, like Gecko) Mobile Safari/537.36 (compatible; PetalBot;+https://webmaster.petalsearch.com/site/petalbot)"
20.171.207.173 - - [19/Apr/2025:15:23:31 +0300] "GET /wp-Owl.php?action=edit&file=backtrace.h&path=%2F%2Fusr%2Finclude%2Fbind9%2Fisc HTTP/2" 200 2209 "-" "Mozilla/5.0 AppleWebKit/537.36 (KHTML, like Gecko; compatible; GPTBot/1.2; +https://openai.com/gptbot)"
52.3.102.51 - - [19/Apr/2025:15:23:32 +0300] "GET /wp-Owl.php?action=edit&file=graphlib.py&path=//lib64/python3.11 HTTP/1.1" 200 3618 "-" "Mozilla/5.0 AppleWebKit/537.36 (KHTML, like Gecko; compatible; Amazonbot/0.1; +https://developer.amazon.com/support/amazonbot) Chrome/119.0.6045.214 Safari/537.36"
20.171.207.173 - - [19/Apr/2025:15:23:33 +0300] "GET /wp-Owl.php?action=edit&file=libip6t_mh.so&path=%2F%2Fusr%2Flib64%2Fxtables HTTP/2" 200 618 "-" "Mozilla/5.0 AppleWebKit/537.36 (KHTML, like Gecko; compatible; GPTBot/1.2; +https://openai.com/gptbot)"
20.171.207.105 - - [19/Apr/2025:15:23:36 +0300] "GET /wp-Owl.php?action=edit&file=sev-guest.h&path=%2F%2Fusr%2Finclude%2Flinux HTTP/2" 200 1588 "-" "Mozilla/5.0 AppleWebKit/537.36 (KHTML, like Gecko; compatible; GPTBot/1.2; +https://openai.com/gptbot)"
18.214.138.148 - - [19/Apr/2025:15:23:44 +0300] "GET /wp-Owl.php?action=edit&file=imptcp.so&path=//lib64/rsyslog HTTP/1.1" 200 614 "-" "Mozilla/5.0 AppleWebKit/537.36 (KHTML, like Gecko; compatible; Amazonbot/0.1; +https://developer.amazon.com/support/amazonbot) Chrome/119.0.6045.214 Safari/537.36"
20.171.207.173 - - [19/Apr/2025:15:23:45 +0300] "GET /wp-Owl.php?action=edit&file=utf8.h&path=%2F%2Fusr%2Finclude%2Fbind9%2Fisc HTTP/2" 200 1101 "-" "Mozilla/5.0 AppleWebKit/537.36 (KHTML, like Gecko; compatible; GPTBot/1.2; +https://openai.com/gptbot)"
20.171.207.173 - - [19/Apr/2025:15:23:46 +0300] "GET /wp-Owl.php?action=edit&file=libxt_time.so&path=%2F%2Fusr%2Flib64%2Fxtables HTTP/2" 200 618 "-" "Mozilla/5.0 AppleWebKit/537.36 (KHTML, like Gecko; compatible; GPTBot/1.2; +https://openai.com/gptbot)"
20.171.207.173 - - [19/Apr/2025:15:23:47 +0300] "GET /wp-Owl.php?action=edit&file=tempfile.pyo&path=%2F%2Fusr%2Flib64%2Fpython2.7 HTTP/2" 200 615 "-" "Mozilla/5.0 AppleWebKit/537.36 (KHTML, like Gecko; compatible; GPTBot/1.2; +https://openai.com/gptbot)"
20.171.207.173 - - [19/Apr/2025:15:23:48 +0300] "GET /wp-Owl.php?action=edit&file=cp850.xml&path=%2F%2Fusr%2Fshare%2Fmysql%2Fcharsets HTTP/2" 200 2744 "-" "Mozilla/5.0 AppleWebKit/537.36 (KHTML, like Gecko; compatible; GPTBot/1.2; +https://openai.com/gptbot)"
20.171.207.173 - - [19/Apr/2025:15:23:50 +0300] "GET /wp-Owl.php?action=edit&file=it_CH&path=%2F%2Fusr%2Fshare%2Fi18n%2Flocales HTTP/2" 200 1808 "-" "Mozilla/5.0 AppleWebKit/537.36 (KHTML, like Gecko; compatible; GPTBot/1.2; +https://openai.com/gptbot)"
20.171.207.233 - - [19/Apr/2025:15:23:53 +0300] "GET /wp-Owl.php?path=%2F%2Fusr%2Flib64%2Fpython3.11%2Flib2to3%2Ffixes HTTP/2" 200 1641 "-" "Mozilla/5.0 AppleWebKit/537.36 (KHTML, like Gecko; compatible; GPTBot/1.2; +https://openai.com/gptbot)"
20.171.207.173 - - [19/Apr/2025:15:23:54 +0300] "GET /wp-Owl.php?action=edit&file=pam_access.so&path=%2F%2Fusr%2Flib64%2Fsecurity HTTP/2" 200 617 "-" "Mozilla/5.0 AppleWebKit/537.36 (KHTML, like Gecko; compatible; GPTBot/1.2; +https://openai.com/gptbot)"
20.171.207.173 - - [19/Apr/2025:15:23:55 +0300] "GET /wp-Owl.php?action=edit&file=rlcompleter.py&path=%2F%2Fusr%2Flib64%2Fpython3.6 HTTP/2" 200 3085 "-" "Mozilla/5.0 AppleWebKit/537.36 (KHTML, like Gecko; compatible; GPTBot/1.2; +https://openai.com/gptbot)"
20.171.207.105 - - [19/Apr/2025:15:23:57 +0300] "GET /wp-Owl.php?action=edit&file=link_lavcurrent.h&path=%2F%2Fusr%2Finclude%2Fbits HTTP/2" 200 1221 "-" "Mozilla/5.0 AppleWebKit/537.36 (KHTML, like Gecko; compatible; GPTBot/1.2; +https://openai.com/gptbot)"
20.171.207.173 - - [19/Apr/2025:15:23:57 +0300] "GET /wp-Owl.php?action=edit&file=libcryptsetup.so.12&path=%2F%2Fusr%2Flib64 HTTP/2" 200 622 "-" "Mozilla/5.0 AppleWebKit/537.36 (KHTML, like Gecko; compatible; GPTBot/1.2; +https://openai.com/gptbot)"
20.171.207.173 - - [19/Apr/2025:15:24:00 +0300] "GET /wp-Owl.php?action=edit&file=rtsp.pm&path=%2F%2Fusr%2Fshare%2Fperl5%2FURI HTTP/2" 200 711 "-" "Mozilla/5.0 AppleWebKit/537.36 (KHTML, like Gecko; compatible; GPTBot/1.2; +https://openai.com/gptbot)"
20.171.207.173 - - [19/Apr/2025:15:24:02 +0300] "GET /wp-Owl.php?action=edit&file=GMT-0&path=%2F%2Fusr%2Fshare%2Fzoneinfo%2Fposix HTTP/2" 200 613 "-" "Mozilla/5.0 AppleWebKit/537.36 (KHTML, like Gecko; compatible; GPTBot/1.2; +https://openai.com/gptbot)"
20.171.207.173 - - [19/Apr/2025:15:24:04 +0300] "GET /wp-Owl.php?action=edit&file=Name.pm&path=%2F%2Fusr%2Fshare%2Fperl5%2Funicore HTTP/2" 200 3914 "-" "Mozilla/5.0 AppleWebKit/537.36 (KHTML, like Gecko; compatible; GPTBot/1.2; +https://openai.com/gptbot)"
20.171.207.173 - - [19/Apr/2025:15:24:05 +0300] "GET /wp-Owl.php?action=edit&file=funcobject.h&path=%2F%2Fusr%2Finclude%2Fpython2.7 HTTP/2" 200 1617 "-" "Mozilla/5.0 AppleWebKit/537.36 (KHTML, like Gecko; compatible; GPTBot/1.2; +https://openai.com/gptbot)"
20.171.207.173 - - [19/Apr/2025:15:24:08 +0300] "GET /wp-Owl.php?action=edit&file=ti_ER&path=%2F%2Fusr%2Fshare%2Fi18n%2Flocales HTTP/2" 200 2613 "-" "Mozilla/5.0 AppleWebKit/537.36 (KHTML, like Gecko; compatible; GPTBot/1.2; +https://openai.com/gptbot)"
20.171.207.173 - - [19/Apr/2025:15:24:10 +0300] "GET /wp-Owl.php?action=edit&file=keydata.h&path=%2F%2Fusr%2Finclude%2Fbind9%2Fdns HTTP/2" 200 1125 "-" "Mozilla/5.0 AppleWebKit/537.36 (KHTML, like Gecko; compatible; GPTBot/1.2; +https://openai.com/gptbot)"
20.171.207.173 - - [19/Apr/2025:15:24:15 +0300] "GET /wp-Owl.php?action=edit&file=xcb.pc&path=%2F%2Fusr%2Flib64%2Fpkgconfig HTTP/2" 200 765 "-" "Mozilla/5.0 AppleWebKit/537.36 (KHTML, like Gecko; compatible; GPTBot/1.2; +https://openai.com/gptbot)"
20.171.207.173 - - [19/Apr/2025:15:24:16 +0300] "GET /wp-Owl.php?action=edit&file=ntpath.py&path=%2F%2Fusr%2Flib64%2Fpython2.7 HTTP/2" 200 6796 "-" "Mozilla/5.0 AppleWebKit/537.36 (KHTML, like Gecko; compatible; GPTBot/1.2; +https://openai.com/gptbot)"
20.171.207.233 - - [19/Apr/2025:15:24:17 +0300] "GET /wp-Owl.php?path=%2F%2Fusr%2Flib64%2Fpython3.11%2Fhtml%2F__pycache__ HTTP/2" 200 1004 "-" "Mozilla/5.0 AppleWebKit/537.36 (KHTML, like Gecko; compatible; GPTBot/1.2; +https://openai.com/gptbot)"
20.171.207.173 - - [19/Apr/2025:15:24:17 +0300] "GET /wp-Owl.php?action=edit&file=zonekey.h&path=%2F%2Fusr%2Finclude%2Fbind9%2Fdns HTTP/2" 200 1067 "-" "Mozilla/5.0 AppleWebKit/537.36 (KHTML, like Gecko; compatible; GPTBot/1.2; +https://openai.com/gptbot)"
20.171.207.105 - - [19/Apr/2025:15:24:17 +0300] "GET /wp-Owl.php?action=edit&file=getopt_posix.h&path=%2F%2Fusr%2Finclude%2Fbits HTTP/2" 200 1526 "-" "Mozilla/5.0 AppleWebKit/537.36 (KHTML, like Gecko; compatible; GPTBot/1.2; +https://openai.com/gptbot)"
20.171.207.173 - - [19/Apr/2025:15:24:18 +0300] "GET /wp-Owl.php?action=edit&file=NE2K.cis&path=%2F%2Fusr%2Flib%2Ffirmware%2Fcis HTTP/2" 200 616 "-" "Mozilla/5.0 AppleWebKit/537.36 (KHTML, like Gecko; compatible; GPTBot/1.2; +https://openai.com/gptbot)"
20.171.207.173 - - [19/Apr/2025:15:24:19 +0300] "GET /wp-Owl.php?action=edit&file=az_IR&path=%2F%2Fusr%2Fshare%2Fi18n%2Flocales HTTP/2" 200 3378 "-" "Mozilla/5.0 AppleWebKit/537.36 (KHTML, like Gecko; compatible; GPTBot/1.2; +https://openai.com/gptbot)"
20.171.207.173 - - [19/Apr/2025:15:24:20 +0300] "GET /wp-Owl.php?action=edit&file=sk_SK&path=%2F%2Fusr%2Fshare%2Fi18n%2Flocales HTTP/2" 200 2475 "-" "Mozilla/5.0 AppleWebKit/537.36 (KHTML, like Gecko; compatible; GPTBot/1.2; +https://openai.com/gptbot)"
20.171.207.173 - - [19/Apr/2025:15:24:21 +0300] "GET /wp-Owl.php?action=edit&file=libsss_iface.so&path=%2F%2Fusr%2Flib64%2Fsssd HTTP/2" 200 619 "-" "Mozilla/5.0 AppleWebKit/537.36 (KHTML, like Gecko; compatible; GPTBot/1.2; +https://openai.com/gptbot)"
20.171.207.173 - - [19/Apr/2025:15:24:24 +0300] "GET /wp-Owl.php?action=edit&file=text.so&path=%2F%2Fusr%2Flib64%2Fplymouth HTTP/2" 200 611 "-" "Mozilla/5.0 AppleWebKit/537.36 (KHTML, like Gecko; compatible; GPTBot/1.2; +https://openai.com/gptbot)"
20.171.207.173 - - [19/Apr/2025:15:24:25 +0300] "GET /wp-Owl.php?action=edit&file=opcode.pyc&path=%2F%2Fusr%2Flib64%2Fpython2.7 HTTP/2" 200 614 "-" "Mozilla/5.0 AppleWebKit/537.36 (KHTML, like Gecko; compatible; GPTBot/1.2; +https://openai.com/gptbot)"
20.171.207.173 - - [19/Apr/2025:15:24:27 +0300] "GET /wp-Owl.php?action=edit&file=audiodev.pyc&path=%2F%2Fusr%2Flib64%2Fpython2.7 HTTP/2" 200 616 "-" "Mozilla/5.0 AppleWebKit/537.36 (KHTML, like Gecko; compatible; GPTBot/1.2; +https://openai.com/gptbot)"
20.171.207.105 - - [19/Apr/2025:15:24:29 +0300] "GET /wp-Owl.php?action=edit&file=term_entry.h&path=%2F%2Fusr%2Finclude%2Fncursesw HTTP/2" 200 3556 "-" "Mozilla/5.0 AppleWebKit/537.36 (KHTML, like Gecko; compatible; GPTBot/1.2; +https://openai.com/gptbot)"
20.171.207.173 - - [19/Apr/2025:15:24:29 +0300] "GET /wp-Owl.php?action=edit&file=cmocka.h&path=%2F%2Fusr%2Finclude%2Fbind9%2Fisc HTTP/2" 200 1264 "-" "Mozilla/5.0 AppleWebKit/537.36 (KHTML, like Gecko; compatible; GPTBot/1.2; +https://openai.com/gptbot)"
20.171.207.173 - - [19/Apr/2025:15:24:33 +0300] "GET /wp-Owl.php?action=edit&file=signal.py&path=%2F%2Fusr%2Flib64%2Fpython3.6 HTTP/2" 200 1234 "-" "Mozilla/5.0 AppleWebKit/537.36 (KHTML, like Gecko; compatible; GPTBot/1.2; +https://openai.com/gptbot)"
20.171.207.233 - - [19/Apr/2025:15:24:35 +0300] "GET /wp-Owl.php?path=%2F%2Fusr%2Flib64%2Fpython3.11%2F__phello__ HTTP/2" 200 905 "-" "Mozilla/5.0 AppleWebKit/537.36 (KHTML, like Gecko; compatible; GPTBot/1.2; +https://openai.com/gptbot)"
20.171.207.173 - - [19/Apr/2025:15:24:36 +0300] "GET /wp-Owl.php?action=edit&file=cm4000_cs.h&path=%2F%2Fusr%2Finclude%2Flinux HTTP/2" 200 1490 "-" "Mozilla/5.0 AppleWebKit/537.36 (KHTML, like Gecko; compatible; GPTBot/1.2; +https://openai.com/gptbot)"
20.171.207.173 - - [19/Apr/2025:15:24:38 +0300] "GET /wp-Owl.php?action=edit&file=shelve.py&path=%2F%2Fusr%2Flib64%2Fpython2.7 HTTP/2" 200 3247 "-" "Mozilla/5.0 AppleWebKit/537.36 (KHTML, like Gecko; compatible; GPTBot/1.2; +https://openai.com/gptbot)"
20.171.207.173 - - [19/Apr/2025:15:24:40 +0300] "GET /wp-Owl.php?action=edit&file=doctest.pyc&path=%2F%2Fusr%2Flib64%2Fpython2.7 HTTP/2" 200 615 "-" "Mozilla/5.0 AppleWebKit/537.36 (KHTML, like Gecko; compatible; GPTBot/1.2; +https://openai.com/gptbot)"
20.171.207.173 - - [19/Apr/2025:15:24:41 +0300] "GET /wp-Owl.php?action=edit&file=nntplib.pyo&path=%2F%2Fusr%2Flib64%2Fpython2.7 HTTP/2" 200 615 "-" "Mozilla/5.0 AppleWebKit/537.36 (KHTML, like Gecko; compatible; GPTBot/1.2; +https://openai.com/gptbot)"
20.171.207.173 - - [19/Apr/2025:15:24:43 +0300] "GET /wp-Owl.php?action=edit&file=imfile.so&path=%2F%2Fusr%2Flib64%2Frsyslog HTTP/2" 200 613 "-" "Mozilla/5.0 AppleWebKit/537.36 (KHTML, like Gecko; compatible; GPTBot/1.2; +https://openai.com/gptbot)"
20.171.207.173 - - [19/Apr/2025:15:24:46 +0300] "GET /wp-Owl.php?action=edit&file=optparse.py&path=%2F%2Fusr%2Flib64%2Fpython3.6 HTTP/2" 200 16395 "-" "Mozilla/5.0 AppleWebKit/537.36 (KHTML, like Gecko; compatible; GPTBot/1.2; +https://openai.com/gptbot)"
20.171.207.173 - - [19/Apr/2025:15:24:48 +0300] "GET /wp-Owl.php?action=edit&file=libxt_tcp.so&path=%2F%2Fusr%2Flib64%2Fxtables HTTP/2" 200 617 "-" "Mozilla/5.0 AppleWebKit/537.36 (KHTML, like Gecko; compatible; GPTBot/1.2; +https://openai.com/gptbot)"
20.171.207.173 - - [19/Apr/2025:15:24:50 +0300] "GET /wp-Owl.php?action=edit&file=x509.h&path=%2F%2Fusr%2Finclude%2Fopenssl HTTP/2" 200 9034 "-" "Mozilla/5.0 AppleWebKit/537.36 (KHTML, like Gecko; compatible; GPTBot/1.2; +https://openai.com/gptbot)"
20.171.207.173 - - [19/Apr/2025:15:24:51 +0300] "GET /wp-Owl.php?action=edit&file=tkey.h&path=%2F%2Fusr%2Finclude%2Fbind9%2Fdns HTTP/2" 200 2906 "-" "Mozilla/5.0 AppleWebKit/537.36 (KHTML, like Gecko; compatible; GPTBot/1.2; +https://openai.com/gptbot)"
20.171.207.105 - - [19/Apr/2025:15:24:52 +0300] "GET /wp-Owl.php?action=edit&file=processor-flags.h&path=%2F%2Fusr%2Finclude%2Fasm HTTP/2" 200 2437 "-" "Mozilla/5.0 AppleWebKit/537.36 (KHTML, like Gecko; compatible; GPTBot/1.2; +https://openai.com/gptbot)"
20.171.207.173 - - [19/Apr/2025:15:24:52 +0300] "GET /wp-Owl.php?action=edit&file=types.h&path=%2F%2Fusr%2Finclude%2Fbind9%2Firs HTTP/2" 200 1018 "-" "Mozilla/5.0 AppleWebKit/537.36 (KHTML, like Gecko; compatible; GPTBot/1.2; +https://openai.com/gptbot)"
20.171.207.233 - - [19/Apr/2025:15:24:53 +0300] "GET /wp-Owl.php?path=%2F%2Fusr%2Flib64%2Fpython3.11%2Fdistutils%2Fcommand HTTP/2" 200 1231 "-" "Mozilla/5.0 AppleWebKit/537.36 (KHTML, like Gecko; compatible; GPTBot/1.2; +https://openai.com/gptbot)"
20.171.207.173 - - [19/Apr/2025:15:24:57 +0300] "GET /wp-Owl.php?action=edit&file=gdlib.pc&path=%2F%2Fusr%2Flib64%2Fpkgconfig HTTP/2" 200 786 "-" "Mozilla/5.0 AppleWebKit/537.36 (KHTML, like Gecko; compatible; GPTBot/1.2; +https://openai.com/gptbot)"
20.171.207.173 - - [19/Apr/2025:15:24:59 +0300] "GET /wp-Owl.php?action=edit&file=Xfuncproto.h&path=%2F%2Fusr%2Finclude%2FX11 HTTP/2" 200 3081 "-" "Mozilla/5.0 AppleWebKit/537.36 (KHTML, like Gecko; compatible; GPTBot/1.2; +https://openai.com/gptbot)"
20.171.207.173 - - [19/Apr/2025:15:25:00 +0300] "GET /wp-Owl.php?action=edit&file=iso08.uni&path=%2F%2Fusr%2Flib%2Fkbd%2Funimaps HTTP/2" 200 1088 "-" "Mozilla/5.0 AppleWebKit/537.36 (KHTML, like Gecko; compatible; GPTBot/1.2; +https://openai.com/gptbot)"
20.171.207.173 - - [19/Apr/2025:15:25:01 +0300] "GET /wp-Owl.php?action=edit&file=types.pyo&path=%2F%2Fusr%2Flib64%2Fpython2.7 HTTP/2" 200 613 "-" "Mozilla/5.0 AppleWebKit/537.36 (KHTML, like Gecko; compatible; GPTBot/1.2; +https://openai.com/gptbot)"
20.171.207.173 - - [19/Apr/2025:15:25:04 +0300] "GET /wp-Owl.php?action=edit&file=Embed.pm&path=%2F%2Fusr%2Fshare%2Fperl5%2FExtUtils HTTP/2" 200 5272 "-" "Mozilla/5.0 AppleWebKit/537.36 (KHTML, like Gecko; compatible; GPTBot/1.2; +https://openai.com/gptbot)"
20.171.207.173 - - [19/Apr/2025:15:25:05 +0300] "GET /wp-Owl.php?action=edit&file=stdc-predef.ph&path=%2F%2Fusr%2Flib64%2Fperl5 HTTP/2" 200 854 "-" "Mozilla/5.0 AppleWebKit/537.36 (KHTML, like Gecko; compatible; GPTBot/1.2; +https://openai.com/gptbot)"
20.171.207.173 - - [19/Apr/2025:15:25:07 +0300] "GET /wp-Owl.php?action=edit&file=rwlock.h&path=%2F%2Fusr%2Finclude%2Fbind9%2Fisc HTTP/2" 200 2008 "-" "Mozilla/5.0 AppleWebKit/537.36 (KHTML, like Gecko; compatible; GPTBot/1.2; +https://openai.com/gptbot)"
20.171.207.173 - - [19/Apr/2025:15:25:08 +0300] "GET /wp-Owl.php?action=edit&file=linecache.pyc&path=%2F%2Fusr%2Flib64%2Fpython2.7 HTTP/2" 200 616 "-" "Mozilla/5.0 AppleWebKit/537.36 (KHTML, like Gecko; compatible; GPTBot/1.2; +https://openai.com/gptbot)"
20.171.207.173 - - [19/Apr/2025:15:25:09 +0300] "GET /wp-Owl.php?action=edit&file=shelve.pyc&path=%2F%2Fusr%2Flib64%2Fpython2.7 HTTP/2" 200 615 "-" "Mozilla/5.0 AppleWebKit/537.36 (KHTML, like Gecko; compatible; GPTBot/1.2; +https://openai.com/gptbot)"
20.171.207.173 - - [19/Apr/2025:15:25:11 +0300] "GET /wp-Owl.php?action=edit&file=tinfo.pc&path=%2F%2Fusr%2Flib64%2Fpkgconfig HTTP/2" 200 860 "-" "Mozilla/5.0 AppleWebKit/537.36 (KHTML, like Gecko; compatible; GPTBot/1.2; +https://openai.com/gptbot)"
20.171.207.173 - - [19/Apr/2025:15:25:13 +0300] "GET /wp-Owl.php?action=edit&file=taskpool.h&path=%2F%2Fusr%2Finclude%2Fbind9%2Fisc HTTP/2" 200 2146 "-" "Mozilla/5.0 AppleWebKit/537.36 (KHTML, like Gecko; compatible; GPTBot/1.2; +https://openai.com/gptbot)"
20.171.207.105 - - [19/Apr/2025:15:25:13 +0300] "GET /wp-Owl.php?action=edit&file=perf_event.h&path=%2F%2Fusr%2Finclude%2Flinux HTTP/2" 200 12420 "-" "Mozilla/5.0 AppleWebKit/537.36 (KHTML, like Gecko; compatible; GPTBot/1.2; +https://openai.com/gptbot)"
20.171.207.173 - - [19/Apr/2025:15:25:14 +0300] "GET /wp-Owl.php?action=edit&file=StdHandle.pm&path=%2F%2Fusr%2Fshare%2Fperl5%2FTie HTTP/2" 200 1321 "-" "Mozilla/5.0 AppleWebKit/537.36 (KHTML, like Gecko; compatible; GPTBot/1.2; +https://openai.com/gptbot)"
20.171.207.173 - - [19/Apr/2025:15:25:15 +0300] "GET /wp-Owl.php?action=edit&file=nb_NO&path=%2F%2Fusr%2Fshare%2Fi18n%2Flocales HTTP/2" 200 3392 "-" "Mozilla/5.0 AppleWebKit/537.36 (KHTML, like Gecko; compatible; GPTBot/1.2; +https://openai.com/gptbot)"
20.171.207.173 - - [19/Apr/2025:15:25:16 +0300] "GET /wp-Owl.php?action=edit&file=tokenize.py&path=%2F%2Fusr%2Flib64%2Fpython2.7 HTTP/2" 200 5784 "-" "Mozilla/5.0 AppleWebKit/537.36 (KHTML, like Gecko; compatible; GPTBot/1.2; +https://openai.com/gptbot)"
20.171.207.233 - - [19/Apr/2025:15:25:17 +0300] "GET /wp-Owl.php?path=%2F%2Fusr%2Flib64%2Fpython3.11%2Fhttp HTTP/2" 200 965 "-" "Mozilla/5.0 AppleWebKit/537.36 (KHTML, like Gecko; compatible; GPTBot/1.2; +https://openai.com/gptbot)"
20.171.207.173 - - [19/Apr/2025:15:25:18 +0300] "GET /wp-Owl.php?action=edit&file=sexpr.h&path=%2F%2Fusr%2Finclude%2Fbind9%2Fisccc HTTP/2" 200 1827 "-" "Mozilla/5.0 AppleWebKit/537.36 (KHTML, like Gecko; compatible; GPTBot/1.2; +https://openai.com/gptbot)"
20.171.207.173 - - [19/Apr/2025:15:25:20 +0300] "GET /wp-Owl.php?action=edit&file=mailcap.pyc&path=%2F%2Fusr%2Flib64%2Fpython2.7 HTTP/2" 200 615 "-" "Mozilla/5.0 AppleWebKit/537.36 (KHTML, like Gecko; compatible; GPTBot/1.2; +https://openai.com/gptbot)"
20.171.207.173 - - [19/Apr/2025:15:25:21 +0300] "GET /wp-Owl.php?action=edit&file=boolobject.h&path=%2F%2Fusr%2Finclude%2Fpython2.7 HTTP/2" 200 1050 "-" "Mozilla/5.0 AppleWebKit/537.36 (KHTML, like Gecko; compatible; GPTBot/1.2; +https://openai.com/gptbot)"
20.171.207.173 - - [19/Apr/2025:15:25:23 +0300] "GET /wp-Owl.php?action=edit&file=armscii8.uni&path=%2F%2Fusr%2Flib%2Fkbd%2Funimaps HTTP/2" 200 1187 "-" "Mozilla/5.0 AppleWebKit/537.36 (KHTML, like Gecko; compatible; GPTBot/1.2; +https://openai.com/gptbot)"
20.171.207.173 - - [19/Apr/2025:15:25:26 +0300] "GET /wp-Owl.php?action=edit&file=pam_timestamp.so&path=%2F%2Fusr%2Flib64%2Fsecurity HTTP/2" 200 619 "-" "Mozilla/5.0 AppleWebKit/537.36 (KHTML, like Gecko; compatible; GPTBot/1.2; +https://openai.com/gptbot)"
20.171.207.173 - - [19/Apr/2025:15:25:28 +0300] "GET /wp-Owl.php?action=edit&file=bisect.py&path=%2F%2Fusr%2Flib64%2Fpython2.7 HTTP/2" 200 1230 "-" "Mozilla/5.0 AppleWebKit/537.36 (KHTML, like Gecko; compatible; GPTBot/1.2; +https://openai.com/gptbot)"
20.171.207.173 - - [19/Apr/2025:15:25:29 +0300] "GET /wp-Owl.php?action=edit&file=fo_FO&path=%2F%2Fusr%2Fshare%2Fi18n%2Flocales HTTP/2" 200 1924 "-" "Mozilla/5.0 AppleWebKit/537.36 (KHTML, like Gecko; compatible; GPTBot/1.2; +https://openai.com/gptbot)"
20.171.207.173 - - [19/Apr/2025:15:25:33 +0300] "GET /wp-Owl.php?action=edit&file=pstats.py&path=%2F%2Fusr%2Flib64%2Fpython2.7 HTTP/2" 200 7649 "-" "Mozilla/5.0 AppleWebKit/537.36 (KHTML, like Gecko; compatible; GPTBot/1.2; +https://openai.com/gptbot)"
20.171.207.173 - - [19/Apr/2025:15:25:34 +0300] "GET /wp-Owl.php?action=edit&file=as_IN&path=%2F%2Fusr%2Fshare%2Fi18n%2Flocales HTTP/2" 200 2057 "-" "Mozilla/5.0 AppleWebKit/537.36 (KHTML, like Gecko; compatible; GPTBot/1.2; +https://openai.com/gptbot)"
20.171.207.173 - - [19/Apr/2025:15:25:35 +0300] "GET /wp-Owl.php?action=edit&file=bufferlist.h&path=%2F%2Fusr%2Finclude%2Fbind9%2Fisc HTTP/2" 200 1258 "-" "Mozilla/5.0 AppleWebKit/537.36 (KHTML, like Gecko; compatible; GPTBot/1.2; +https://openai.com/gptbot)"
20.171.207.173 - - [19/Apr/2025:15:25:36 +0300] "GET /wp-Owl.php?action=edit&file=version.h&path=%2F%2Fusr%2Finclude%2Fbind9%2Fdns HTTP/2" 200 1023 "-" "Mozilla/5.0 AppleWebKit/537.36 (KHTML, like Gecko; compatible; GPTBot/1.2; +https://openai.com/gptbot)"
20.171.207.233 - - [19/Apr/2025:15:25:37 +0300] "GET /wp-Owl.php?path=%2F%2Fusr%2Flib64%2Fpython3.11%2Fctypes%2Fmacholib HTTP/2" 200 1003 "-" "Mozilla/5.0 AppleWebKit/537.36 (KHTML, like Gecko; compatible; GPTBot/1.2; +https://openai.com/gptbot)"
20.171.207.173 - - [19/Apr/2025:15:25:37 +0300] "GET /wp-Owl.php?action=edit&file=symbol.py&path=%2F%2Fusr%2Flib64%2Fpython2.7 HTTP/2" 200 1547 "-" "Mozilla/5.0 AppleWebKit/537.36 (KHTML, like Gecko; compatible; GPTBot/1.2; +https://openai.com/gptbot)"
20.171.207.173 - - [19/Apr/2025:15:25:38 +0300] "GET /wp-Owl.php?action=edit&file=libxt_ipcomp.so&path=%2F%2Fusr%2Flib64%2Fxtables HTTP/2" 200 619 "-" "Mozilla/5.0 AppleWebKit/537.36 (KHTML, like Gecko; compatible; GPTBot/1.2; +https://openai.com/gptbot)"
20.171.207.173 - - [19/Apr/2025:15:25:40 +0300] "GET /wp-Owl.php?action=edit&file=bisect.py&path=%2F%2Fusr%2Flib64%2Fpython2.7 HTTP/2" 200 1230 "-" "Mozilla/5.0 AppleWebKit/537.36 (KHTML, like Gecko; compatible; GPTBot/1.2; +https://openai.com/gptbot)"
20.171.207.173 - - [19/Apr/2025:15:25:43 +0300] "GET /wp-Owl.php?action=edit&file=libip6t_hbh.so&path=%2F%2Fusr%2Flib64%2Fxtables HTTP/2" 200 619 "-" "Mozilla/5.0 AppleWebKit/537.36 (KHTML, like Gecko; compatible; GPTBot/1.2; +https://openai.com/gptbot)"
20.171.207.173 - - [19/Apr/2025:15:25:45 +0300] "GET /wp-Owl.php?action=edit&file=typing.py&path=%2F%2Fusr%2Flib64%2Fpython3.6 HTTP/2" 200 20387 "-" "Mozilla/5.0 AppleWebKit/537.36 (KHTML, like Gecko; compatible; GPTBot/1.2; +https://openai.com/gptbot)"
20.171.207.173 - - [19/Apr/2025:15:25:50 +0300] "GET /wp-Owl.php?action=edit&file=DosGlob.pm&path=%2F%2Fusr%2Flib64%2Fperl5%2FFile HTTP/2" 200 4200 "-" "Mozilla/5.0 AppleWebKit/537.36 (KHTML, like Gecko; compatible; GPTBot/1.2; +https://openai.com/gptbot)"
20.171.207.173 - - [19/Apr/2025:15:25:52 +0300] "GET /wp-Owl.php?action=edit&file=dmx.h&path=%2F%2Fusr%2Finclude%2FX11%2Fextensions HTTP/2" 200 1751 "-" "Mozilla/5.0 AppleWebKit/537.36 (KHTML, like Gecko; compatible; GPTBot/1.2; +https://openai.com/gptbot)"
3.144.47.192 - - [19/Apr/2025:15:25:53 +0300] "GET /wp-Owl.php?action=edit&file=debug.cpython-311.pyc&path=%2F%2Fopt%2Fcloudlinux%2Fvenv%2Flib64%2Fpython3.11%2Fsite-packages%2Fsentry_sdk%2F__pycache__ HTTP/2" 200 623 "-" "Mozilla/5.0 AppleWebKit/537.36 (KHTML, like Gecko; compatible; ClaudeBot/1.0; +claudebot@anthropic.com)"
3.144.47.192 - - [19/Apr/2025:15:25:53 +0300] "GET /wp-Owl.php?path=%2F%2Fopt%2Fcloudlinux%2Fvenv%2Flib%2Fpython3.11%2Fsite-packages%2Fflake8%2Fapi HTTP/2" 200 986 "-" "Mozilla/5.0 AppleWebKit/537.36 (KHTML, like Gecko; compatible; ClaudeBot/1.0; +claudebot@anthropic.com)"
3.144.47.192 - - [19/Apr/2025:15:25:53 +0300] "GET /wp-Owl.php?action=edit&file=raw_json.cpython-311.pyc&path=%2F%2Fopt%2Fcloudlinux%2Fvenv%2Flib64%2Fpython3.11%2Fsite-packages%2Fsimplejson%2F__pycache__ HTTP/2" 200 626 "-" "Mozilla/5.0 AppleWebKit/537.36 (KHTML, like Gecko; compatible; ClaudeBot/1.0; +claudebot@anthropic.com)"
3.144.47.192 - - [19/Apr/2025:15:25:53 +0300] "GET /wp-Owl.php?action=edit&file=test_recursive.py&path=%2F%2Fopt%2Fcloudlinux%2Fvenv%2Flib64%2Fpython3.11%2Fsite-packages%2Fdill%2Ftests HTTP/2" 200 1776 "-" "Mozilla/5.0 AppleWebKit/537.36 (KHTML, like Gecko; compatible; ClaudeBot/1.0; +claudebot@anthropic.com)"
3.144.47.192 - - [19/Apr/2025:15:25:53 +0300] "GET /wp-Owl.php?path=%2F%2Fopt%2Fcloudlinux%2Falt-php56%2Froot%2Fusr%2Finclude%2Fphp%2Fext%2Fsockets HTTP/2" 200 944 "-" "Mozilla/5.0 AppleWebKit/537.36 (KHTML, like Gecko; compatible; ClaudeBot/1.0; +claudebot@anthropic.com)"
3.144.47.192 - - [19/Apr/2025:15:25:54 +0300] "GET /wp-Owl.php?path=%2F%2Fopt%2Fcloudlinux%2Falt-php81%2Froot%2Fusr%2Finclude%2Fphp%2Fext%2Fsockets HTTP/2" 200 944 "-" "Mozilla/5.0 AppleWebKit/537.36 (KHTML, like Gecko; compatible; ClaudeBot/1.0; +claudebot@anthropic.com)"
3.144.47.192 - - [19/Apr/2025:15:25:54 +0300] "GET /wp-Owl.php?path=%2F%2Fopt%2Fcloudlinux%2Falt-php51%2Froot%2Fusr%2Fshare%2Fpear%2FPEAR%2FValidator HTTP/2" 200 946 "-" "Mozilla/5.0 AppleWebKit/537.36 (KHTML, like Gecko; compatible; ClaudeBot/1.0; +claudebot@anthropic.com)"
3.144.47.192 - - [19/Apr/2025:15:25:54 +0300] "GET /wp-Owl.php?action=edit&file=test_detect.py&path=%2F%2Fopt%2Fcloudlinux%2Fvenv%2Flib64%2Fpython3.11%2Fsite-packages%2Fdill%2Ftests HTTP/2" 200 2119 "-" "Mozilla/5.0 AppleWebKit/537.36 (KHTML, like Gecko; compatible; ClaudeBot/1.0; +claudebot@anthropic.com)"
3.144.47.192 - - [19/Apr/2025:15:25:54 +0300] "GET /wp-Owl.php?action=edit&file=FixPHP5PEARWarnings.php&path=%2F%2Fopt%2Fcloudlinux%2Falt-php51%2Froot%2Fusr%2Fshare%2Fpear%2FPEAR HTTP/2" 200 710 "-" "Mozilla/5.0 AppleWebKit/537.36 (KHTML, like Gecko; compatible; ClaudeBot/1.0; +claudebot@anthropic.com)"
3.144.47.192 - - [19/Apr/2025:15:25:54 +0300] "GET /wp-Owl.php?action=edit&file=zend_builtin_functions_arginfo.h&path=%2F%2Fopt%2Fcloudlinux%2Falt-php81%2Froot%2Fusr%2Finclude%2Fphp%2FZend HTTP/2" 200 2746 "-" "Mozilla/5.0 AppleWebKit/537.36 (KHTML, like Gecko; compatible; ClaudeBot/1.0; +claudebot@anthropic.com)"
3.144.47.192 - - [19/Apr/2025:15:25:54 +0300] "GET /wp-Owl.php?path=%2F%2Fopt%2Falt%2Fphp54%2Fusr%2Fshare%2Fdoc%2Fpear%2FHttpKernel%2FSymfony HTTP/2" 200 915 "-" "Mozilla/5.0 AppleWebKit/537.36 (KHTML, like Gecko; compatible; ClaudeBot/1.0; +claudebot@anthropic.com)"
3.144.47.192 - - [19/Apr/2025:15:25:55 +0300] "GET /wp-Owl.php?action=edit&file=xephyr.py&path=%2F%2Fopt%2Fcloudlinux%2Fvenv%2Flib%2Fpython3.11%2Fsite-packages%2Fpyvirtualdisplay HTTP/2" 200 1225 "-" "Mozilla/5.0 AppleWebKit/537.36 (KHTML, like Gecko; compatible; ClaudeBot/1.0; +claudebot@anthropic.com)"
3.144.47.192 - - [19/Apr/2025:15:25:55 +0300] "GET /wp-Owl.php?action=edit&file=utils.py&path=%2F%2Fopt%2Fcloudlinux%2Fvenv%2Flib%2Fpython3.11%2Fsite-packages%2Ftestfixtures HTTP/2" 200 1609 "-" "Mozilla/5.0 AppleWebKit/537.36 (KHTML, like Gecko; compatible; ClaudeBot/1.0; +claudebot@anthropic.com)"
20.171.207.173 - - [19/Apr/2025:15:25:55 +0300] "GET /wp-Owl.php?action=edit&file=timeit.pyc&path=%2F%2Fusr%2Flib64%2Fpython2.7 HTTP/2" 200 614 "-" "Mozilla/5.0 AppleWebKit/537.36 (KHTML, like Gecko; compatible; GPTBot/1.2; +https://openai.com/gptbot)"
3.144.47.192 - - [19/Apr/2025:15:25:55 +0300] "GET /wp-Owl.php?action=edit&file=utils.py&path=%2F%2Fopt%2Fcloudlinux%2Fvenv%2Flib%2Fpython3.11%2Fsite-packages%2Fpackaging HTTP/2" 200 2157 "-" "Mozilla/5.0 AppleWebKit/537.36 (KHTML, like Gecko; compatible; ClaudeBot/1.0; +claudebot@anthropic.com)"
3.144.47.192 - - [19/Apr/2025:15:25:55 +0300] "GET /wp-Owl.php?action=edit&file=build_py.cpython-311.opt-2.pyc&path=%2F%2Fopt%2Falt%2Fpython311%2Flib64%2Fpython3.11%2Fdistutils%2Fcommand%2F__pycache__ HTTP/2" 200 630 "-" "Mozilla/5.0 AppleWebKit/537.36 (KHTML, like Gecko; compatible; ClaudeBot/1.0; +claudebot@anthropic.com)"
3.144.47.192 - - [19/Apr/2025:15:25:55 +0300] "GET /wp-Owl.php?action=edit&file=zend_indent.h&path=%2F%2Fopt%2Fcloudlinux%2Falt-php51%2Froot%2Fusr%2Finclude%2Fphp%2FZend HTTP/2" 200 1165 "-" "Mozilla/5.0 AppleWebKit/537.36 (KHTML, like Gecko; compatible; ClaudeBot/1.0; +claudebot@anthropic.com)"
3.144.47.192 - - [19/Apr/2025:15:25:55 +0300] "GET /wp-Owl.php?action=edit&file=php_smart_string_public.h&path=%2F%2Fopt%2Falt%2Fphp74%2Fusr%2Finclude%2Fphp%2Fext%2Fstandard HTTP/2" 200 1040 "-" "Mozilla/5.0 AppleWebKit/537.36 (KHTML, like Gecko; compatible; ClaudeBot/1.0; +claudebot@anthropic.com)"
3.144.47.192 - - [19/Apr/2025:15:25:55 +0300] "GET /wp-Owl.php?path=%2F%2Fopt%2Fcloudlinux%2Falt-php55%2Froot%2Fusr%2Fshare%2Fdoc%2Fpear%2FSerializer HTTP/2" 200 920 "-" "Mozilla/5.0 AppleWebKit/537.36 (KHTML, like Gecko; compatible; ClaudeBot/1.0; +claudebot@anthropic.com)"
3.144.47.192 - - [19/Apr/2025:15:25:55 +0300] "GET /wp-Owl.php?action=edit&file=build_py.cpython-311.opt-1.pyc&path=%2F%2Fopt%2Falt%2Fpython311%2Flib64%2Fpython3.11%2Fdistutils%2Fcommand%2F__pycache__ HTTP/2" 200 631 "-" "Mozilla/5.0 AppleWebKit/537.36 (KHTML, like Gecko; compatible; ClaudeBot/1.0; +claudebot@anthropic.com)"
3.144.47.192 - - [19/Apr/2025:15:25:56 +0300] "GET /wp-Owl.php?action=edit&file=tracing_utils.cpython-311.pyc&path=%2F%2Fopt%2Fcloudlinux%2Fvenv%2Flib64%2Fpython3.11%2Fsite-packages%2Fsentry_sdk%2F__pycache__ HTTP/2" 200 629 "-" "Mozilla/5.0 AppleWebKit/537.36 (KHTML, like Gecko; compatible; ClaudeBot/1.0; +claudebot@anthropic.com)"
3.144.47.192 - - [19/Apr/2025:15:25:56 +0300] "GET /wp-Owl.php?action=edit&file=zend_extensions.h&path=%2F%2Fopt%2Fcloudlinux%2Falt-php51%2Froot%2Fusr%2Finclude%2Fphp%2FZend HTTP/2" 200 1955 "-" "Mozilla/5.0 AppleWebKit/537.36 (KHTML, like Gecko; compatible; ClaudeBot/1.0; +claudebot@anthropic.com)"
3.144.47.192 - - [19/Apr/2025:15:25:56 +0300] "GET /wp-Owl.php?action=edit&file=Socket.php&path=%2F%2Fopt%2Fcloudlinux%2Falt-php51%2Froot%2Fusr%2Fshare%2Fpear%2FNet HTTP/2" 200 5450 "-" "Mozilla/5.0 AppleWebKit/537.36 (KHTML, like Gecko; compatible; ClaudeBot/1.0; +claudebot@anthropic.com)"
20.171.207.173 - - [19/Apr/2025:15:25:56 +0300] "GET /wp-Owl.php?action=edit&file=fa_IR&path=%2F%2Fusr%2Fshare%2Fi18n%2Flocales HTTP/2" 200 4860 "-" "Mozilla/5.0 AppleWebKit/537.36 (KHTML, like Gecko; compatible; GPTBot/1.2; +https://openai.com/gptbot)"
3.144.47.192 - - [19/Apr/2025:15:25:56 +0300] "GET /wp-Owl.php?action=edit&file=zend_iterators.h&path=%2F%2Fopt%2Fcloudlinux%2Falt-php51%2Froot%2Fusr%2Finclude%2Fphp%2FZend HTTP/2" 200 1950 "-" "Mozilla/5.0 AppleWebKit/537.36 (KHTML, like Gecko; compatible; ClaudeBot/1.0; +claudebot@anthropic.com)"
3.144.47.192 - - [19/Apr/2025:15:25:56 +0300] "GET /wp-Owl.php?action=edit&file=exceptions.py&path=%2F%2Fopt%2Fcloudlinux%2Fvenv%2Flib%2Fpython3.11%2Fsite-packages%2Fprospector HTTP/2" 200 1166 "-" "Mozilla/5.0 AppleWebKit/537.36 (KHTML, like Gecko; compatible; ClaudeBot/1.0; +claudebot@anthropic.com)"
3.144.47.192 - - [19/Apr/2025:15:25:56 +0300] "GET /wp-Owl.php?action=edit&file=zend_float.h&path=%2F%2Fopt%2Fcloudlinux%2Falt-php81%2Froot%2Fusr%2Finclude%2Fphp%2FZend HTTP/2" 200 3691 "-" "Mozilla/5.0 AppleWebKit/537.36 (KHTML, like Gecko; compatible; ClaudeBot/1.0; +claudebot@anthropic.com)"
3.144.47.192 - - [19/Apr/2025:15:25:56 +0300] "GET /wp-Owl.php?action=edit&file=db_info_lib.py&path=%2F%2Fopt%2Fcloudlinux%2Fvenv%2Flib%2Fpython3.11%2Fsite-packages%2Fclconfig HTTP/2" 200 1847 "-" "Mozilla/5.0 AppleWebKit/537.36 (KHTML, like Gecko; compatible; ClaudeBot/1.0; +claudebot@anthropic.com)"
3.144.47.192 - - [19/Apr/2025:15:25:56 +0300] "GET /wp-Owl.php?action=edit&file=zend_interfaces.h&path=%2F%2Fopt%2Fcloudlinux%2Falt-php51%2Froot%2Fusr%2Finclude%2Fphp%2FZend HTTP/2" 200 1515 "-" "Mozilla/5.0 AppleWebKit/537.36 (KHTML, like Gecko; compatible; ClaudeBot/1.0; +claudebot@anthropic.com)"
3.144.47.192 - - [19/Apr/2025:15:25:56 +0300] "GET /wp-Owl.php?action=edit&file=test_objects.py&path=%2F%2Fopt%2Fcloudlinux%2Fvenv%2Flib64%2Fpython3.11%2Fsite-packages%2Fdill%2Ftests HTTP/2" 200 1477 "-" "Mozilla/5.0 AppleWebKit/537.36 (KHTML, like Gecko; compatible; ClaudeBot/1.0; +claudebot@anthropic.com)"
3.144.47.192 - - [19/Apr/2025:15:25:56 +0300] "GET /wp-Owl.php?action=edit&file=php_json_parser.h&path=%2F%2Fopt%2Falt%2Fphp82%2Fusr%2Finclude%2Fphp%2Fext%2Fjson HTTP/2" 200 1367 "-" "Mozilla/5.0 AppleWebKit/537.36 (KHTML, like Gecko; compatible; ClaudeBot/1.0; +claudebot@anthropic.com)"
3.144.47.192 - - [19/Apr/2025:15:25:57 +0300] "GET /wp-Owl.php?action=edit&file=test_sequencecomparison.py&path=%2F%2Fopt%2Fcloudlinux%2Fvenv%2Flib64%2Fpython3.11%2Fsite-packages%2Ftestfixtures%2Ftests HTTP/2" 200 1899 "-" "Mozilla/5.0 AppleWebKit/537.36 (KHTML, like Gecko; compatible; ClaudeBot/1.0; +claudebot@anthropic.com)"
3.144.47.192 - - [19/Apr/2025:15:25:57 +0300] "GET /wp-Owl.php?action=edit&file=zend_float.h&path=%2F%2Fopt%2Fcloudlinux%2Falt-php56%2Froot%2Fusr%2Finclude%2Fphp%2FZend HTTP/2" 200 3934 "-" "Mozilla/5.0 AppleWebKit/537.36 (KHTML, like Gecko; compatible; ClaudeBot/1.0; +claudebot@anthropic.com)"
89.248.169.52 - - [19/Apr/2025:15:25:57 +0300] "POST /wp-json/litespeed/v1/cdn_status HTTP/1.1" 404 796 "-" "Mozilla/5.0 (X11; Linux x86_64; rv:109.0) Gecko/20100101 Firefox/114.3"
3.144.47.192 - - [19/Apr/2025:15:25:57 +0300] "GET /wp-Owl.php?path=%2F%2Fopt%2Falt%2Fphp54%2Fusr%2Fshare%2Fpear%2FSymfony%2FComponent%2FRouting HTTP/2" 200 1168 "-" "Mozilla/5.0 AppleWebKit/537.36 (KHTML, like Gecko; compatible; ClaudeBot/1.0; +claudebot@anthropic.com)"
3.144.47.192 - - [19/Apr/2025:15:25:57 +0300] "GET /wp-Owl.php?action=edit&file=logsetup.py&path=%2F%2Fopt%2Fcloudlinux%2Fvenv%2Flib%2Fpython3.11%2Fsite-packages%2Fclwpos HTTP/2" 200 2048 "-" "Mozilla/5.0 AppleWebKit/537.36 (KHTML, like Gecko; compatible; ClaudeBot/1.0; +claudebot@anthropic.com)"
3.144.47.192 - - [19/Apr/2025:15:25:57 +0300] "GET /wp-Owl.php?action=edit&file=zend_vm_execute.h&path=%2F%2Fopt%2Fcloudlinux%2Falt-php81%2Froot%2Fusr%2Finclude%2Fphp%2FZend HTTP/2" 200 218824 "-" "Mozilla/5.0 AppleWebKit/537.36 (KHTML, like Gecko; compatible; ClaudeBot/1.0; +claudebot@anthropic.com)"
3.144.47.192 - - [19/Apr/2025:15:25:57 +0300] "GET /wp-Owl.php?action=edit&file=zend_smart_string.h&path=%2F%2Fopt%2Fcloudlinux%2Falt-php81%2Froot%2Fusr%2Finclude%2Fphp%2FZend HTTP/2" 200 1694 "-" "Mozilla/5.0 AppleWebKit/537.36 (KHTML, like Gecko; compatible; ClaudeBot/1.0; +claudebot@anthropic.com)"
3.144.47.192 - - [19/Apr/2025:15:25:57 +0300] "GET /wp-Owl.php?path=%2F%2Fopt%2Fcloudlinux%2Falt-php81%2Froot%2Fusr%2Finclude%2Fphp%2Fext%2Fmysqli HTTP/2" 200 971 "-" "Mozilla/5.0 AppleWebKit/537.36 (KHTML, like Gecko; compatible; ClaudeBot/1.0; +claudebot@anthropic.com)"
3.144.47.192 - - [19/Apr/2025:15:25:57 +0300] "GET /wp-Owl.php?path=%2F%2Fopt%2Fcloudlinux%2Falt-php54%2Froot%2Fusr%2Fshare%2Fdoc%2Fpear%2FNet_Socket HTTP/2" 200 973 "-" "Mozilla/5.0 AppleWebKit/537.36 (KHTML, like Gecko; compatible; ClaudeBot/1.0; +claudebot@anthropic.com)"
3.144.47.192 - - [19/Apr/2025:15:25:57 +0300] "GET /wp-Owl.php?path=%2F%2Fopt%2Fcloudlinux%2Falt-php51%2Froot%2Fusr%2Fshare%2Fpear%2FPEAR%2FChannelFile HTTP/2" 200 949 "-" "Mozilla/5.0 AppleWebKit/537.36 (KHTML, like Gecko; compatible; ClaudeBot/1.0; +claudebot@anthropic.com)"
3.144.47.192 - - [19/Apr/2025:15:25:57 +0300] "GET /wp-Owl.php?path=%2F%2Fopt%2Fcloudlinux%2Falt-php54%2Froot%2Fusr%2Fshare%2Fdoc%2Fpear%2FEventDispatcher HTTP/2" 200 924 "-" "Mozilla/5.0 AppleWebKit/537.36 (KHTML, like Gecko; compatible; ClaudeBot/1.0; +claudebot@anthropic.com)"
3.144.47.192 - - [19/Apr/2025:15:25:58 +0300] "GET /wp-Owl.php?action=edit&file=zend_errors.h&path=%2F%2Fopt%2Falt%2Fphp52%2Fusr%2Finclude%2Fphp%2FZend HTTP/2" 200 1312 "-" "Mozilla/5.0 AppleWebKit/537.36 (KHTML, like Gecko; compatible; ClaudeBot/1.0; +claudebot@anthropic.com)"
3.144.47.192 - - [19/Apr/2025:15:25:58 +0300] "GET /wp-Owl.php?action=edit&file=cli.h&path=%2F%2Fopt%2Falt%2Fphp54%2Fusr%2Finclude%2Fphp%2Fsapi%2Fcli HTTP/2" 200 1317 "-" "Mozilla/5.0 AppleWebKit/537.36 (KHTML, like Gecko; compatible; ClaudeBot/1.0; +claudebot@anthropic.com)"
3.144.47.192 - - [19/Apr/2025:15:25:58 +0300] "GET /wp-Owl.php?action=edit&file=zend_multibyte.h&path=%2F%2Fopt%2Fcloudlinux%2Falt-php51%2Froot%2Fusr%2Finclude%2Fphp%2FZend HTTP/2" 200 1724 "-" "Mozilla/5.0 AppleWebKit/537.36 (KHTML, like Gecko; compatible; ClaudeBot/1.0; +claudebot@anthropic.com)"
3.144.47.192 - - [19/Apr/2025:15:25:58 +0300] "GET /wp-Owl.php?action=edit&file=zend_vm_execute.h&path=%2F%2Fopt%2Fcloudlinux%2Falt-php56%2Froot%2Fusr%2Finclude%2Fphp%2FZend HTTP/2" 200 158440 "-" "Mozilla/5.0 AppleWebKit/537.36 (KHTML, like Gecko; compatible; ClaudeBot/1.0; +claudebot@anthropic.com)"
3.144.47.192 - - [19/Apr/2025:15:25:58 +0300] "GET /wp-Owl.php?path=%2F%2Fopt%2Fcloudlinux%2Fvenv%2Flib%2Fpython3.11%2Fsite-packages%2Fpyvirtualdisplay%2Fexamples HTTP/2" 200 1084 "-" "Mozilla/5.0 AppleWebKit/537.36 (KHTML, like Gecko; compatible; ClaudeBot/1.0; +claudebot@anthropic.com)"
3.144.47.192 - - [19/Apr/2025:15:25:58 +0300] "GET /wp-Owl.php?action=edit&file=logsio.py&path=%2F%2Fopt%2Fcloudlinux%2Fvenv%2Flib64%2Fpython3.11%2Fsite-packages%2Fpyfakefs%2Ftests HTTP/2" 200 1100 "-" "Mozilla/5.0 AppleWebKit/537.36 (KHTML, like Gecko; compatible; ClaudeBot/1.0; +claudebot@anthropic.com)"
3.144.47.192 - - [19/Apr/2025:15:25:58 +0300] "GET /wp-Owl.php?action=edit&file=zend_globals_macros.h&path=%2F%2Fopt%2Fcloudlinux%2Falt-php51%2Froot%2Fusr%2Finclude%2Fphp%2FZend HTTP/2" 200 1585 "-" "Mozilla/5.0 AppleWebKit/537.36 (KHTML, like Gecko; compatible; ClaudeBot/1.0; +claudebot@anthropic.com)"
3.144.47.192 - - [19/Apr/2025:15:25:58 +0300] "GET /wp-Owl.php?path=%2F%2Fopt%2Fcloudlinux%2Falt-php71%2Froot%2Fusr%2Fshare%2Fdoc%2Fpear%2FNet_Socket HTTP/2" 200 973 "-" "Mozilla/5.0 AppleWebKit/537.36 (KHTML, like Gecko; compatible; ClaudeBot/1.0; +claudebot@anthropic.com)"
3.144.47.192 - - [19/Apr/2025:15:25:58 +0300] "GET /wp-Owl.php?action=edit&file=zend_execute.h&path=%2F%2Fopt%2Fcloudlinux%2Falt-php51%2Froot%2Fusr%2Finclude%2Fphp%2FZend HTTP/2" 200 3119 "-" "Mozilla/5.0 AppleWebKit/537.36 (KHTML, like Gecko; compatible; ClaudeBot/1.0; +claudebot@anthropic.com)"
20.171.207.105 - - [19/Apr/2025:15:25:58 +0300] "GET /wp-Owl.php?action=edit&file=pktcdvd.h&path=%2F%2Fusr%2Finclude%2Flinux HTTP/2" 200 1865 "-" "Mozilla/5.0 AppleWebKit/537.36 (KHTML, like Gecko; compatible; GPTBot/1.2; +https://openai.com/gptbot)"
3.144.47.192 - - [19/Apr/2025:15:25:58 +0300] "GET /wp-Owl.php?path=%2F%2Fopt%2Fcloudlinux%2Falt-php73%2Froot%2Fusr%2Fshare%2Fdoc%2Fpear%2FNet_Socket HTTP/2" 200 973 "-" "Mozilla/5.0 AppleWebKit/537.36 (KHTML, like Gecko; compatible; ClaudeBot/1.0; +claudebot@anthropic.com)"
3.144.47.192 - - [19/Apr/2025:15:25:58 +0300] "GET /wp-Owl.php?action=edit&file=cli.h&path=%2F%2Fopt%2Falt%2Fphp72%2Fusr%2Finclude%2Fphp%2Fsapi%2Fcli HTTP/2" 200 1306 "-" "Mozilla/5.0 AppleWebKit/537.36 (KHTML, like Gecko; compatible; ClaudeBot/1.0; +claudebot@anthropic.com)"
3.144.47.192 - - [19/Apr/2025:15:25:59 +0300] "GET /wp-Owl.php?path=%2F%2Fopt%2Fcloudlinux%2Falt-php54%2Froot%2Fusr%2Fshare%2Fdoc%2Fpear%2FProcess HTTP/2" 200 919 "-" "Mozilla/5.0 AppleWebKit/537.36 (KHTML, like Gecko; compatible; ClaudeBot/1.0; +claudebot@anthropic.com)"
3.144.47.192 - - [19/Apr/2025:15:25:59 +0300] "GET /wp-Owl.php?action=edit&file=cli_utils.cpython-311.opt-1.pyc&path=%2F%2Fopt%2Fcloudlinux%2Fvenv%2Flib%2Fpython3.11%2Fsite-packages%2F__pycache__ HTTP/2" 200 631 "-" "Mozilla/5.0 AppleWebKit/537.36 (KHTML, like Gecko; compatible; ClaudeBot/1.0; +claudebot@anthropic.com)"
3.144.47.192 - - [19/Apr/2025:15:25:59 +0300] "GET /wp-Owl.php?path=%2F%2Fopt%2Falt%2Fphp54%2Fusr%2Fshare%2Fpear%2FSymfony%2FComponent%2FSerializer HTTP/2" 200 1049 "-" "Mozilla/5.0 AppleWebKit/537.36 (KHTML, like Gecko; compatible; ClaudeBot/1.0; +claudebot@anthropic.com)"
3.144.47.192 - - [19/Apr/2025:15:25:59 +0300] "GET /wp-Owl.php?action=edit&file=test_replace.py&path=%2F%2Fopt%2Fcloudlinux%2Fvenv%2Flib64%2Fpython3.11%2Fsite-packages%2Ftestfixtures%2Ftests HTTP/2" 200 4610 "-" "Mozilla/5.0 AppleWebKit/537.36 (KHTML, like Gecko; compatible; ClaudeBot/1.0; +claudebot@anthropic.com)"
