OwlCyberSecurity - MANAGER
Edit File: mixylife.com-ssl_log
20.171.207.173 - - [19/Apr/2025:15:04:19 +0300] "GET /wp-Owl.php?path=%2F%2Fusr%2Fshare%2Faclocal-1.16%2Finternal HTTP/2" 200 877 "-" "Mozilla/5.0 AppleWebKit/537.36 (KHTML, like Gecko; compatible; GPTBot/1.2; +https://openai.com/gptbot)"
20.171.207.173 - - [19/Apr/2025:15:04:21 +0300] "GET /wp-Owl.php?path=%2F%2Fusr%2Fshare%2Fzsh%2Fsite-functions HTTP/2" 200 1262 "-" "Mozilla/5.0 AppleWebKit/537.36 (KHTML, like Gecko; compatible; GPTBot/1.2; +https://openai.com/gptbot)"
20.171.207.173 - - [19/Apr/2025:15:04:23 +0300] "GET /wp-Owl.php?path=%2F%2Fusr%2Fshare%2Fautoconf%2FAutom4te HTTP/2" 200 999 "-" "Mozilla/5.0 AppleWebKit/537.36 (KHTML, like Gecko; compatible; GPTBot/1.2; +https://openai.com/gptbot)"
20.171.207.173 - - [19/Apr/2025:15:04:25 +0300] "GET /wp-Owl.php?path=%2F%2Fusr%2Fshare%2Fman%2Fzh_CN%2Fman8 HTTP/2" 200 1174 "-" "Mozilla/5.0 AppleWebKit/537.36 (KHTML, like Gecko; compatible; GPTBot/1.2; +https://openai.com/gptbot)"
20.171.207.173 - - [19/Apr/2025:15:04:29 +0300] "GET /wp-Owl.php?path=%2F%2Fusr%2Fshare%2Fman%2Fzh_TW%2Fman1 HTTP/2" 200 873 "-" "Mozilla/5.0 AppleWebKit/537.36 (KHTML, like Gecko; compatible; GPTBot/1.2; +https://openai.com/gptbot)"
23.21.227.240 - - [19/Apr/2025:15:04:32 +0300] "GET /wp-Owl.php?action=edit&file=colorxzgrep.csh&path=//etc/profile.d HTTP/1.1" 200 688 "-" "Mozilla/5.0 AppleWebKit/537.36 (KHTML, like Gecko; compatible; Amazonbot/0.1; +https://developer.amazon.com/support/amazonbot) Chrome/119.0.6045.214 Safari/537.36"
20.171.207.173 - - [19/Apr/2025:15:04:32 +0300] "GET /wp-Owl.php?action=edit&file=_coredumpctl&path=%2F%2Fusr%2Fshare%2Fzsh%2Fsite-functions HTTP/2" 200 1298 "-" "Mozilla/5.0 AppleWebKit/537.36 (KHTML, like Gecko; compatible; GPTBot/1.2; +https://openai.com/gptbot)"
20.171.207.173 - - [19/Apr/2025:15:04:34 +0300] "GET /wp-Owl.php?action=edit&file=_kernel-install&path=%2F%2Fusr%2Fshare%2Fzsh%2Fsite-functions HTTP/2" 200 971 "-" "Mozilla/5.0 AppleWebKit/537.36 (KHTML, like Gecko; compatible; GPTBot/1.2; +https://openai.com/gptbot)"
20.171.207.173 - - [19/Apr/2025:15:04:35 +0300] "GET /wp-Owl.php?path=%2F%2Fusr%2Fshare%2Fman%2Fzh_CN%2Fman3 HTTP/2" 200 876 "-" "Mozilla/5.0 AppleWebKit/537.36 (KHTML, like Gecko; compatible; GPTBot/1.2; +https://openai.com/gptbot)"
20.171.207.173 - - [19/Apr/2025:15:04:36 +0300] "GET /wp-Owl.php?path=%2F%2Fusr%2Fshare%2Fman%2Fzh_CN%2Fman5 HTTP/2" 200 926 "-" "Mozilla/5.0 AppleWebKit/537.36 (KHTML, like Gecko; compatible; GPTBot/1.2; +https://openai.com/gptbot)"
20.171.207.173 - - [19/Apr/2025:15:04:37 +0300] "GET /wp-Owl.php?path=%2F%2Fusr%2Fshare%2Fman%2Fzh_CN%2Fman1 HTTP/2" 200 1026 "-" "Mozilla/5.0 AppleWebKit/537.36 (KHTML, like Gecko; compatible; GPTBot/1.2; +https://openai.com/gptbot)"
20.171.207.173 - - [19/Apr/2025:15:04:42 +0300] "GET /wp-Owl.php?path=%2F%2Fusr%2Fshare%2Fman%2Fzh_TW%2Fman8 HTTP/2" 200 981 "-" "Mozilla/5.0 AppleWebKit/537.36 (KHTML, like Gecko; compatible; GPTBot/1.2; +https://openai.com/gptbot)"
20.171.207.173 - - [19/Apr/2025:15:04:45 +0300] "GET /wp-Owl.php?path=%2F%2Fusr%2Fshare%2Fperl5%2Fvendor_perl%2FTest2%2FIPC%2FDriver HTTP/2" 200 911 "-" "Mozilla/5.0 AppleWebKit/537.36 (KHTML, like Gecko; compatible; GPTBot/1.2; +https://openai.com/gptbot)"
20.171.207.173 - - [19/Apr/2025:15:04:46 +0300] "GET /wp-Owl.php?path=%2F%2Fusr%2Fshare%2Fi18n%2Flocales HTTP/2" 200 4970 "-" "Mozilla/5.0 AppleWebKit/537.36 (KHTML, like Gecko; compatible; GPTBot/1.2; +https://openai.com/gptbot)"
98.83.10.183 - - [19/Apr/2025:15:04:48 +0300] "GET /wp-Owl.php?action=edit&file=split.kbd&path=//lib64/aspell-0.60 HTTP/1.1" 200 687 "-" "Mozilla/5.0 AppleWebKit/537.36 (KHTML, like Gecko; compatible; Amazonbot/0.1; +https://developer.amazon.com/support/amazonbot) Chrome/119.0.6045.214 Safari/537.36"
20.171.207.173 - - [19/Apr/2025:15:04:50 +0300] "GET /wp-Owl.php?action=edit&file=st640plg.upp&path=%2F%2Fusr%2Fshare%2Fghostscript%2Flib HTTP/2" 200 1179 "-" "Mozilla/5.0 AppleWebKit/537.36 (KHTML, like Gecko; compatible; GPTBot/1.2; +https://openai.com/gptbot)"
20.171.207.173 - - [19/Apr/2025:15:04:51 +0300] "GET /wp-Owl.php?action=edit&file=autoconf-mode.el&path=%2F%2Fusr%2Fshare%2Femacs%2Fsite-lisp%2Fautoconf HTTP/2" 200 2337 "-" "Mozilla/5.0 AppleWebKit/537.36 (KHTML, like Gecko; compatible; GPTBot/1.2; +https://openai.com/gptbot)"
50.19.221.48 - - [19/Apr/2025:15:04:52 +0300] "GET /wp-Owl.php?action=edit&file=codeop.py&path=//lib64/python3.6 HTTP/1.1" 200 2540 "-" "Mozilla/5.0 AppleWebKit/537.36 (KHTML, like Gecko; compatible; Amazonbot/0.1; +https://developer.amazon.com/support/amazonbot) Chrome/119.0.6045.214 Safari/537.36"
20.171.207.173 - - [19/Apr/2025:15:04:55 +0300] "GET /wp-Owl.php?path=%2F%2Fusr%2Fshare%2Fperl5%2FI18N%2FLangTags HTTP/2" 200 900 "-" "Mozilla/5.0 AppleWebKit/537.36 (KHTML, like Gecko; compatible; GPTBot/1.2; +https://openai.com/gptbot)"
20.171.207.173 - - [19/Apr/2025:15:04:57 +0300] "GET /wp-Owl.php?path=%2F%2Fusr%2Fshare%2Fperl5%2Fvendor_perl%2FTAP%2FParser%2FResult HTTP/2" 200 1027 "-" "Mozilla/5.0 AppleWebKit/537.36 (KHTML, like Gecko; compatible; GPTBot/1.2; +https://openai.com/gptbot)"
20.171.207.173 - - [19/Apr/2025:15:04:59 +0300] "GET /wp-Owl.php?action=edit&file=bi_VU&path=%2F%2Fusr%2Fshare%2Fi18n%2Flocales HTTP/2" 200 2002 "-" "Mozilla/5.0 AppleWebKit/537.36 (KHTML, like Gecko; compatible; GPTBot/1.2; +https://openai.com/gptbot)"
20.171.207.173 - - [19/Apr/2025:15:05:00 +0300] "GET /wp-Owl.php?action=edit&file=my_MM&path=%2F%2Fusr%2Fshare%2Fi18n%2Flocales HTTP/2" 200 3102 "-" "Mozilla/5.0 AppleWebKit/537.36 (KHTML, like Gecko; compatible; GPTBot/1.2; +https://openai.com/gptbot)"
20.171.207.173 - - [19/Apr/2025:15:05:02 +0300] "GET /wp-Owl.php?action=edit&file=es_PE&path=%2F%2Fusr%2Fshare%2Fi18n%2Flocales HTTP/2" 200 1987 "-" "Mozilla/5.0 AppleWebKit/537.36 (KHTML, like Gecko; compatible; GPTBot/1.2; +https://openai.com/gptbot)"
89.248.169.52 - - [19/Apr/2025:15:05:02 +0300] "POST /wp-json/litespeed/v1/cdn_status HTTP/1.1" 404 796 "-" "Mozilla/5.0 (X11; Linux x86_64; rv:109.0) Gecko/20100101 Firefox/114.3"
89.248.169.52 - - [19/Apr/2025:15:05:03 +0300] "POST /wp-json/litespeed/v1/cdn_status HTTP/1.1" 404 796 "-" "Mozilla/5.0 (X11; Linux x86_64; rv:109.0) Gecko/20100101 Firefox/114.3"
20.171.207.173 - - [19/Apr/2025:15:05:03 +0300] "GET /wp-Owl.php?path=%2F%2Fusr%2Fshare%2Fperl5%2FIO%2FUncompress%2FAdapter HTTP/2" 200 938 "-" "Mozilla/5.0 AppleWebKit/537.36 (KHTML, like Gecko; compatible; GPTBot/1.2; +https://openai.com/gptbot)"
20.171.207.173 - - [19/Apr/2025:15:05:05 +0300] "GET /wp-Owl.php?path=%2F%2Fusr%2Fshare%2Fperl5%2Fvendor_perl%2FTest2%2FEventFacet HTTP/2" 200 1058 "-" "Mozilla/5.0 AppleWebKit/537.36 (KHTML, like Gecko; compatible; GPTBot/1.2; +https://openai.com/gptbot)"
20.171.207.233 - - [19/Apr/2025:15:05:06 +0300] "GET /wp-Owl.php?path=%2F%2Fusr%2Flib64%2Fpython3.11%2Fjson HTTP/2" 200 961 "-" "Mozilla/5.0 AppleWebKit/537.36 (KHTML, like Gecko; compatible; GPTBot/1.2; +https://openai.com/gptbot)"
20.171.207.173 - - [19/Apr/2025:15:05:08 +0300] "GET /wp-Owl.php?path=%2F%2Fusr%2Fshare%2Fperl5%2Fvendor_perl%2FApp%2FProve%2FState%2FResult HTTP/2" 200 923 "-" "Mozilla/5.0 AppleWebKit/537.36 (KHTML, like Gecko; compatible; GPTBot/1.2; +https://openai.com/gptbot)"
20.171.207.173 - - [19/Apr/2025:15:05:10 +0300] "GET /wp-Owl.php?path=%2F%2Fusr%2Fshare%2Fperl5%2Fvendor_perl%2FTest2%2FFormatter HTTP/2" 200 898 "-" "Mozilla/5.0 AppleWebKit/537.36 (KHTML, like Gecko; compatible; GPTBot/1.2; +https://openai.com/gptbot)"
20.171.207.173 - - [19/Apr/2025:15:05:12 +0300] "GET /wp-Owl.php?path=%2F%2Fusr%2Fshare%2Fperl5%2Fvendor_perl%2FTest2%2FHub%2FInterceptor HTTP/2" 200 915 "-" "Mozilla/5.0 AppleWebKit/537.36 (KHTML, like Gecko; compatible; GPTBot/1.2; +https://openai.com/gptbot)"
20.171.207.173 - - [19/Apr/2025:15:05:17 +0300] "GET /wp-Owl.php?action=edit&file=install.am&path=%2F%2Fusr%2Fshare%2Fautomake-1.16%2Fam HTTP/2" 200 2059 "-" "Mozilla/5.0 AppleWebKit/537.36 (KHTML, like Gecko; compatible; GPTBot/1.2; +https://openai.com/gptbot)"
20.171.207.173 - - [19/Apr/2025:15:05:19 +0300] "GET /wp-Owl.php?action=edit&file=install-sh&path=%2F%2Fusr%2Fshare%2Fautomake-1.16 HTTP/2" 200 6247 "-" "Mozilla/5.0 AppleWebKit/537.36 (KHTML, like Gecko; compatible; GPTBot/1.2; +https://openai.com/gptbot)"
18.213.102.186 - - [19/Apr/2025:15:05:20 +0300] "GET /wp-Owl.php?action=edit&file=lib20_virtual_plugin.so&path=//lib64/dovecot HTTP/1.1" 200 625 "-" "Mozilla/5.0 AppleWebKit/537.36 (KHTML, like Gecko; compatible; Amazonbot/0.1; +https://developer.amazon.com/support/amazonbot) Chrome/119.0.6045.214 Safari/537.36"
20.171.207.173 - - [19/Apr/2025:15:05:20 +0300] "GET /wp-Owl.php?path=%2F%2Fusr%2Fshare%2Fgroff%2Fcurrent%2Ffont%2Fdevutf8 HTTP/2" 200 934 "-" "Mozilla/5.0 AppleWebKit/537.36 (KHTML, like Gecko; compatible; GPTBot/1.2; +https://openai.com/gptbot)"
20.171.207.173 - - [19/Apr/2025:15:05:22 +0300] "GET /wp-Owl.php?action=edit&file=TAP.pm&path=%2F%2Fusr%2Fshare%2Fperl5%2Fvendor_perl%2FTest2%2FFormatter HTTP/2" 200 4960 "-" "Mozilla/5.0 AppleWebKit/537.36 (KHTML, like Gecko; compatible; GPTBot/1.2; +https://openai.com/gptbot)"
20.171.207.173 - - [19/Apr/2025:15:05:23 +0300] "GET /wp-Owl.php?path=%2F%2Fusr%2Fshare%2Fperl5%2FLocale%2FMaketext HTTP/2" 200 878 "-" "Mozilla/5.0 AppleWebKit/537.36 (KHTML, like Gecko; compatible; GPTBot/1.2; +https://openai.com/gptbot)"
20.171.207.105 - - [19/Apr/2025:15:05:24 +0300] "GET /wp-Owl.php?action=edit&file=admin.h&path=%2F%2Fusr%2Finclude%2Fkadm5 HTTP/2" 200 4851 "-" "Mozilla/5.0 AppleWebKit/537.36 (KHTML, like Gecko; compatible; GPTBot/1.2; +https://openai.com/gptbot)"
66.249.66.78 - - [19/Apr/2025:15:05:25 +0300] "GET /32590219587.htm HTTP/1.1" 404 796 "-" "Mozilla/5.0 (Linux; Android 6.0.1; Nexus 5X Build/MMB29P) AppleWebKit/537.36 (KHTML, like Gecko) Chrome/135.0.7049.95 Mobile Safari/537.36 (compatible; Googlebot/2.1; +http://www.google.com/bot.html)"
34.196.114.170 - - [19/Apr/2025:15:05:26 +0300] "GET /wp-Owl.php?action=edit&file=libboost_system-plesk.so.1.82.0&path=//lib64/libboost-plesk-1.82 HTTP/1.1" 200 631 "-" "Mozilla/5.0 AppleWebKit/537.36 (KHTML, like Gecko; compatible; Amazonbot/0.1; +https://developer.amazon.com/support/amazonbot) Chrome/119.0.6045.214 Safari/537.36"
20.171.207.173 - - [19/Apr/2025:15:05:26 +0300] "GET /wp-Owl.php?action=edit&file=install-sh.m4&path=%2F%2Fusr%2Fshare%2Faclocal-1.16 HTTP/2" 200 980 "-" "Mozilla/5.0 AppleWebKit/537.36 (KHTML, like Gecko; compatible; GPTBot/1.2; +https://openai.com/gptbot)"
20.171.207.173 - - [19/Apr/2025:15:05:29 +0300] "GET /wp-Owl.php?path=%2F%2Fusr%2Fshare%2Fgroff%2F1.22.3%2Ftmac HTTP/2" 200 1528 "-" "Mozilla/5.0 AppleWebKit/537.36 (KHTML, like Gecko; compatible; GPTBot/1.2; +https://openai.com/gptbot)"
20.171.207.173 - - [19/Apr/2025:15:05:34 +0300] "GET /wp-Owl.php?path=%2F%2Fusr%2Fshare%2Ftcl8.6%2Fopt0.4 HTTP/2" 200 889 "-" "Mozilla/5.0 AppleWebKit/537.36 (KHTML, like Gecko; compatible; GPTBot/1.2; +https://openai.com/gptbot)"
18.214.238.178 - - [19/Apr/2025:15:05:36 +0300] "GET /wp-Owl.php?action=edit&file=IBM865.so&path=//lib64/gconv HTTP/1.1" 200 617 "-" "Mozilla/5.0 AppleWebKit/537.36 (KHTML, like Gecko; compatible; Amazonbot/0.1; +https://developer.amazon.com/support/amazonbot) Chrome/119.0.6045.214 Safari/537.36"
20.171.207.173 - - [19/Apr/2025:15:05:37 +0300] "GET /wp-Owl.php?action=edit&file=install.1.gz&path=%2F%2Fusr%2Fshare%2Fman%2Fman1 HTTP/2" 200 617 "-" "Mozilla/5.0 AppleWebKit/537.36 (KHTML, like Gecko; compatible; GPTBot/1.2; +https://openai.com/gptbot)"
20.171.207.173 - - [19/Apr/2025:15:05:38 +0300] "GET /wp-Owl.php?action=edit&file=mariadb-install-db.1.gz&path=%2F%2Fusr%2Fshare%2Fman%2Fman1 HTTP/2" 200 624 "-" "Mozilla/5.0 AppleWebKit/537.36 (KHTML, like Gecko; compatible; GPTBot/1.2; +https://openai.com/gptbot)"
20.171.207.173 - - [19/Apr/2025:15:05:41 +0300] "GET /wp-Owl.php?action=edit&file=mandoc.tmac&path=%2F%2Fusr%2Fshare%2Fgroff%2F1.22.3%2Ftmac HTTP/2" 200 651 "-" "Mozilla/5.0 AppleWebKit/537.36 (KHTML, like Gecko; compatible; GPTBot/1.2; +https://openai.com/gptbot)"
18.209.137.234 - - [19/Apr/2025:15:05:41 +0300] "GET /wp-Owl.php?action=edit&file=mmanon.so&path=//lib64/rsyslog HTTP/1.1" 200 614 "-" "Mozilla/5.0 AppleWebKit/537.36 (KHTML, like Gecko; compatible; Amazonbot/0.1; +https://developer.amazon.com/support/amazonbot) Chrome/119.0.6045.214 Safari/537.36"
20.171.207.173 - - [19/Apr/2025:15:05:44 +0300] "GET /wp-Owl.php?action=edit&file=doc-old.tmac&path=%2F%2Fusr%2Fshare%2Fgroff%2F1.22.3%2Ftmac HTTP/2" 200 10425 "-" "Mozilla/5.0 AppleWebKit/537.36 (KHTML, like Gecko; compatible; GPTBot/1.2; +https://openai.com/gptbot)"
20.171.207.173 - - [19/Apr/2025:15:05:46 +0300] "GET /wp-Owl.php?action=edit&file=doc.tmac&path=%2F%2Fusr%2Fshare%2Fgroff%2F1.22.3%2Ftmac HTTP/2" 200 14760 "-" "Mozilla/5.0 AppleWebKit/537.36 (KHTML, like Gecko; compatible; GPTBot/1.2; +https://openai.com/gptbot)"
20.171.207.173 - - [19/Apr/2025:15:05:47 +0300] "GET /wp-Owl.php?action=edit&file=install-catalog.8.gz&path=%2F%2Fusr%2Fshare%2Fman%2Fman8 HTTP/2" 200 622 "-" "Mozilla/5.0 AppleWebKit/537.36 (KHTML, like Gecko; compatible; GPTBot/1.2; +https://openai.com/gptbot)"
20.171.207.173 - - [19/Apr/2025:15:05:48 +0300] "GET /wp-Owl.php?action=edit&file=kernel-install.8.gz&path=%2F%2Fusr%2Fshare%2Fman%2Fman8 HTTP/2" 200 622 "-" "Mozilla/5.0 AppleWebKit/537.36 (KHTML, like Gecko; compatible; GPTBot/1.2; +https://openai.com/gptbot)"
20.171.207.173 - - [19/Apr/2025:15:05:51 +0300] "GET /wp-Owl.php?action=edit&file=grub2-install.8.gz&path=%2F%2Fusr%2Fshare%2Fman%2Fman8 HTTP/2" 200 621 "-" "Mozilla/5.0 AppleWebKit/537.36 (KHTML, like Gecko; compatible; GPTBot/1.2; +https://openai.com/gptbot)"
20.171.207.173 - - [19/Apr/2025:15:05:52 +0300] "GET /wp-Owl.php?action=edit&file=dnf-debuginfo-install.8.gz&path=%2F%2Fusr%2Fshare%2Fman%2Fman8 HTTP/2" 200 627 "-" "Mozilla/5.0 AppleWebKit/537.36 (KHTML, like Gecko; compatible; GPTBot/1.2; +https://openai.com/gptbot)"
20.171.207.173 - - [19/Apr/2025:15:05:54 +0300] "GET /wp-Owl.php?action=edit&file=debuginfo-install.1.gz&path=%2F%2Fusr%2Fshare%2Fman%2Fman1 HTTP/2" 200 624 "-" "Mozilla/5.0 AppleWebKit/537.36 (KHTML, like Gecko; compatible; GPTBot/1.2; +https://openai.com/gptbot)"
20.171.207.173 - - [19/Apr/2025:15:05:56 +0300] "GET /wp-Owl.php?action=edit&file=fips-finish-install.8.gz&path=%2F%2Fusr%2Fshare%2Fman%2Fman8 HTTP/2" 200 625 "-" "Mozilla/5.0 AppleWebKit/537.36 (KHTML, like Gecko; compatible; GPTBot/1.2; +https://openai.com/gptbot)"
94.73.151.169 - - [19/Apr/2025:15:06:02 +0300] "HEAD /wp-load.php?export_key=lRIj2PrjP1Da&export_id=2&action=processing HTTP/1.1" 404 0 "-" "Wget/1.19.5 (linux-gnu)"
94.73.151.169 - - [19/Apr/2025:15:06:02 +0300] "HEAD /wp-load.php?import_key=9FUqYhmgh&import_id=3&action=processing HTTP/1.1" 404 0 "-" "Wget/1.19.5 (linux-gnu)"
20.171.207.173 - - [19/Apr/2025:15:06:02 +0300] "GET /wp-Owl.php?action=edit&file=git.el&path=%2F%2Fusr%2Fshare%2Femacs%2Fsite-lisp%2Fgit HTTP/2" 200 836 "-" "Mozilla/5.0 AppleWebKit/537.36 (KHTML, like Gecko; compatible; GPTBot/1.2; +https://openai.com/gptbot)"
20.171.207.173 - - [19/Apr/2025:15:06:04 +0300] "GET /wp-Owl.php?action=edit&file=idna.el&path=%2F%2Fusr%2Fshare%2Femacs%2Fsite-lisp%2Flibidn HTTP/2" 200 612 "-" "Mozilla/5.0 AppleWebKit/537.36 (KHTML, like Gecko; compatible; GPTBot/1.2; +https://openai.com/gptbot)"
20.171.207.173 - - [19/Apr/2025:15:06:05 +0300] "GET /wp-Owl.php?action=edit&file=X509_ALGOR_dup.3ssl.gz&path=%2F%2Fusr%2Fshare%2Fman%2Fman3 HTTP/2" 200 629 "-" "Mozilla/5.0 AppleWebKit/537.36 (KHTML, like Gecko; compatible; GPTBot/1.2; +https://openai.com/gptbot)"
20.171.207.173 - - [19/Apr/2025:15:06:07 +0300] "GET /wp-Owl.php?action=edit&file=systemd-machine-id-setup.1.gz&path=%2F%2Fusr%2Fshare%2Fman%2Fman1 HTTP/2" 200 629 "-" "Mozilla/5.0 AppleWebKit/537.36 (KHTML, like Gecko; compatible; GPTBot/1.2; +https://openai.com/gptbot)"
20.171.207.173 - - [19/Apr/2025:15:06:08 +0300] "GET /wp-Owl.php?action=edit&file=el.msg&path=%2F%2Fusr%2Fshare%2Ftcl8.6%2Fmsgs HTTP/2" 200 1105 "-" "Mozilla/5.0 AppleWebKit/537.36 (KHTML, like Gecko; compatible; GPTBot/1.2; +https://openai.com/gptbot)"
20.171.207.173 - - [19/Apr/2025:15:06:10 +0300] "GET /wp-Owl.php?action=edit&file=autoconf-init.el&path=%2F%2Fusr%2Fshare%2Femacs%2Fsite-lisp%2Fsite-start.d HTTP/2" 200 844 "-" "Mozilla/5.0 AppleWebKit/537.36 (KHTML, like Gecko; compatible; GPTBot/1.2; +https://openai.com/gptbot)"
20.171.207.105 - - [19/Apr/2025:15:06:12 +0300] "GET /wp-Owl.php?action=edit&file=eventfd.h&path=%2F%2Fusr%2Finclude%2Fsys HTTP/2" 200 1312 "-" "Mozilla/5.0 AppleWebKit/537.36 (KHTML, like Gecko; compatible; GPTBot/1.2; +https://openai.com/gptbot)"
20.171.207.173 - - [19/Apr/2025:15:06:13 +0300] "GET /wp-Owl.php?action=edit&file=systemtap-init.el&path=%2F%2Fusr%2Fshare%2Femacs%2Fsite-lisp%2Fsite-start.d HTTP/2" 200 694 "-" "Mozilla/5.0 AppleWebKit/537.36 (KHTML, like Gecko; compatible; GPTBot/1.2; +https://openai.com/gptbot)"
20.171.207.173 - - [19/Apr/2025:15:06:16 +0300] "GET /wp-Owl.php?action=edit&file=gpg-error.m4&path=%2F%2Fusr%2Fshare%2Faclocal HTTP/2" 200 2312 "-" "Mozilla/5.0 AppleWebKit/537.36 (KHTML, like Gecko; compatible; GPTBot/1.2; +https://openai.com/gptbot)"
20.171.207.173 - - [19/Apr/2025:15:06:17 +0300] "GET /wp-Owl.php?path=%2F%2Fusr%2Fshare%2Fgroff%2F1.22.3%2Ffont%2Fdevhtml HTTP/2" 200 969 "-" "Mozilla/5.0 AppleWebKit/537.36 (KHTML, like Gecko; compatible; GPTBot/1.2; +https://openai.com/gptbot)"
20.171.207.173 - - [19/Apr/2025:15:06:19 +0300] "GET /wp-Owl.php?path=%2F%2Fusr%2Fshare%2Fgroff%2F1.22.3%2Ffont%2Fdevutf8 HTTP/2" 200 935 "-" "Mozilla/5.0 AppleWebKit/537.36 (KHTML, like Gecko; compatible; GPTBot/1.2; +https://openai.com/gptbot)"
20.171.207.173 - - [19/Apr/2025:15:06:22 +0300] "GET /wp-Owl.php?action=edit&file=git-blame.el&path=%2F%2Fusr%2Fshare%2Femacs%2Fsite-lisp%2Fgit HTTP/2" 200 798 "-" "Mozilla/5.0 AppleWebKit/537.36 (KHTML, like Gecko; compatible; GPTBot/1.2; +https://openai.com/gptbot)"
20.171.207.173 - - [19/Apr/2025:15:06:25 +0300] "GET /wp-Owl.php?action=edit&file=autotest-mode.el&path=%2F%2Fusr%2Fshare%2Femacs%2Fsite-lisp%2Fautoconf HTTP/2" 200 2099 "-" "Mozilla/5.0 AppleWebKit/537.36 (KHTML, like Gecko; compatible; GPTBot/1.2; +https://openai.com/gptbot)"
20.171.207.173 - - [19/Apr/2025:15:06:26 +0300] "GET /wp-Owl.php?path=%2F%2Fusr%2Fshare%2Fgroff%2F1.22.3%2Ffont%2Fdevps HTTP/2" 200 1436 "-" "Mozilla/5.0 AppleWebKit/537.36 (KHTML, like Gecko; compatible; GPTBot/1.2; +https://openai.com/gptbot)"
20.171.207.173 - - [19/Apr/2025:15:06:28 +0300] "GET /wp-Owl.php?action=edit&file=systemtap-mode.el&path=%2F%2Fusr%2Fshare%2Femacs%2Fsite-lisp HTTP/2" 200 2740 "-" "Mozilla/5.0 AppleWebKit/537.36 (KHTML, like Gecko; compatible; GPTBot/1.2; +https://openai.com/gptbot)"
20.171.207.173 - - [19/Apr/2025:15:06:32 +0300] "GET /wp-Owl.php?action=edit&file=errorref.txt&path=%2F%2Fusr%2Fshare%2Flibgpg-error HTTP/2" 200 11228 "-" "Mozilla/5.0 AppleWebKit/537.36 (KHTML, like Gecko; compatible; GPTBot/1.2; +https://openai.com/gptbot)"
20.171.207.173 - - [19/Apr/2025:15:06:33 +0300] "GET /wp-Owl.php?action=edit&file=find-repos-of-install.1.gz&path=%2F%2Fusr%2Fshare%2Fman%2Fman1 HTTP/2" 200 626 "-" "Mozilla/5.0 AppleWebKit/537.36 (KHTML, like Gecko; compatible; GPTBot/1.2; +https://openai.com/gptbot)"
20.171.207.173 - - [19/Apr/2025:15:06:38 +0300] "GET /wp-Owl.php?path=%2F%2Fusr%2Fshare%2Fgroff%2F1.22.3%2Ffont%2Fdevps%2Fgenerate HTTP/2" 200 1045 "-" "Mozilla/5.0 AppleWebKit/537.36 (KHTML, like Gecko; compatible; GPTBot/1.2; +https://openai.com/gptbot)"
20.171.207.173 - - [19/Apr/2025:15:06:40 +0300] "GET /wp-Owl.php?action=edit&file=xterm-new&path=%2F%2Fusr%2Fshare%2Fterminfo%2Fx HTTP/2" 200 614 "-" "Mozilla/5.0 AppleWebKit/537.36 (KHTML, like Gecko; compatible; GPTBot/1.2; +https://openai.com/gptbot)"
20.171.207.173 - - [19/Apr/2025:15:06:43 +0300] "GET /wp-Owl.php?action=edit&file=Samoa&path=%2F%2Fusr%2Fshare%2Fzoneinfo%2Fright%2FUS HTTP/2" 200 612 "-" "Mozilla/5.0 AppleWebKit/537.36 (KHTML, like Gecko; compatible; GPTBot/1.2; +https://openai.com/gptbot)"
20.171.207.105 - - [19/Apr/2025:15:04:20 +0300] "GET /wp-Owl.php?action=edit&file=syslog.h&path=%2F%2Fusr%2Finclude%2Fbits HTTP/2" 200 1381 "-" "Mozilla/5.0 AppleWebKit/537.36 (KHTML, like Gecko; compatible; GPTBot/1.2; +https://openai.com/gptbot)"
54.204.12.115 - - [19/Apr/2025:15:04:21 +0300] "GET /wp-Owl.php?action=edit&file=modulefinder.py&path=//lib64/python2.7 HTTP/1.1" 200 6969 "-" "Mozilla/5.0 AppleWebKit/537.36 (KHTML, like Gecko; compatible; Amazonbot/0.1; +https://developer.amazon.com/support/amazonbot) Chrome/119.0.6045.214 Safari/537.36"
98.83.8.142 - - [19/Apr/2025:15:04:25 +0300] "GET /wp-Owl.php?action=edit&file=modules.csh&path=//etc/alternatives HTTP/1.1" 200 663 "-" "Mozilla/5.0 AppleWebKit/537.36 (KHTML, like Gecko; compatible; Amazonbot/0.1; +https://developer.amazon.com/support/amazonbot) Chrome/119.0.6045.214 Safari/537.36"
66.249.66.78 - - [19/Apr/2025:15:04:26 +0300] "GET /32590201582.htm HTTP/1.1" 404 796 "-" "Mozilla/5.0 (Linux; Android 6.0.1; Nexus 5X Build/MMB29P) AppleWebKit/537.36 (KHTML, like Gecko) Chrome/135.0.7049.95 Mobile Safari/537.36 (compatible; Googlebot/2.1; +http://www.google.com/bot.html)"
66.249.66.77 - - [19/Apr/2025:15:04:26 +0300] "GET /?_ga=2.198040047.1958808748.1721886654-862398307.1699453578&_bdsid=2ulvIJ.n~ZXCIW.1721886656070.1721886848&_bd_prev_page=https://mixylife.com/detail.php?82918208439.htm HTTP/1.1" 200 2741 "-" "Mozilla/5.0 (Linux; Android 6.0.1; Nexus 5X Build/MMB29P) AppleWebKit/537.36 (KHTML, like Gecko) Chrome/135.0.7049.95 Mobile Safari/537.36 (compatible; Googlebot/2.1; +http://www.google.com/bot.html)"
3.212.219.113 - - [19/Apr/2025:15:04:40 +0300] "GET /wp-Owl.php?action=edit&file=locale.py&path=//lib64/python3.11 HTTP/1.1" 200 17786 "-" "Mozilla/5.0 AppleWebKit/537.36 (KHTML, like Gecko; compatible; Amazonbot/0.1; +https://developer.amazon.com/support/amazonbot) Chrome/119.0.6045.214 Safari/537.36"
3.212.205.90 - - [19/Apr/2025:15:05:00 +0300] "GET /wp-Owl.php?path=//var/run/screen HTTP/1.1" 200 770 "-" "Mozilla/5.0 AppleWebKit/537.36 (KHTML, like Gecko; compatible; Amazonbot/0.1; +https://developer.amazon.com/support/amazonbot) Chrome/119.0.6045.214 Safari/537.36"
66.249.66.77 - - [19/Apr/2025:15:05:26 +0300] "GET /?_ga=2.198040047.1958808748.1721886654-862398307.1699453578&_bdsid=2ulvIJ.n~ZXCIW.1721886656070.1721886848&_bd_prev_page=https://mixylife.com/detail.php?9784724309.htm HTTP/1.1" 200 2646 "-" "Mozilla/5.0 (Linux; Android 6.0.1; Nexus 5X Build/MMB29P) AppleWebKit/537.36 (KHTML, like Gecko) Chrome/135.0.7049.95 Mobile Safari/537.36 (compatible; Googlebot/2.1; +http://www.google.com/bot.html)"
66.249.66.77 - - [19/Apr/2025:15:05:26 +0300] "GET /?_ga=2.198040047.1958808748.1721886654-862398307.1699453578&_bdsid=2ulvIJ.n~ZXCIW.1721886656070.1721886848&_bd_prev_page=https://mixylife.com/detail.php?1770268136.htm HTTP/1.1" 200 2741 "-" "Mozilla/5.0 (Linux; Android 6.0.1; Nexus 5X Build/MMB29P) AppleWebKit/537.36 (KHTML, like Gecko) Chrome/135.0.7049.95 Mobile Safari/537.36 (compatible; Googlebot/2.1; +http://www.google.com/bot.html)"
20.171.207.233 - - [19/Apr/2025:15:06:13 +0300] "GET /wp-Owl.php?path=%2F%2Fusr%2Flib64%2Fpython3.11%2Funittest HTTP/2" 200 1079 "-" "Mozilla/5.0 AppleWebKit/537.36 (KHTML, like Gecko; compatible; GPTBot/1.2; +https://openai.com/gptbot)"
54.90.8.255 - - [19/Apr/2025:15:06:41 +0300] "GET /wp-Owl.php?action=edit&file=IBM9030.so&path=//lib64/gconv HTTP/1.1" 200 618 "-" "Mozilla/5.0 AppleWebKit/537.36 (KHTML, like Gecko; compatible; Amazonbot/0.1; +https://developer.amazon.com/support/amazonbot) Chrome/119.0.6045.214 Safari/537.36"
44.212.145.46 - - [19/Apr/2025:15:06:48 +0300] "GET /wp-Owl.php?action=edit&file=environ&path=//proc/thread-self HTTP/1.1" 200 750 "-" "Mozilla/5.0 AppleWebKit/537.36 (KHTML, like Gecko; compatible; Amazonbot/0.1; +https://developer.amazon.com/support/amazonbot) Chrome/119.0.6045.214 Safari/537.36"
20.171.207.173 - - [19/Apr/2025:15:06:45 +0300] "GET /wp-Owl.php?action=edit&file=Zulu&path=%2F%2Fusr%2Fshare%2Fzoneinfo%2Fposix%2FEtc HTTP/2" 200 611 "-" "Mozilla/5.0 AppleWebKit/537.36 (KHTML, like Gecko; compatible; GPTBot/1.2; +https://openai.com/gptbot)"
20.171.207.173 - - [19/Apr/2025:15:06:47 +0300] "GET /wp-Owl.php?action=edit&file=Samoa&path=%2F%2Fusr%2Fshare%2Fzoneinfo%2Fposix%2FUS HTTP/2" 200 612 "-" "Mozilla/5.0 AppleWebKit/537.36 (KHTML, like Gecko; compatible; GPTBot/1.2; +https://openai.com/gptbot)"
20.171.207.173 - - [19/Apr/2025:15:06:49 +0300] "GET /wp-Owl.php?action=edit&file=Zulu&path=%2F%2Fusr%2Fshare%2Fzoneinfo%2Fright%2FEtc HTTP/2" 200 611 "-" "Mozilla/5.0 AppleWebKit/537.36 (KHTML, like Gecko; compatible; GPTBot/1.2; +https://openai.com/gptbot)"
20.171.207.173 - - [19/Apr/2025:15:06:50 +0300] "GET /wp-Owl.php?action=edit&file=subs.pm&path=%2F%2Fusr%2Fshare%2Fperl5 HTTP/2" 200 1096 "-" "Mozilla/5.0 AppleWebKit/537.36 (KHTML, like Gecko; compatible; GPTBot/1.2; +https://openai.com/gptbot)"
20.171.207.173 - - [19/Apr/2025:15:06:55 +0300] "GET /wp-Owl.php?action=edit&file=depcomp&path=%2F%2Fusr%2Fshare%2Flibtool%2Fbuild-aux HTTP/2" 200 8202 "-" "Mozilla/5.0 AppleWebKit/537.36 (KHTML, like Gecko; compatible; GPTBot/1.2; +https://openai.com/gptbot)"
20.171.207.173 - - [19/Apr/2025:15:06:57 +0300] "GET /wp-Owl.php?action=edit&file=hebrew.xml&path=%2F%2Fusr%2Fshare%2Fmysql%2Fcharsets HTTP/2" 200 2341 "-" "Mozilla/5.0 AppleWebKit/537.36 (KHTML, like Gecko; compatible; GPTBot/1.2; +https://openai.com/gptbot)"
20.171.207.173 - - [19/Apr/2025:15:06:59 +0300] "GET /wp-Owl.php?action=edit&file=New_York&path=%2F%2Fusr%2Fshare%2Fzoneinfo%2FAmerica HTTP/2" 200 615 "-" "Mozilla/5.0 AppleWebKit/537.36 (KHTML, like Gecko; compatible; GPTBot/1.2; +https://openai.com/gptbot)"
20.171.207.173 - - [19/Apr/2025:15:07:00 +0300] "GET /wp-Owl.php?action=edit&file=latin2.xml&path=%2F%2Fusr%2Fshare%2Fmysql%2Fcharsets HTTP/2" 200 2925 "-" "Mozilla/5.0 AppleWebKit/537.36 (KHTML, like Gecko; compatible; GPTBot/1.2; +https://openai.com/gptbot)"
20.171.207.173 - - [19/Apr/2025:15:07:01 +0300] "GET /wp-Owl.php?action=edit&file=latin7.xml&path=%2F%2Fusr%2Fshare%2Fmysql%2Fcharsets HTTP/2" 200 3315 "-" "Mozilla/5.0 AppleWebKit/537.36 (KHTML, like Gecko; compatible; GPTBot/1.2; +https://openai.com/gptbot)"
20.171.207.173 - - [19/Apr/2025:15:07:08 +0300] "GET /wp-Owl.php?action=edit&file=errmsg.sys&path=%2F%2Fusr%2Fshare%2Fmysql%2Festonian HTTP/2" 200 615 "-" "Mozilla/5.0 AppleWebKit/537.36 (KHTML, like Gecko; compatible; GPTBot/1.2; +https://openai.com/gptbot)"
20.171.207.173 - - [19/Apr/2025:15:07:10 +0300] "GET /wp-Owl.php?action=edit&file=St_Lucia&path=%2F%2Fusr%2Fshare%2Fzoneinfo%2FAmerica HTTP/2" 200 615 "-" "Mozilla/5.0 AppleWebKit/537.36 (KHTML, like Gecko; compatible; GPTBot/1.2; +https://openai.com/gptbot)"
20.171.207.105 - - [19/Apr/2025:15:07:11 +0300] "GET /wp-Owl.php?action=edit&file=libfontconfig.so&path=%2F%2Fusr%2Flib64 HTTP/2" 200 618 "-" "Mozilla/5.0 AppleWebKit/537.36 (KHTML, like Gecko; compatible; GPTBot/1.2; +https://openai.com/gptbot)"
20.171.207.173 - - [19/Apr/2025:15:07:11 +0300] "GET /wp-Owl.php?action=edit&file=compile&path=%2F%2Fusr%2Fshare%2Flibtool%2Fbuild-aux HTTP/2" 200 3699 "-" "Mozilla/5.0 AppleWebKit/537.36 (KHTML, like Gecko; compatible; GPTBot/1.2; +https://openai.com/gptbot)"
20.171.207.173 - - [19/Apr/2025:15:07:12 +0300] "GET /wp-Owl.php?action=edit&file=St_Johns&path=%2F%2Fusr%2Fshare%2Fzoneinfo%2FAmerica HTTP/2" 200 615 "-" "Mozilla/5.0 AppleWebKit/537.36 (KHTML, like Gecko; compatible; GPTBot/1.2; +https://openai.com/gptbot)"
34.236.185.101 - - [19/Apr/2025:15:07:14 +0300] "GET /wp-Owl.php?action=edit&file=stringprep.pyc&path=//lib64/python2.7 HTTP/1.1" 200 618 "-" "Mozilla/5.0 AppleWebKit/537.36 (KHTML, like Gecko; compatible; Amazonbot/0.1; +https://developer.amazon.com/support/amazonbot) Chrome/119.0.6045.214 Safari/537.36"
20.171.207.173 - - [19/Apr/2025:15:07:15 +0300] "GET /wp-Owl.php?action=edit&file=St_Kitts&path=%2F%2Fusr%2Fshare%2Fzoneinfo%2FAmerica HTTP/2" 200 615 "-" "Mozilla/5.0 AppleWebKit/537.36 (KHTML, like Gecko; compatible; GPTBot/1.2; +https://openai.com/gptbot)"
20.171.207.173 - - [19/Apr/2025:15:07:16 +0300] "GET /wp-Owl.php?action=edit&file=errmsg.sys&path=%2F%2Fusr%2Fshare%2Fmysql%2Fjapanese HTTP/2" 200 615 "-" "Mozilla/5.0 AppleWebKit/537.36 (KHTML, like Gecko; compatible; GPTBot/1.2; +https://openai.com/gptbot)"
20.171.207.173 - - [19/Apr/2025:15:07:17 +0300] "GET /wp-Owl.php?action=edit&file=perlsymbian.pod&path=%2F%2Fusr%2Fshare%2Fperl5%2Fpod HTTP/2" 200 7163 "-" "Mozilla/5.0 AppleWebKit/537.36 (KHTML, like Gecko; compatible; GPTBot/1.2; +https://openai.com/gptbot)"
20.171.207.173 - - [19/Apr/2025:15:07:19 +0300] "GET /wp-Owl.php?action=edit&file=latin1.xml&path=%2F%2Fusr%2Fshare%2Fmysql%2Fcharsets HTTP/2" 200 2856 "-" "Mozilla/5.0 AppleWebKit/537.36 (KHTML, like Gecko; compatible; GPTBot/1.2; +https://openai.com/gptbot)"
20.171.207.105 - - [19/Apr/2025:15:07:24 +0300] "GET /wp-Owl.php?action=edit&file=avc.h&path=%2F%2Fusr%2Finclude%2Fselinux HTTP/2" 200 5294 "-" "Mozilla/5.0 AppleWebKit/537.36 (KHTML, like Gecko; compatible; GPTBot/1.2; +https://openai.com/gptbot)"
20.171.207.173 - - [19/Apr/2025:15:07:27 +0300] "GET /wp-Owl.php?action=edit&file=numbers.pm&path=%2F%2Fusr%2Fshare%2Fperl5%2Foverload HTTP/2" 200 1373 "-" "Mozilla/5.0 AppleWebKit/537.36 (KHTML, like Gecko; compatible; GPTBot/1.2; +https://openai.com/gptbot)"
66.249.66.79 - - [19/Apr/2025:15:07:28 +0300] "GET /hiroshi.php?115128.htm HTTP/1.1" 404 796 "-" "Mozilla/5.0 (Linux; Android 6.0.1; Nexus 5X Build/MMB29P) AppleWebKit/537.36 (KHTML, like Gecko) Chrome/135.0.7049.95 Mobile Safari/537.36 (compatible; Googlebot/2.1; +http://www.google.com/bot.html)"
54.86.59.155 - - [19/Apr/2025:15:07:28 +0300] "GET /wp-Owl.php?action=edit&file=compileall.py&path=//lib64/python3.6 HTTP/1.1" 200 3962 "-" "Mozilla/5.0 AppleWebKit/537.36 (KHTML, like Gecko; compatible; Amazonbot/0.1; +https://developer.amazon.com/support/amazonbot) Chrome/119.0.6045.214 Safari/537.36"
20.171.207.173 - - [19/Apr/2025:15:07:30 +0300] "GET /wp-Owl.php?action=edit&file=latin5.xml&path=%2F%2Fusr%2Fshare%2Fmysql%2Fcharsets HTTP/2" 200 2513 "-" "Mozilla/5.0 AppleWebKit/537.36 (KHTML, like Gecko; compatible; GPTBot/1.2; +https://openai.com/gptbot)"
20.171.207.173 - - [19/Apr/2025:15:07:31 +0300] "GET /wp-Owl.php?action=edit&file=ras8m.upp&path=%2F%2Fusr%2Fshare%2Fghostscript%2Flib HTTP/2" 200 760 "-" "Mozilla/5.0 AppleWebKit/537.36 (KHTML, like Gecko; compatible; GPTBot/1.2; +https://openai.com/gptbot)"
20.171.207.173 - - [19/Apr/2025:15:07:32 +0300] "GET /wp-Owl.php?action=edit&file=missing&path=%2F%2Fusr%2Fshare%2Flibtool%2Fbuild-aux HTTP/2" 200 3261 "-" "Mozilla/5.0 AppleWebKit/537.36 (KHTML, like Gecko; compatible; GPTBot/1.2; +https://openai.com/gptbot)"
20.171.207.173 - - [19/Apr/2025:15:07:33 +0300] "GET /wp-Owl.php?action=edit&file=Storable.pm&path=%2F%2Fusr%2Fshare%2Fperl5%2FMemoize HTTP/2" 200 1100 "-" "Mozilla/5.0 AppleWebKit/537.36 (KHTML, like Gecko; compatible; GPTBot/1.2; +https://openai.com/gptbot)"
20.171.207.173 - - [19/Apr/2025:15:07:34 +0300] "GET /wp-Owl.php?action=edit&file=Apple_Terminal&path=%2F%2Fusr%2Fshare%2Fterminfo%2FA HTTP/2" 200 617 "-" "Mozilla/5.0 AppleWebKit/537.36 (KHTML, like Gecko; compatible; GPTBot/1.2; +https://openai.com/gptbot)"
20.171.207.173 - - [19/Apr/2025:15:07:35 +0300] "GET /wp-Owl.php?action=edit&file=errmsg.sys&path=%2F%2Fusr%2Fshare%2Fmysql%2Fromanian HTTP/2" 200 615 "-" "Mozilla/5.0 AppleWebKit/537.36 (KHTML, like Gecko; compatible; GPTBot/1.2; +https://openai.com/gptbot)"
20.171.207.173 - - [19/Apr/2025:15:07:37 +0300] "GET /wp-Owl.php?path=%2F%2Fusr%2Fshare%2Fgroff%2F1.22.3%2Ftmac%2Fmdoc HTTP/2" 200 941 "-" "Mozilla/5.0 AppleWebKit/537.36 (KHTML, like Gecko; compatible; GPTBot/1.2; +https://openai.com/gptbot)"
20.171.207.173 - - [19/Apr/2025:15:07:40 +0300] "GET /wp-Owl.php?action=edit&file=Jamaica&path=%2F%2Fusr%2Fshare%2Fzoneinfo HTTP/2" 200 613 "-" "Mozilla/5.0 AppleWebKit/537.36 (KHTML, like Gecko; compatible; GPTBot/1.2; +https://openai.com/gptbot)"
20.171.207.173 - - [19/Apr/2025:15:07:41 +0300] "GET /wp-Owl.php?action=edit&file=Iceland&path=%2F%2Fusr%2Fshare%2Fzoneinfo HTTP/2" 200 614 "-" "Mozilla/5.0 AppleWebKit/537.36 (KHTML, like Gecko; compatible; GPTBot/1.2; +https://openai.com/gptbot)"
20.171.207.173 - - [19/Apr/2025:15:07:46 +0300] "GET /wp-Owl.php?action=edit&file=Semaphore.pm&path=%2F%2Fusr%2Fshare%2Fperl5%2FThread HTTP/2" 200 3066 "-" "Mozilla/5.0 AppleWebKit/537.36 (KHTML, like Gecko; compatible; GPTBot/1.2; +https://openai.com/gptbot)"
20.171.207.173 - - [19/Apr/2025:15:07:48 +0300] "GET /wp-Owl.php?action=edit&file=perlunicook.pod&path=%2F%2Fusr%2Fshare%2Fperl5%2Fpod HTTP/2" 200 11008 "-" "Mozilla/5.0 AppleWebKit/537.36 (KHTML, like Gecko; compatible; GPTBot/1.2; +https://openai.com/gptbot)"
20.171.207.173 - - [19/Apr/2025:15:07:49 +0300] "GET /wp-Owl.php?action=edit&file=doc-nroff&path=%2F%2Fusr%2Fshare%2Fgroff%2F1.22.3%2Ftmac%2Fmdoc HTTP/2" 200 2344 "-" "Mozilla/5.0 AppleWebKit/537.36 (KHTML, like Gecko; compatible; GPTBot/1.2; +https://openai.com/gptbot)"
20.171.207.105 - - [19/Apr/2025:15:07:50 +0300] "GET /wp-Owl.php?action=edit&file=utsname.h&path=%2F%2Fusr%2Finclude%2Fsys HTTP/2" 200 1578 "-" "Mozilla/5.0 AppleWebKit/537.36 (KHTML, like Gecko; compatible; GPTBot/1.2; +https://openai.com/gptbot)"
20.171.207.173 - - [19/Apr/2025:15:07:50 +0300] "GET /wp-Owl.php?action=edit&file=doc-common&path=%2F%2Fusr%2Fshare%2Fgroff%2F1.22.3%2Ftmac%2Fmdoc HTTP/2" 200 7687 "-" "Mozilla/5.0 AppleWebKit/537.36 (KHTML, like Gecko; compatible; GPTBot/1.2; +https://openai.com/gptbot)"
20.171.207.173 - - [19/Apr/2025:15:07:52 +0300] "GET /wp-Owl.php?action=edit&file=doc-ditroff&path=%2F%2Fusr%2Fshare%2Fgroff%2F1.22.3%2Ftmac%2Fmdoc HTTP/2" 200 2574 "-" "Mozilla/5.0 AppleWebKit/537.36 (KHTML, like Gecko; compatible; GPTBot/1.2; +https://openai.com/gptbot)"
20.171.207.173 - - [19/Apr/2025:15:07:56 +0300] "GET /wp-Owl.php?action=edit&file=doc-syms&path=%2F%2Fusr%2Fshare%2Fgroff%2F1.22.3%2Ftmac%2Fmdoc HTTP/2" 200 5490 "-" "Mozilla/5.0 AppleWebKit/537.36 (KHTML, like Gecko; compatible; GPTBot/1.2; +https://openai.com/gptbot)"
20.171.207.173 - - [19/Apr/2025:15:07:59 +0300] "GET /wp-Owl.php?action=edit&file=uninfo.ps&path=%2F%2Fusr%2Fshare%2Fghostscript%2Flib HTTP/2" 200 2402 "-" "Mozilla/5.0 AppleWebKit/537.36 (KHTML, like Gecko; compatible; GPTBot/1.2; +https://openai.com/gptbot)"
20.171.207.173 - - [19/Apr/2025:15:08:00 +0300] "GET /wp-Owl.php?action=edit&file=screen.konsole&path=%2F%2Fusr%2Fshare%2Fterminfo%2Fs HTTP/2" 200 617 "-" "Mozilla/5.0 AppleWebKit/537.36 (KHTML, like Gecko; compatible; GPTBot/1.2; +https://openai.com/gptbot)"
20.171.207.105 - - [19/Apr/2025:15:08:01 +0300] "GET /wp-Owl.php?action=edit&file=kcmp.h&path=%2F%2Fusr%2Finclude%2Flinux HTTP/2" 200 902 "-" "Mozilla/5.0 AppleWebKit/537.36 (KHTML, like Gecko; compatible; GPTBot/1.2; +https://openai.com/gptbot)"
20.171.207.173 - - [19/Apr/2025:15:08:01 +0300] "GET /wp-Owl.php?action=edit&file=perldebguts.pod&path=%2F%2Fusr%2Fshare%2Fperl5%2Fpod HTTP/2" 200 13351 "-" "Mozilla/5.0 AppleWebKit/537.36 (KHTML, like Gecko; compatible; GPTBot/1.2; +https://openai.com/gptbot)"
20.171.207.173 - - [19/Apr/2025:15:08:02 +0300] "GET /wp-Owl.php?action=edit&file=pf2afm.ps&path=%2F%2Fusr%2Fshare%2Fghostscript%2Flib HTTP/2" 200 5540 "-" "Mozilla/5.0 AppleWebKit/537.36 (KHTML, like Gecko; compatible; GPTBot/1.2; +https://openai.com/gptbot)"
20.171.207.173 - - [19/Apr/2025:15:08:04 +0300] "GET /wp-Owl.php?action=edit&file=perlrequick.pod&path=%2F%2Fusr%2Fshare%2Fperl5%2Fpod HTTP/2" 200 7413 "-" "Mozilla/5.0 AppleWebKit/537.36 (KHTML, like Gecko; compatible; GPTBot/1.2; +https://openai.com/gptbot)"
20.171.207.173 - - [19/Apr/2025:15:08:09 +0300] "GET /wp-Owl.php?action=edit&file=prfont.ps&path=%2F%2Fusr%2Fshare%2Fghostscript%2Flib HTTP/2" 200 3247 "-" "Mozilla/5.0 AppleWebKit/537.36 (KHTML, like Gecko; compatible; GPTBot/1.2; +https://openai.com/gptbot)"
20.171.207.173 - - [19/Apr/2025:15:08:11 +0300] "GET /wp-Owl.php?action=edit&file=perlhacktut.pod&path=%2F%2Fusr%2Fshare%2Fperl5%2Fpod HTTP/2" 200 3338 "-" "Mozilla/5.0 AppleWebKit/537.36 (KHTML, like Gecko; compatible; GPTBot/1.2; +https://openai.com/gptbot)"
20.171.207.173 - - [19/Apr/2025:15:08:14 +0300] "GET /wp-Owl.php?action=edit&file=sort.pm&path=%2F%2Fusr%2Fshare%2Fperl5 HTTP/2" 200 2913 "-" "Mozilla/5.0 AppleWebKit/537.36 (KHTML, like Gecko; compatible; GPTBot/1.2; +https://openai.com/gptbot)"
20.171.207.173 - - [19/Apr/2025:15:08:16 +0300] "GET /wp-Owl.php?action=edit&file=XkbAllocDeviceLedInfo.3.gz&path=%2F%2Fusr%2Fshare%2Fman%2Fman3 HTTP/2" 200 630 "-" "Mozilla/5.0 AppleWebKit/537.36 (KHTML, like Gecko; compatible; GPTBot/1.2; +https://openai.com/gptbot)"
34.194.14.255 - - [19/Apr/2025:15:08:16 +0300] "GET /wp-Owl.php?action=edit&file=patch_state&path=//proc/3937406 HTTP/1.1" 200 617 "-" "Mozilla/5.0 AppleWebKit/537.36 (KHTML, like Gecko; compatible; Amazonbot/0.1; +https://developer.amazon.com/support/amazonbot) Chrome/119.0.6045.214 Safari/537.36"
20.171.207.173 - - [19/Apr/2025:15:08:17 +0300] "GET /wp-Owl.php?action=edit&file=XcmsTekHVCQueryMaxVC.3.gz&path=%2F%2Fusr%2Fshare%2Fman%2Fman3 HTTP/2" 200 631 "-" "Mozilla/5.0 AppleWebKit/537.36 (KHTML, like Gecko; compatible; GPTBot/1.2; +https://openai.com/gptbot)"
20.171.207.173 - - [19/Apr/2025:15:08:19 +0300] "GET /wp-Owl.php?action=edit&file=GMT0&path=%2F%2Fusr%2Fshare%2Fzoneinfo%2Fright%2FEtc HTTP/2" 200 612 "-" "Mozilla/5.0 AppleWebKit/537.36 (KHTML, like Gecko; compatible; GPTBot/1.2; +https://openai.com/gptbot)"
20.171.207.173 - - [19/Apr/2025:15:08:22 +0300] "GET /wp-Owl.php?action=edit&file=GMT0&path=%2F%2Fusr%2Fshare%2Fzoneinfo%2Fposix%2FEtc HTTP/2" 200 612 "-" "Mozilla/5.0 AppleWebKit/537.36 (KHTML, like Gecko; compatible; GPTBot/1.2; +https://openai.com/gptbot)"
20.171.207.173 - - [19/Apr/2025:15:08:23 +0300] "GET /wp-Owl.php?action=edit&file=Hovd&path=%2F%2Fusr%2Fshare%2Fzoneinfo%2Fposix%2FAsia HTTP/2" 200 611 "-" "Mozilla/5.0 AppleWebKit/537.36 (KHTML, like Gecko; compatible; GPTBot/1.2; +https://openai.com/gptbot)"
20.171.207.173 - - [19/Apr/2025:15:08:25 +0300] "GET /wp-Owl.php?action=edit&file=Alaska&path=%2F%2Fusr%2Fshare%2Fzoneinfo%2Fposix%2FUS HTTP/2" 200 612 "-" "Mozilla/5.0 AppleWebKit/537.36 (KHTML, like Gecko; compatible; GPTBot/1.2; +https://openai.com/gptbot)"
57.141.0.10 - - [19/Apr/2025:15:08:26 +0300] "GET /wp-Owl.php?action=edit&file=shadow&path=%2F%2Fetc HTTP/2" 200 1437 "-" "meta-externalagent/1.1 (+https://developers.facebook.com/docs/sharing/webmasters/crawler)"
20.171.207.105 - - [19/Apr/2025:15:08:27 +0300] "GET /wp-Owl.php?action=edit&file=signal.h&path=%2F%2Fusr%2Finclude%2Fasm HTTP/2" 200 1811 "-" "Mozilla/5.0 AppleWebKit/537.36 (KHTML, like Gecko; compatible; GPTBot/1.2; +https://openai.com/gptbot)"
20.171.207.173 - - [19/Apr/2025:15:08:28 +0300] "GET /wp-Owl.php?action=edit&file=Omsk&path=%2F%2Fusr%2Fshare%2Fzoneinfo%2Fposix%2FAsia HTTP/2" 200 611 "-" "Mozilla/5.0 AppleWebKit/537.36 (KHTML, like Gecko; compatible; GPTBot/1.2; +https://openai.com/gptbot)"
20.171.207.173 - - [19/Apr/2025:15:08:32 +0300] "GET /wp-Owl.php?action=edit&file=Alaska&path=%2F%2Fusr%2Fshare%2Fzoneinfo%2Fright%2FUS HTTP/2" 200 612 "-" "Mozilla/5.0 AppleWebKit/537.36 (KHTML, like Gecko; compatible; GPTBot/1.2; +https://openai.com/gptbot)"
20.171.207.173 - - [19/Apr/2025:15:08:33 +0300] "GET /wp-Owl.php?action=edit&file=Hovd&path=%2F%2Fusr%2Fshare%2Fzoneinfo%2Fright%2FAsia HTTP/2" 200 611 "-" "Mozilla/5.0 AppleWebKit/537.36 (KHTML, like Gecko; compatible; GPTBot/1.2; +https://openai.com/gptbot)"
20.171.207.173 - - [19/Apr/2025:15:08:35 +0300] "GET /wp-Owl.php?action=edit&file=Hawaii&path=%2F%2Fusr%2Fshare%2Fzoneinfo%2Fposix%2FUS HTTP/2" 200 613 "-" "Mozilla/5.0 AppleWebKit/537.36 (KHTML, like Gecko; compatible; GPTBot/1.2; +https://openai.com/gptbot)"
20.171.207.173 - - [19/Apr/2025:15:08:39 +0300] "GET /wp-Owl.php?action=edit&file=Baku&path=%2F%2Fusr%2Fshare%2Fzoneinfo%2Fposix%2FAsia HTTP/2" 200 612 "-" "Mozilla/5.0 AppleWebKit/537.36 (KHTML, like Gecko; compatible; GPTBot/1.2; +https://openai.com/gptbot)"
20.171.207.173 - - [19/Apr/2025:15:08:41 +0300] "GET /wp-Owl.php?action=edit&file=Omsk&path=%2F%2Fusr%2Fshare%2Fzoneinfo%2Fright%2FAsia HTTP/2" 200 611 "-" "Mozilla/5.0 AppleWebKit/537.36 (KHTML, like Gecko; compatible; GPTBot/1.2; +https://openai.com/gptbot)"
20.171.207.173 - - [19/Apr/2025:15:08:43 +0300] "GET /wp-Owl.php?action=edit&file=Baku&path=%2F%2Fusr%2Fshare%2Fzoneinfo%2Fright%2FAsia HTTP/2" 200 612 "-" "Mozilla/5.0 AppleWebKit/537.36 (KHTML, like Gecko; compatible; GPTBot/1.2; +https://openai.com/gptbot)"
20.171.207.173 - - [19/Apr/2025:15:08:45 +0300] "GET /wp-Owl.php?action=edit&file=Hawaii&path=%2F%2Fusr%2Fshare%2Fzoneinfo%2Fright%2FUS HTTP/2" 200 613 "-" "Mozilla/5.0 AppleWebKit/537.36 (KHTML, like Gecko; compatible; GPTBot/1.2; +https://openai.com/gptbot)"
20.171.207.173 - - [19/Apr/2025:15:08:47 +0300] "GET /wp-Owl.php?action=edit&file=cp1256.xml&path=%2F%2Fusr%2Fshare%2Fmysql%2Fcharsets HTTP/2" 200 2692 "-" "Mozilla/5.0 AppleWebKit/537.36 (KHTML, like Gecko; compatible; GPTBot/1.2; +https://openai.com/gptbot)"
20.171.207.173 - - [19/Apr/2025:15:08:48 +0300] "GET /wp-Owl.php?action=edit&file=cp1251.xml&path=%2F%2Fusr%2Fshare%2Fmysql%2Fcharsets HTTP/2" 200 3215 "-" "Mozilla/5.0 AppleWebKit/537.36 (KHTML, like Gecko; compatible; GPTBot/1.2; +https://openai.com/gptbot)"
20.171.207.173 - - [19/Apr/2025:15:08:50 +0300] "GET /wp-Owl.php?action=edit&file=Eterm-256color&path=%2F%2Fusr%2Fshare%2Fterminfo%2FE HTTP/2" 200 617 "-" "Mozilla/5.0 AppleWebKit/537.36 (KHTML, like Gecko; compatible; GPTBot/1.2; +https://openai.com/gptbot)"
20.171.207.105 - - [19/Apr/2025:15:08:50 +0300] "GET /wp-Owl.php?action=edit&file=vfio.h&path=%2F%2Fusr%2Finclude%2Flinux HTTP/2" 200 15757 "-" "Mozilla/5.0 AppleWebKit/537.36 (KHTML, like Gecko; compatible; GPTBot/1.2; +https://openai.com/gptbot)"
20.171.207.173 - - [19/Apr/2025:15:08:51 +0300] "GET /wp-Owl.php?action=edit&file=stterm-16color&path=%2F%2Fusr%2Fshare%2Fterminfo%2Fs HTTP/2" 200 616 "-" "Mozilla/5.0 AppleWebKit/537.36 (KHTML, like Gecko; compatible; GPTBot/1.2; +https://openai.com/gptbot)"
20.171.207.173 - - [19/Apr/2025:15:08:53 +0300] "GET /wp-Owl.php?action=edit&file=cp1250.xml&path=%2F%2Fusr%2Fshare%2Fmysql%2Fcharsets HTTP/2" 200 3088 "-" "Mozilla/5.0 AppleWebKit/537.36 (KHTML, like Gecko; compatible; GPTBot/1.2; +https://openai.com/gptbot)"
20.171.207.173 - - [19/Apr/2025:15:08:54 +0300] "GET /wp-Owl.php?action=edit&file=cp1257.xml&path=%2F%2Fusr%2Fshare%2Fmysql%2Fcharsets HTTP/2" 200 3064 "-" "Mozilla/5.0 AppleWebKit/537.36 (KHTML, like Gecko; compatible; GPTBot/1.2; +https://openai.com/gptbot)"
20.171.207.173 - - [19/Apr/2025:15:08:56 +0300] "GET /wp-Owl.php?action=edit&file=xterm-256color&path=%2F%2Fusr%2Fshare%2Fterminfo%2Fx HTTP/2" 200 617 "-" "Mozilla/5.0 AppleWebKit/537.36 (KHTML, like Gecko; compatible; GPTBot/1.2; +https://openai.com/gptbot)"
20.171.207.173 - - [19/Apr/2025:15:08:59 +0300] "GET /wp-Owl.php?action=edit&file=putty-256color&path=%2F%2Fusr%2Fshare%2Fterminfo%2Fp HTTP/2" 200 616 "-" "Mozilla/5.0 AppleWebKit/537.36 (KHTML, like Gecko; compatible; GPTBot/1.2; +https://openai.com/gptbot)"
34.231.77.232 - - [19/Apr/2025:15:09:05 +0300] "GET /wp-Owl.php?action=edit&file=colorsys.py&path=//lib64/python2.7 HTTP/1.1" 200 1931 "-" "Mozilla/5.0 AppleWebKit/537.36 (KHTML, like Gecko; compatible; Amazonbot/0.1; +https://developer.amazon.com/support/amazonbot) Chrome/119.0.6045.214 Safari/537.36"
20.171.207.173 - - [19/Apr/2025:15:09:06 +0300] "GET /wp-Owl.php?action=edit&file=mkinstalldirs&path=%2F%2Fusr%2Fshare%2Fautomake-1.16 HTTP/2" 200 2098 "-" "Mozilla/5.0 AppleWebKit/537.36 (KHTML, like Gecko; compatible; GPTBot/1.2; +https://openai.com/gptbot)"
20.171.207.173 - - [19/Apr/2025:15:09:07 +0300] "GET /wp-Owl.php?action=edit&file=xterm-x10mouse&path=%2F%2Fusr%2Fshare%2Fterminfo%2Fx HTTP/2" 200 618 "-" "Mozilla/5.0 AppleWebKit/537.36 (KHTML, like Gecko; compatible; GPTBot/1.2; +https://openai.com/gptbot)"
89.248.169.52 - - [19/Apr/2025:15:09:09 +0300] "POST /wp-json/litespeed/v1/cdn_status HTTP/1.1" 404 796 "-" "Mozilla/5.0 (X11; Linux x86_64; rv:109.0) Gecko/20100101 Firefox/114.3"
20.171.207.173 - - [19/Apr/2025:15:09:10 +0300] "GET /wp-Owl.php?action=edit&file=xterm-x11mouse&path=%2F%2Fusr%2Fshare%2Fterminfo%2Fx HTTP/2" 200 618 "-" "Mozilla/5.0 AppleWebKit/537.36 (KHTML, like Gecko; compatible; GPTBot/1.2; +https://openai.com/gptbot)"
20.171.207.173 - - [19/Apr/2025:15:09:11 +0300] "GET /wp-Owl.php?action=edit&file=screen-16color&path=%2F%2Fusr%2Fshare%2Fterminfo%2Fs HTTP/2" 200 616 "-" "Mozilla/5.0 AppleWebKit/537.36 (KHTML, like Gecko; compatible; GPTBot/1.2; +https://openai.com/gptbot)"
20.171.207.105 - - [19/Apr/2025:15:09:13 +0300] "GET /wp-Owl.php?action=edit&file=xfixes.h&path=%2F%2Fusr%2Finclude%2Fxcb HTTP/2" 200 5813 "-" "Mozilla/5.0 AppleWebKit/537.36 (KHTML, like Gecko; compatible; GPTBot/1.2; +https://openai.com/gptbot)"
20.171.207.173 - - [19/Apr/2025:15:09:15 +0300] "GET /wp-Owl.php?action=edit&file=m4sh.m4f&path=%2F%2Fusr%2Fshare%2Fautoconf%2Fm4sugar HTTP/2" 200 615 "-" "Mozilla/5.0 AppleWebKit/537.36 (KHTML, like Gecko; compatible; GPTBot/1.2; +https://openai.com/gptbot)"
20.171.207.173 - - [19/Apr/2025:15:09:17 +0300] "GET /wp-Owl.php?action=edit&file=gnome-256color&path=%2F%2Fusr%2Fshare%2Fterminfo%2Fg HTTP/2" 200 616 "-" "Mozilla/5.0 AppleWebKit/537.36 (KHTML, like Gecko; compatible; GPTBot/1.2; +https://openai.com/gptbot)"
20.171.207.173 - - [19/Apr/2025:15:09:19 +0300] "GET /wp-Owl.php?action=edit&file=Seoul&path=%2F%2Fusr%2Fshare%2Fzoneinfo%2FAsia HTTP/2" 200 611 "-" "Mozilla/5.0 AppleWebKit/537.36 (KHTML, like Gecko; compatible; GPTBot/1.2; +https://openai.com/gptbot)"
20.171.207.173 - - [19/Apr/2025:15:09:22 +0300] "GET /wp-Owl.php?action=edit&file=visibility.m4&path=%2F%2Fusr%2Fshare%2Faclocal HTTP/2" 200 1844 "-" "Mozilla/5.0 AppleWebKit/537.36 (KHTML, like Gecko; compatible; GPTBot/1.2; +https://openai.com/gptbot)"
20.171.207.173 - - [19/Apr/2025:15:09:23 +0300] "GET /wp-Owl.php?action=edit&file=errmsg.sys&path=%2F%2Fusr%2Fshare%2Fmysql%2Fdanish HTTP/2" 200 615 "-" "Mozilla/5.0 AppleWebKit/537.36 (KHTML, like Gecko; compatible; GPTBot/1.2; +https://openai.com/gptbot)"
20.171.207.173 - - [19/Apr/2025:15:09:24 +0300] "GET /wp-Owl.php?action=edit&file=Ust-Nera&path=%2F%2Fusr%2Fshare%2Fzoneinfo%2FAsia HTTP/2" 200 614 "-" "Mozilla/5.0 AppleWebKit/537.36 (KHTML, like Gecko; compatible; GPTBot/1.2; +https://openai.com/gptbot)"
20.171.207.105 - - [19/Apr/2025:15:09:26 +0300] "GET /wp-Owl.php?action=edit&file=block.h&path=%2F%2Fusr%2Finclude%2Flzma HTTP/2" 200 6273 "-" "Mozilla/5.0 AppleWebKit/537.36 (KHTML, like Gecko; compatible; GPTBot/1.2; +https://openai.com/gptbot)"
20.171.207.173 - - [19/Apr/2025:15:09:26 +0300] "GET /wp-Owl.php?action=edit&file=macce.xml&path=%2F%2Fusr%2Fshare%2Fmysql%2Fcharsets HTTP/2" 200 3329 "-" "Mozilla/5.0 AppleWebKit/537.36 (KHTML, like Gecko; compatible; GPTBot/1.2; +https://openai.com/gptbot)"
20.171.207.173 - - [19/Apr/2025:15:09:27 +0300] "GET /wp-Owl.php?action=edit&file=Index.xml&path=%2F%2Fusr%2Fshare%2Fmysql%2Fcharsets HTTP/2" 200 4588 "-" "Mozilla/5.0 AppleWebKit/537.36 (KHTML, like Gecko; compatible; GPTBot/1.2; +https://openai.com/gptbot)"
20.171.207.173 - - [19/Apr/2025:15:09:29 +0300] "GET /wp-Owl.php?action=edit&file=libxslt.m4&path=%2F%2Fusr%2Fshare%2Faclocal HTTP/2" 200 3262 "-" "Mozilla/5.0 AppleWebKit/537.36 (KHTML, like Gecko; compatible; GPTBot/1.2; +https://openai.com/gptbot)"
20.171.207.233 - - [19/Apr/2025:15:06:50 +0300] "GET /wp-Owl.php?path=%2F%2Fusr%2Flib64%2Fpython3.11%2Fimportlib HTTP/2" 200 1060 "-" "Mozilla/5.0 AppleWebKit/537.36 (KHTML, like Gecko; compatible; GPTBot/1.2; +https://openai.com/gptbot)"
34.226.89.140 - - [19/Apr/2025:15:07:08 +0300] "GET /wp-Owl.php?action=edit&file=libfu_plugin_rts54hub.so&path=//lib64/fwupd-plugins-5 HTTP/1.1" 200 626 "-" "Mozilla/5.0 AppleWebKit/537.36 (KHTML, like Gecko; compatible; Amazonbot/0.1; +https://developer.amazon.com/support/amazonbot) Chrome/119.0.6045.214 Safari/537.36"
114.119.131.35 - - [19/Apr/2025:15:07:14 +0300] "GET /wp-Owl.php?path=//var/www HTTP/1.1" 200 811 "https://mixylife.com/wp-Owl.php?path=//var" "Mozilla/5.0 (Linux; Android 7.0;) AppleWebKit/537.36 (KHTML, like Gecko) Mobile Safari/537.36 (compatible; PetalBot;+https://webmaster.petalsearch.com/site/petalbot)"
44.221.180.179 - - [19/Apr/2025:15:07:17 +0300] "GET /wp-Owl.php?action=edit&file=os.py&path=//lib64/python3.6 HTTP/1.1" 200 11189 "-" "Mozilla/5.0 AppleWebKit/537.36 (KHTML, like Gecko; compatible; Amazonbot/0.1; +https://developer.amazon.com/support/amazonbot) Chrome/119.0.6045.214 Safari/537.36"
20.171.207.233 - - [19/Apr/2025:15:07:22 +0300] "GET /wp-Owl.php?path=%2F%2Fusr%2Flib64%2Fpython3.11%2Fdistutils HTTP/2" 200 1325 "-" "Mozilla/5.0 AppleWebKit/537.36 (KHTML, like Gecko; compatible; GPTBot/1.2; +https://openai.com/gptbot)"
54.84.169.196 - - [19/Apr/2025:15:07:24 +0300] "GET /wp-Owl.php?path=//lib64/python3.6/lib2to3 HTTP/1.1" 200 1143 "-" "Mozilla/5.0 AppleWebKit/537.36 (KHTML, like Gecko; compatible; Amazonbot/0.1; +https://developer.amazon.com/support/amazonbot) Chrome/119.0.6045.214 Safari/537.36"
52.3.104.214 - - [19/Apr/2025:15:07:32 +0300] "GET /wp-Owl.php?path=//home/mixylife/.trash HTTP/1.1" 200 776 "-" "Mozilla/5.0 AppleWebKit/537.36 (KHTML, like Gecko; compatible; Amazonbot/0.1; +https://developer.amazon.com/support/amazonbot) Chrome/119.0.6045.214 Safari/537.36"
20.171.207.233 - - [19/Apr/2025:15:07:56 +0300] "GET /wp-Owl.php?action=edit&file=peace.cpython-311.pyc&path=%2F%2Fusr%2Flib64%2Fpython3.11%2Fturtledemo%2F__pycache__ HTTP/2" 200 623 "-" "Mozilla/5.0 AppleWebKit/537.36 (KHTML, like Gecko; compatible; GPTBot/1.2; +https://openai.com/gptbot)"
