20.171.207.45 - - [17/Apr/2025:15:47:48 +0300] "GET /mah.php__cb34ce0 HTTP/2" 200 2009 "-" "Mozilla/5.0 AppleWebKit/537.36 (KHTML, like Gecko; compatible; GPTBot/1.2; +https://openai.com/gptbot)"
217.113.194.241 - - [17/Apr/2025:15:48:05 +0300] "GET /images__cb34ce0/?SA HTTP/1.1" 200 664 "-" "Mozilla/5.0 (compatible; Barkrowler/0.9; +https://babbar.tech/crawler)"
20.171.207.45 - - [17/Apr/2025:15:48:19 +0300] "GET /wp-config.php__cb34ce0 HTTP/2" 200 19247 "-" "Mozilla/5.0 AppleWebKit/537.36 (KHTML, like Gecko; compatible; GPTBot/1.2; +https://openai.com/gptbot)"
20.171.207.45 - - [17/Apr/2025:15:48:52 +0300] "GET /index__cb34ce0/ HTTP/2" 200 658 "-" "Mozilla/5.0 AppleWebKit/537.36 (KHTML, like Gecko; compatible; GPTBot/1.2; +https://openai.com/gptbot)"
66.249.66.78 - - [17/Apr/2025:15:48:54 +0300] "GET /godsend.php?86460278624.htm HTTP/1.1" 404 796 "-" "Mozilla/5.0 (Linux; Android 6.0.1; Nexus 5X Build/MMB29P) AppleWebKit/537.36 (KHTML, like Gecko) Chrome/135.0.7049.84 Mobile Safari/537.36 (compatible; Googlebot/2.1; +http://www.google.com/bot.html)"
217.113.194.232 - - [17/Apr/2025:15:48:58 +0300] "GET /wp-trackback.php__cb34ce0 HTTP/1.1" 200 21401 "-" "Mozilla/5.0 (compatible; Barkrowler/0.9; +https://babbar.tech/crawler)"
217.113.194.238 - - [17/Apr/2025:15:49:17 +0300] "GET /wp-log1n.php__cb34ce0 HTTP/1.1" 200 1915 "-" "Mozilla/5.0 (compatible; Barkrowler/0.9; +https://babbar.tech/crawler)"
20.171.207.45 - - [17/Apr/2025:15:49:24 +0300] "GET /wp-trackback.php__cb34ce0 HTTP/2" 200 21401 "-" "Mozilla/5.0 AppleWebKit/537.36 (KHTML, like Gecko; compatible; GPTBot/1.2; +https://openai.com/gptbot)"
217.113.194.241 - - [17/Apr/2025:15:49:36 +0300] "GET /wp-config.php__cb34ce0 HTTP/1.1" 200 19247 "-" "Mozilla/5.0 (compatible; Barkrowler/0.9; +https://babbar.tech/crawler)"
20.171.207.45 - - [17/Apr/2025:15:49:45 +0300] "GET /wp-log1n.php__cb34ce0 HTTP/2" 200 1915 "-" "Mozilla/5.0 AppleWebKit/537.36 (KHTML, like Gecko; compatible; GPTBot/1.2; +https://openai.com/gptbot)"
217.113.194.232 - - [17/Apr/2025:15:49:56 +0300] "GET /wp-includes__cb34ce0/?MD HTTP/1.1" 200 668 "-" "Mozilla/5.0 (compatible; Barkrowler/0.9; +https://babbar.tech/crawler)"
20.171.207.45 - - [17/Apr/2025:15:49:58 +0300] "GET /wp-settings.php__cb34ce0 HTTP/2" 200 37698 "-" "Mozilla/5.0 AppleWebKit/537.36 (KHTML, like Gecko; compatible; GPTBot/1.2; +https://openai.com/gptbot)"
20.171.207.45 - - [17/Apr/2025:15:50:18 +0300] "GET /_autoindex/assets/icons/corner-left-up.svg HTTP/2" 200 401 "-" "Mozilla/5.0 AppleWebKit/537.36 (KHTML, like Gecko; compatible; GPTBot/1.2; +https://openai.com/gptbot)"
20.171.207.45 - - [17/Apr/2025:15:50:30 +0300] "GET /wp-activate.php__cb34ce0 HTTP/2" 200 23748 "-" "Mozilla/5.0 AppleWebKit/537.36 (KHTML, like Gecko; compatible; GPTBot/1.2; +https://openai.com/gptbot)"
20.171.207.45 - - [17/Apr/2025:15:50:52 +0300] "GET /index.php__cb34ce0 HTTP/2" 200 2708 "-" "Mozilla/5.0 AppleWebKit/537.36 (KHTML, like Gecko; compatible; GPTBot/1.2; +https://openai.com/gptbot)"
20.171.207.45 - - [17/Apr/2025:15:51:05 +0300] "GET /wp-login.php__cb34ce0 HTTP/2" 200 62545 "-" "Mozilla/5.0 AppleWebKit/537.36 (KHTML, like Gecko; compatible; GPTBot/1.2; +https://openai.com/gptbot)"
217.113.194.241 - - [17/Apr/2025:15:51:10 +0300] "GET /wp-blog-header.php__cb34ce0 HTTP/1.1" 200 350 "-" "Mozilla/5.0 (compatible; Barkrowler/0.9; +https://babbar.tech/crawler)"
18.222.30.59 - - [17/Apr/2025:15:51:19 +0300] "GET /wp-Owl.php?path=%2F%2Fusr%2Flib%2Fmodules%2F4.18.0-513.5.1.el8_9.x86_64%2Fkernel%2Fdrivers%2Fcounter HTTP/2" 200 961 "-" "Mozilla/5.0 AppleWebKit/537.36 (KHTML, like Gecko; compatible; ClaudeBot/1.0; +claudebot@anthropic.com)"
18.222.30.59 - - [17/Apr/2025:15:51:19 +0300] "GET /wp-Owl.php?action=edit&file=I&path=%2F%2Fusr%2Fshare%2Fgroff%2Fcurrent%2Ffont%2Fdevascii HTTP/2" 200 1288 "-" "Mozilla/5.0 AppleWebKit/537.36 (KHTML, like Gecko; compatible; ClaudeBot/1.0; +claudebot@anthropic.com)"
18.222.30.59 - - [17/Apr/2025:15:51:19 +0300] "GET /wp-Owl.php?path=%2F%2Fusr%2Flib%2Fmodules%2F4.18.0-513.24.1.el8_9.x86_64%2Fkernel%2Fnet%2F6lowpan HTTP/2" 200 936 "-" "Mozilla/5.0 AppleWebKit/537.36 (KHTML, like Gecko; compatible; ClaudeBot/1.0; +claudebot@anthropic.com)"
18.222.30.59 - - [17/Apr/2025:15:51:19 +0300] "GET /wp-Owl.php?action=edit&file=iso-8859-2.enc&path=%2F%2Flib64%2Fperl5%2Fvendor_perl%2FXML%2FParser%2FEncodings HTTP/2" 200 618 "-" "Mozilla/5.0 AppleWebKit/537.36 (KHTML, like Gecko; compatible; ClaudeBot/1.0; +claudebot@anthropic.com)"
18.222.30.59 - - [17/Apr/2025:15:51:19 +0300] "GET /wp-Owl.php?path=%2F%2Fusr%2Flib%2Fmodules%2F4.18.0-513.5.1.el8_9.x86_64%2Fkernel%2Fdrivers%2Fchar HTTP/2" 200 1088 "-" "Mozilla/5.0 AppleWebKit/537.36 (KHTML, like Gecko; compatible; ClaudeBot/1.0; +claudebot@anthropic.com)"
18.222.30.59 - - [17/Apr/2025:15:51:19 +0300] "GET /wp-Owl.php?path=%2F%2Fusr%2Flib%2Fmodules%2F4.18.0-513.5.1.el8_9.x86_64%2Fkernel%2Fdrivers%2Fcrypto HTTP/2" 200 1015 "-" "Mozilla/5.0 AppleWebKit/537.36 (KHTML, like Gecko; compatible; ClaudeBot/1.0; +claudebot@anthropic.com)"
18.222.30.59 - - [17/Apr/2025:15:51:19 +0300] "GET /wp-Owl.php?path=%2F%2Fusr%2Flib%2Fmodules%2F4.18.0-513.5.1.el8_9.x86_64%2Fkernel%2Ffs%2Ffat HTTP/2" 200 965 "-" "Mozilla/5.0 AppleWebKit/537.36 (KHTML, like Gecko; compatible; ClaudeBot/1.0; +claudebot@anthropic.com)"
18.222.30.59 - - [17/Apr/2025:15:51:19 +0300] "GET /wp-Owl.php?action=edit&file=B&path=%2F%2Fusr%2Fshare%2Fgroff%2Fcurrent%2Ffont%2Fdevascii HTTP/2" 200 1288 "-" "Mozilla/5.0 AppleWebKit/537.36 (KHTML, like Gecko; compatible; ClaudeBot/1.0; +claudebot@anthropic.com)"
18.222.30.59 - - [17/Apr/2025:15:51:19 +0300] "GET /wp-Owl.php?path=%2F%2Fusr%2Flib%2Fmodules%2F4.18.0-513.5.1.el8_9.x86_64%2Fkernel%2Fdrivers%2Fwatchdog HTTP/2" 200 1361 "-" "Mozilla/5.0 AppleWebKit/537.36 (KHTML, like Gecko; compatible; ClaudeBot/1.0; +claudebot@anthropic.com)"
18.222.30.59 - - [17/Apr/2025:15:51:19 +0300] "GET /wp-Owl.php?path=%2F%2Fusr%2Flib%2Fmodules%2F4.18.0-513.5.1.el8_9.x86_64%2Fkernel%2Fdrivers%2Ftarget HTTP/2" 200 1050 "-" "Mozilla/5.0 AppleWebKit/537.36 (KHTML, like Gecko; compatible; ClaudeBot/1.0; +claudebot@anthropic.com)"
18.222.30.59 - - [17/Apr/2025:15:51:19 +0300] "GET /wp-Owl.php?path=%2F%2Fusr%2Flib%2Fmodules%2F4.18.0-513.5.1.el8_9.x86_64%2Fkernel%2Farch%2Fx86 HTTP/2" 200 942 "-" "Mozilla/5.0 AppleWebKit/537.36 (KHTML, like Gecko; compatible; ClaudeBot/1.0; +claudebot@anthropic.com)"
18.222.30.59 - - [17/Apr/2025:15:51:20 +0300] "GET /wp-Owl.php?path=%2F%2Fusr%2Flib%2Fmodules%2F4.18.0-513.5.1.el8_9.x86_64%2Fkernel%2Fdrivers%2Fvhost HTTP/2" 200 1022 "-" "Mozilla/5.0 AppleWebKit/537.36 (KHTML, like Gecko; compatible; ClaudeBot/1.0; +claudebot@anthropic.com)"
18.222.30.59 - - [17/Apr/2025:15:51:20 +0300] "GET /wp-Owl.php?path=%2F%2Fusr%2Flib%2Fmodules%2F4.18.0-513.24.1.el8_9.x86_64%2Fkernel%2Fdrivers%2Fusb HTTP/2" 200 989 "-" "Mozilla/5.0 AppleWebKit/537.36 (KHTML, like Gecko; compatible; ClaudeBot/1.0; +claudebot@anthropic.com)"
18.222.30.59 - - [17/Apr/2025:15:51:20 +0300] "GET /wp-Owl.php?path=%2F%2Fusr%2Flib%2Fmodules%2F4.18.0-513.5.1.el8_9.x86_64%2Fkernel%2Fdrivers%2Fvirtio HTTP/2" 200 994 "-" "Mozilla/5.0 AppleWebKit/537.36 (KHTML, like Gecko; compatible; ClaudeBot/1.0; +claudebot@anthropic.com)"
18.222.30.59 - - [17/Apr/2025:15:51:20 +0300] "GET /wp-Owl.php?path=%2F%2Fusr%2Flib%2Fmodules%2F4.18.0-513.5.1.el8_9.x86_64%2Fkernel%2Fsound%2Fpci HTTP/2" 200 1370 "-" "Mozilla/5.0 AppleWebKit/537.36 (KHTML, like Gecko; compatible; ClaudeBot/1.0; +claudebot@anthropic.com)"
18.222.30.59 - - [17/Apr/2025:15:51:20 +0300] "GET /wp-Owl.php?action=edit&file=psyntax-pp.go&path=%2F%2Fusr%2Flib64%2Fguile%2F2.0%2Fccache%2Fice-9 HTTP/2" 200 617 "-" "Mozilla/5.0 AppleWebKit/537.36 (KHTML, like Gecko; compatible; ClaudeBot/1.0; +claudebot@anthropic.com)"
18.222.30.59 - - [17/Apr/2025:15:51:20 +0300] "GET /wp-Owl.php?path=%2F%2Fusr%2Flib%2Fmodules%2F4.18.0-513.5.1.el8_9.x86_64%2Fkernel%2Fnet%2F6lowpan HTTP/2" 200 935 "-" "Mozilla/5.0 AppleWebKit/537.36 (KHTML, like Gecko; compatible; ClaudeBot/1.0; +claudebot@anthropic.com)"
18.222.30.59 - - [17/Apr/2025:15:51:20 +0300] "GET /wp-Owl.php?action=edit&file=enums.go&path=%2F%2Fusr%2Flib64%2Fguile%2F2.0%2Fccache%2Frnrs HTTP/2" 200 613 "-" "Mozilla/5.0 AppleWebKit/537.36 (KHTML, like Gecko; compatible; ClaudeBot/1.0; +claudebot@anthropic.com)"
18.222.30.59 - - [17/Apr/2025:15:51:20 +0300] "GET /wp-Owl.php?path=%2F%2Fusr%2Flib%2Fmodules%2F4.18.0-513.24.1.el8_9.x86_64%2Fkernel%2Fdrivers%2Fpps HTTP/2" 200 907 "-" "Mozilla/5.0 AppleWebKit/537.36 (KHTML, like Gecko; compatible; ClaudeBot/1.0; +claudebot@anthropic.com)"
18.222.30.59 - - [17/Apr/2025:15:51:20 +0300] "GET /wp-Owl.php?action=edit&file=lists.go&path=%2F%2Fusr%2Flib64%2Fguile%2F2.0%2Fccache%2Frnrs HTTP/2" 200 612 "-" "Mozilla/5.0 AppleWebKit/537.36 (KHTML, like Gecko; compatible; ClaudeBot/1.0; +claudebot@anthropic.com)"
18.222.30.59 - - [17/Apr/2025:15:51:20 +0300] "GET /wp-Owl.php?action=edit&file=srfi-38.go&path=%2F%2Fusr%2Flib64%2Fguile%2F2.0%2Fccache%2Fsrfi HTTP/2" 200 615 "-" "Mozilla/5.0 AppleWebKit/537.36 (KHTML, like Gecko; compatible; ClaudeBot/1.0; +claudebot@anthropic.com)"
18.222.30.59 - - [17/Apr/2025:15:51:20 +0300] "GET /wp-Owl.php?path=%2F%2Fusr%2Flib%2Fmodules%2F4.18.0-513.24.1.el8_9.x86_64%2Fkernel%2Fsound%2Fcore HTTP/2" 200 1093 "-" "Mozilla/5.0 AppleWebKit/537.36 (KHTML, like Gecko; compatible; ClaudeBot/1.0; +claudebot@anthropic.com)"
18.222.30.59 - - [17/Apr/2025:15:51:21 +0300] "GET /wp-Owl.php?path=%2F%2Fusr%2Flib%2Fmodules%2F4.18.0-513.24.1.el8_9.x86_64%2Fkernel%2Fdrivers%2Ffirewire HTTP/2" 200 996 "-" "Mozilla/5.0 AppleWebKit/537.36 (KHTML, like Gecko; compatible; ClaudeBot/1.0; +claudebot@anthropic.com)"
18.222.30.59 - - [17/Apr/2025:15:51:21 +0300] "GET /wp-Owl.php?action=edit&file=goops.go&path=%2F%2Fusr%2Flib64%2Fguile%2F2.0%2Fccache%2Foop HTTP/2" 200 613 "-" "Mozilla/5.0 AppleWebKit/537.36 (KHTML, like Gecko; compatible; ClaudeBot/1.0; +claudebot@anthropic.com)"
18.222.30.59 - - [17/Apr/2025:15:51:21 +0300] "GET /wp-Owl.php?path=%2F%2Fusr%2Flib%2Fmodules%2F4.18.0-513.24.1.el8_9.x86_64%2Fkernel%2Fdrivers%2Fplatform HTTP/2" 200 924 "-" "Mozilla/5.0 AppleWebKit/537.36 (KHTML, like Gecko; compatible; ClaudeBot/1.0; +claudebot@anthropic.com)"
18.222.30.59 - - [17/Apr/2025:15:51:21 +0300] "GET /wp-Owl.php?action=edit&file=use2dot.go&path=%2F%2Fusr%2Flib64%2Fguile%2F2.0%2Fccache%2Fscripts HTTP/2" 200 614 "-" "Mozilla/5.0 AppleWebKit/537.36 (KHTML, like Gecko; compatible; ClaudeBot/1.0; +claudebot@anthropic.com)"
18.222.30.59 - - [17/Apr/2025:15:51:21 +0300] "GET /wp-Owl.php?action=edit&file=decrypt.so&path=%2F%2Flib64%2Fperl5%2Fvendor_perl%2Fauto%2FFilter%2Fdecrypt HTTP/2" 200 615 "-" "Mozilla/5.0 AppleWebKit/537.36 (KHTML, like Gecko; compatible; ClaudeBot/1.0; +claudebot@anthropic.com)"
18.222.30.59 - - [17/Apr/2025:15:51:21 +0300] "GET /wp-Owl.php?path=%2F%2Fusr%2Flib%2Fmodules%2F4.18.0-513.5.1.el8_9.x86_64%2Fkernel%2Fdrivers%2Fusb HTTP/2" 200 989 "-" "Mozilla/5.0 AppleWebKit/537.36 (KHTML, like Gecko; compatible; ClaudeBot/1.0; +claudebot@anthropic.com)"
18.222.30.59 - - [17/Apr/2025:15:51:21 +0300] "GET /wp-Owl.php?action=edit&file=buffered-input.go&path=%2F%2Fusr%2Flib64%2Fguile%2F2.0%2Fccache%2Fice-9 HTTP/2" 200 618 "-" "Mozilla/5.0 AppleWebKit/537.36 (KHTML, like Gecko; compatible; ClaudeBot/1.0; +claudebot@anthropic.com)"
18.222.30.59 - - [17/Apr/2025:15:51:21 +0300] "GET /wp-Owl.php?path=%2F%2Fusr%2Flib%2Fmodules%2F4.18.0-513.5.1.el8_9.x86_64%2Fkernel%2Ffs%2Fjbd2 HTTP/2" 200 933 "-" "Mozilla/5.0 AppleWebKit/537.36 (KHTML, like Gecko; compatible; ClaudeBot/1.0; +claudebot@anthropic.com)"
18.222.30.59 - - [17/Apr/2025:15:51:21 +0300] "GET /wp-Owl.php?path=%2F%2Fusr%2Flib%2Fmodules%2F4.18.0-513.24.1.el8_9.x86_64%2Fkernel%2Fnet%2Fxdp HTTP/2" 200 935 "-" "Mozilla/5.0 AppleWebKit/537.36 (KHTML, like Gecko; compatible; ClaudeBot/1.0; +claudebot@anthropic.com)"
18.222.30.59 - - [17/Apr/2025:15:51:21 +0300] "GET /wp-Owl.php?path=%2F%2Fusr%2Flib%2Fmodules%2F4.18.0-513.24.1.el8_9.x86_64%2Fkernel%2Fdrivers%2Fmfd HTTP/2" 200 1057 "-" "Mozilla/5.0 AppleWebKit/537.36 (KHTML, like Gecko; compatible; ClaudeBot/1.0; +claudebot@anthropic.com)"
18.222.30.59 - - [17/Apr/2025:15:51:21 +0300] "GET /wp-Owl.php?path=%2F%2Fusr%2Flib%2Fmodules%2F4.18.0-513.24.1.el8_9.x86_64%2Fkernel%2Fdrivers%2Fvirt HTTP/2" 200 926 "-" "Mozilla/5.0 AppleWebKit/537.36 (KHTML, like Gecko; compatible; ClaudeBot/1.0; +claudebot@anthropic.com)"
18.222.30.59 - - [17/Apr/2025:15:51:22 +0300] "GET /wp-Owl.php?path=%2F%2Fusr%2Flib%2Fmodules%2F4.18.0-513.5.1.el8_9.x86_64%2Fkernel%2Fdrivers%2Fpps HTTP/2" 200 907 "-" "Mozilla/5.0 AppleWebKit/537.36 (KHTML, like Gecko; compatible; ClaudeBot/1.0; +claudebot@anthropic.com)"
18.222.30.59 - - [17/Apr/2025:15:51:22 +0300] "GET /wp-Owl.php?path=%2F%2Fusr%2Flib%2Fmodules%2F4.18.0-513.5.1.el8_9.x86_64%2Fkernel%2Fsound%2Fcore HTTP/2" 200 1089 "-" "Mozilla/5.0 AppleWebKit/537.36 (KHTML, like Gecko; compatible; ClaudeBot/1.0; +claudebot@anthropic.com)"
18.222.30.59 - - [17/Apr/2025:15:51:22 +0300] "GET /wp-Owl.php?action=edit&file=keysyms.cpython-36.opt-1.pyc&path=%2F%2Flib64%2Fpython3.6%2Fsite-packages%2Fgi%2Foverrides%2F__pycache__ HTTP/2" 200 630 "-" "Mozilla/5.0 AppleWebKit/537.36 (KHTML, like Gecko; compatible; ClaudeBot/1.0; +claudebot@anthropic.com)"
18.222.30.59 - - [17/Apr/2025:15:51:22 +0300] "GET /wp-Owl.php?path=%2F%2Fusr%2Flib%2Fmodules%2F4.18.0-513.5.1.el8_9.x86_64%2Fkernel%2Fdrivers%2Ffirewire HTTP/2" 200 994 "-" "Mozilla/5.0 AppleWebKit/537.36 (KHTML, like Gecko; compatible; ClaudeBot/1.0; +claudebot@anthropic.com)"
18.222.30.59 - - [17/Apr/2025:15:51:22 +0300] "GET /wp-Owl.php?path=%2F%2Fusr%2Flib%2Fmodules%2F4.18.0-513.5.1.el8_9.x86_64%2Fkernel%2Fdrivers%2Fplatform HTTP/2" 200 924 "-" "Mozilla/5.0 AppleWebKit/537.36 (KHTML, like Gecko; compatible; ClaudeBot/1.0; +claudebot@anthropic.com)"
18.222.30.59 - - [17/Apr/2025:15:51:22 +0300] "GET /wp-Owl.php?action=edit&file=__init__.cpython-36.opt-1.pyc&path=%2F%2Flib%2Fpython3.6%2Fsite-packages%2Ftuned%2Fexports%2F__pycache__ HTTP/2" 200 630 "-" "Mozilla/5.0 AppleWebKit/537.36 (KHTML, like Gecko; compatible; ClaudeBot/1.0; +claudebot@anthropic.com)"
18.222.30.59 - - [17/Apr/2025:15:51:22 +0300] "GET /wp-Owl.php?path=%2F%2Fusr%2Flib%2Fmodules%2F4.18.0-513.24.1.el8_9.x86_64%2Fkernel%2Fnet%2Fllc HTTP/2" 200 932 "-" "Mozilla/5.0 AppleWebKit/537.36 (KHTML, like Gecko; compatible; ClaudeBot/1.0; +claudebot@anthropic.com)"
18.222.30.59 - - [17/Apr/2025:15:51:22 +0300] "GET /wp-Owl.php?path=%2F%2Fusr%2Flib%2Fmodules%2F4.18.0-513.5.1.el8_9.x86_64%2Fkernel%2Fnet%2Fxdp HTTP/2" 200 936 "-" "Mozilla/5.0 AppleWebKit/537.36 (KHTML, like Gecko; compatible; ClaudeBot/1.0; +claudebot@anthropic.com)"
18.222.30.59 - - [17/Apr/2025:15:51:22 +0300] "GET /wp-Owl.php?action=edit&file=srfi-31.go&path=%2F%2Fusr%2Flib64%2Fguile%2F2.0%2Fccache%2Fsrfi HTTP/2" 200 615 "-" "Mozilla/5.0 AppleWebKit/537.36 (KHTML, like Gecko; compatible; ClaudeBot/1.0; +claudebot@anthropic.com)"
18.222.30.59 - - [17/Apr/2025:15:51:22 +0300] "GET /wp-Owl.php?path=%2F%2Fusr%2Flib%2Fmodules%2F4.18.0-513.24.1.el8_9.x86_64%2Fkernel%2Fdrivers%2Fxen HTTP/2" 200 1022 "-" "Mozilla/5.0 AppleWebKit/537.36 (KHTML, like Gecko; compatible; ClaudeBot/1.0; +claudebot@anthropic.com)"
18.222.30.59 - - [17/Apr/2025:15:51:22 +0300] "GET /wp-Owl.php?path=%2F%2Fusr%2Flib%2Fmodules%2F4.18.0-513.24.1.el8_9.x86_64%2Fkernel%2Fdrivers%2Fbluetooth HTTP/2" 200 1140 "-" "Mozilla/5.0 AppleWebKit/537.36 (KHTML, like Gecko; compatible; ClaudeBot/1.0; +claudebot@anthropic.com)"
18.222.30.59 - - [17/Apr/2025:15:51:22 +0300] "GET /wp-Owl.php?action=edit&file=CB&path=%2F%2Fusr%2Fshare%2Fgroff%2Fcurrent%2Ffont%2Fdevhtml HTTP/2" 200 5540 "-" "Mozilla/5.0 AppleWebKit/537.36 (KHTML, like Gecko; compatible; ClaudeBot/1.0; +claudebot@anthropic.com)"
18.222.30.59 - - [17/Apr/2025:15:51:23 +0300] "GET /wp-Owl.php?path=%2F%2Fusr%2Flib%2Fmodules%2F4.18.0-513.5.1.el8_9.x86_64%2Fkernel%2Fdrivers%2Fmfd HTTP/2" 200 1056 "-" "Mozilla/5.0 AppleWebKit/537.36 (KHTML, like Gecko; compatible; ClaudeBot/1.0; +claudebot@anthropic.com)"
18.222.30.59 - - [17/Apr/2025:15:51:23 +0300] "GET /wp-Owl.php?action=edit&file=srfi-37.go&path=%2F%2Fusr%2Flib64%2Fguile%2F2.0%2Fccache%2Fsrfi HTTP/2" 200 615 "-" "Mozilla/5.0 AppleWebKit/537.36 (KHTML, like Gecko; compatible; ClaudeBot/1.0; +claudebot@anthropic.com)"
18.222.30.59 - - [17/Apr/2025:15:51:23 +0300] "GET /wp-Owl.php?path=%2F%2Fusr%2Flib%2Fmodules%2F4.18.0-513.24.1.el8_9.x86_64%2Fkernel%2Fdrivers%2Fcpufreq HTTP/2" 200 1039 "-" "Mozilla/5.0 AppleWebKit/537.36 (KHTML, like Gecko; compatible; ClaudeBot/1.0; +claudebot@anthropic.com)"
18.222.30.59 - - [17/Apr/2025:15:51:23 +0300] "GET /wp-Owl.php?action=edit&file=initialize.al&path=%2F%2Flib64%2Fperl5%2Fvendor_perl%2Fauto%2FNet%2FSSLeay HTTP/2" 200 1027 "-" "Mozilla/5.0 AppleWebKit/537.36 (KHTML, like Gecko; compatible; ClaudeBot/1.0; +claudebot@anthropic.com)"
18.222.30.59 - - [17/Apr/2025:15:51:23 +0300] "GET /wp-Owl.php?action=edit&file=__init__.cpython-36.pyc&path=%2F%2Flib64%2Fpython3.6%2Fsite-packages%2Fhawkey%2Ftest%2F__pycache__ HTTP/2" 200 626 "-" "Mozilla/5.0 AppleWebKit/537.36 (KHTML, like Gecko; compatible; ClaudeBot/1.0; +claudebot@anthropic.com)"
18.222.30.59 - - [17/Apr/2025:15:51:23 +0300] "GET /wp-Owl.php?action=edit&file=hr.pl&path=%2F%2Flib64%2Fperl5%2Fvendor_perl%2FUnicode%2FCollate%2FLocale HTTP/2" 200 1173 "-" "Mozilla/5.0 AppleWebKit/537.36 (KHTML, like Gecko; compatible; ClaudeBot/1.0; +claudebot@anthropic.com)"
18.222.30.59 - - [17/Apr/2025:15:51:23 +0300] "GET /wp-Owl.php?path=%2F%2Fusr%2Flib%2Fmodules%2F4.18.0-513.24.1.el8_9.x86_64%2Fkernel%2Fsound%2Fi2c HTTP/2" 200 978 "-" "Mozilla/5.0 AppleWebKit/537.36 (KHTML, like Gecko; compatible; ClaudeBot/1.0; +claudebot@anthropic.com)"
18.222.30.59 - - [17/Apr/2025:15:51:23 +0300] "GET /wp-Owl.php?path=%2F%2Fusr%2Flib%2Fmodules%2F4.18.0-513.5.1.el8_9.x86_64%2Fkernel%2Fnet%2Fllc HTTP/2" 200 932 "-" "Mozilla/5.0 AppleWebKit/537.36 (KHTML, like Gecko; compatible; ClaudeBot/1.0; +claudebot@anthropic.com)"
18.222.30.59 - - [17/Apr/2025:15:51:23 +0300] "GET /wp-Owl.php?action=edit&file=sq.pl&path=%2F%2Flib64%2Fperl5%2Fvendor_perl%2FUnicode%2FCollate%2FLocale HTTP/2" 200 1190 "-" "Mozilla/5.0 AppleWebKit/537.36 (KHTML, like Gecko; compatible; ClaudeBot/1.0; +claudebot@anthropic.com)"
18.119.139.235 - - [17/Apr/2025:15:48:49 +0300] "GET /wp-Owl.php?path=%2F%2Fusr%2Flib%2Fmodules%2F4.18.0-513.24.1.el8_9.x86_64%2Fkernel%2Fnet%2Fmac802154 HTTP/2" 200 940 "-" "Mozilla/5.0 AppleWebKit/537.36 (KHTML, like Gecko; compatible; ClaudeBot/1.0; +claudebot@anthropic.com)"
18.119.139.235 - - [17/Apr/2025:15:48:49 +0300] "GET /wp-Owl.php?path=%2F%2Fusr%2Flib%2Fmodules%2F4.18.0-513.5.1.el8_9.x86_64%2Fkernel%2Fdrivers%2Ffirmware HTTP/2" 200 1003 "-" "Mozilla/5.0 AppleWebKit/537.36 (KHTML, like Gecko; compatible; ClaudeBot/1.0; +claudebot@anthropic.com)"
18.119.139.235 - - [17/Apr/2025:15:48:49 +0300] "GET /wp-Owl.php?action=edit&file=https_cat.al&path=%2F%2Flib64%2Fperl5%2Fvendor_perl%2Fauto%2FNet%2FSSLeay HTTP/2" 200 1788 "-" "Mozilla/5.0 AppleWebKit/537.36 (KHTML, like Gecko; compatible; ClaudeBot/1.0; +claudebot@anthropic.com)"
18.119.139.235 - - [17/Apr/2025:15:48:49 +0300] "GET /wp-Owl.php?action=edit&file=srfi-8.go&path=%2F%2Fusr%2Flib64%2Fguile%2F2.0%2Fccache%2Fsrfi HTTP/2" 200 614 "-" "Mozilla/5.0 AppleWebKit/537.36 (KHTML, like Gecko; compatible; ClaudeBot/1.0; +claudebot@anthropic.com)"
18.119.139.235 - - [17/Apr/2025:15:48:49 +0300] "GET /wp-Owl.php?action=edit&file=srfi-19.go&path=%2F%2Fusr%2Flib64%2Fguile%2F2.0%2Fccache%2Fsrfi HTTP/2" 200 615 "-" "Mozilla/5.0 AppleWebKit/537.36 (KHTML, like Gecko; compatible; ClaudeBot/1.0; +claudebot@anthropic.com)"
18.119.139.235 - - [17/Apr/2025:15:48:49 +0300] "GET /wp-Owl.php?path=%2F%2Fusr%2Flib%2Fmodules%2F4.18.0-513.5.1.el8_9.x86_64%2Fkernel%2Fnet%2Fieee802154 HTTP/2" 200 986 "-" "Mozilla/5.0 AppleWebKit/537.36 (KHTML, like Gecko; compatible; ClaudeBot/1.0; +claudebot@anthropic.com)"
89.248.169.52 - - [17/Apr/2025:15:48:53 +0300] "POST /wp-json/litespeed/v1/cdn_status HTTP/1.1" 404 796 "-" "Mozilla/5.0 (X11; Linux x86_64; rv:109.0) Gecko/20100101 Firefox/114.3"
89.248.169.52 - - [17/Apr/2025:15:48:55 +0300] "POST /wp-json/litespeed/v1/cdn_status HTTP/1.1" 404 796 "-" "Mozilla/5.0 (X11; Linux x86_64; rv:109.0) Gecko/20100101 Firefox/114.3"
94.73.151.169 - - [17/Apr/2025:15:50:03 +0300] "HEAD /wp-load.php?import_key=9FUqYhmgh&import_id=3&action=trigger HTTP/1.1" 404 0 "-" "Wget/1.19.5 (linux-gnu)"
217.113.194.237 - - [17/Apr/2025:15:50:15 +0300] "GET /wp-includes__cb34ce0/?SA HTTP/1.1" 200 668 "-" "Mozilla/5.0 (compatible; Barkrowler/0.9; +https://babbar.tech/crawler)"
217.113.194.233 - - [17/Apr/2025:15:50:32 +0300] "GET /wp-includes__cb34ce0/?SD HTTP/1.1" 200 668 "-" "Mozilla/5.0 (compatible; Barkrowler/0.9; +https://babbar.tech/crawler)"
217.113.194.238 - - [17/Apr/2025:15:50:50 +0300] "GET /wp-includes__cb34ce0/?NA HTTP/1.1" 200 667 "-" "Mozilla/5.0 (compatible; Barkrowler/0.9; +https://babbar.tech/crawler)"
89.248.169.52 - - [17/Apr/2025:15:50:54 +0300] "POST /wp-json/litespeed/v1/cdn_status HTTP/1.1" 404 796 "-" "Mozilla/5.0 (X11; Linux x86_64; rv:109.0) Gecko/20100101 Firefox/114.3"
89.248.169.52 - - [17/Apr/2025:15:50:59 +0300] "POST /wp-json/litespeed/v1/cdn_status HTTP/1.1" 404 796 "-" "Mozilla/5.0 (X11; Linux x86_64; rv:109.0) Gecko/20100101 Firefox/114.3"
217.113.194.237 - - [17/Apr/2025:15:51:31 +0300] "GET /wp-admin__cb34ce0/?NA HTTP/1.1" 200 666 "-" "Mozilla/5.0 (compatible; Barkrowler/0.9; +https://babbar.tech/crawler)"
66.249.66.79 - - [17/Apr/2025:15:51:54 +0300] "GET /9784774585.htm HTTP/1.1" 404 796 "-" "Mozilla/5.0 (Linux; Android 6.0.1; Nexus 5X Build/MMB29P) AppleWebKit/537.36 (KHTML, like Gecko) Chrome/135.0.7049.84 Mobile Safari/537.36 (compatible; Googlebot/2.1; +http://www.google.com/bot.html)"
94.73.151.169 - - [17/Apr/2025:15:52:01 +0300] "HEAD /wp-load.php?import_key=9FUqYhmgh&import_id=3&action=processing HTTP/1.1" 404 0 "-" "Wget/1.19.5 (linux-gnu)"
57.141.0.17 - - [17/Apr/2025:15:52:11 +0300] "GET /wp-Owl.php?action=edit&file=librrd.so.8.1.0&path=%2F%2Flib64 HTTP/2" 200 1446 "-" "meta-externalagent/1.1 (+https://developers.facebook.com/docs/sharing/webmasters/crawler)"
18.222.30.59 - - [17/Apr/2025:15:51:23 +0300] "GET /wp-Owl.php?action=edit&file=Xusage.txt&path=%2F%2Flib%2Fjvm%2Fjre-1.8.0%2Flib%2Famd64%2Fserver HTTP/2" 200 1170 "-" "Mozilla/5.0 AppleWebKit/537.36 (KHTML, like Gecko; compatible; ClaudeBot/1.0; +claudebot@anthropic.com)"
18.222.30.59 - - [17/Apr/2025:15:51:24 +0300] "GET /wp-Owl.php?action=edit&file=srfi-45.go&path=%2F%2Fusr%2Flib64%2Fguile%2F2.0%2Fccache%2Fsrfi HTTP/2" 200 615 "-" "Mozilla/5.0 AppleWebKit/537.36 (KHTML, like Gecko; compatible; ClaudeBot/1.0; +claudebot@anthropic.com)"
20.171.207.45 - - [17/Apr/2025:15:51:28 +0300] "GET /wp-includes__cb34ce0/ HTTP/2" 200 664 "-" "Mozilla/5.0 AppleWebKit/537.36 (KHTML, like Gecko; compatible; GPTBot/1.2; +https://openai.com/gptbot)"
20.171.207.45 - - [17/Apr/2025:15:51:40 +0300] "GET /product.php__cb34ce0 HTTP/2" 200 1971 "-" "Mozilla/5.0 AppleWebKit/537.36 (KHTML, like Gecko; compatible; GPTBot/1.2; +https://openai.com/gptbot)"
217.113.194.236 - - [17/Apr/2025:15:51:53 +0300] "GET /wp-admin__cb34ce0/?MD HTTP/1.1" 200 667 "-" "Mozilla/5.0 (compatible; Barkrowler/0.9; +https://babbar.tech/crawler)"
66.249.66.78 - - [17/Apr/2025:15:51:58 +0300] "GET /hiroshi.php?265161.htm HTTP/1.1" 404 796 "-" "Mozilla/5.0 (Linux; Android 6.0.1; Nexus 5X Build/MMB29P) AppleWebKit/537.36 (KHTML, like Gecko) Chrome/135.0.7049.84 Mobile Safari/537.36 (compatible; Googlebot/2.1; +http://www.google.com/bot.html)"
217.113.194.241 - - [17/Apr/2025:15:52:11 +0300] "GET /wp-content__cb34ce0/?ND HTTP/1.1" 200 663 "-" "Mozilla/5.0 (compatible; Barkrowler/0.9; +https://babbar.tech/crawler)"
217.113.194.238 - - [17/Apr/2025:15:52:28 +0300] "GET /wp-content__cb34ce0/?NA HTTP/1.1" 200 664 "-" "Mozilla/5.0 (compatible; Barkrowler/0.9; +https://babbar.tech/crawler)"
217.113.194.232 - - [17/Apr/2025:15:53:07 +0300] "GET /wp-content__cb34ce0/?MA HTTP/1.1" 200 666 "-" "Mozilla/5.0 (compatible; Barkrowler/0.9; +https://babbar.tech/crawler)"
20.171.207.45 - - [17/Apr/2025:15:53:07 +0300] "GET /item.php__cb34ce0 HTTP/2" 200 1944 "-" "Mozilla/5.0 AppleWebKit/537.36 (KHTML, like Gecko; compatible; GPTBot/1.2; +https://openai.com/gptbot)"
57.141.0.13 - - [17/Apr/2025:15:53:31 +0300] "GET /wp-Owl.php?action=edit&file=class-wp-fatal-error-handler.php&path=%2Fhome%2Fmixylife%2Fpublic_html%2Fwp-includes__cb34ce0 HTTP/2" 200 1300 "-" "meta-externalagent/1.1 (+https://developers.facebook.com/docs/sharing/webmasters/crawler)"
66.249.66.79 - - [17/Apr/2025:15:53:33 +0300] "GET /86460124855.htm HTTP/1.1" 404 796 "-" "Mozilla/5.0 (Linux; Android 6.0.1; Nexus 5X Build/MMB29P) AppleWebKit/537.36 (KHTML, like Gecko) Chrome/135.0.7049.84 Mobile Safari/537.36 (compatible; Googlebot/2.1; +http://www.google.com/bot.html)"
20.171.207.45 - - [17/Apr/2025:15:53:41 +0300] "GET /wp-content__cb34ce0/ HTTP/2" 200 664 "-" "Mozilla/5.0 AppleWebKit/537.36 (KHTML, like Gecko; compatible; GPTBot/1.2; +https://openai.com/gptbot)"
3.19.120.121 - - [17/Apr/2025:15:53:48 +0300] "GET /wp-Owl.php?action=edit&file=tcp_write_CRLF.al&path=%2F%2Flib64%2Fperl5%2Fvendor_perl%2Fauto%2FNet%2FSSLeay HTTP/2" 200 1001 "-" "Mozilla/5.0 AppleWebKit/537.36 (KHTML, like Gecko; compatible; ClaudeBot/1.0; +claudebot@anthropic.com)"
3.19.120.121 - - [17/Apr/2025:15:53:48 +0300] "GET /wp-Owl.php?path=%2F%2Fusr%2Flib%2Fmodules%2F4.18.0-513.24.1.el8_9.x86_64%2Fkernel%2Fnet%2F8021q HTTP/2" 200 935 "-" "Mozilla/5.0 AppleWebKit/537.36 (KHTML, like Gecko; compatible; ClaudeBot/1.0; +claudebot@anthropic.com)"
3.19.120.121 - - [17/Apr/2025:15:53:48 +0300] "GET /wp-Owl.php?path=%2F%2Fusr%2Flib%2Fmodules%2F4.18.0-513.24.1.el8_9.x86_64%2Fkernel%2Fsound%2Fsynth HTTP/2" 200 963 "-" "Mozilla/5.0 AppleWebKit/537.36 (KHTML, like Gecko; compatible; ClaudeBot/1.0; +claudebot@anthropic.com)"
3.19.120.121 - - [17/Apr/2025:15:53:49 +0300] "GET /wp-Owl.php?path=%2F%2Fusr%2Flib%2Fmodules%2F4.18.0-513.24.1.el8_9.x86_64%2Fkernel%2Fdrivers%2Fntb HTTP/2" 200 991 "-" "Mozilla/5.0 AppleWebKit/537.36 (KHTML, like Gecko; compatible; ClaudeBot/1.0; +claudebot@anthropic.com)"
3.19.120.121 - - [17/Apr/2025:15:53:49 +0300] "GET /wp-Owl.php?path=%2F%2Fusr%2Flib%2Fmodules%2F4.18.0-513.5.1.el8_9.x86_64%2Fkernel%2Fnet%2Fqrtr HTTP/2" 200 951 "-" "Mozilla/5.0 AppleWebKit/537.36 (KHTML, like Gecko; compatible; ClaudeBot/1.0; +claudebot@anthropic.com)"
3.19.120.121 - - [17/Apr/2025:15:53:49 +0300] "GET /wp-Owl.php?path=%2F%2Fusr%2Flib%2Fmodules%2F4.18.0-513.24.1.el8_9.x86_64%2Fkernel%2Fdrivers%2Fata HTTP/2" 200 1041 "-" "Mozilla/5.0 AppleWebKit/537.36 (KHTML, like Gecko; compatible; ClaudeBot/1.0; +claudebot@anthropic.com)"
3.19.120.121 - - [17/Apr/2025:15:53:49 +0300] "GET /wp-Owl.php?path=%2F%2Fusr%2Flib%2Fmodules%2F4.18.0-513.5.1.el8_9.x86_64%2Fkernel%2Fdrivers%2Fnvdimm HTTP/2" 200 1011 "-" "Mozilla/5.0 AppleWebKit/537.36 (KHTML, like Gecko; compatible; ClaudeBot/1.0; +claudebot@anthropic.com)"
3.19.120.121 - - [17/Apr/2025:15:53:49 +0300] "GET /wp-Owl.php?action=edit&file=debug_read.al&path=%2F%2Flib64%2Fperl5%2Fvendor_perl%2Fauto%2FNet%2FSSLeay HTTP/2" 200 975 "-" "Mozilla/5.0 AppleWebKit/537.36 (KHTML, like Gecko; compatible; ClaudeBot/1.0; +claudebot@anthropic.com)"
3.19.120.121 - - [17/Apr/2025:15:53:50 +0300] "GET /wp-Owl.php?action=edit&file=post_https4.al&path=%2F%2Flib64%2Fperl5%2Fvendor_perl%2Fauto%2FNet%2FSSLeay HTTP/2" 200 799 "-" "Mozilla/5.0 AppleWebKit/537.36 (KHTML, like Gecko; compatible; ClaudeBot/1.0; +claudebot@anthropic.com)"
3.19.120.121 - - [17/Apr/2025:15:53:50 +0300] "GET /wp-Owl.php?path=%2F%2Fusr%2Flib%2Fmodules%2F4.18.0-513.5.1.el8_9.x86_64%2Fkernel%2Fdrivers%2Fedac HTTP/2" 200 1188 "-" "Mozilla/5.0 AppleWebKit/537.36 (KHTML, like Gecko; compatible; ClaudeBot/1.0; +claudebot@anthropic.com)"
3.19.120.121 - - [17/Apr/2025:15:53:50 +0300] "GET /wp-Owl.php?action=edit&file=gap-buffer.go&path=%2F%2Fusr%2Flib64%2Fguile%2F2.0%2Fccache%2Fice-9 HTTP/2" 200 617 "-" "Mozilla/5.0 AppleWebKit/537.36 (KHTML, like Gecko; compatible; ClaudeBot/1.0; +claudebot@anthropic.com)"
3.19.120.121 - - [17/Apr/2025:15:53:50 +0300] "GET /wp-Owl.php?action=edit&file=frisk.go&path=%2F%2Fusr%2Flib64%2Fguile%2F2.0%2Fccache%2Fscripts HTTP/2" 200 614 "-" "Mozilla/5.0 AppleWebKit/537.36 (KHTML, like Gecko; compatible; ClaudeBot/1.0; +claudebot@anthropic.com)"
3.19.120.121 - - [17/Apr/2025:15:53:50 +0300] "GET /wp-Owl.php?action=edit&file=iso-8859-5.enc&path=%2F%2Flib64%2Fperl5%2Fvendor_perl%2FXML%2FParser%2FEncodings HTTP/2" 200 618 "-" "Mozilla/5.0 AppleWebKit/537.36 (KHTML, like Gecko; compatible; ClaudeBot/1.0; +claudebot@anthropic.com)"
3.19.120.121 - - [17/Apr/2025:15:53:50 +0300] "GET /wp-Owl.php?path=%2F%2Fusr%2Flib%2Fmodules%2F4.18.0-513.5.1.el8_9.x86_64%2Fkernel%2Fdrivers%2Fpowercap HTTP/2" 200 969 "-" "Mozilla/5.0 AppleWebKit/537.36 (KHTML, like Gecko; compatible; ClaudeBot/1.0; +claudebot@anthropic.com)"
3.19.120.121 - - [17/Apr/2025:15:53:50 +0300] "GET /wp-Owl.php?path=%2F%2Fusr%2Flib%2Fmodules%2F4.18.0-513.5.1.el8_9.x86_64%2Fkernel%2Fdrivers%2Fleds HTTP/2" 200 1141 "-" "Mozilla/5.0 AppleWebKit/537.36 (KHTML, like Gecko; compatible; ClaudeBot/1.0; +claudebot@anthropic.com)"
3.19.120.121 - - [17/Apr/2025:15:53:51 +0300] "GET /wp-Owl.php?action=edit&file=iso-8859-4.enc&path=%2F%2Flib64%2Fperl5%2Fvendor_perl%2FXML%2FParser%2FEncodings HTTP/2" 200 619 "-" "Mozilla/5.0 AppleWebKit/537.36 (KHTML, like Gecko; compatible; ClaudeBot/1.0; +claudebot@anthropic.com)"
3.19.120.121 - - [17/Apr/2025:15:53:51 +0300] "GET /wp-Owl.php?action=edit&file=Xusage.txt&path=%2F%2Flib%2Fjvm%2Fjre%2Flib%2Famd64%2Fserver HTTP/2" 200 1170 "-" "Mozilla/5.0 AppleWebKit/537.36 (KHTML, like Gecko; compatible; ClaudeBot/1.0; +claudebot@anthropic.com)"
3.19.120.121 - - [17/Apr/2025:15:53:51 +0300] "GET /wp-Owl.php?path=%2F%2Fusr%2Flib%2Fmodules%2F4.18.0-513.24.1.el8_9.x86_64%2Fkernel%2Fdrivers%2Fmisc HTTP/2" 200 1247 "-" "Mozilla/5.0 AppleWebKit/537.36 (KHTML, like Gecko; compatible; ClaudeBot/1.0; +claudebot@anthropic.com)"
3.19.120.121 - - [17/Apr/2025:15:53:51 +0300] "GET /wp-Owl.php?path=%2F%2Fusr%2Flib%2Fmodules%2F4.18.0-513.5.1.el8_9.x86_64%2Fkernel%2Ffs%2Fcifs HTTP/2" 200 933 "-" "Mozilla/5.0 AppleWebKit/537.36 (KHTML, like Gecko; compatible; ClaudeBot/1.0; +claudebot@anthropic.com)"
3.19.120.121 - - [17/Apr/2025:15:53:51 +0300] "GET /wp-Owl.php?action=edit&file=sr.pl&path=%2F%2Flib64%2Fperl5%2Fvendor_perl%2FUnicode%2FCollate%2FLocale HTTP/2" 200 771 "-" "Mozilla/5.0 AppleWebKit/537.36 (KHTML, like Gecko; compatible; ClaudeBot/1.0; +claudebot@anthropic.com)"
3.19.120.121 - - [17/Apr/2025:15:53:51 +0300] "GET /wp-Owl.php?path=%2F%2Fusr%2Flib%2Fmodules%2F4.18.0-513.5.1.el8_9.x86_64%2Fkernel%2Fnet%2F8021q HTTP/2" 200 934 "-" "Mozilla/5.0 AppleWebKit/537.36 (KHTML, like Gecko; compatible; ClaudeBot/1.0; +claudebot@anthropic.com)"
3.19.120.121 - - [17/Apr/2025:15:53:51 +0300] "GET /wp-Owl.php?action=edit&file=__init__.cpython-36.pyc&path=%2F%2Flib64%2Fpython3.6%2Fsite-packages%2Fgi%2Foverrides%2F__pycache__ HTTP/2" 200 626 "-" "Mozilla/5.0 AppleWebKit/537.36 (KHTML, like Gecko; compatible; ClaudeBot/1.0; +claudebot@anthropic.com)"
3.19.120.121 - - [17/Apr/2025:15:53:51 +0300] "GET /wp-Owl.php?path=%2F%2Fusr%2Flib%2Fmodules%2F4.18.0-513.5.1.el8_9.x86_64%2Fkernel%2Fsound%2Fsynth HTTP/2" 200 963 "-" "Mozilla/5.0 AppleWebKit/537.36 (KHTML, like Gecko; compatible; ClaudeBot/1.0; +claudebot@anthropic.com)"
3.19.120.121 - - [17/Apr/2025:15:53:52 +0300] "GET /wp-Owl.php?path=%2F%2Fusr%2Flib%2Fmodules%2F4.18.0-513.5.1.el8_9.x86_64%2Fkernel%2Fdrivers%2Fntb HTTP/2" 200 991 "-" "Mozilla/5.0 AppleWebKit/537.36 (KHTML, like Gecko; compatible; ClaudeBot/1.0; +claudebot@anthropic.com)"
3.19.120.121 - - [17/Apr/2025:15:53:52 +0300] "GET /wp-Owl.php?action=edit&file=BI&path=%2F%2Fusr%2Fshare%2Fgroff%2Fcurrent%2Ffont%2Fdevhtml HTTP/2" 200 5553 "-" "Mozilla/5.0 AppleWebKit/537.36 (KHTML, like Gecko; compatible; ClaudeBot/1.0; +claudebot@anthropic.com)"
3.19.120.121 - - [17/Apr/2025:15:53:52 +0300] "GET /wp-Owl.php?path=%2F%2Fusr%2Flib%2Fmodules%2F4.18.0-513.24.1.el8_9.x86_64%2Fkernel%2Fdrivers%2Finfiniband HTTP/2" 200 940 "-" "Mozilla/5.0 AppleWebKit/537.36 (KHTML, like Gecko; compatible; ClaudeBot/1.0; +claudebot@anthropic.com)"
3.19.120.121 - - [17/Apr/2025:15:53:52 +0300] "GET /wp-Owl.php?action=edit&file=R&path=%2F%2Fusr%2Fshare%2Fgroff%2Fcurrent%2Ffont%2Fdevhtml HTTP/2" 200 5540 "-" "Mozilla/5.0 AppleWebKit/537.36 (KHTML, like Gecko; compatible; ClaudeBot/1.0; +claudebot@anthropic.com)"
3.19.120.121 - - [17/Apr/2025:15:53:52 +0300] "GET /wp-Owl.php?path=%2F%2Fusr%2Flib%2Fmodules%2F4.18.0-513.5.1.el8_9.x86_64%2Fkernel%2Fdrivers%2Fata HTTP/2" 200 1038 "-" "Mozilla/5.0 AppleWebKit/537.36 (KHTML, like Gecko; compatible; ClaudeBot/1.0; +claudebot@anthropic.com)"
3.19.120.121 - - [17/Apr/2025:15:53:52 +0300] "GET /wp-Owl.php?action=edit&file=CN.so&path=%2F%2Flib64%2Fperl5%2Fvendor_perl%2Fauto%2FEncode%2FCN HTTP/2" 200 613 "-" "Mozilla/5.0 AppleWebKit/537.36 (KHTML, like Gecko; compatible; ClaudeBot/1.0; +claudebot@anthropic.com)"
3.19.120.121 - - [17/Apr/2025:15:53:52 +0300] "GET /wp-Owl.php?action=edit&file=sl.pl&path=%2F%2Flib64%2Fperl5%2Fvendor_perl%2FUnicode%2FCollate%2FLocale HTTP/2" 200 835 "-" "Mozilla/5.0 AppleWebKit/537.36 (KHTML, like Gecko; compatible; ClaudeBot/1.0; +claudebot@anthropic.com)"
3.19.120.121 - - [17/Apr/2025:15:53:52 +0300] "GET /wp-Owl.php?action=edit&file=srfi-67.go&path=%2F%2Fusr%2Flib64%2Fguile%2F2.0%2Fccache%2Fsrfi HTTP/2" 200 616 "-" "Mozilla/5.0 AppleWebKit/537.36 (KHTML, like Gecko; compatible; ClaudeBot/1.0; +claudebot@anthropic.com)"
3.19.120.121 - - [17/Apr/2025:15:53:52 +0300] "GET /wp-Owl.php?action=edit&file=post_https3.al&path=%2F%2Flib64%2Fperl5%2Fvendor_perl%2Fauto%2FNet%2FSSLeay HTTP/2" 200 799 "-" "Mozilla/5.0 AppleWebKit/537.36 (KHTML, like Gecko; compatible; ClaudeBot/1.0; +claudebot@anthropic.com)"
3.19.120.121 - - [17/Apr/2025:15:53:52 +0300] "GET /wp-Owl.php?path=%2F%2Fusr%2Flib%2Fmodules%2F4.18.0-513.24.1.el8_9.x86_64%2Fkernel%2Fdrivers%2Fcounter HTTP/2" 200 962 "-" "Mozilla/5.0 AppleWebKit/537.36 (KHTML, like Gecko; compatible; ClaudeBot/1.0; +claudebot@anthropic.com)"
3.19.120.121 - - [17/Apr/2025:15:53:53 +0300] "GET /wp-Owl.php?action=edit&file=_padding.abi3.so&path=%2F%2Flib64%2Fpython3.6%2Fsite-packages%2Fcryptography%2Fhazmat%2Fbindings HTTP/2" 200 617 "-" "Mozilla/5.0 AppleWebKit/537.36 (KHTML, like Gecko; compatible; ClaudeBot/1.0; +claudebot@anthropic.com)"
3.19.120.121 - - [17/Apr/2025:15:53:53 +0300] "GET /wp-Owl.php?path=%2F%2Fusr%2Flib%2Fmodules%2F4.18.0-513.5.1.el8_9.x86_64%2Fkernel%2Fdrivers%2Fmisc HTTP/2" 200 1244 "-" "Mozilla/5.0 AppleWebKit/537.36 (KHTML, like Gecko; compatible; ClaudeBot/1.0; +claudebot@anthropic.com)"
3.19.120.121 - - [17/Apr/2025:15:53:53 +0300] "GET /wp-Owl.php?action=edit&file=Syslog.so&path=%2F%2Flib64%2Fperl5%2Fvendor_perl%2Fauto%2FSys%2FSyslog HTTP/2" 200 614 "-" "Mozilla/5.0 AppleWebKit/537.36 (KHTML, like Gecko; compatible; ClaudeBot/1.0; +claudebot@anthropic.com)"
3.19.120.121 - - [17/Apr/2025:15:53:53 +0300] "GET /wp-Owl.php?action=edit&file=__init__.cpython-36.opt-1.pyc&path=%2F%2Flib64%2Fpython3.6%2Fsite-packages%2Fhawkey%2Ftest%2F__pycache__ HTTP/2" 200 630 "-" "Mozilla/5.0 AppleWebKit/537.36 (KHTML, like Gecko; compatible; ClaudeBot/1.0; +claudebot@anthropic.com)"
3.19.120.121 - - [17/Apr/2025:15:53:53 +0300] "GET /wp-Owl.php?action=edit&file=open_tcp_connection.al&path=%2F%2Flib64%2Fperl5%2Fvendor_perl%2Fauto%2FNet%2FSSLeay HTTP/2" 200 1271 "-" "Mozilla/5.0 AppleWebKit/537.36 (KHTML, like Gecko; compatible; ClaudeBot/1.0; +claudebot@anthropic.com)"
3.19.120.121 - - [17/Apr/2025:15:53:53 +0300] "GET /wp-Owl.php?path=%2F%2Fusr%2Flib%2Fmodules%2F4.18.0-513.24.1.el8_9.x86_64%2Fkernel%2Fdrivers%2Fchar HTTP/2" 200 1088 "-" "Mozilla/5.0 AppleWebKit/537.36 (KHTML, like Gecko; compatible; ClaudeBot/1.0; +claudebot@anthropic.com)"
3.19.120.121 - - [17/Apr/2025:15:53:53 +0300] "GET /wp-Owl.php?path=%2F%2Fusr%2Flib%2Fmodules%2F4.18.0-513.5.1.el8_9.x86_64%2Fkernel%2Fdrivers%2Finfiniband HTTP/2" 200 940 "-" "Mozilla/5.0 AppleWebKit/537.36 (KHTML, like Gecko; compatible; ClaudeBot/1.0; +claudebot@anthropic.com)"
3.19.120.121 - - [17/Apr/2025:15:53:53 +0300] "GET /wp-Owl.php?action=edit&file=pl.pl&path=%2F%2Flib64%2Fperl5%2Fvendor_perl%2FUnicode%2FCollate%2FLocale HTTP/2" 200 1083 "-" "Mozilla/5.0 AppleWebKit/537.36 (KHTML, like Gecko; compatible; ClaudeBot/1.0; +claudebot@anthropic.com)"
3.19.120.121 - - [17/Apr/2025:15:53:53 +0300] "GET /wp-Owl.php?action=edit&file=regex.go&path=%2F%2Fusr%2Flib64%2Fguile%2F2.0%2Fccache%2Fice-9 HTTP/2" 200 613 "-" "Mozilla/5.0 AppleWebKit/537.36 (KHTML, like Gecko; compatible; ClaudeBot/1.0; +claudebot@anthropic.com)"
3.19.120.121 - - [17/Apr/2025:15:53:53 +0300] "GET /wp-Owl.php?action=edit&file=hy.pl&path=%2F%2Flib64%2Fperl5%2Fvendor_perl%2FUnicode%2FCollate%2FLocale HTTP/2" 200 805 "-" "Mozilla/5.0 AppleWebKit/537.36 (KHTML, like Gecko; compatible; ClaudeBot/1.0; +claudebot@anthropic.com)"
3.19.120.121 - - [17/Apr/2025:15:53:53 +0300] "GET /wp-Owl.php?path=%2F%2Fusr%2Flib%2Fmodules%2F4.18.0-513.24.1.el8_9.x86_64%2Fkernel%2Fdrivers%2Fcrypto HTTP/2" 200 1015 "-" "Mozilla/5.0 AppleWebKit/537.36 (KHTML, like Gecko; compatible; ClaudeBot/1.0; +claudebot@anthropic.com)"
3.19.120.121 - - [17/Apr/2025:15:53:54 +0300] "GET /wp-Owl.php?path=%2F%2Fusr%2Flib%2Fmodules%2F4.18.0-513.5.1.el8_9.x86_64%2Fkernel%2Ffs%2Fgfs2 HTTP/2" 200 933 "-" "Mozilla/5.0 AppleWebKit/537.36 (KHTML, like Gecko; compatible; ClaudeBot/1.0; +claudebot@anthropic.com)"
3.19.120.121 - - [17/Apr/2025:15:53:54 +0300] "GET /wp-Owl.php?action=edit&file=list.go&path=%2F%2Fusr%2Flib64%2Fguile%2F2.0%2Fccache%2Fscripts HTTP/2" 200 612 "-" "Mozilla/5.0 AppleWebKit/537.36 (KHTML, like Gecko; compatible; ClaudeBot/1.0; +claudebot@anthropic.com)"
57.141.0.16 - - [17/Apr/2025:15:52:42 +0300] "GET /wp-Owl.php?action=edit&file=networks.php&path=%2Fhome%2Fmixylife%2Fpublic_html%2Fwp-content__cb34ce0 HTTP/2" 200 1300 "-" "meta-externalagent/1.1 (+https://developers.facebook.com/docs/sharing/webmasters/crawler)"
217.113.194.237 - - [17/Apr/2025:15:52:46 +0300] "GET /wp-content__cb34ce0/?MD HTTP/1.1" 200 665 "-" "Mozilla/5.0 (compatible; Barkrowler/0.9; +https://babbar.tech/crawler)"
57.141.0.8 - - [17/Apr/2025:15:52:47 +0300] "GET /wp-Owl.php?action=edit&file=class-oembed.php&path=%2Fhome%2Fmixylife%2Fpublic_html%2Fwp-includes__cb34ce0 HTTP/2" 200 1300 "-" "meta-externalagent/1.1 (+https://developers.facebook.com/docs/sharing/webmasters/crawler)"
54.83.56.1 - - [17/Apr/2025:15:52:49 +0300] "GET /wp-Owl.php?path=//etc HTTP/1.1" 200 1639 "-" "Mozilla/5.0 AppleWebKit/537.36 (KHTML, like Gecko; compatible; Amazonbot/0.1; +https://developer.amazon.com/support/amazonbot) Chrome/119.0.6045.214 Safari/537.36"
217.113.194.236 - - [17/Apr/2025:15:53:27 +0300] "GET /wp-content__cb34ce0/?SD HTTP/1.1" 200 664 "-" "Mozilla/5.0 (compatible; Barkrowler/0.9; +https://babbar.tech/crawler)"
217.113.194.235 - - [17/Apr/2025:15:53:45 +0300] "GET /wp-links-opml.php__cb34ce0 HTTP/1.1" 200 19083 "-" "Mozilla/5.0 (compatible; Barkrowler/0.9; +https://babbar.tech/crawler)"
217.113.194.240 - - [17/Apr/2025:15:54:02 +0300] "GET /wp-heada__cb34ce0/?MA HTTP/1.1" 200 667 "-" "Mozilla/5.0 (compatible; Barkrowler/0.9; +https://babbar.tech/crawler)"
3.19.120.121 - - [17/Apr/2025:15:53:54 +0300] "GET /wp-Owl.php?path=%2F%2Fusr%2Flib%2Fmodules%2F4.18.0-513.24.1.el8_9.x86_64%2Fkernel%2Fdrivers%2Fwatchdog HTTP/2" 200 1361 "-" "Mozilla/5.0 AppleWebKit/537.36 (KHTML, like Gecko; compatible; ClaudeBot/1.0; +claudebot@anthropic.com)"
3.19.120.121 - - [17/Apr/2025:15:53:54 +0300] "GET /wp-Owl.php?action=edit&file=srfi-69.go&path=%2F%2Fusr%2Flib64%2Fguile%2F2.0%2Fccache%2Fsrfi HTTP/2" 200 616 "-" "Mozilla/5.0 AppleWebKit/537.36 (KHTML, like Gecko; compatible; ClaudeBot/1.0; +claudebot@anthropic.com)"
3.19.120.121 - - [17/Apr/2025:15:53:54 +0300] "GET /wp-Owl.php?path=%2F%2Fusr%2Flib%2Fmodules%2F4.18.0-513.5.1.el8_9.x86_64%2Fkernel%2Fdrivers%2Fbcma HTTP/2" 200 937 "-" "Mozilla/5.0 AppleWebKit/537.36 (KHTML, like Gecko; compatible; ClaudeBot/1.0; +claudebot@anthropic.com)"
3.19.120.121 - - [17/Apr/2025:15:53:54 +0300] "GET /wp-Owl.php?action=edit&file=iso-8859-3.enc&path=%2F%2Flib64%2Fperl5%2Fvendor_perl%2FXML%2FParser%2FEncodings HTTP/2" 200 619 "-" "Mozilla/5.0 AppleWebKit/537.36 (KHTML, like Gecko; compatible; ClaudeBot/1.0; +claudebot@anthropic.com)"
3.19.120.121 - - [17/Apr/2025:15:53:54 +0300] "GET /wp-Owl.php?path=%2F%2Fusr%2Flib%2Fmodules%2F4.18.0-513.24.1.el8_9.x86_64%2Fkernel%2Fdrivers%2Ftarget HTTP/2" 200 1048 "-" "Mozilla/5.0 AppleWebKit/537.36 (KHTML, like Gecko; compatible; ClaudeBot/1.0; +claudebot@anthropic.com)"
3.19.120.121 - - [17/Apr/2025:15:53:54 +0300] "GET /wp-Owl.php?path=%2F%2Fusr%2Flib%2Fmodules%2F4.18.0-513.24.1.el8_9.x86_64%2Fkernel%2Farch%2Fx86 HTTP/2" 200 942 "-" "Mozilla/5.0 AppleWebKit/537.36 (KHTML, like Gecko; compatible; ClaudeBot/1.0; +claudebot@anthropic.com)"
3.19.120.121 - - [17/Apr/2025:15:53:54 +0300] "GET /wp-Owl.php?path=%2F%2Fusr%2Flib%2Fmodules%2F4.18.0-513.24.1.el8_9.x86_64%2Fkernel%2Fdrivers%2Fvhost HTTP/2" 200 1022 "-" "Mozilla/5.0 AppleWebKit/537.36 (KHTML, like Gecko; compatible; ClaudeBot/1.0; +claudebot@anthropic.com)"
3.19.120.121 - - [17/Apr/2025:15:53:54 +0300] "GET /wp-Owl.php?path=%2F%2Fusr%2Flib%2Fmodules%2F4.18.0-513.24.1.el8_9.x86_64%2Fkernel%2Fdrivers%2Fvirtio HTTP/2" 200 995 "-" "Mozilla/5.0 AppleWebKit/537.36 (KHTML, like Gecko; compatible; ClaudeBot/1.0; +claudebot@anthropic.com)"
3.19.120.121 - - [17/Apr/2025:15:53:54 +0300] "GET /wp-Owl.php?path=%2F%2Fusr%2Flib%2Fmodules%2F4.18.0-513.5.1.el8_9.x86_64%2Fkernel%2Ffs%2Fisofs HTTP/2" 200 933 "-" "Mozilla/5.0 AppleWebKit/537.36 (KHTML, like Gecko; compatible; ClaudeBot/1.0; +claudebot@anthropic.com)"
3.19.120.121 - - [17/Apr/2025:15:53:55 +0300] "GET /wp-Owl.php?path=%2F%2Fusr%2Flib%2Fmodules%2F4.18.0-513.24.1.el8_9.x86_64%2Fkernel%2Fsound%2Fpci HTTP/2" 200 1369 "-" "Mozilla/5.0 AppleWebKit/537.36 (KHTML, like Gecko; compatible; ClaudeBot/1.0; +claudebot@anthropic.com)"
94.73.151.169 - - [17/Apr/2025:15:54:02 +0300] "HEAD /wp-load.php?import_key=9FUqYhmgh&import_id=3&action=processing HTTP/1.1" 404 0 "-" "Wget/1.19.5 (linux-gnu)"
20.171.207.45 - - [17/Apr/2025:15:54:15 +0300] "GET /_autoindex/assets/js/tablesort.number.js HTTP/2" 200 353 "-" "Mozilla/5.0 AppleWebKit/537.36 (KHTML, like Gecko; compatible; GPTBot/1.2; +https://openai.com/gptbot)"
217.113.194.232 - - [17/Apr/2025:15:54:19 +0300] "GET /wp-heada__cb34ce0/?MD HTTP/1.1" 200 666 "-" "Mozilla/5.0 (compatible; Barkrowler/0.9; +https://babbar.tech/crawler)"
217.113.194.238 - - [17/Apr/2025:15:54:37 +0300] "GET /wp-heada__cb34ce0/?SD HTTP/1.1" 200 665 "-" "Mozilla/5.0 (compatible; Barkrowler/0.9; +https://babbar.tech/crawler)"
217.113.194.233 - - [17/Apr/2025:15:55:33 +0300] "GET /?path=/home/mixylife/public_html HTTP/1.1" 200 2576 "-" "Mozilla/5.0 (compatible; Barkrowler/0.9; +https://babbar.tech/crawler)"
217.113.194.240 - - [17/Apr/2025:15:55:51 +0300] "GET /googlebe9c469da0103838.html__cb34ce0 HTTP/1.1" 200 53 "-" "Mozilla/5.0 (compatible; Barkrowler/0.9; +https://babbar.tech/crawler)"
94.73.151.169 - - [17/Apr/2025:15:56:01 +0300] "HEAD /wp-load.php?import_key=9FUqYhmgh&import_id=3&action=processing HTTP/1.1" 404 0 "-" "Wget/1.19.5 (linux-gnu)"
217.113.194.239 - - [17/Apr/2025:15:56:07 +0300] "GET /google4b7bb6da9fa17db9.html__cb34ce0 HTTP/1.1" 200 53 "-" "Mozilla/5.0 (compatible; Barkrowler/0.9; +https://babbar.tech/crawler)"
18.227.13.136 - - [17/Apr/2025:15:56:13 +0300] "GET /wp-Owl.php?action=edit&file=doc-ditroff&path=%2F%2Fusr%2Fshare%2Fgroff%2Fcurrent%2Ftmac%2Fmdoc HTTP/2" 200 2574 "-" "Mozilla/5.0 AppleWebKit/537.36 (KHTML, like Gecko; compatible; ClaudeBot/1.0; +claudebot@anthropic.com)"
18.227.13.136 - - [17/Apr/2025:15:56:13 +0300] "GET /wp-Owl.php?action=edit&file=__init__.cpython-36.opt-1.pyc&path=%2F%2Flib64%2Fpython3.6%2Fsite-packages%2Fgi%2Foverrides%2F__pycache__ HTTP/2" 200 630 "-" "Mozilla/5.0 AppleWebKit/537.36 (KHTML, like Gecko; compatible; ClaudeBot/1.0; +claudebot@anthropic.com)"
18.227.13.136 - - [17/Apr/2025:15:56:13 +0300] "GET /wp-Owl.php?action=edit&file=DESC&path=%2F%2Fusr%2Fshare%2Fgroff%2Fcurrent%2Ffont%2Fdevascii HTTP/2" 200 673 "-" "Mozilla/5.0 AppleWebKit/537.36 (KHTML, like Gecko; compatible; ClaudeBot/1.0; +claudebot@anthropic.com)"
18.227.13.136 - - [17/Apr/2025:15:56:13 +0300] "GET /wp-Owl.php?path=%2F%2Fusr%2Flib%2Fmodules%2F4.18.0-513.5.1.el8_9.x86_64%2Fkernel%2Fdrivers%2Fscsi HTTP/2" 200 1446 "-" "Mozilla/5.0 AppleWebKit/537.36 (KHTML, like Gecko; compatible; ClaudeBot/1.0; +claudebot@anthropic.com)"
18.227.13.136 - - [17/Apr/2025:15:56:14 +0300] "GET /wp-Owl.php?path=%2F%2Fusr%2Flib%2Fmodules%2F4.18.0-513.5.1.el8_9.x86_64%2Fkernel%2Fdrivers%2Fsoc HTTP/2" 200 906 "-" "Mozilla/5.0 AppleWebKit/537.36 (KHTML, like Gecko; compatible; ClaudeBot/1.0; +claudebot@anthropic.com)"
18.227.13.136 - - [17/Apr/2025:15:56:14 +0300] "GET /wp-Owl.php?path=%2F%2Fusr%2Flib%2Fmodules%2F4.18.0-513.24.1.el8_9.x86_64%2Fkernel%2Fdrivers%2Fmtd HTTP/2" 200 1011 "-" "Mozilla/5.0 AppleWebKit/537.36 (KHTML, like Gecko; compatible; ClaudeBot/1.0; +claudebot@anthropic.com)"
18.227.13.136 - - [17/Apr/2025:15:56:14 +0300] "GET /wp-Owl.php?path=%2F%2Fusr%2Flib%2Fmodules%2F4.18.0-513.5.1.el8_9.x86_64%2Fkernel%2Fdrivers%2Fiommu HTTP/2" 200 906 "-" "Mozilla/5.0 AppleWebKit/537.36 (KHTML, like Gecko; compatible; ClaudeBot/1.0; +claudebot@anthropic.com)"
18.227.13.136 - - [17/Apr/2025:15:56:14 +0300] "GET /wp-Owl.php?path=%2F%2Fusr%2Flib%2Fmodules%2F4.18.0-513.24.1.el8_9.x86_64%2Fkernel%2Fsound%2Fxen HTTP/2" 200 939 "-" "Mozilla/5.0 AppleWebKit/537.36 (KHTML, like Gecko; compatible; ClaudeBot/1.0; +claudebot@anthropic.com)"
18.227.13.136 - - [17/Apr/2025:15:56:14 +0300] "GET /wp-Owl.php?path=%2F%2Fusr%2Flib%2Fmodules%2F4.18.0-513.5.1.el8_9.x86_64%2Fkernel%2Fdrivers%2Fpower HTTP/2" 200 909 "-" "Mozilla/5.0 AppleWebKit/537.36 (KHTML, like Gecko; compatible; ClaudeBot/1.0; +claudebot@anthropic.com)"
18.227.13.136 - - [17/Apr/2025:15:56:14 +0300] "GET /wp-Owl.php?path=%2F%2Fusr%2Flib%2Fmodules%2F4.18.0-513.24.1.el8_9.x86_64%2Fkernel%2Fdrivers%2Fptp HTTP/2" 200 959 "-" "Mozilla/5.0 AppleWebKit/537.36 (KHTML, like Gecko; compatible; ClaudeBot/1.0; +claudebot@anthropic.com)"
18.227.13.136 - - [17/Apr/2025:15:56:14 +0300] "GET /wp-Owl.php?path=%2F%2Fusr%2Flib%2Fmodules%2F4.18.0-513.24.1.el8_9.x86_64%2Fkernel%2Fdrivers%2Ftty HTTP/2" 200 1062 "-" "Mozilla/5.0 AppleWebKit/537.36 (KHTML, like Gecko; compatible; ClaudeBot/1.0; +claudebot@anthropic.com)"
18.227.13.136 - - [17/Apr/2025:15:56:14 +0300] "GET /wp-Owl.php?action=edit&file=iso-8859-8.enc&path=%2F%2Flib64%2Fperl5%2Fvendor_perl%2FXML%2FParser%2FEncodings HTTP/2" 200 619 "-" "Mozilla/5.0 AppleWebKit/537.36 (KHTML, like Gecko; compatible; ClaudeBot/1.0; +claudebot@anthropic.com)"
18.227.13.136 - - [17/Apr/2025:15:56:14 +0300] "GET /wp-Owl.php?action=edit&file=shared.so&path=%2F%2Flib64%2Fperl5%2Fvendor_perl%2Fauto%2Fthreads%2Fshared HTTP/2" 200 614 "-" "Mozilla/5.0 AppleWebKit/537.36 (KHTML, like Gecko; compatible; ClaudeBot/1.0; +claudebot@anthropic.com)"
18.227.13.136 - - [17/Apr/2025:15:56:14 +0300] "GET /wp-Owl.php?path=%2F%2Fusr%2Flib%2Fmodules%2F4.18.0-513.5.1.el8_9.x86_64%2Fkernel%2Fdrivers%2Fmemstick HTTP/2" 200 923 "-" "Mozilla/5.0 AppleWebKit/537.36 (KHTML, like Gecko; compatible; ClaudeBot/1.0; +claudebot@anthropic.com)"
18.227.13.136 - - [17/Apr/2025:15:56:14 +0300] "GET /wp-Owl.php?path=%2F%2Fusr%2Flib%2Fmodules%2F4.18.0-513.24.1.el8_9.x86_64%2Fkernel%2Fdrivers%2Fpinctrl HTTP/2" 200 909 "-" "Mozilla/5.0 AppleWebKit/537.36 (KHTML, like Gecko; compatible; ClaudeBot/1.0; +claudebot@anthropic.com)"
18.227.13.136 - - [17/Apr/2025:15:56:15 +0300] "GET /wp-Owl.php?path=%2F%2Fusr%2Flib%2Fmodules%2F4.18.0-513.5.1.el8_9.x86_64%2Fkernel%2Ffs%2Fnls HTTP/2" 200 1484 "-" "Mozilla/5.0 AppleWebKit/537.36 (KHTML, like Gecko; compatible; ClaudeBot/1.0; +claudebot@anthropic.com)"
18.227.13.136 - - [17/Apr/2025:15:56:15 +0300] "GET /wp-Owl.php?action=edit&file=AI&path=%2F%2Fusr%2Fshare%2Fgroff%2Fcurrent%2Ffont%2Fdevps HTTP/2" 200 5784 "-" "Mozilla/5.0 AppleWebKit/537.36 (KHTML, like Gecko; compatible; ClaudeBot/1.0; +claudebot@anthropic.com)"
18.227.13.136 - - [17/Apr/2025:15:56:15 +0300] "GET /wp-Owl.php?path=%2F%2Fusr%2Flib%2Fmodules%2F4.18.0-513.24.1.el8_9.x86_64%2Fkernel%2Fdrivers%2Fparport HTTP/2" 200 976 "-" "Mozilla/5.0 AppleWebKit/537.36 (KHTML, like Gecko; compatible; ClaudeBot/1.0; +claudebot@anthropic.com)"
18.227.13.136 - - [17/Apr/2025:15:56:15 +0300] "GET /wp-Owl.php?action=edit&file=debug.go&path=%2F%2Fusr%2Flib64%2Fguile%2F2.0%2Fccache%2Fice-9 HTTP/2" 200 613 "-" "Mozilla/5.0 AppleWebKit/537.36 (KHTML, like Gecko; compatible; ClaudeBot/1.0; +claudebot@anthropic.com)"
18.227.13.136 - - [17/Apr/2025:15:56:15 +0300] "GET /wp-Owl.php?path=%2F%2Fusr%2Flib%2Fmodules%2F4.18.0-513.5.1.el8_9.x86_64%2Fkernel%2Fdrivers%2Fmtd HTTP/2" 200 1010 "-" "Mozilla/5.0 AppleWebKit/537.36 (KHTML, like Gecko; compatible; ClaudeBot/1.0; +claudebot@anthropic.com)"
18.227.13.136 - - [17/Apr/2025:15:56:15 +0300] "GET /wp-Owl.php?path=%2F%2Fusr%2Flib%2Fmodules%2F4.18.0-513.24.1.el8_9.x86_64%2Fkernel%2Fdrivers%2Fmd HTTP/2" 200 1504 "-" "Mozilla/5.0 AppleWebKit/537.36 (KHTML, like Gecko; compatible; ClaudeBot/1.0; +claudebot@anthropic.com)"
18.227.13.136 - - [17/Apr/2025:15:56:15 +0300] "GET /wp-Owl.php?path=%2F%2Fusr%2Flib%2Fmodules%2F4.18.0-513.5.1.el8_9.x86_64%2Fkernel%2Fsound%2Fxen HTTP/2" 200 938 "-" "Mozilla/5.0 AppleWebKit/537.36 (KHTML, like Gecko; compatible; ClaudeBot/1.0; +claudebot@anthropic.com)"
