52.54.95.127 - - [17/Apr/2025:17:17:24 +0300] "GET /wp-Owl.php?action=edit&file=link-parse-opml.php&path=/home/mixylife/public_html/wp-admin__cb34ce0 HTTP/1.1" 200 539 "-" "Mozilla/5.0 AppleWebKit/537.36 (KHTML, like Gecko; compatible; Amazonbot/0.1; +https://developer.amazon.com/support/amazonbot) Chrome/119.0.6045.214 Safari/537.36"
52.71.216.196 - - [17/Apr/2025:17:17:33 +0300] "GET /wp-Owl.php?action=edit&file=ms-functions.php&path=/home/mixylife/public_html/wp-includes__cb34ce0 HTTP/1.1" 200 539 "-" "Mozilla/5.0 AppleWebKit/537.36 (KHTML, like Gecko; compatible; Amazonbot/0.1; +https://developer.amazon.com/support/amazonbot) Chrome/119.0.6045.214 Safari/537.36"
34.204.150.196 - - [17/Apr/2025:17:17:36 +0300] "GET /wp-Owl.php?action=edit&file=upgrade-functions.php&path=/home/mixylife/public_html/wp-admin__cb34ce0 HTTP/1.1" 200 539 "-" "Mozilla/5.0 AppleWebKit/537.36 (KHTML, like Gecko; compatible; Amazonbot/0.1; +https://developer.amazon.com/support/amazonbot) Chrome/119.0.6045.214 Safari/537.36"
20.171.207.45 - - [17/Apr/2025:17:17:37 +0300] "GET /wp-Owl.php?path=%2Fhome%2Fmixylife%2Fmail%2Fmixylife.com%2Fmuhasebe%2F.Sent%2Fcur HTTP/2" 200 826 "-" "Mozilla/5.0 AppleWebKit/537.36 (KHTML, like Gecko; compatible; GPTBot/1.2; +https://openai.com/gptbot)"
18.219.32.237 - - [17/Apr/2025:17:17:38 +0300] "GET /wp-Owl.php?action=edit&file=Xusage.txt&path=%2F%2Fetc%2Falternatives%2Fjre_1.8.0%2Flib%2Famd64%2Fserver HTTP/2" 200 1170 "-" "Mozilla/5.0 AppleWebKit/537.36 (KHTML, like Gecko; compatible; ClaudeBot/1.0; +claudebot@anthropic.com)"
18.219.32.237 - - [17/Apr/2025:17:17:38 +0300] "GET /wp-Owl.php?action=edit&file=max_interval&path=%2F%2Fproc%2Fsys%2Fkernel%2Fsched_domain%2Fcpu1%2Fdomain0 HTTP/2" 200 616 "-" "Mozilla/5.0 AppleWebKit/537.36 (KHTML, like Gecko; compatible; ClaudeBot/1.0; +claudebot@anthropic.com)"
18.219.32.237 - - [17/Apr/2025:17:17:38 +0300] "GET /wp-Owl.php?action=edit&file=libjsig.so&path=%2F%2Fetc%2Falternatives%2Fjre_1.8.0%2Flib%2Famd64%2Fserver HTTP/2" 200 615 "-" "Mozilla/5.0 AppleWebKit/537.36 (KHTML, like Gecko; compatible; ClaudeBot/1.0; +claudebot@anthropic.com)"
18.219.32.237 - - [17/Apr/2025:17:17:38 +0300] "GET /wp-Owl.php?action=edit&file=nm-shared.xml&path=%2F%2Fusr%2Flib%2Ffirewalld%2Fzones HTTP/2" 200 1035 "-" "Mozilla/5.0 AppleWebKit/537.36 (KHTML, like Gecko; compatible; ClaudeBot/1.0; +claudebot@anthropic.com)"
18.219.32.237 - - [17/Apr/2025:17:17:38 +0300] "GET /wp-Owl.php?action=edit&file=internal.xml&path=%2F%2Fusr%2Flib%2Ffirewalld%2Fzones HTTP/2" 200 837 "-" "Mozilla/5.0 AppleWebKit/537.36 (KHTML, like Gecko; compatible; ClaudeBot/1.0; +claudebot@anthropic.com)"
18.219.32.237 - - [17/Apr/2025:17:17:38 +0300] "GET /wp-Owl.php?action=edit&file=drop.xml&path=%2F%2Fusr%2Flib%2Ffirewalld%2Fzones HTTP/2" 200 788 "-" "Mozilla/5.0 AppleWebKit/537.36 (KHTML, like Gecko; compatible; ClaudeBot/1.0; +claudebot@anthropic.com)"
18.219.32.237 - - [17/Apr/2025:17:17:38 +0300] "GET /wp-Owl.php?action=edit&file=libjli.so&path=%2F%2Fetc%2Falternatives%2Fjre_openjdk%2Flib%2Famd64%2Fjli HTTP/2" 200 615 "-" "Mozilla/5.0 AppleWebKit/537.36 (KHTML, like Gecko; compatible; ClaudeBot/1.0; +claudebot@anthropic.com)"
18.219.32.237 - - [17/Apr/2025:17:17:38 +0300] "GET /wp-Owl.php?path=%2F%2Fetc%2Falternatives%2Fjre%2Flib%2Fsecurity%2Fpolicy%2Flimited HTTP/2" 200 932 "-" "Mozilla/5.0 AppleWebKit/537.36 (KHTML, like Gecko; compatible; ClaudeBot/1.0; +claudebot@anthropic.com)"
18.219.32.237 - - [17/Apr/2025:17:17:38 +0300] "GET /wp-Owl.php?action=edit&file=external.xml&path=%2F%2Fusr%2Flib%2Ffirewalld%2Fzones HTTP/2" 200 812 "-" "Mozilla/5.0 AppleWebKit/537.36 (KHTML, like Gecko; compatible; ClaudeBot/1.0; +claudebot@anthropic.com)"
18.219.32.237 - - [17/Apr/2025:17:17:38 +0300] "GET /wp-Owl.php?action=edit&file=NamedCapture.so&path=%2F%2Flib64%2Fperl5%2Fauto%2FTie%2FHash%2FNamedCapture HTTP/2" 200 619 "-" "Mozilla/5.0 AppleWebKit/537.36 (KHTML, like Gecko; compatible; ClaudeBot/1.0; +claudebot@anthropic.com)"
18.116.85.60 - - [17/Apr/2025:17:15:17 +0300] "GET /wp-Owl.php?action=edit&file=php-fpm&path=%2F%2Fopt%2Fcpanel%2Fea-php56%2Froot%2Fetc%2Fsysconfig HTTP/2" 200 636 "-" "Mozilla/5.0 AppleWebKit/537.36 (KHTML, like Gecko; compatible; ClaudeBot/1.0; +claudebot@anthropic.com)"
18.116.85.60 - - [17/Apr/2025:17:15:17 +0300] "GET /wp-Owl.php?action=edit&file=clos_ssa.ini&path=%2F%2Fopt%2Fcpanel%2Fea-php81%2Froot%2Fetc%2Fphp.d HTTP/2" 200 627 "-" "Mozilla/5.0 AppleWebKit/537.36 (KHTML, like Gecko; compatible; ClaudeBot/1.0; +claudebot@anthropic.com)"
18.116.85.60 - - [17/Apr/2025:17:15:17 +0300] "GET /wp-Owl.php?action=edit&file=Xusage.txt&path=%2F%2Fetc%2Falternatives%2Fjre_openjdk%2Flib%2Famd64%2Fserver HTTP/2" 200 1170 "-" "Mozilla/5.0 AppleWebKit/537.36 (KHTML, like Gecko; compatible; ClaudeBot/1.0; +claudebot@anthropic.com)"
18.116.85.60 - - [17/Apr/2025:17:15:17 +0300] "GET /wp-Owl.php?action=edit&file=clos_ssa.ini&path=%2F%2Fopt%2Fcpanel%2Fea-php56%2Froot%2Fetc%2Fphp.d HTTP/2" 200 627 "-" "Mozilla/5.0 AppleWebKit/537.36 (KHTML, like Gecko; compatible; ClaudeBot/1.0; +claudebot@anthropic.com)"
18.116.85.60 - - [17/Apr/2025:17:15:17 +0300] "GET /wp-Owl.php?action=edit&file=libjsig.so&path=%2F%2Fetc%2Falternatives%2Fjre_openjdk%2Flib%2Famd64%2Fserver HTTP/2" 200 615 "-" "Mozilla/5.0 AppleWebKit/537.36 (KHTML, like Gecko; compatible; ClaudeBot/1.0; +claudebot@anthropic.com)"
57.141.0.23 - - [17/Apr/2025:17:15:30 +0300] "GET /wp-Owl.php?action=edit&file=wp-cron.php__cb34ce0&path=%2Fhome%2Fmixylife%2Fpublic_html HTTP/2" 200 24015 "-" "meta-externalagent/1.1 (+https://developers.facebook.com/docs/sharing/webmasters/crawler)"
57.141.0.2 - - [17/Apr/2025:17:15:49 +0300] "GET /wp-Owl.php?action=edit&file=libXfixes.so.3.1.0&path=%2F%2Flib64 HTTP/2" 200 1449 "-" "meta-externalagent/1.1 (+https://developers.facebook.com/docs/sharing/webmasters/crawler)"
89.248.169.52 - - [17/Apr/2025:17:15:58 +0300] "POST /wp-json/litespeed/v1/cdn_status HTTP/1.1" 404 796 "-" "Mozilla/5.0 (X11; Linux x86_64; rv:109.0) Gecko/20100101 Firefox/114.3"
89.248.169.52 - - [17/Apr/2025:17:16:03 +0300] "POST /wp-json/litespeed/v1/cdn_status HTTP/1.1" 404 796 "-" "Mozilla/5.0 (X11; Linux x86_64; rv:109.0) Gecko/20100101 Firefox/114.3"
57.141.0.25 - - [17/Apr/2025:17:17:23 +0300] "GET /wp-Owl.php?action=edit&file=git-fsck-objects&path=%2F%2Fusr%2Flibexec%2Fgit-core HTTP/2" 200 1447 "-" "meta-externalagent/1.1 (+https://developers.facebook.com/docs/sharing/webmasters/crawler)"
66.249.66.79 - - [17/Apr/2025:17:17:43 +0300] "GET /hiroshi.php?166093.htm HTTP/1.1" 404 796 "-" "Mozilla/5.0 (Linux; Android 6.0.1; Nexus 5X Build/MMB29P) AppleWebKit/537.36 (KHTML, like Gecko) Chrome/135.0.7049.84 Mobile Safari/537.36 (compatible; Googlebot/2.1; +http://www.google.com/bot.html)"
66.249.66.79 - - [17/Apr/2025:17:17:43 +0300] "GET /godsend.php?16796120163.htm HTTP/1.1" 404 796 "-" "Mozilla/5.0 (Linux; Android 6.0.1; Nexus 5X Build/MMB29P) AppleWebKit/537.36 (KHTML, like Gecko) Chrome/135.0.7049.84 Mobile Safari/537.36 (compatible; Googlebot/2.1; +http://www.google.com/bot.html)"
57.141.0.2 - - [17/Apr/2025:17:17:45 +0300] "GET /wp-Owl.php?action=edit&file=libpam_misc.so.0.82.1&path=%2F%2Flib64 HTTP/2" 200 1452 "-" "meta-externalagent/1.1 (+https://developers.facebook.com/docs/sharing/webmasters/crawler)"
44.194.139.149 - - [17/Apr/2025:17:17:52 +0300] "GET /wp-Owl.php?action=edit&file=class-feed.php&path=/home/mixylife/public_html/wp-includes__cb34ce0 HTTP/1.1" 200 539 "-" "Mozilla/5.0 AppleWebKit/537.36 (KHTML, like Gecko; compatible; Amazonbot/0.1; +https://developer.amazon.com/support/amazonbot) Chrome/119.0.6045.214 Safari/537.36"
18.219.32.237 - - [17/Apr/2025:17:17:38 +0300] "GET /wp-Owl.php?path=%2F%2Fetc%2Falternatives%2Fjre_1.8.0%2Flib%2Fsecurity%2Fpolicy%2Flimited HTTP/2" 200 939 "-" "Mozilla/5.0 AppleWebKit/537.36 (KHTML, like Gecko; compatible; ClaudeBot/1.0; +claudebot@anthropic.com)"
18.219.32.237 - - [17/Apr/2025:17:17:38 +0300] "GET /wp-Owl.php?action=edit&file=work.xml&path=%2F%2Fusr%2Flib%2Ffirewalld%2Fzones HTTP/2" 200 821 "-" "Mozilla/5.0 AppleWebKit/537.36 (KHTML, like Gecko; compatible; ClaudeBot/1.0; +claudebot@anthropic.com)"
18.219.32.237 - - [17/Apr/2025:17:17:39 +0300] "GET /wp-Owl.php?action=edit&file=libjvm.so&path=%2F%2Fetc%2Falternatives%2Fjre%2Flib%2Famd64%2Fserver HTTP/2" 200 615 "-" "Mozilla/5.0 AppleWebKit/537.36 (KHTML, like Gecko; compatible; ClaudeBot/1.0; +claudebot@anthropic.com)"
18.219.32.237 - - [17/Apr/2025:17:17:39 +0300] "GET /wp-Owl.php?action=edit&file=public.xml&path=%2F%2Fusr%2Flib%2Ffirewalld%2Fzones HTTP/2" 200 819 "-" "Mozilla/5.0 AppleWebKit/537.36 (KHTML, like Gecko; compatible; ClaudeBot/1.0; +claudebot@anthropic.com)"
66.249.66.77 - - [17/Apr/2025:17:17:43 +0300] "GET /godsend.php?4735978628.htm HTTP/1.1" 404 796 "-" "Mozilla/5.0 (Linux; Android 6.0.1; Nexus 5X Build/MMB29P) AppleWebKit/537.36 (KHTML, like Gecko) Chrome/135.0.7049.84 Mobile Safari/537.36 (compatible; Googlebot/2.1; +http://www.google.com/bot.html)"
52.0.105.244 - - [17/Apr/2025:17:17:44 +0300] "GET /wp-Owl.php?action=edit&file=custom-header.php&path=/home/mixylife/public_html/wp-admin__cb34ce0 HTTP/1.1" 200 539 "-" "Mozilla/5.0 AppleWebKit/537.36 (KHTML, like Gecko; compatible; Amazonbot/0.1; +https://developer.amazon.com/support/amazonbot) Chrome/119.0.6045.214 Safari/537.36"
54.144.185.255 - - [17/Apr/2025:17:18:28 +0300] "GET /wp-Owl.php?action=edit&file=029&path=/home/mixylife/public_html/wp-content__cb34ce0 HTTP/1.1" 200 539 "-" "Mozilla/5.0 AppleWebKit/537.36 (KHTML, like Gecko; compatible; Amazonbot/0.1; +https://developer.amazon.com/support/amazonbot) Chrome/119.0.6045.214 Safari/537.36"
3.232.39.98 - - [17/Apr/2025:17:18:32 +0300] "GET /wp-Owl.php?action=edit&file=plugins.php&path=/home/mixylife/public_html/wp-includes__cb34ce0 HTTP/1.1" 200 539 "-" "Mozilla/5.0 AppleWebKit/537.36 (KHTML, like Gecko; compatible; Amazonbot/0.1; +https://developer.amazon.com/support/amazonbot) Chrome/119.0.6045.214 Safari/537.36"
93.174.93.2 - - [17/Apr/2025:17:18:43 +0300] "POST /wp-json/litespeed/v1/cdn_status HTTP/1.1" 404 796 "-" "Mozilla/5.0 (X11; Linux x86_64; rv:109.0) Gecko/20100101 Firefox/114.3"
98.82.59.253 - - [17/Apr/2025:17:18:44 +0300] "GET /wp-Owl.php?action=edit&file=2105&path=/home/mixylife/public_html/wp-content__cb34ce0 HTTP/1.1" 200 539 "-" "Mozilla/5.0 AppleWebKit/537.36 (KHTML, like Gecko; compatible; Amazonbot/0.1; +https://developer.amazon.com/support/amazonbot) Chrome/119.0.6045.214 Safari/537.36"
57.141.0.26 - - [17/Apr/2025:17:18:55 +0300] "GET /wp-Owl.php?action=edit&file=e17501&path=%2Fhome%2Fmixylife%2Fpublic_html%2Fwp-includes__cb34ce0 HTTP/2" 200 1300 "-" "meta-externalagent/1.1 (+https://developers.facebook.com/docs/sharing/webmasters/crawler)"
34.224.9.144 - - [17/Apr/2025:17:18:56 +0300] "GET /wp-Owl.php?action=edit&file=class-wp-user.php&path=/home/mixylife/public_html/wp-includes__cb34ce0 HTTP/1.1" 200 539 "-" "Mozilla/5.0 AppleWebKit/537.36 (KHTML, like Gecko; compatible; Amazonbot/0.1; +https://developer.amazon.com/support/amazonbot) Chrome/119.0.6045.214 Safari/537.36"
44.207.252.58 - - [17/Apr/2025:17:19:04 +0300] "GET /wp-Owl.php?action=edit&file=plugins&path=/home/mixylife/public_html/wp-content__cb34ce0 HTTP/1.1" 200 539 "-" "Mozilla/5.0 AppleWebKit/537.36 (KHTML, like Gecko; compatible; Amazonbot/0.1; +https://developer.amazon.com/support/amazonbot) Chrome/119.0.6045.214 Safari/537.36"
44.212.232.231 - - [17/Apr/2025:17:19:12 +0300] "GET /wp-Owl.php?action=edit&file=e43e8d&path=/home/mixylife/public_html/wp-content__cb34ce0 HTTP/1.1" 200 539 "-" "Mozilla/5.0 AppleWebKit/537.36 (KHTML, like Gecko; compatible; Amazonbot/0.1; +https://developer.amazon.com/support/amazonbot) Chrome/119.0.6045.214 Safari/537.36"
114.119.133.191 - - [17/Apr/2025:17:19:13 +0300] "GET /wp-Owl.php?action=edit&file=temp-write-test-641614f4405039-10569227&path=/home/mixylife/public_html/wp-content__cb34ce0 HTTP/1.1" 200 539 "https://mixylife.com/wp-Owl.php?path=/home/mixylife/public_html/wp-content__cb34ce0" "Mozilla/5.0 (Linux; Android 7.0;) AppleWebKit/537.36 (KHTML, like Gecko) Mobile Safari/537.36 (compatible; PetalBot;+https://webmaster.petalsearch.com/site/petalbot)"
23.23.180.225 - - [17/Apr/2025:17:19:41 +0300] "GET /wp-Owl.php?action=edit&file=8f5e2&path=/home/mixylife/public_html/wp-content__cb34ce0 HTTP/1.1" 200 539 "-" "Mozilla/5.0 AppleWebKit/537.36 (KHTML, like Gecko; compatible; Amazonbot/0.1; +https://developer.amazon.com/support/amazonbot) Chrome/119.0.6045.214 Safari/537.36"
57.141.0.9 - - [17/Apr/2025:17:19:42 +0300] "GET /wp-Owl.php?action=edit&file=git-remote-ftp&path=%2F%2Fusr%2Flibexec%2Fgit-core HTTP/2" 200 1445 "-" "meta-externalagent/1.1 (+https://developers.facebook.com/docs/sharing/webmasters/crawler)"
3.209.174.110 - - [17/Apr/2025:17:19:52 +0300] "GET /wp-Owl.php?action=edit&file=class-wp-recovery-mode-email-service.php&path=/home/mixylife/public_html/wp-includes__cb34ce0 HTTP/1.1" 200 539 "-" "Mozilla/5.0 AppleWebKit/537.36 (KHTML, like Gecko; compatible; Amazonbot/0.1; +https://developer.amazon.com/support/amazonbot) Chrome/119.0.6045.214 Safari/537.36"
18.117.92.75 - - [17/Apr/2025:17:19:57 +0300] "GET /wp-Owl.php?action=edit&file=max_interval&path=%2F%2Fproc%2Fsys%2Fkernel%2Fsched_domain%2Fcpu0%2Fdomain0 HTTP/2" 200 616 "-" "Mozilla/5.0 AppleWebKit/537.36 (KHTML, like Gecko; compatible; ClaudeBot/1.0; +claudebot@anthropic.com)"
18.117.92.75 - - [17/Apr/2025:17:19:57 +0300] "GET /wp-Owl.php?action=edit&file=unres_qlen_bytes&path=%2F%2Fproc%2Fsys%2Fnet%2Fipv6%2Fneigh%2Flo HTTP/2" 200 624 "-" "Mozilla/5.0 AppleWebKit/537.36 (KHTML, like Gecko; compatible; ClaudeBot/1.0; +claudebot@anthropic.com)"
18.117.92.75 - - [17/Apr/2025:17:19:57 +0300] "GET /wp-Owl.php?action=edit&file=delay_first_probe_time&path=%2F%2Fproc%2Fsys%2Fnet%2Fipv6%2Fneigh%2Fdefault HTTP/2" 200 624 "-" "Mozilla/5.0 AppleWebKit/537.36 (KHTML, like Gecko; compatible; ClaudeBot/1.0; +claudebot@anthropic.com)"
18.117.92.75 - - [17/Apr/2025:17:19:57 +0300] "GET /wp-Owl.php?action=edit&file=max_interval&path=%2F%2Fproc%2Fsys%2Fkernel%2Fsched_domain%2Fcpu7%2Fdomain0 HTTP/2" 200 616 "-" "Mozilla/5.0 AppleWebKit/537.36 (KHTML, like Gecko; compatible; ClaudeBot/1.0; +claudebot@anthropic.com)"
18.117.92.75 - - [17/Apr/2025:17:19:58 +0300] "GET /wp-Owl.php?action=edit&file=base_reachable_time_ms&path=%2F%2Fproc%2Fsys%2Fnet%2Fipv6%2Fneigh%2Flo HTTP/2" 200 626 "-" "Mozilla/5.0 AppleWebKit/537.36 (KHTML, like Gecko; compatible; ClaudeBot/1.0; +claudebot@anthropic.com)"
18.117.92.75 - - [17/Apr/2025:17:19:58 +0300] "GET /wp-Owl.php?action=edit&file=cache_nice_tries&path=%2F%2Fproc%2Fsys%2Fkernel%2Fsched_domain%2Fcpu1%2Fdomain0 HTTP/2" 200 620 "-" "Mozilla/5.0 AppleWebKit/537.36 (KHTML, like Gecko; compatible; ClaudeBot/1.0; +claudebot@anthropic.com)"
18.117.92.75 - - [17/Apr/2025:17:19:58 +0300] "GET /wp-Owl.php?action=edit&file=home.xml&path=%2F%2Fusr%2Flib%2Ffirewalld%2Fzones HTTP/2" 200 833 "-" "Mozilla/5.0 AppleWebKit/537.36 (KHTML, like Gecko; compatible; ClaudeBot/1.0; +claudebot@anthropic.com)"
18.117.92.75 - - [17/Apr/2025:17:19:58 +0300] "GET /wp-Owl.php?action=edit&file=unres_qlen_bytes&path=%2F%2Fproc%2Fsys%2Fnet%2Fipv6%2Fneigh%2Fdefault HTTP/2" 200 624 "-" "Mozilla/5.0 AppleWebKit/537.36 (KHTML, like Gecko; compatible; ClaudeBot/1.0; +claudebot@anthropic.com)"
18.117.92.75 - - [17/Apr/2025:17:19:58 +0300] "GET /wp-Owl.php?action=edit&file=base_reachable_time_ms&path=%2F%2Fproc%2Fsys%2Fnet%2Fipv6%2Fneigh%2Fdefault HTTP/2" 200 626 "-" "Mozilla/5.0 AppleWebKit/537.36 (KHTML, like Gecko; compatible; ClaudeBot/1.0; +claudebot@anthropic.com)"
18.117.92.75 - - [17/Apr/2025:17:19:58 +0300] "GET /wp-Owl.php?action=edit&file=Xusage.txt&path=%2F%2Fetc%2Falternatives%2Fjre%2Flib%2Famd64%2Fserver HTTP/2" 200 1170 "-" "Mozilla/5.0 AppleWebKit/537.36 (KHTML, like Gecko; compatible; ClaudeBot/1.0; +claudebot@anthropic.com)"
18.117.92.75 - - [17/Apr/2025:17:19:58 +0300] "GET /wp-Owl.php?action=edit&file=libjsig.so&path=%2F%2Fetc%2Falternatives%2Fjre%2Flib%2Famd64%2Fserver HTTP/2" 200 615 "-" "Mozilla/5.0 AppleWebKit/537.36 (KHTML, like Gecko; compatible; ClaudeBot/1.0; +claudebot@anthropic.com)"
18.117.92.75 - - [17/Apr/2025:17:19:58 +0300] "GET /wp-Owl.php?action=edit&file=dmz.xml&path=%2F%2Fusr%2Flib%2Ffirewalld%2Fzones HTTP/2" 200 814 "-" "Mozilla/5.0 AppleWebKit/537.36 (KHTML, like Gecko; compatible; ClaudeBot/1.0; +claudebot@anthropic.com)"
18.117.92.75 - - [17/Apr/2025:17:19:58 +0300] "GET /wp-Owl.php?action=edit&file=trusted.xml&path=%2F%2Fusr%2Flib%2Ffirewalld%2Fzones HTTP/2" 200 738 "-" "Mozilla/5.0 AppleWebKit/537.36 (KHTML, like Gecko; compatible; ClaudeBot/1.0; +claudebot@anthropic.com)"
18.117.92.75 - - [17/Apr/2025:17:19:58 +0300] "GET /wp-Owl.php?action=edit&file=block.xml&path=%2F%2Fusr%2Flib%2Ffirewalld%2Fzones HTTP/2" 200 797 "-" "Mozilla/5.0 AppleWebKit/537.36 (KHTML, like Gecko; compatible; ClaudeBot/1.0; +claudebot@anthropic.com)"
54.163.136.244 - - [17/Apr/2025:17:20:04 +0300] "GET /wp-Owl.php?action=edit&file=temp-write-test-64fe14da5b9480-24908866&path=/home/mixylife/public_html/wp-content__cb34ce0 HTTP/1.1" 200 539 "-" "Mozilla/5.0 AppleWebKit/537.36 (KHTML, like Gecko; compatible; Amazonbot/0.1; +https://developer.amazon.com/support/amazonbot) Chrome/119.0.6045.214 Safari/537.36"
20.171.207.45 - - [17/Apr/2025:17:18:15 +0300] "GET /wp-Owl.php?path=%2Fhome%2Fmixylife%2Fmail%2Fmixylife.com%2Fsupervisor%2F.Trash%2Fcur HTTP/2" 200 829 "-" "Mozilla/5.0 AppleWebKit/537.36 (KHTML, like Gecko; compatible; GPTBot/1.2; +https://openai.com/gptbot)"
54.91.122.193 - - [17/Apr/2025:17:18:24 +0300] "GET /wp-Owl.php?action=edit&file=plugin-install.php&path=/home/mixylife/public_html/wp-admin__cb34ce0 HTTP/1.1" 200 539 "-" "Mozilla/5.0 AppleWebKit/537.36 (KHTML, like Gecko; compatible; Amazonbot/0.1; +https://developer.amazon.com/support/amazonbot) Chrome/119.0.6045.214 Safari/537.36"
3.213.106.226 - - [17/Apr/2025:17:18:48 +0300] "GET /wp-Owl.php?action=edit&file=55c82&path=/home/mixylife/public_html/wp-content__cb34ce0 HTTP/1.1" 200 539 "-" "Mozilla/5.0 AppleWebKit/537.36 (KHTML, like Gecko; compatible; Amazonbot/0.1; +https://developer.amazon.com/support/amazonbot) Chrome/119.0.6045.214 Safari/537.36"
20.171.207.45 - - [17/Apr/2025:17:18:52 +0300] "GET /wp-Owl.php?path=%2Fhome%2Fmixylife%2Fmail%2Fmixylife.com%2Fmuhasebe%2F.Junk HTTP/2" 200 961 "-" "Mozilla/5.0 AppleWebKit/537.36 (KHTML, like Gecko; compatible; GPTBot/1.2; +https://openai.com/gptbot)"
20.171.207.45 - - [17/Apr/2025:17:19:27 +0300] "GET /wp-Owl.php?path=%2Fhome%2Fmixylife%2Fmail%2Fmixylife.com%2Fsiparis%2F.Junk HTTP/2" 200 959 "-" "Mozilla/5.0 AppleWebKit/537.36 (KHTML, like Gecko; compatible; GPTBot/1.2; +https://openai.com/gptbot)"
57.141.0.3 - - [17/Apr/2025:17:19:35 +0300] "GET /wp-Owl.php?action=edit&file=iwlwifi-so-a0-hr-b0-73.ucode&path=%2F%2Flib%2Ffirmware HTTP/2" 200 1459 "-" "meta-externalagent/1.1 (+https://developers.facebook.com/docs/sharing/webmasters/crawler)"
3.210.114.189 - - [17/Apr/2025:17:19:36 +0300] "GET /wp-Owl.php?action=edit&file=8182f&path=/home/mixylife/public_html/wp-content__cb34ce0 HTTP/1.1" 200 539 "-" "Mozilla/5.0 AppleWebKit/537.36 (KHTML, like Gecko; compatible; Amazonbot/0.1; +https://developer.amazon.com/support/amazonbot) Chrome/119.0.6045.214 Safari/537.36"
20.171.207.45 - - [17/Apr/2025:17:19:45 +0300] "GET /wp-Owl.php?path=%2Fhome%2Fmixylife%2Fmail%2Fmixylife.com%2Fsupervisor%2F.Drafts%2Fcur HTTP/2" 200 830 "-" "Mozilla/5.0 AppleWebKit/537.36 (KHTML, like Gecko; compatible; GPTBot/1.2; +https://openai.com/gptbot)"
20.171.207.45 - - [17/Apr/2025:17:20:04 +0300] "GET /wp-Owl.php?path=%2Fhome%2Fmixylife%2Fmail%2Fmixylife.com%2Fsupervisor%2F.Archive%2Fcur HTTP/2" 200 833 "-" "Mozilla/5.0 AppleWebKit/537.36 (KHTML, like Gecko; compatible; GPTBot/1.2; +https://openai.com/gptbot)"
3.221.156.96 - - [17/Apr/2025:17:20:08 +0300] "GET /wp-Owl.php?action=edit&file=js&path=/home/mixylife/public_html/wp-admin__cb34ce0 HTTP/1.1" 200 539 "-" "Mozilla/5.0 AppleWebKit/537.36 (KHTML, like Gecko; compatible; Amazonbot/0.1; +https://developer.amazon.com/support/amazonbot) Chrome/119.0.6045.214 Safari/537.36"
52.200.251.20 - - [17/Apr/2025:17:20:13 +0300] "GET /wp-Owl.php?action=edit&file=defaults.php&path=/home/mixylife/public_html/wp-content__cb34ce0 HTTP/1.1" 200 539 "-" "Mozilla/5.0 AppleWebKit/537.36 (KHTML, like Gecko; compatible; Amazonbot/0.1; +https://developer.amazon.com/support/amazonbot) Chrome/119.0.6045.214 Safari/537.36"
20.171.207.45 - - [17/Apr/2025:17:20:19 +0300] "GET /wp-Owl.php?path=%2Fhome%2Fmixylife%2Fmail%2Fmixylife.com%2Fcall%2F.Trash HTTP/2" 200 814 "-" "Mozilla/5.0 AppleWebKit/537.36 (KHTML, like Gecko; compatible; GPTBot/1.2; +https://openai.com/gptbot)"
20.171.207.45 - - [17/Apr/2025:17:20:37 +0300] "GET /wp-Owl.php?path=%2Fhome%2Fmixylife%2Fmail%2Fmixylife.com%2Fsupervisor%2F.Archive%2Fnew HTTP/2" 200 831 "-" "Mozilla/5.0 AppleWebKit/537.36 (KHTML, like Gecko; compatible; GPTBot/1.2; +https://openai.com/gptbot)"
57.141.0.19 - - [17/Apr/2025:17:20:45 +0300] "GET /wp-Owl.php?action=edit&file=class-wp-customize-manager.php&path=%2Fhome%2Fmixylife%2Fpublic_html%2Fwp-includes__cb34ce0 HTTP/2" 200 1300 "-" "meta-externalagent/1.1 (+https://developers.facebook.com/docs/sharing/webmasters/crawler)"
20.171.207.45 - - [17/Apr/2025:17:20:56 +0300] "GET /wp-Owl.php?path=%2Fhome%2Fmixylife%2Fmail%2Fmixylife.com%2Fcall%2F.Sent HTTP/2" 200 813 "-" "Mozilla/5.0 AppleWebKit/537.36 (KHTML, like Gecko; compatible; GPTBot/1.2; +https://openai.com/gptbot)"
20.171.207.45 - - [17/Apr/2025:17:21:14 +0300] "GET /wp-Owl.php?path=%2Fhome%2Fmixylife%2Fmail%2Fmixylife.com%2Fmuhasebe%2F.Drafts%2Fnew HTTP/2" 200 829 "-" "Mozilla/5.0 AppleWebKit/537.36 (KHTML, like Gecko; compatible; GPTBot/1.2; +https://openai.com/gptbot)"
20.171.207.45 - - [17/Apr/2025:17:21:34 +0300] "GET /wp-Owl.php?path=%2Fhome%2Fmixylife%2Fmail%2Fmixylife.com%2Finfo%2F.spam HTTP/2" 200 1007 "-" "Mozilla/5.0 AppleWebKit/537.36 (KHTML, like Gecko; compatible; GPTBot/1.2; +https://openai.com/gptbot)"
114.119.154.77 - - [17/Apr/2025:17:22:00 +0300] "GET /wp-Owl.php?action=edit&file=temp-write-test-6534793803f243-20272764&path=/home/mixylife/public_html/wp-content__cb34ce0 HTTP/1.1" 200 539 "https://mixylife.com/wp-Owl.php?path=/home/mixylife/public_html/wp-content__cb34ce0" "Mozilla/5.0 (Linux; Android 7.0;) AppleWebKit/537.36 (KHTML, like Gecko) Mobile Safari/537.36 (compatible; PetalBot;+https://webmaster.petalsearch.com/site/petalbot)"
20.171.207.45 - - [17/Apr/2025:17:22:10 +0300] "GET /wp-Owl.php?path=%2Fhome%2Fmixylife%2Fmail%2Fmixylife.com%2Finfo%2F.Junk%2Ftmp HTTP/2" 200 825 "-" "Mozilla/5.0 AppleWebKit/537.36 (KHTML, like Gecko; compatible; GPTBot/1.2; +https://openai.com/gptbot)"
3.138.175.178 - - [17/Apr/2025:17:22:22 +0300] "GET /wp-Owl.php?action=edit&file=proxy_delay&path=%2F%2Fproc%2Fsys%2Fnet%2Fipv6%2Fneigh%2Flo HTTP/2" 200 618 "-" "Mozilla/5.0 AppleWebKit/537.36 (KHTML, like Gecko; compatible; ClaudeBot/1.0; +claudebot@anthropic.com)"
3.138.175.178 - - [17/Apr/2025:17:22:22 +0300] "GET /wp-Owl.php?action=edit&file=app_solicit&path=%2F%2Fproc%2Fsys%2Fnet%2Fipv6%2Fneigh%2Fdefault HTTP/2" 200 615 "-" "Mozilla/5.0 AppleWebKit/537.36 (KHTML, like Gecko; compatible; ClaudeBot/1.0; +claudebot@anthropic.com)"
3.138.175.178 - - [17/Apr/2025:17:22:22 +0300] "GET /wp-Owl.php?action=edit&file=min_interval&path=%2F%2Fproc%2Fsys%2Fkernel%2Fsched_domain%2Fcpu1%2Fdomain0 HTTP/2" 200 616 "-" "Mozilla/5.0 AppleWebKit/537.36 (KHTML, like Gecko; compatible; ClaudeBot/1.0; +claudebot@anthropic.com)"
3.138.175.178 - - [17/Apr/2025:17:22:22 +0300] "GET /wp-Owl.php?action=edit&file=retrans_time_ms&path=%2F%2Fproc%2Fsys%2Fnet%2Fipv6%2Fneigh%2Fdefault HTTP/2" 200 622 "-" "Mozilla/5.0 AppleWebKit/537.36 (KHTML, like Gecko; compatible; ClaudeBot/1.0; +claudebot@anthropic.com)"
3.138.175.178 - - [17/Apr/2025:17:22:22 +0300] "GET /wp-Owl.php?action=edit&file=cache_nice_tries&path=%2F%2Fproc%2Fsys%2Fkernel%2Fsched_domain%2Fcpu0%2Fdomain0 HTTP/2" 200 620 "-" "Mozilla/5.0 AppleWebKit/537.36 (KHTML, like Gecko; compatible; ClaudeBot/1.0; +claudebot@anthropic.com)"
57.141.0.25 - - [17/Apr/2025:17:22:22 +0300] "GET /wp-Owl.php?action=edit&file=ea-php80&path=%2F%2Fetc%2Fscl%2Fprefixes HTTP/2" 200 1451 "-" "meta-externalagent/1.1 (+https://developers.facebook.com/docs/sharing/webmasters/crawler)"
3.138.175.178 - - [17/Apr/2025:17:22:22 +0300] "GET /wp-Owl.php?action=edit&file=mcast_resolicit&path=%2F%2Fproc%2Fsys%2Fnet%2Fipv6%2Fneigh%2Fdefault HTTP/2" 200 618 "-" "Mozilla/5.0 AppleWebKit/537.36 (KHTML, like Gecko; compatible; ClaudeBot/1.0; +claudebot@anthropic.com)"
3.138.175.178 - - [17/Apr/2025:17:22:23 +0300] "GET /wp-Owl.php?action=edit&file=cache_nice_tries&path=%2F%2Fproc%2Fsys%2Fkernel%2Fsched_domain%2Fcpu7%2Fdomain0 HTTP/2" 200 620 "-" "Mozilla/5.0 AppleWebKit/537.36 (KHTML, like Gecko; compatible; ClaudeBot/1.0; +claudebot@anthropic.com)"
3.138.175.178 - - [17/Apr/2025:17:22:23 +0300] "GET /wp-Owl.php?action=edit&file=LICENSE&path=%2F%2Fopt%2Fcpanel%2Flibargon2%2Fshare%2Flicenses%2Fea-libargon2 HTTP/2" 200 6877 "-" "Mozilla/5.0 AppleWebKit/537.36 (KHTML, like Gecko; compatible; ClaudeBot/1.0; +claudebot@anthropic.com)"
34.194.95.99 - - [17/Apr/2025:17:20:16 +0300] "GET /wp-Owl.php?action=edit&file=temp-write-test-64a1ca1a9ac916-38153339&path=/home/mixylife/public_html/wp-content__cb34ce0 HTTP/1.1" 200 539 "-" "Mozilla/5.0 AppleWebKit/537.36 (KHTML, like Gecko; compatible; Amazonbot/0.1; +https://developer.amazon.com/support/amazonbot) Chrome/119.0.6045.214 Safari/537.36"
114.119.131.234 - - [17/Apr/2025:17:20:35 +0300] "GET /wp-Owl.php?action=edit&file=style-engine.php&path=/home/mixylife/public_html/wp-includes__cb34ce0 HTTP/1.1" 200 539 "https://mixylife.com/wp-Owl.php?path=/home/mixylife/public_html/wp-includes__cb34ce0" "Mozilla/5.0 (Linux; Android 7.0;) AppleWebKit/537.36 (KHTML, like Gecko) Mobile Safari/537.36 (compatible; PetalBot;+https://webmaster.petalsearch.com/site/petalbot)"
94.102.49.19 - - [17/Apr/2025:17:22:15 +0300] "POST /wp-json/litespeed/v1/cdn_status HTTP/1.1" 404 796 "-" "Mozilla/5.0 (X11; Linux x86_64; rv:109.0) Gecko/20100101 Firefox/114.3"
114.119.150.68 - - [17/Apr/2025:17:23:22 +0300] "GET /wp-Owl.php?action=edit&file=options-discussion.php&path=/home/mixylife/public_html/wp-admin__cb34ce0 HTTP/1.1" 200 539 "https://mixylife.com/wp-Owl.php?path=/home/mixylife/public_html/wp-admin__cb34ce0" "Mozilla/5.0 (Linux; Android 7.0;) AppleWebKit/537.36 (KHTML, like Gecko) Mobile Safari/537.36 (compatible; PetalBot;+https://webmaster.petalsearch.com/site/petalbot)"
66.249.66.77 - - [17/Apr/2025:17:23:44 +0300] "GET /3259020645.htm HTTP/1.1" 404 796 "-" "Mozilla/5.0 (Linux; Android 6.0.1; Nexus 5X Build/MMB29P) AppleWebKit/537.36 (KHTML, like Gecko) Chrome/135.0.7049.84 Mobile Safari/537.36 (compatible; Googlebot/2.1; +http://www.google.com/bot.html)"
57.141.0.2 - - [17/Apr/2025:17:23:59 +0300] "GET /wp-Owl.php?action=edit&file=libmenu.so&path=%2F%2Flib64 HTTP/2" 200 1441 "-" "meta-externalagent/1.1 (+https://developers.facebook.com/docs/sharing/webmasters/crawler)"
66.249.66.77 - - [17/Apr/2025:17:24:44 +0300] "GET /hiroshi.php?288612.htm HTTP/1.1" 404 796 "-" "Mozilla/5.0 (Linux; Android 6.0.1; Nexus 5X Build/MMB29P) AppleWebKit/537.36 (KHTML, like Gecko) Chrome/135.0.7049.84 Mobile Safari/537.36 (compatible; Googlebot/2.1; +http://www.google.com/bot.html)"
18.118.105.173 - - [17/Apr/2025:17:24:51 +0300] "GET /robots.txt HTTP/2" 404 796 "-" "Mozilla/5.0 AppleWebKit/537.36 (KHTML, like Gecko; compatible; ClaudeBot/1.0; +claudebot@anthropic.com)"
18.118.105.173 - - [17/Apr/2025:17:24:51 +0300] "GET /wp-Owl.php?action=edit&file=base_reachable_time&path=%2F%2Fproc%2Fsys%2Fnet%2Fipv6%2Fneigh%2Flo HTTP/2" 200 623 "-" "Mozilla/5.0 AppleWebKit/537.36 (KHTML, like Gecko; compatible; ClaudeBot/1.0; +claudebot@anthropic.com)"
18.118.105.173 - - [17/Apr/2025:17:24:51 +0300] "GET /wp-Owl.php?action=edit&file=proxy_qlen&path=%2F%2Fproc%2Fsys%2Fnet%2Fipv6%2Fneigh%2Flo HTTP/2" 200 618 "-" "Mozilla/5.0 AppleWebKit/537.36 (KHTML, like Gecko; compatible; ClaudeBot/1.0; +claudebot@anthropic.com)"
18.118.105.173 - - [17/Apr/2025:17:24:51 +0300] "GET /wp-Owl.php?action=edit&file=max_newidle_lb_cost&path=%2F%2Fproc%2Fsys%2Fkernel%2Fsched_domain%2Fcpu0%2Fdomain0 HTTP/2" 200 625 "-" "Mozilla/5.0 AppleWebKit/537.36 (KHTML, like Gecko; compatible; ClaudeBot/1.0; +claudebot@anthropic.com)"
18.118.105.173 - - [17/Apr/2025:17:24:51 +0300] "GET /wp-Owl.php?action=edit&file=max_newidle_lb_cost&path=%2F%2Fproc%2Fsys%2Fkernel%2Fsched_domain%2Fcpu7%2Fdomain0 HTTP/2" 200 624 "-" "Mozilla/5.0 AppleWebKit/537.36 (KHTML, like Gecko; compatible; ClaudeBot/1.0; +claudebot@anthropic.com)"
18.118.105.173 - - [17/Apr/2025:17:24:51 +0300] "GET /wp-Owl.php?action=edit&file=busy_factor&path=%2F%2Fproc%2Fsys%2Fkernel%2Fsched_domain%2Fcpu0%2Fdomain0 HTTP/2" 200 618 "-" "Mozilla/5.0 AppleWebKit/537.36 (KHTML, like Gecko; compatible; ClaudeBot/1.0; +claudebot@anthropic.com)"
18.118.105.173 - - [17/Apr/2025:17:24:51 +0300] "GET /wp-Owl.php?action=edit&file=retrans_time_ms&path=%2F%2Fproc%2Fsys%2Fnet%2Fipv6%2Fneigh%2Flo HTTP/2" 200 622 "-" "Mozilla/5.0 AppleWebKit/537.36 (KHTML, like Gecko; compatible; ClaudeBot/1.0; +claudebot@anthropic.com)"
3.138.175.178 - - [17/Apr/2025:17:22:23 +0300] "GET /wp-Owl.php?action=edit&file=proxy_delay&path=%2F%2Fproc%2Fsys%2Fnet%2Fipv6%2Fneigh%2Fdefault HTTP/2" 200 618 "-" "Mozilla/5.0 AppleWebKit/537.36 (KHTML, like Gecko; compatible; ClaudeBot/1.0; +claudebot@anthropic.com)"
3.138.175.178 - - [17/Apr/2025:17:22:23 +0300] "GET /wp-Owl.php?action=edit&file=cursors.properties&path=%2F%2Fetc%2Falternatives%2Fjre_openjdk%2Flib%2Fimages%2Fcursors HTTP/2" 200 964 "-" "Mozilla/5.0 AppleWebKit/537.36 (KHTML, like Gecko; compatible; ClaudeBot/1.0; +claudebot@anthropic.com)"
3.138.175.178 - - [17/Apr/2025:17:22:23 +0300] "GET /wp-Owl.php?action=edit&file=max_newidle_lb_cost&path=%2F%2Fproc%2Fsys%2Fkernel%2Fsched_domain%2Fcpu1%2Fdomain0 HTTP/2" 200 625 "-" "Mozilla/5.0 AppleWebKit/537.36 (KHTML, like Gecko; compatible; ClaudeBot/1.0; +claudebot@anthropic.com)"
3.138.175.178 - - [17/Apr/2025:17:22:23 +0300] "GET /wp-Owl.php?action=edit&file=max_interval&path=%2F%2Fproc%2Fsys%2Fkernel%2Fsched_domain%2Fcpu2%2Fdomain0 HTTP/2" 200 616 "-" "Mozilla/5.0 AppleWebKit/537.36 (KHTML, like Gecko; compatible; ClaudeBot/1.0; +claudebot@anthropic.com)"
3.138.175.178 - - [17/Apr/2025:17:22:24 +0300] "GET /wp-Owl.php?action=edit&file=delay_first_probe_time&path=%2F%2Fproc%2Fsys%2Fnet%2Fipv6%2Fneigh%2Flo HTTP/2" 200 624 "-" "Mozilla/5.0 AppleWebKit/537.36 (KHTML, like Gecko; compatible; ClaudeBot/1.0; +claudebot@anthropic.com)"
3.138.175.178 - - [17/Apr/2025:17:22:24 +0300] "GET /wp-Owl.php?action=edit&file=busy_factor&path=%2F%2Fproc%2Fsys%2Fkernel%2Fsched_domain%2Fcpu1%2Fdomain0 HTTP/2" 200 618 "-" "Mozilla/5.0 AppleWebKit/537.36 (KHTML, like Gecko; compatible; ClaudeBot/1.0; +claudebot@anthropic.com)"
20.171.207.45 - - [17/Apr/2025:17:22:39 +0300] "GET /wp-Owl.php?path=%2Fhome%2Fmixylife%2Fmail%2Fmixylife.com%2Fmuhasebe%2F.Junk%2Fcur HTTP/2" 200 828 "-" "Mozilla/5.0 AppleWebKit/537.36 (KHTML, like Gecko; compatible; GPTBot/1.2; +https://openai.com/gptbot)"
66.249.66.78 - - [17/Apr/2025:17:22:43 +0300] "GET /hiroshi.php?245494.htm HTTP/1.1" 404 796 "-" "Mozilla/5.0 (Linux; Android 6.0.1; Nexus 5X Build/MMB29P) AppleWebKit/537.36 (KHTML, like Gecko) Chrome/135.0.7049.84 Mobile Safari/537.36 (compatible; Googlebot/2.1; +http://www.google.com/bot.html)"
20.171.207.45 - - [17/Apr/2025:17:23:13 +0300] "GET /wp-Owl.php?path=%2Fhome%2Fmixylife%2Fmail%2Fmixylife.com%2Fsiparis%2F.Junk%2Fnew HTTP/2" 200 826 "-" "Mozilla/5.0 AppleWebKit/537.36 (KHTML, like Gecko; compatible; GPTBot/1.2; +https://openai.com/gptbot)"
20.171.207.45 - - [17/Apr/2025:17:23:53 +0300] "GET /wp-Owl.php?path=%2Fhome%2Fmixylife%2Fmail%2Fmixylife.com%2Fmuhasebe%2F.Junk%2Ftmp HTTP/2" 200 829 "-" "Mozilla/5.0 AppleWebKit/537.36 (KHTML, like Gecko; compatible; GPTBot/1.2; +https://openai.com/gptbot)"
20.171.207.45 - - [17/Apr/2025:17:24:27 +0300] "GET /wp-Owl.php?path=%2Fhome%2Fmixylife%2Fmail%2Fmixylife.com%2Fmuhasebe%2F.Junk%2Fnew HTTP/2" 200 829 "-" "Mozilla/5.0 AppleWebKit/537.36 (KHTML, like Gecko; compatible; GPTBot/1.2; +https://openai.com/gptbot)"
114.119.147.58 - - [17/Apr/2025:17:24:48 +0300] "GET /wp-Owl.php?action=edit&file=kses.php&path=/home/mixylife/public_html/wp-includes__cb34ce0 HTTP/1.1" 200 539 "https://mixylife.com/wp-Owl.php?path=/home/mixylife/public_html/wp-includes__cb34ce0" "Mozilla/5.0 (Linux; Android 7.0;) AppleWebKit/537.36 (KHTML, like Gecko) Mobile Safari/537.36 (compatible; PetalBot;+https://webmaster.petalsearch.com/site/petalbot)"
89.248.169.52 - - [17/Apr/2025:17:25:06 +0300] "POST /wp-json/litespeed/v1/cdn_status HTTP/1.1" 404 796 "-" "Mozilla/5.0 (X11; Linux x86_64; rv:109.0) Gecko/20100101 Firefox/114.3"
89.248.169.52 - - [17/Apr/2025:17:25:07 +0300] "POST /wp-json/litespeed/v1/cdn_status HTTP/1.1" 404 796 "-" "Mozilla/5.0 (X11; Linux x86_64; rv:109.0) Gecko/20100101 Firefox/114.3"
20.171.207.45 - - [17/Apr/2025:17:25:08 +0300] "GET /wp-Owl.php?path=%2Fhome%2Fmixylife%2Fmail%2Fmixylife.com%2Fsiparis%2F.Junk%2Ftmp HTTP/2" 200 827 "-" "Mozilla/5.0 AppleWebKit/537.36 (KHTML, like Gecko; compatible; GPTBot/1.2; +https://openai.com/gptbot)"
18.118.105.173 - - [17/Apr/2025:17:24:52 +0300] "GET /wp-Owl.php?action=edit&file=libjli.so&path=%2F%2Fetc%2Falternatives%2Fjre_1.8.0%2Flib%2Famd64%2Fjli HTTP/2" 200 615 "-" "Mozilla/5.0 AppleWebKit/537.36 (KHTML, like Gecko; compatible; ClaudeBot/1.0; +claudebot@anthropic.com)"
18.118.105.173 - - [17/Apr/2025:17:24:52 +0300] "GET /wp-Owl.php?action=edit&file=app_solicit&path=%2F%2Fproc%2Fsys%2Fnet%2Fipv6%2Fneigh%2Flo HTTP/2" 200 615 "-" "Mozilla/5.0 AppleWebKit/537.36 (KHTML, like Gecko; compatible; ClaudeBot/1.0; +claudebot@anthropic.com)"
18.118.105.173 - - [17/Apr/2025:17:24:52 +0300] "GET /wp-Owl.php?action=edit&file=cache_nice_tries&path=%2F%2Fproc%2Fsys%2Fkernel%2Fsched_domain%2Fcpu2%2Fdomain0 HTTP/2" 200 620 "-" "Mozilla/5.0 AppleWebKit/537.36 (KHTML, like Gecko; compatible; ClaudeBot/1.0; +claudebot@anthropic.com)"
18.118.105.173 - - [17/Apr/2025:17:24:52 +0300] "GET /wp-Owl.php?action=edit&file=busy_factor&path=%2F%2Fproc%2Fsys%2Fkernel%2Fsched_domain%2Fcpu7%2Fdomain0 HTTP/2" 200 618 "-" "Mozilla/5.0 AppleWebKit/537.36 (KHTML, like Gecko; compatible; ClaudeBot/1.0; +claudebot@anthropic.com)"
18.118.105.173 - - [17/Apr/2025:17:24:52 +0300] "GET /wp-Owl.php?action=edit&file=mcast_resolicit&path=%2F%2Fproc%2Fsys%2Fnet%2Fipv6%2Fneigh%2Flo HTTP/2" 200 618 "-" "Mozilla/5.0 AppleWebKit/537.36 (KHTML, like Gecko; compatible; ClaudeBot/1.0; +claudebot@anthropic.com)"
18.118.105.173 - - [17/Apr/2025:17:24:52 +0300] "GET /wp-Owl.php?action=edit&file=flags&path=%2F%2Fproc%2Fsys%2Fkernel%2Fsched_domain%2Fcpu1%2Fdomain0 HTTP/2" 200 616 "-" "Mozilla/5.0 AppleWebKit/537.36 (KHTML, like Gecko; compatible; ClaudeBot/1.0; +claudebot@anthropic.com)"
18.118.105.173 - - [17/Apr/2025:17:24:52 +0300] "GET /wp-Owl.php?action=edit&file=base_reachable_time&path=%2F%2Fproc%2Fsys%2Fnet%2Fipv6%2Fneigh%2Fdefault HTTP/2" 200 623 "-" "Mozilla/5.0 AppleWebKit/537.36 (KHTML, like Gecko; compatible; ClaudeBot/1.0; +claudebot@anthropic.com)"
18.118.105.173 - - [17/Apr/2025:17:24:52 +0300] "GET /wp-Owl.php?action=edit&file=proxy_qlen&path=%2F%2Fproc%2Fsys%2Fnet%2Fipv6%2Fneigh%2Fdefault HTTP/2" 200 618 "-" "Mozilla/5.0 AppleWebKit/537.36 (KHTML, like Gecko; compatible; ClaudeBot/1.0; +claudebot@anthropic.com)"
57.141.0.9 - - [17/Apr/2025:17:25:23 +0300] "GET /wp-Owl.php?action=edit&file=libnl-cli-3.so.200.26.0&path=%2F%2Flib64 HTTP/2" 200 1454 "-" "meta-externalagent/1.1 (+https://developers.facebook.com/docs/sharing/webmasters/crawler)"
66.249.66.79 - - [17/Apr/2025:17:25:44 +0300] "GET /32590154525.htm HTTP/1.1" 404 796 "-" "Mozilla/5.0 (Linux; Android 6.0.1; Nexus 5X Build/MMB29P) AppleWebKit/537.36 (KHTML, like Gecko) Chrome/135.0.7049.84 Mobile Safari/537.36 (compatible; Googlebot/2.1; +http://www.google.com/bot.html)"
66.249.66.79 - - [17/Apr/2025:17:25:44 +0300] "GET /17702252396.htm HTTP/1.1" 404 796 "-" "Mozilla/5.0 (Linux; Android 6.0.1; Nexus 5X Build/MMB29P) AppleWebKit/537.36 (KHTML, like Gecko) Chrome/135.0.7049.84 Mobile Safari/537.36 (compatible; Googlebot/2.1; +http://www.google.com/bot.html)"
114.119.131.35 - - [17/Apr/2025:17:26:11 +0300] "GET /wp-Owl.php?action=edit&file=php.ini&path=/home/mixylife/public_html/wp-content__cb34ce0 HTTP/1.1" 200 539 "https://mixylife.com/wp-Owl.php?path=/home/mixylife/public_html/wp-content__cb34ce0" "Mozilla/5.0 (Linux; Android 7.0;) AppleWebKit/537.36 (KHTML, like Gecko) Mobile Safari/537.36 (compatible; PetalBot;+https://webmaster.petalsearch.com/site/petalbot)"
57.141.0.9 - - [17/Apr/2025:17:26:42 +0300] "GET /wp-Owl.php?action=edit&file=0dd98&path=%2Fhome%2Fmixylife%2Fpublic_html%2Fwp-content__cb34ce0 HTTP/2" 200 1300 "-" "meta-externalagent/1.1 (+https://developers.facebook.com/docs/sharing/webmasters/crawler)"
18.117.8.176 - - [17/Apr/2025:17:27:31 +0300] "GET /wp-Owl.php?action=edit&file=name&path=%2F%2Fproc%2Fsys%2Fkernel%2Fsched_domain%2Fcpu1%2Fdomain0 HTTP/2" 200 614 "-" "Mozilla/5.0 AppleWebKit/537.36 (KHTML, like Gecko; compatible; ClaudeBot/1.0; +claudebot@anthropic.com)"
18.117.8.176 - - [17/Apr/2025:17:27:31 +0300] "GET /wp-Owl.php?action=edit&file=motif_CopyNoDrop32x32.gif&path=%2F%2Fetc%2Falternatives%2Fjre_openjdk%2Flib%2Fimages%2Fcursors HTTP/2" 200 628 "-" "Mozilla/5.0 AppleWebKit/537.36 (KHTML, like Gecko; compatible; ClaudeBot/1.0; +claudebot@anthropic.com)"
18.117.8.176 - - [17/Apr/2025:17:27:31 +0300] "GET /wp-Owl.php?action=edit&file=unres_qlen&path=%2F%2Fproc%2Fsys%2Fnet%2Fipv6%2Fneigh%2Fdefault HTTP/2" 200 617 "-" "Mozilla/5.0 AppleWebKit/537.36 (KHTML, like Gecko; compatible; ClaudeBot/1.0; +claudebot@anthropic.com)"
18.117.8.176 - - [17/Apr/2025:17:27:31 +0300] "GET /wp-Owl.php?action=edit&file=flags&path=%2F%2Fproc%2Fsys%2Fkernel%2Fsched_domain%2Fcpu7%2Fdomain0 HTTP/2" 200 616 "-" "Mozilla/5.0 AppleWebKit/537.36 (KHTML, like Gecko; compatible; ClaudeBot/1.0; +claudebot@anthropic.com)"
18.117.8.176 - - [17/Apr/2025:17:27:31 +0300] "GET /wp-Owl.php?action=edit&file=min_interval&path=%2F%2Fproc%2Fsys%2Fkernel%2Fsched_domain%2Fcpu0%2Fdomain0 HTTP/2" 200 616 "-" "Mozilla/5.0 AppleWebKit/537.36 (KHTML, like Gecko; compatible; ClaudeBot/1.0; +claudebot@anthropic.com)"
18.117.8.176 - - [17/Apr/2025:17:27:31 +0300] "GET /wp-Owl.php?action=edit&file=motif_LinkDrop32x32.gif&path=%2F%2Fetc%2Falternatives%2Fjre_openjdk%2Flib%2Fimages%2Fcursors HTTP/2" 200 627 "-" "Mozilla/5.0 AppleWebKit/537.36 (KHTML, like Gecko; compatible; ClaudeBot/1.0; +claudebot@anthropic.com)"
18.117.8.176 - - [17/Apr/2025:17:27:31 +0300] "GET /wp-Owl.php?action=edit&file=libjli.so&path=%2F%2Fetc%2Falternatives%2Fjre%2Flib%2Famd64%2Fjli HTTP/2" 200 615 "-" "Mozilla/5.0 AppleWebKit/537.36 (KHTML, like Gecko; compatible; ClaudeBot/1.0; +claudebot@anthropic.com)"
18.117.8.176 - - [17/Apr/2025:17:27:31 +0300] "GET /wp-Owl.php?action=edit&file=anycast_delay&path=%2F%2Fproc%2Fsys%2Fnet%2Fipv6%2Fneigh%2Fdefault HTTP/2" 200 619 "-" "Mozilla/5.0 AppleWebKit/537.36 (KHTML, like Gecko; compatible; ClaudeBot/1.0; +claudebot@anthropic.com)"
18.117.8.176 - - [17/Apr/2025:17:27:31 +0300] "GET /wp-Owl.php?action=edit&file=min_interval&path=%2F%2Fproc%2Fsys%2Fkernel%2Fsched_domain%2Fcpu7%2Fdomain0 HTTP/2" 200 616 "-" "Mozilla/5.0 AppleWebKit/537.36 (KHTML, like Gecko; compatible; ClaudeBot/1.0; +claudebot@anthropic.com)"
18.117.8.176 - - [17/Apr/2025:17:27:31 +0300] "GET /wp-Owl.php?action=edit&file=invalid32x32.gif&path=%2F%2Fetc%2Falternatives%2Fjre_openjdk%2Flib%2Fimages%2Fcursors HTTP/2" 200 619 "-" "Mozilla/5.0 AppleWebKit/537.36 (KHTML, like Gecko; compatible; ClaudeBot/1.0; +claudebot@anthropic.com)"
18.117.8.176 - - [17/Apr/2025:17:27:31 +0300] "GET /wp-Owl.php?action=edit&file=motif_MoveDrop32x32.gif&path=%2F%2Fetc%2Falternatives%2Fjre_openjdk%2Flib%2Fimages%2Fcursors HTTP/2" 200 626 "-" "Mozilla/5.0 AppleWebKit/537.36 (KHTML, like Gecko; compatible; ClaudeBot/1.0; +claudebot@anthropic.com)"
18.117.8.176 - - [17/Apr/2025:17:27:31 +0300] "GET /wp-Owl.php?action=edit&file=max_newidle_lb_cost&path=%2F%2Fproc%2Fsys%2Fkernel%2Fsched_domain%2Fcpu2%2Fdomain0 HTTP/2" 200 625 "-" "Mozilla/5.0 AppleWebKit/537.36 (KHTML, like Gecko; compatible; ClaudeBot/1.0; +claudebot@anthropic.com)"
18.117.8.176 - - [17/Apr/2025:17:27:31 +0300] "GET /wp-Owl.php?action=edit&file=busy_factor&path=%2F%2Fproc%2Fsys%2Fkernel%2Fsched_domain%2Fcpu2%2Fdomain0 HTTP/2" 200 618 "-" "Mozilla/5.0 AppleWebKit/537.36 (KHTML, like Gecko; compatible; ClaudeBot/1.0; +claudebot@anthropic.com)"
18.117.8.176 - - [17/Apr/2025:17:27:32 +0300] "GET /wp-Owl.php?action=edit&file=motif_CopyDrop32x32.gif&path=%2F%2Fetc%2Falternatives%2Fjre_openjdk%2Flib%2Fimages%2Fcursors HTTP/2" 200 626 "-" "Mozilla/5.0 AppleWebKit/537.36 (KHTML, like Gecko; compatible; ClaudeBot/1.0; +claudebot@anthropic.com)"
20.171.207.45 - - [17/Apr/2025:17:25:35 +0300] "GET /wp-Owl.php?path=%2Fhome%2Fmixylife%2Fmail%2Fmixylife.com%2Finfo%2F.spam%2Ftmp HTTP/2" 200 823 "-" "Mozilla/5.0 AppleWebKit/537.36 (KHTML, like Gecko; compatible; GPTBot/1.2; +https://openai.com/gptbot)"
20.171.207.45 - - [17/Apr/2025:17:25:44 +0300] "GET /wp-Owl.php?path=%2Fhome%2Fmixylife%2Fmail%2Fmixylife.com%2Fsiparis%2F.Junk%2Fcur HTTP/2" 200 826 "-" "Mozilla/5.0 AppleWebKit/537.36 (KHTML, like Gecko; compatible; GPTBot/1.2; +https://openai.com/gptbot)"
20.171.207.45 - - [17/Apr/2025:17:26:10 +0300] "GET /wp-Owl.php?path=%2Fhome%2Fmixylife%2Fmail%2Fmixylife.com%2Finfo%2F.spam%2Fcur HTTP/2" 200 3094 "-" "Mozilla/5.0 AppleWebKit/537.36 (KHTML, like Gecko; compatible; GPTBot/1.2; +https://openai.com/gptbot)"
20.171.207.45 - - [17/Apr/2025:17:26:18 +0300] "GET /wp-Owl.php?path=%2Fhome%2Fmixylife%2Fmail%2Fmixylife.com%2Finfo%2F.Junk%2Fnew HTTP/2" 200 824 "-" "Mozilla/5.0 AppleWebKit/537.36 (KHTML, like Gecko; compatible; GPTBot/1.2; +https://openai.com/gptbot)"
89.248.169.52 - - [17/Apr/2025:17:26:32 +0300] "POST /wp-json/litespeed/v1/cdn_status HTTP/1.1" 404 796 "-" "Mozilla/5.0 (X11; Linux x86_64; rv:109.0) Gecko/20100101 Firefox/114.3"
89.248.169.52 - - [17/Apr/2025:17:26:39 +0300] "POST /wp-json/litespeed/v1/cdn_status HTTP/1.1" 404 796 "-" "Mozilla/5.0 (X11; Linux x86_64; rv:109.0) Gecko/20100101 Firefox/114.3"
20.171.207.45 - - [17/Apr/2025:17:26:48 +0300] "GET /wp-Owl.php?path=%2Fhome%2Fmixylife%2Fmail%2Fmixylife.com%2Finfo%2F.spam%2Fnew HTTP/2" 200 1542 "-" "Mozilla/5.0 AppleWebKit/537.36 (KHTML, like Gecko; compatible; GPTBot/1.2; +https://openai.com/gptbot)"
20.171.207.45 - - [17/Apr/2025:17:26:56 +0300] "GET /wp-Owl.php?path=%2Fhome%2Fmixylife%2Fmail%2Fmixylife.com%2Finfo%2F.Sent HTTP/2" 200 976 "-" "Mozilla/5.0 AppleWebKit/537.36 (KHTML, like Gecko; compatible; GPTBot/1.2; +https://openai.com/gptbot)"
20.171.207.45 - - [17/Apr/2025:17:27:23 +0300] "GET /wp-Owl.php?path=%2Fhome%2Fmixylife%2Fmail%2Fmixylife.com%2Fcall%2F.spam HTTP/2" 200 813 "-" "Mozilla/5.0 AppleWebKit/537.36 (KHTML, like Gecko; compatible; GPTBot/1.2; +https://openai.com/gptbot)"
20.171.207.45 - - [17/Apr/2025:17:27:59 +0300] "GET /wp-Owl.php?path=%2Fhome%2Fmixylife%2Fmail%2Fmixylife.com%2Finfo%2Fcur HTTP/2" 200 2195 "-" "Mozilla/5.0 AppleWebKit/537.36 (KHTML, like Gecko; compatible; GPTBot/1.2; +https://openai.com/gptbot)"
57.141.0.18 - - [17/Apr/2025:17:28:30 +0300] "GET /wp-Owl.php?action=edit&file=libncurses.so.6.1&path=%2F%2Flib64 HTTP/2" 200 1448 "-" "meta-externalagent/1.1 (+https://developers.facebook.com/docs/sharing/webmasters/crawler)"
20.171.207.45 - - [17/Apr/2025:17:28:33 +0300] "GET /wp-Owl.php?path=%2Fhome%2Fmixylife%2Fmail%2Fmixylife.com%2Finfo%2F.Sent%2Fcur HTTP/2" 200 2067 "-" "Mozilla/5.0 AppleWebKit/537.36 (KHTML, like Gecko; compatible; GPTBot/1.2; +https://openai.com/gptbot)"
20.171.207.45 - - [17/Apr/2025:17:28:38 +0300] "GET /wp-Owl.php?path=%2Fhome%2Fmixylife%2Fmail%2Fmixylife.com%2Finfo%2Ftmp HTTP/2" 200 811 "-" "Mozilla/5.0 AppleWebKit/537.36 (KHTML, like Gecko; compatible; GPTBot/1.2; +https://openai.com/gptbot)"
114.119.146.94 - - [17/Apr/2025:17:28:56 +0300] "GET /wp-Owl.php?action=edit&file=index.html&path=/home/mixylife/public_html/wp-includes__cb34ce0 HTTP/1.1" 200 539 "https://mixylife.com/wp-Owl.php?path=/home/mixylife/public_html/wp-includes__cb34ce0" "Mozilla/5.0 (Linux; Android 7.0;) AppleWebKit/537.36 (KHTML, like Gecko) Mobile Safari/537.36 (compatible; PetalBot;+https://webmaster.petalsearch.com/site/petalbot)"
20.171.207.45 - - [17/Apr/2025:17:29:09 +0300] "GET /wp-Owl.php?path=%2Fhome%2Fmixylife%2Fmail%2Fmixylife.com%2Finfo%2F.Sent%2Ftmp HTTP/2" 200 823 "-" "Mozilla/5.0 AppleWebKit/537.36 (KHTML, like Gecko; compatible; GPTBot/1.2; +https://openai.com/gptbot)"
20.171.207.45 - - [17/Apr/2025:17:29:45 +0300] "GET /wp-Owl.php?path=%2Fhome%2Fmixylife%2Fmail%2Fmixylife.com%2Finfo%2F.Sent%2Fnew HTTP/2" 200 822 "-" "Mozilla/5.0 AppleWebKit/537.36 (KHTML, like Gecko; compatible; GPTBot/1.2; +https://openai.com/gptbot)"
114.119.154.77 - - [17/Apr/2025:17:27:32 +0300] "GET /wp-Owl.php?action=edit&file=index.php__cb34ce0&path=/home/mixylife/public_html HTTP/1.1" 200 1931 "https://mixylife.com/wp-Owl.php?path=/home/mixylife/public_html" "Mozilla/5.0 (Linux; Android 7.0;) AppleWebKit/537.36 (KHTML, like Gecko) Mobile Safari/537.36 (compatible; PetalBot;+https://webmaster.petalsearch.com/site/petalbot)"
57.141.0.26 - - [17/Apr/2025:17:29:27 +0300] "GET /wp-Owl.php?action=edit&file=libz.so.1.2.11&path=%2F%2Flib64 HTTP/2" 200 1445 "-" "meta-externalagent/1.1 (+https://developers.facebook.com/docs/sharing/webmasters/crawler)"
57.141.0.7 - - [17/Apr/2025:17:29:52 +0300] "GET /wp-Owl.php?action=edit&file=libcrypto.so.1.1&path=%2F%2Flib64 HTTP/2" 200 1447 "-" "meta-externalagent/1.1 (+https://developers.facebook.com/docs/sharing/webmasters/crawler)"
52.14.229.130 - - [17/Apr/2025:17:30:00 +0300] "GET /wp-Owl.php?action=edit&file=gc_interval&path=%2F%2Fproc%2Fsys%2Fnet%2Fipv6%2Fneigh%2Fdefault HTTP/2" 200 616 "-" "Mozilla/5.0 AppleWebKit/537.36 (KHTML, like Gecko; compatible; ClaudeBot/1.0; +claudebot@anthropic.com)"
52.14.229.130 - - [17/Apr/2025:17:30:00 +0300] "GET /wp-Owl.php?action=edit&file=mcast_solicit&path=%2F%2Fproc%2Fsys%2Fnet%2Fipv6%2Fneigh%2Flo HTTP/2" 200 617 "-" "Mozilla/5.0 AppleWebKit/537.36 (KHTML, like Gecko; compatible; ClaudeBot/1.0; +claudebot@anthropic.com)"
52.14.229.130 - - [17/Apr/2025:17:30:00 +0300] "GET /wp-Owl.php?action=edit&file=imbalance_pct&path=%2F%2Fproc%2Fsys%2Fkernel%2Fsched_domain%2Fcpu1%2Fdomain0 HTTP/2" 200 620 "-" "Mozilla/5.0 AppleWebKit/537.36 (KHTML, like Gecko; compatible; ClaudeBot/1.0; +claudebot@anthropic.com)"
52.14.229.130 - - [17/Apr/2025:17:30:00 +0300] "GET /wp-Owl.php?action=edit&file=locktime&path=%2F%2Fproc%2Fsys%2Fnet%2Fipv6%2Fneigh%2Flo HTTP/2" 200 614 "-" "Mozilla/5.0 AppleWebKit/537.36 (KHTML, like Gecko; compatible; ClaudeBot/1.0; +claudebot@anthropic.com)"
52.14.229.130 - - [17/Apr/2025:17:30:00 +0300] "GET /wp-Owl.php?action=edit&file=mcast_solicit&path=%2F%2Fproc%2Fsys%2Fnet%2Fipv6%2Fneigh%2Fdefault HTTP/2" 200 617 "-" "Mozilla/5.0 AppleWebKit/537.36 (KHTML, like Gecko; compatible; ClaudeBot/1.0; +claudebot@anthropic.com)"
52.14.229.130 - - [17/Apr/2025:17:30:00 +0300] "GET /wp-Owl.php?action=edit&file=motif_LinkNoDrop32x32.gif&path=%2F%2Fetc%2Falternatives%2Fjre_openjdk%2Flib%2Fimages%2Fcursors HTTP/2" 200 628 "-" "Mozilla/5.0 AppleWebKit/537.36 (KHTML, like Gecko; compatible; ClaudeBot/1.0; +claudebot@anthropic.com)"
52.14.229.130 - - [17/Apr/2025:17:30:00 +0300] "GET /wp-Owl.php?action=edit&file=flags&path=%2F%2Fproc%2Fsys%2Fkernel%2Fsched_domain%2Fcpu2%2Fdomain0 HTTP/2" 200 616 "-" "Mozilla/5.0 AppleWebKit/537.36 (KHTML, like Gecko; compatible; ClaudeBot/1.0; +claudebot@anthropic.com)"
52.14.229.130 - - [17/Apr/2025:17:30:00 +0300] "GET /wp-Owl.php?action=edit&file=unres_qlen&path=%2F%2Fproc%2Fsys%2Fnet%2Fipv6%2Fneigh%2Flo HTTP/2" 200 617 "-" "Mozilla/5.0 AppleWebKit/537.36 (KHTML, like Gecko; compatible; ClaudeBot/1.0; +claudebot@anthropic.com)"
52.14.229.130 - - [17/Apr/2025:17:30:01 +0300] "GET /wp-Owl.php?action=edit&file=retrans_time&path=%2F%2Fproc%2Fsys%2Fnet%2Fipv6%2Fneigh%2Fdefault HTTP/2" 200 619 "-" "Mozilla/5.0 AppleWebKit/537.36 (KHTML, like Gecko; compatible; ClaudeBot/1.0; +claudebot@anthropic.com)"
52.14.229.130 - - [17/Apr/2025:17:30:01 +0300] "GET /wp-Owl.php?action=edit&file=locktime&path=%2F%2Fproc%2Fsys%2Fnet%2Fipv6%2Fneigh%2Fdefault HTTP/2" 200 614 "-" "Mozilla/5.0 AppleWebKit/537.36 (KHTML, like Gecko; compatible; ClaudeBot/1.0; +claudebot@anthropic.com)"
52.14.229.130 - - [17/Apr/2025:17:30:01 +0300] "GET /wp-Owl.php?action=edit&file=motif_MoveNoDrop32x32.gif&path=%2F%2Fetc%2Falternatives%2Fjre_openjdk%2Flib%2Fimages%2Fcursors HTTP/2" 200 627 "-" "Mozilla/5.0 AppleWebKit/537.36 (KHTML, like Gecko; compatible; ClaudeBot/1.0; +claudebot@anthropic.com)"
94.102.49.19 - - [17/Apr/2025:17:29:48 +0300] "POST /wp-json/litespeed/v1/cdn_status HTTP/1.1" 404 796 "-" "Mozilla/5.0 (X11; Linux x86_64; rv:109.0) Gecko/20100101 Firefox/114.3"
94.102.49.19 - - [17/Apr/2025:17:29:56 +0300] "POST /wp-json/litespeed/v1/cdn_status HTTP/1.1" 404 796 "-" "Mozilla/5.0 (X11; Linux x86_64; rv:109.0) Gecko/20100101 Firefox/114.3"
20.171.207.45 - - [17/Apr/2025:17:30:22 +0300] "GET /wp-Owl.php?path=%2Fhome%2Fmixylife%2Fmail%2Fmixylife.com%2Finfo%2F.Trash%2Ftmp HTTP/2" 200 824 "-" "Mozilla/5.0 AppleWebKit/537.36 (KHTML, like Gecko; compatible; GPTBot/1.2; +https://openai.com/gptbot)"
20.171.207.45 - - [17/Apr/2025:17:31:02 +0300] "GET /wp-Owl.php?path=%2Fhome%2Fmixylife%2Fmail%2Fmixylife.com%2Fcall%2Fcur HTTP/2" 200 810 "-" "Mozilla/5.0 AppleWebKit/537.36 (KHTML, like Gecko; compatible; GPTBot/1.2; +https://openai.com/gptbot)"
