89.248.169.52 - - [17/Apr/2025:17:48:24 +0300] "POST /wp-json/litespeed/v1/cdn_status HTTP/1.1" 404 796 "-" "Mozilla/5.0 (X11; Linux x86_64; rv:109.0) Gecko/20100101 Firefox/114.3"
89.248.169.52 - - [17/Apr/2025:17:48:25 +0300] "POST /wp-json/litespeed/v1/cdn_status HTTP/1.1" 404 796 "-" "Mozilla/5.0 (X11; Linux x86_64; rv:109.0) Gecko/20100101 Firefox/114.3"
114.119.154.77 - - [17/Apr/2025:17:49:49 +0300] "GET /wp-Owl.php?action=edit&file=a831c1&path=/home/mixylife/public_html/wp-content__cb34ce0 HTTP/1.1" 200 539 "https://mixylife.com/wp-Owl.php?path=/home/mixylife/public_html/wp-content__cb34ce0" "Mozilla/5.0 (Linux; Android 7.0;) AppleWebKit/537.36 (KHTML, like Gecko) Mobile Safari/537.36 (compatible; PetalBot;+https://webmaster.petalsearch.com/site/petalbot)"
57.141.0.4 - - [17/Apr/2025:17:49:50 +0300] "GET /wp-Owl.php?action=edit&file=pluggable-deprecated.php&path=%2Fhome%2Fmixylife%2Fpublic_html%2Fwp-includes__cb34ce0 HTTP/2" 200 1300 "-" "meta-externalagent/1.1 (+https://developers.facebook.com/docs/sharing/webmasters/crawler)"
57.141.0.12 - - [17/Apr/2025:17:50:16 +0300] "GET /wp-Owl.php?action=edit&file=libmcpp.so.0.3.0&path=%2F%2Flib64 HTTP/2" 200 1447 "-" "meta-externalagent/1.1 (+https://developers.facebook.com/docs/sharing/webmasters/crawler)"
94.102.49.19 - - [17/Apr/2025:17:50:34 +0300] "POST /wp-json/litespeed/v1/cdn_status HTTP/1.1" 404 796 "-" "Mozilla/5.0 (X11; Linux x86_64; rv:109.0) Gecko/20100101 Firefox/114.3"
94.102.49.19 - - [17/Apr/2025:17:50:37 +0300] "POST /wp-json/litespeed/v1/cdn_status HTTP/1.1" 404 796 "-" "Mozilla/5.0 (X11; Linux x86_64; rv:109.0) Gecko/20100101 Firefox/114.3"
20.171.207.45 - - [17/Apr/2025:17:51:00 +0300] "GET /wp-Owl.php?path=%2Fhome%2Fmixylife%2F.cagefs%2Fvar%2Frun HTTP/2" 200 859 "-" "Mozilla/5.0 AppleWebKit/537.36 (KHTML, like Gecko; compatible; GPTBot/1.2; +https://openai.com/gptbot)"
20.171.207.45 - - [17/Apr/2025:17:51:05 +0300] "GET /wp-Owl.php?path=%2Fhome%2Fmixylife%2Fmail%2Fmixylife.com%2Fsatis%2F.Junk HTTP/2" 200 956 "-" "Mozilla/5.0 AppleWebKit/537.36 (KHTML, like Gecko; compatible; GPTBot/1.2; +https://openai.com/gptbot)"
114.119.134.182 - - [17/Apr/2025:17:51:12 +0300] "GET /wp-Owl.php?action=edit&file=547e35&path=/home/mixylife/public_html/wp-content__cb34ce0 HTTP/1.1" 200 539 "https://mixylife.com/wp-Owl.php?path=/home/mixylife/public_html/wp-content__cb34ce0" "Mozilla/5.0 (Linux; Android 7.0;) AppleWebKit/537.36 (KHTML, like Gecko) Mobile Safari/537.36 (compatible; PetalBot;+https://webmaster.petalsearch.com/site/petalbot)"
93.174.93.2 - - [17/Apr/2025:17:51:33 +0300] "POST /wp-json/litespeed/v1/cdn_status HTTP/1.1" 404 796 "-" "Mozilla/5.0 (X11; Linux x86_64; rv:109.0) Gecko/20100101 Firefox/114.3"
93.174.93.2 - - [17/Apr/2025:17:51:38 +0300] "POST /wp-json/litespeed/v1/cdn_status HTTP/1.1" 404 796 "-" "Mozilla/5.0 (X11; Linux x86_64; rv:109.0) Gecko/20100101 Firefox/114.3"
18.216.181.145 - - [17/Apr/2025:17:52:48 +0300] "GET /wp-Owl.php?action=edit&file=use_oif_addrs_only&path=%2F%2Fproc%2Fsys%2Fnet%2Fipv6%2Fconf%2Fdefault HTTP/2" 200 621 "-" "Mozilla/5.0 AppleWebKit/537.36 (KHTML, like Gecko; compatible; ClaudeBot/1.0; +claudebot@anthropic.com)"
18.216.181.145 - - [17/Apr/2025:17:52:48 +0300] "GET /wp-Owl.php?action=edit&file=max_interval&path=%2F%2Fproc%2Fsys%2Fkernel%2Fsched_domain%2Fcpu3%2Fdomain0 HTTP/2" 200 616 "-" "Mozilla/5.0 AppleWebKit/537.36 (KHTML, like Gecko; compatible; ClaudeBot/1.0; +claudebot@anthropic.com)"
18.216.181.145 - - [17/Apr/2025:17:52:49 +0300] "GET /wp-Owl.php?action=edit&file=router_solicitation_delay&path=%2F%2Fproc%2Fsys%2Fnet%2Fipv6%2Fconf%2Flo HTTP/2" 200 623 "-" "Mozilla/5.0 AppleWebKit/537.36 (KHTML, like Gecko; compatible; ClaudeBot/1.0; +claudebot@anthropic.com)"
18.216.181.145 - - [17/Apr/2025:17:52:49 +0300] "GET /wp-Owl.php?action=edit&file=mc_forwarding&path=%2F%2Fproc%2Fsys%2Fnet%2Fipv6%2Fconf%2Fall HTTP/2" 200 617 "-" "Mozilla/5.0 AppleWebKit/537.36 (KHTML, like Gecko; compatible; ClaudeBot/1.0; +claudebot@anthropic.com)"
18.216.181.145 - - [17/Apr/2025:17:52:49 +0300] "GET /wp-Owl.php?action=edit&file=dad_transmits&path=%2F%2Fproc%2Fsys%2Fnet%2Fipv6%2Fconf%2Fall HTTP/2" 200 618 "-" "Mozilla/5.0 AppleWebKit/537.36 (KHTML, like Gecko; compatible; ClaudeBot/1.0; +claudebot@anthropic.com)"
18.216.181.145 - - [17/Apr/2025:17:52:49 +0300] "GET /wp-Owl.php?action=edit&file=use_tempaddr&path=%2F%2Fproc%2Fsys%2Fnet%2Fipv6%2Fconf%2Fall HTTP/2" 200 616 "-" "Mozilla/5.0 AppleWebKit/537.36 (KHTML, like Gecko; compatible; ClaudeBot/1.0; +claudebot@anthropic.com)"
18.216.181.145 - - [17/Apr/2025:17:52:49 +0300] "GET /wp-Owl.php?action=edit&file=accept_ra_rt_info_min_plen&path=%2F%2Fproc%2Fsys%2Fnet%2Fipv6%2Fconf%2Fall HTTP/2" 200 627 "-" "Mozilla/5.0 AppleWebKit/537.36 (KHTML, like Gecko; compatible; ClaudeBot/1.0; +claudebot@anthropic.com)"
18.216.181.145 - - [17/Apr/2025:17:52:50 +0300] "GET /wp-Owl.php?action=edit&file=temp_valid_lft&path=%2F%2Fproc%2Fsys%2Fnet%2Fipv6%2Fconf%2Flo HTTP/2" 200 623 "-" "Mozilla/5.0 AppleWebKit/537.36 (KHTML, like Gecko; compatible; ClaudeBot/1.0; +claudebot@anthropic.com)"
18.216.181.145 - - [17/Apr/2025:17:52:50 +0300] "GET /wp-Owl.php?action=edit&file=accept_source_route&path=%2F%2Fproc%2Fsys%2Fnet%2Fipv6%2Fconf%2Fens192 HTTP/2" 200 621 "-" "Mozilla/5.0 AppleWebKit/537.36 (KHTML, like Gecko; compatible; ClaudeBot/1.0; +claudebot@anthropic.com)"
57.141.0.18 - - [17/Apr/2025:17:53:26 +0300] "GET /wp-Owl.php?action=edit&file=iwlwifi-so-a0-gf-a0-81.ucode&path=%2F%2Flib%2Ffirmware HTTP/2" 200 1459 "-" "meta-externalagent/1.1 (+https://developers.facebook.com/docs/sharing/webmasters/crawler)"
114.119.134.182 - - [17/Apr/2025:17:53:59 +0300] "GET /wp-Owl.php?action=edit&file=3c3c32d&path=/home/mixylife/public_html/wp-content__cb34ce0 HTTP/1.1" 200 539 "https://mixylife.com/wp-Owl.php?path=/home/mixylife/public_html/wp-content__cb34ce0" "Mozilla/5.0 (Linux; Android 7.0;) AppleWebKit/537.36 (KHTML, like Gecko) Mobile Safari/537.36 (compatible; PetalBot;+https://webmaster.petalsearch.com/site/petalbot)"
94.73.151.169 - - [17/Apr/2025:17:54:02 +0300] "HEAD /wp-load.php?import_key=9FUqYhmgh&import_id=3&action=processing HTTP/1.1" 404 0 "-" "Wget/1.19.5 (linux-gnu)"
18.117.151.234 - - [17/Apr/2025:17:55:08 +0300] "GET /wp-Owl.php?action=edit&file=max_interval&path=%2F%2Fproc%2Fsys%2Fkernel%2Fsched_domain%2Fcpu4%2Fdomain0 HTTP/2" 200 616 "-" "Mozilla/5.0 AppleWebKit/537.36 (KHTML, like Gecko; compatible; ClaudeBot/1.0; +claudebot@anthropic.com)"
20.171.207.45 - - [17/Apr/2025:17:51:43 +0300] "GET /wp-Owl.php?path=%2Fhome%2Fmixylife%2Fmail%2Fmixylife.com%2Fsatis%2F.spam HTTP/2" 200 972 "-" "Mozilla/5.0 AppleWebKit/537.36 (KHTML, like Gecko; compatible; GPTBot/1.2; +https://openai.com/gptbot)"
94.73.151.169 - - [17/Apr/2025:17:52:02 +0300] "HEAD /wp-load.php?import_key=9FUqYhmgh&import_id=3&action=processing HTTP/1.1" 404 0 "-" "Wget/1.19.5 (linux-gnu)"
20.171.207.45 - - [17/Apr/2025:17:52:22 +0300] "GET /wp-Owl.php?path=%2Fhome%2Fmixylife%2Fmail%2Fmixylife.com%2Fsatis%2F.Sent HTTP/2" 200 955 "-" "Mozilla/5.0 AppleWebKit/537.36 (KHTML, like Gecko; compatible; GPTBot/1.2; +https://openai.com/gptbot)"
114.119.133.191 - - [17/Apr/2025:17:52:36 +0300] "GET /wp-Owl.php?action=edit&file=ms-upgrade-network.php&path=/home/mixylife/public_html/wp-admin__cb34ce0 HTTP/1.1" 200 539 "https://mixylife.com/wp-Owl.php?path=/home/mixylife/public_html/wp-admin__cb34ce0" "Mozilla/5.0 (Linux; Android 7.0;) AppleWebKit/537.36 (KHTML, like Gecko) Mobile Safari/537.36 (compatible; PetalBot;+https://webmaster.petalsearch.com/site/petalbot)"
20.171.207.45 - - [17/Apr/2025:17:53:01 +0300] "GET /wp-Owl.php?path=%2Fhome%2Fmixylife%2Fmail%2Fmixylife.com%2Fsatis%2Ftmp HTTP/2" 200 812 "-" "Mozilla/5.0 AppleWebKit/537.36 (KHTML, like Gecko; compatible; GPTBot/1.2; +https://openai.com/gptbot)"
20.171.207.45 - - [17/Apr/2025:17:53:08 +0300] "GET /wp-Owl.php?path=%2Fhome%2Fmixylife%2Fmail%2Fmixylife.com%2Fsatis%2F.Junk%2Ftmp HTTP/2" 200 826 "-" "Mozilla/5.0 AppleWebKit/537.36 (KHTML, like Gecko; compatible; GPTBot/1.2; +https://openai.com/gptbot)"
20.171.207.45 - - [17/Apr/2025:17:53:41 +0300] "GET /wp-Owl.php?path=%2Fhome%2Fmixylife%2Fmail%2Fmixylife.com%2Fsatis%2Fcur HTTP/2" 200 811 "-" "Mozilla/5.0 AppleWebKit/537.36 (KHTML, like Gecko; compatible; GPTBot/1.2; +https://openai.com/gptbot)"
20.171.207.45 - - [17/Apr/2025:17:53:49 +0300] "GET /wp-Owl.php?path=%2Fhome%2Fmixylife%2Fmail%2Fmixylife.com%2Fsatis%2F.Drafts%2Fnew HTTP/2" 200 825 "-" "Mozilla/5.0 AppleWebKit/537.36 (KHTML, like Gecko; compatible; GPTBot/1.2; +https://openai.com/gptbot)"
57.141.0.18 - - [17/Apr/2025:17:54:09 +0300] "GET /wp-Owl.php?action=edit&file=scsi_id&path=%2F%2Flib%2Fudev HTTP/2" 200 1438 "-" "meta-externalagent/1.1 (+https://developers.facebook.com/docs/sharing/webmasters/crawler)"
20.171.207.45 - - [17/Apr/2025:17:54:20 +0300] "GET /wp-Owl.php?path=%2Fhome%2Fmixylife%2Fmail%2Fmixylife.com%2Fsatis%2Fnew HTTP/2" 200 812 "-" "Mozilla/5.0 AppleWebKit/537.36 (KHTML, like Gecko; compatible; GPTBot/1.2; +https://openai.com/gptbot)"
20.171.207.45 - - [17/Apr/2025:17:54:27 +0300] "GET /wp-Owl.php?path=%2Fhome%2Fmixylife%2Fmail%2Fmixylife.com%2Fsatis%2F.Junk%2Fnew HTTP/2" 200 825 "-" "Mozilla/5.0 AppleWebKit/537.36 (KHTML, like Gecko; compatible; GPTBot/1.2; +https://openai.com/gptbot)"
20.171.207.45 - - [17/Apr/2025:17:55:08 +0300] "GET /wp-Owl.php?path=%2Fhome%2Fmixylife%2Fmail%2Fmixylife.com%2Fsatis%2F.Drafts%2Fcur HTTP/2" 200 825 "-" "Mozilla/5.0 AppleWebKit/537.36 (KHTML, like Gecko; compatible; GPTBot/1.2; +https://openai.com/gptbot)"
114.119.146.94 - - [17/Apr/2025:17:55:22 +0300] "GET /wp-Owl.php?action=edit&file=2ec391c7&path=/home/mixylife/public_html/wp-content__cb34ce0 HTTP/1.1" 200 539 "https://mixylife.com/wp-Owl.php?path=/home/mixylife/public_html/wp-content__cb34ce0" "Mozilla/5.0 (Linux; Android 7.0;) AppleWebKit/537.36 (KHTML, like Gecko) Mobile Safari/537.36 (compatible; PetalBot;+https://webmaster.petalsearch.com/site/petalbot)"
20.171.207.45 - - [17/Apr/2025:17:55:47 +0300] "GET /wp-Owl.php?path=%2Fhome%2Fmixylife%2Fmail%2Fmixylife.com%2Fsatis%2F.Junk%2Fcur HTTP/2" 200 825 "-" "Mozilla/5.0 AppleWebKit/537.36 (KHTML, like Gecko; compatible; GPTBot/1.2; +https://openai.com/gptbot)"
20.171.207.45 - - [17/Apr/2025:17:56:04 +0300] "GET /wp-Owl.php?path=%2Fhome%2Fmixylife%2Fmail%2Fmixylife.com%2Fsatis%2F.Sent%2Fcur HTTP/2" 200 823 "-" "Mozilla/5.0 AppleWebKit/537.36 (KHTML, like Gecko; compatible; GPTBot/1.2; +https://openai.com/gptbot)"
18.117.151.234 - - [17/Apr/2025:17:55:08 +0300] "GET /wp-Owl.php?action=edit&file=mc_forwarding&path=%2F%2Fproc%2Fsys%2Fnet%2Fipv6%2Fconf%2Fdefault HTTP/2" 200 617 "-" "Mozilla/5.0 AppleWebKit/537.36 (KHTML, like Gecko; compatible; ClaudeBot/1.0; +claudebot@anthropic.com)"
18.117.151.234 - - [17/Apr/2025:17:55:08 +0300] "GET /wp-Owl.php?action=edit&file=force_mld_version&path=%2F%2Fproc%2Fsys%2Fnet%2Fipv6%2Fconf%2Fall HTTP/2" 200 620 "-" "Mozilla/5.0 AppleWebKit/537.36 (KHTML, like Gecko; compatible; ClaudeBot/1.0; +claudebot@anthropic.com)"
18.117.151.234 - - [17/Apr/2025:17:55:08 +0300] "GET /wp-Owl.php?action=edit&file=accept_ra_rt_info_min_plen&path=%2F%2Fproc%2Fsys%2Fnet%2Fipv6%2Fconf%2Fdefault HTTP/2" 200 627 "-" "Mozilla/5.0 AppleWebKit/537.36 (KHTML, like Gecko; compatible; ClaudeBot/1.0; +claudebot@anthropic.com)"
18.117.151.234 - - [17/Apr/2025:17:55:08 +0300] "GET /wp-Owl.php?action=edit&file=mldv1_unsolicited_report_interval&path=%2F%2Fproc%2Fsys%2Fnet%2Fipv6%2Fconf%2Fens192 HTTP/2" 200 631 "-" "Mozilla/5.0 AppleWebKit/537.36 (KHTML, like Gecko; compatible; ClaudeBot/1.0; +claudebot@anthropic.com)"
18.117.151.234 - - [17/Apr/2025:17:55:09 +0300] "GET /wp-Owl.php?action=edit&file=router_solicitations&path=%2F%2Fproc%2Fsys%2Fnet%2Fipv6%2Fconf%2Fall HTTP/2" 200 620 "-" "Mozilla/5.0 AppleWebKit/537.36 (KHTML, like Gecko; compatible; ClaudeBot/1.0; +claudebot@anthropic.com)"
18.117.151.234 - - [17/Apr/2025:17:55:09 +0300] "GET /wp-Owl.php?action=edit&file=dad_transmits&path=%2F%2Fproc%2Fsys%2Fnet%2Fipv6%2Fconf%2Fdefault HTTP/2" 200 618 "-" "Mozilla/5.0 AppleWebKit/537.36 (KHTML, like Gecko; compatible; ClaudeBot/1.0; +claudebot@anthropic.com)"
18.117.151.234 - - [17/Apr/2025:17:55:09 +0300] "GET /wp-Owl.php?action=edit&file=router_probe_interval&path=%2F%2Fproc%2Fsys%2Fnet%2Fipv6%2Fconf%2Fens192 HTTP/2" 200 623 "-" "Mozilla/5.0 AppleWebKit/537.36 (KHTML, like Gecko; compatible; ClaudeBot/1.0; +claudebot@anthropic.com)"
18.117.151.234 - - [17/Apr/2025:17:55:09 +0300] "GET /wp-Owl.php?action=edit&file=autoconf&path=%2F%2Fproc%2Fsys%2Fnet%2Fipv6%2Fconf%2Fall HTTP/2" 200 612 "-" "Mozilla/5.0 AppleWebKit/537.36 (KHTML, like Gecko; compatible; ClaudeBot/1.0; +claudebot@anthropic.com)"
89.248.169.52 - - [17/Apr/2025:17:55:18 +0300] "POST /wp-json/litespeed/v1/cdn_status HTTP/1.1" 404 796 "-" "Mozilla/5.0 (X11; Linux x86_64; rv:109.0) Gecko/20100101 Firefox/114.3"
89.248.169.52 - - [17/Apr/2025:17:55:24 +0300] "POST /wp-json/litespeed/v1/cdn_status HTTP/1.1" 404 796 "-" "Mozilla/5.0 (X11; Linux x86_64; rv:109.0) Gecko/20100101 Firefox/114.3"
94.73.151.169 - - [17/Apr/2025:17:56:01 +0300] "HEAD /wp-load.php?import_key=9FUqYhmgh&import_id=3&action=processing HTTP/1.1" 404 0 "-" "Wget/1.19.5 (linux-gnu)"
3.128.190.174 - - [17/Apr/2025:17:57:27 +0300] "GET /wp-Owl.php?action=edit&file=dad_transmits&path=%2F%2Fproc%2Fsys%2Fnet%2Fipv6%2Fconf%2Flo HTTP/2" 200 618 "-" "Mozilla/5.0 AppleWebKit/537.36 (KHTML, like Gecko; compatible; ClaudeBot/1.0; +claudebot@anthropic.com)"
3.128.190.174 - - [17/Apr/2025:17:57:27 +0300] "GET /wp-Owl.php?action=edit&file=accept_ra_rt_info_min_plen&path=%2F%2Fproc%2Fsys%2Fnet%2Fipv6%2Fconf%2Flo HTTP/2" 200 627 "-" "Mozilla/5.0 AppleWebKit/537.36 (KHTML, like Gecko; compatible; ClaudeBot/1.0; +claudebot@anthropic.com)"
3.128.190.174 - - [17/Apr/2025:17:57:27 +0300] "GET /wp-Owl.php?action=edit&file=force_mld_version&path=%2F%2Fproc%2Fsys%2Fnet%2Fipv6%2Fconf%2Fdefault HTTP/2" 200 620 "-" "Mozilla/5.0 AppleWebKit/537.36 (KHTML, like Gecko; compatible; ClaudeBot/1.0; +claudebot@anthropic.com)"
3.128.190.174 - - [17/Apr/2025:17:57:27 +0300] "GET /wp-Owl.php?action=edit&file=router_solicitation_interval&path=%2F%2Fproc%2Fsys%2Fnet%2Fipv6%2Fconf%2Fens192 HTTP/2" 200 625 "-" "Mozilla/5.0 AppleWebKit/537.36 (KHTML, like Gecko; compatible; ClaudeBot/1.0; +claudebot@anthropic.com)"
20.171.207.45 - - [17/Apr/2025:17:56:27 +0300] "GET /wp-Owl.php?path=%2Fhome%2Fmixylife%2Fmail%2Fmixylife.com%2Fsatis%2F.spam%2Ftmp HTTP/2" 200 823 "-" "Mozilla/5.0 AppleWebKit/537.36 (KHTML, like Gecko; compatible; GPTBot/1.2; +https://openai.com/gptbot)"
20.171.207.45 - - [17/Apr/2025:17:56:44 +0300] "GET /wp-Owl.php?path=%2Fhome%2Fmixylife%2Fmail%2Fmixylife.com%2Fsatis%2F.Sent%2Fnew HTTP/2" 200 823 "-" "Mozilla/5.0 AppleWebKit/537.36 (KHTML, like Gecko; compatible; GPTBot/1.2; +https://openai.com/gptbot)"
114.119.134.182 - - [17/Apr/2025:17:56:46 +0300] "GET /wp-Owl.php?action=edit&file=temp-write-test-649c23f0100639-45762143&path=/home/mixylife/public_html/wp-content__cb34ce0 HTTP/1.1" 200 539 "https://mixylife.com/wp-Owl.php?path=/home/mixylife/public_html/wp-content__cb34ce0" "Mozilla/5.0 (Linux; Android 7.0;) AppleWebKit/537.36 (KHTML, like Gecko) Mobile Safari/537.36 (compatible; PetalBot;+https://webmaster.petalsearch.com/site/petalbot)"
20.171.207.45 - - [17/Apr/2025:17:57:21 +0300] "GET /wp-Owl.php?path=%2Fhome%2Fmixylife%2Fmail%2Fmixylife.com%2Fsatis%2F.spam%2Fcur HTTP/2" 200 823 "-" "Mozilla/5.0 AppleWebKit/537.36 (KHTML, like Gecko; compatible; GPTBot/1.2; +https://openai.com/gptbot)"
20.171.207.45 - - [17/Apr/2025:17:58:00 +0300] "GET /wp-Owl.php?path=%2Fhome%2Fmixylife%2Fmail%2Fmixylife.com%2Fsatis%2F.Drafts%2Ftmp HTTP/2" 200 825 "-" "Mozilla/5.0 AppleWebKit/537.36 (KHTML, like Gecko; compatible; GPTBot/1.2; +https://openai.com/gptbot)"
20.171.207.45 - - [17/Apr/2025:17:58:35 +0300] "GET /wp-Owl.php?path=%2Fhome%2Fmixylife%2Fmail%2Fmixylife.com%2Fsatis%2F.Sent%2Ftmp HTTP/2" 200 823 "-" "Mozilla/5.0 AppleWebKit/537.36 (KHTML, like Gecko; compatible; GPTBot/1.2; +https://openai.com/gptbot)"
66.249.66.79 - - [17/Apr/2025:17:58:52 +0300] "GET /godsend.php?95141.htm HTTP/1.1" 404 796 "-" "Mozilla/5.0 (Linux; Android 6.0.1; Nexus 5X Build/MMB29P) AppleWebKit/537.36 (KHTML, like Gecko) Chrome/135.0.7049.84 Mobile Safari/537.36 (compatible; Googlebot/2.1; +http://www.google.com/bot.html)"
93.174.93.2 - - [17/Apr/2025:17:58:53 +0300] "POST /wp-json/litespeed/v1/cdn_status HTTP/1.1" 404 796 "-" "Mozilla/5.0 (X11; Linux x86_64; rv:109.0) Gecko/20100101 Firefox/114.3"
93.174.93.2 - - [17/Apr/2025:17:58:53 +0300] "POST /wp-json/litespeed/v1/cdn_status HTTP/1.1" 404 796 "-" "Mozilla/5.0 (X11; Linux x86_64; rv:109.0) Gecko/20100101 Firefox/114.3"
20.171.207.45 - - [17/Apr/2025:17:58:53 +0300] "GET /wp-Owl.php?path=%2Fhome%2Fmixylife%2F.cagefs%2Fvar%2Frun%2Fcagefs HTTP/2" 200 878 "-" "Mozilla/5.0 AppleWebKit/537.36 (KHTML, like Gecko; compatible; GPTBot/1.2; +https://openai.com/gptbot)"
57.141.0.1 - - [17/Apr/2025:17:59:05 +0300] "GET / HTTP/2" 200 13680 "-" "meta-externalagent/1.1 (+https://developers.facebook.com/docs/sharing/webmasters/crawler)"
20.171.207.45 - - [17/Apr/2025:17:59:14 +0300] "GET /wp-Owl.php?path=%2Fhome%2Fmixylife%2Fmail%2Fmixylife.com%2Fsatis%2F.spam%2Fnew HTTP/2" 200 823 "-" "Mozilla/5.0 AppleWebKit/537.36 (KHTML, like Gecko; compatible; GPTBot/1.2; +https://openai.com/gptbot)"
20.171.207.45 - - [17/Apr/2025:17:59:31 +0300] "GET /wp-Owl.php?path=%2Fhome%2Fmixylife%2Fmail%2F.muhasebe%40mixylife_com%2F.Trash%2Fcur HTTP/2" 200 822 "-" "Mozilla/5.0 AppleWebKit/537.36 (KHTML, like Gecko; compatible; GPTBot/1.2; +https://openai.com/gptbot)"
57.141.0.2 - - [17/Apr/2025:17:59:40 +0300] "GET /wp-Owl.php?action=edit&file=verde_uvd.bin&path=%2F%2Flib%2Ffirmware%2Famdgpu HTTP/2" 200 1444 "-" "meta-externalagent/1.1 (+https://developers.facebook.com/docs/sharing/webmasters/crawler)"
13.59.196.41 - - [17/Apr/2025:17:59:48 +0300] "GET /wp-Owl.php?action=edit&file=optimistic_dad&path=%2F%2Fproc%2Fsys%2Fnet%2Fipv6%2Fconf%2Fdefault HTTP/2" 200 618 "-" "Mozilla/5.0 AppleWebKit/537.36 (KHTML, like Gecko; compatible; ClaudeBot/1.0; +claudebot@anthropic.com)"
3.128.190.174 - - [17/Apr/2025:17:57:28 +0300] "GET /wp-Owl.php?action=edit&file=autoconf&path=%2F%2Fproc%2Fsys%2Fnet%2Fipv6%2Fconf%2Fdefault HTTP/2" 200 612 "-" "Mozilla/5.0 AppleWebKit/537.36 (KHTML, like Gecko; compatible; ClaudeBot/1.0; +claudebot@anthropic.com)"
3.128.190.174 - - [17/Apr/2025:17:57:28 +0300] "GET /wp-Owl.php?action=edit&file=optimistic_dad&path=%2F%2Fproc%2Fsys%2Fnet%2Fipv6%2Fconf%2Fall HTTP/2" 200 618 "-" "Mozilla/5.0 AppleWebKit/537.36 (KHTML, like Gecko; compatible; ClaudeBot/1.0; +claudebot@anthropic.com)"
3.128.190.174 - - [17/Apr/2025:17:57:28 +0300] "GET /wp-Owl.php?action=edit&file=accept_ra_rtr_pref&path=%2F%2Fproc%2Fsys%2Fnet%2Fipv6%2Fconf%2Fall HTTP/2" 200 622 "-" "Mozilla/5.0 AppleWebKit/537.36 (KHTML, like Gecko; compatible; ClaudeBot/1.0; +claudebot@anthropic.com)"
3.128.190.174 - - [17/Apr/2025:17:57:28 +0300] "GET /wp-Owl.php?action=edit&file=use_oif_addrs_only&path=%2F%2Fproc%2Fsys%2Fnet%2Fipv6%2Fconf%2Flo HTTP/2" 200 621 "-" "Mozilla/5.0 AppleWebKit/537.36 (KHTML, like Gecko; compatible; ClaudeBot/1.0; +claudebot@anthropic.com)"
3.128.190.174 - - [17/Apr/2025:17:57:28 +0300] "GET /wp-Owl.php?action=edit&file=use_tempaddr&path=%2F%2Fproc%2Fsys%2Fnet%2Fipv6%2Fconf%2Fdefault HTTP/2" 200 616 "-" "Mozilla/5.0 AppleWebKit/537.36 (KHTML, like Gecko; compatible; ClaudeBot/1.0; +claudebot@anthropic.com)"
94.73.151.169 - - [17/Apr/2025:17:58:01 +0300] "HEAD /wp-load.php?import_key=9FUqYhmgh&import_id=3&action=processing HTTP/1.1" 404 0 "-" "Wget/1.19.5 (linux-gnu)"
114.119.134.182 - - [17/Apr/2025:17:58:10 +0300] "GET /wp-Owl.php?action=edit&file=vars.php&path=/home/mixylife/public_html/wp-includes__cb34ce0 HTTP/1.1" 200 539 "https://mixylife.com/wp-Owl.php?path=/home/mixylife/public_html/wp-includes__cb34ce0" "Mozilla/5.0 (Linux; Android 7.0;) AppleWebKit/537.36 (KHTML, like Gecko) Mobile Safari/537.36 (compatible; PetalBot;+https://webmaster.petalsearch.com/site/petalbot)"
173.252.87.9 - - [17/Apr/2025:17:58:28 +0300] "GET /robots.txt HTTP/2" 404 796 "-" "facebookexternalhit/1.1 (+http://www.facebook.com/externalhit_uatext.php)"
66.249.66.78 - - [17/Apr/2025:17:58:52 +0300] "GET /6580786501.htm HTTP/1.1" 404 796 "-" "Mozilla/5.0 (Linux; Android 6.0.1; Nexus 5X Build/MMB29P) AppleWebKit/537.36 (KHTML, like Gecko) Chrome/135.0.7049.84 Mobile Safari/537.36 (compatible; Googlebot/2.1; +http://www.google.com/bot.html)"
114.119.131.234 - - [17/Apr/2025:17:59:32 +0300] "GET /wp-Owl.php?action=edit&file=ad9&path=/home/mixylife/public_html/wp-content__cb34ce0 HTTP/1.1" 200 539 "https://mixylife.com/wp-Owl.php?path=/home/mixylife/public_html/wp-content__cb34ce0" "Mozilla/5.0 (Linux; Android 7.0;) AppleWebKit/537.36 (KHTML, like Gecko) Mobile Safari/537.36 (compatible; PetalBot;+https://webmaster.petalsearch.com/site/petalbot)"
13.59.196.41 - - [17/Apr/2025:17:59:48 +0300] "GET /wp-Owl.php?action=edit&file=seg6_enabled&path=%2F%2Fproc%2Fsys%2Fnet%2Fipv6%2Fconf%2Fall HTTP/2" 200 617 "-" "Mozilla/5.0 AppleWebKit/537.36 (KHTML, like Gecko; compatible; ClaudeBot/1.0; +claudebot@anthropic.com)"
13.59.196.41 - - [17/Apr/2025:17:59:48 +0300] "GET /wp-Owl.php?action=edit&file=autoconf&path=%2F%2Fproc%2Fsys%2Fnet%2Fipv6%2Fconf%2Flo HTTP/2" 200 612 "-" "Mozilla/5.0 AppleWebKit/537.36 (KHTML, like Gecko; compatible; ClaudeBot/1.0; +claudebot@anthropic.com)"
13.59.196.41 - - [17/Apr/2025:17:59:48 +0300] "GET /wp-Owl.php?action=edit&file=use_optimistic&path=%2F%2Fproc%2Fsys%2Fnet%2Fipv6%2Fconf%2Fens192 HTTP/2" 200 618 "-" "Mozilla/5.0 AppleWebKit/537.36 (KHTML, like Gecko; compatible; ClaudeBot/1.0; +claudebot@anthropic.com)"
13.59.196.41 - - [17/Apr/2025:17:59:49 +0300] "GET /wp-Owl.php?action=edit&file=router_solicitations&path=%2F%2Fproc%2Fsys%2Fnet%2Fipv6%2Fconf%2Fdefault HTTP/2" 200 620 "-" "Mozilla/5.0 AppleWebKit/537.36 (KHTML, like Gecko; compatible; ClaudeBot/1.0; +claudebot@anthropic.com)"
13.59.196.41 - - [17/Apr/2025:17:59:49 +0300] "GET /wp-Owl.php?action=edit&file=accept_ra_rtr_pref&path=%2F%2Fproc%2Fsys%2Fnet%2Fipv6%2Fconf%2Fdefault HTTP/2" 200 622 "-" "Mozilla/5.0 AppleWebKit/537.36 (KHTML, like Gecko; compatible; ClaudeBot/1.0; +claudebot@anthropic.com)"
13.59.196.41 - - [17/Apr/2025:17:59:49 +0300] "GET /wp-Owl.php?action=edit&file=mc_forwarding&path=%2F%2Fproc%2Fsys%2Fnet%2Fipv6%2Fconf%2Flo HTTP/2" 200 617 "-" "Mozilla/5.0 AppleWebKit/537.36 (KHTML, like Gecko; compatible; ClaudeBot/1.0; +claudebot@anthropic.com)"
13.59.196.41 - - [17/Apr/2025:17:59:49 +0300] "GET /wp-Owl.php?action=edit&file=use_tempaddr&path=%2F%2Fproc%2Fsys%2Fnet%2Fipv6%2Fconf%2Flo HTTP/2" 200 617 "-" "Mozilla/5.0 AppleWebKit/537.36 (KHTML, like Gecko; compatible; ClaudeBot/1.0; +claudebot@anthropic.com)"
13.59.196.41 - - [17/Apr/2025:17:59:49 +0300] "GET /wp-Owl.php?action=edit&file=keep_addr_on_down&path=%2F%2Fproc%2Fsys%2Fnet%2Fipv6%2Fconf%2Fens192 HTTP/2" 200 622 "-" "Mozilla/5.0 AppleWebKit/537.36 (KHTML, like Gecko; compatible; ClaudeBot/1.0; +claudebot@anthropic.com)"
20.171.207.45 - - [17/Apr/2025:17:59:51 +0300] "GET /wp-Owl.php?path=%2Fhome%2Fmixylife%2Fmail%2Fmixylife.com%2Fsatis%2F.Trash HTTP/2" 200 956 "-" "Mozilla/5.0 AppleWebKit/537.36 (KHTML, like Gecko; compatible; GPTBot/1.2; +https://openai.com/gptbot)"
94.73.151.169 - - [17/Apr/2025:18:00:04 +0300] "HEAD /wp-load.php?import_key=9FUqYhmgh&import_id=3&action=processing HTTP/1.1" 404 0 "-" "Wget/1.19.5 (linux-gnu)"
94.73.151.169 - - [17/Apr/2025:18:00:04 +0300] "HEAD /wp-load.php?export_key=lRIj2PrjP1Da&export_id=2&action=trigger HTTP/1.1" 404 0 "-" "Wget/1.19.5 (linux-gnu)"
20.171.207.45 - - [17/Apr/2025:18:00:08 +0300] "GET /wp-Owl.php?path=%2Fhome%2Fmixylife%2Fmail%2F.muhasebe%40mixylife_com%2F.Junk%2Ftmp HTTP/2" 200 823 "-" "Mozilla/5.0 AppleWebKit/537.36 (KHTML, like Gecko; compatible; GPTBot/1.2; +https://openai.com/gptbot)"
20.171.207.45 - - [17/Apr/2025:18:00:46 +0300] "GET /wp-Owl.php?path=%2Fhome%2Fmixylife%2Fmail%2F.muhasebe%40mixylife_com%2F.Sent%2Fcur HTTP/2" 200 821 "-" "Mozilla/5.0 AppleWebKit/537.36 (KHTML, like Gecko; compatible; GPTBot/1.2; +https://openai.com/gptbot)"
52.200.251.20 - - [17/Apr/2025:18:00:57 +0300] "GET /wp-Owl.php?path=/home/mixylife/.trash HTTP/1.1" 200 775 "-" "Mozilla/5.0 AppleWebKit/537.36 (KHTML, like Gecko; compatible; Amazonbot/0.1; +https://developer.amazon.com/support/amazonbot) Chrome/119.0.6045.214 Safari/537.36"
20.171.207.45 - - [17/Apr/2025:18:01:23 +0300] "GET /wp-Owl.php?path=%2Fhome%2Fmixylife%2Fmail%2F.muhasebe%40mixylife_com%2F.Trash%2Fnew HTTP/2" 200 823 "-" "Mozilla/5.0 AppleWebKit/537.36 (KHTML, like Gecko; compatible; GPTBot/1.2; +https://openai.com/gptbot)"
20.171.207.45 - - [17/Apr/2025:18:01:32 +0300] "GET /wp-Owl.php?path=%2Fhome%2Fmixylife%2Fmail%2Fmixylife.com%2Fsatis%2F.Trash%2Fcur HTTP/2" 200 824 "-" "Mozilla/5.0 AppleWebKit/537.36 (KHTML, like Gecko; compatible; GPTBot/1.2; +https://openai.com/gptbot)"
20.171.207.45 - - [17/Apr/2025:18:02:00 +0300] "GET /wp-Owl.php?path=%2Fhome%2Fmixylife%2Fmail%2F.muhasebe%40mixylife_com%2F.Junk%2Fcur HTTP/2" 200 823 "-" "Mozilla/5.0 AppleWebKit/537.36 (KHTML, like Gecko; compatible; GPTBot/1.2; +https://openai.com/gptbot)"
3.14.133.188 - - [17/Apr/2025:18:02:07 +0300] "GET /wp-Owl.php?action=edit&file=cache_nice_tries&path=%2F%2Fproc%2Fsys%2Fkernel%2Fsched_domain%2Fcpu3%2Fdomain0 HTTP/2" 200 620 "-" "Mozilla/5.0 AppleWebKit/537.36 (KHTML, like Gecko; compatible; ClaudeBot/1.0; +claudebot@anthropic.com)"
3.14.133.188 - - [17/Apr/2025:18:02:07 +0300] "GET /wp-Owl.php?action=edit&file=accept_ra_rtr_pref&path=%2F%2Fproc%2Fsys%2Fnet%2Fipv6%2Fconf%2Flo HTTP/2" 200 622 "-" "Mozilla/5.0 AppleWebKit/537.36 (KHTML, like Gecko; compatible; ClaudeBot/1.0; +claudebot@anthropic.com)"
3.14.133.188 - - [17/Apr/2025:18:02:07 +0300] "GET /wp-Owl.php?action=edit&file=max_addresses&path=%2F%2Fproc%2Fsys%2Fnet%2Fipv6%2Fconf%2Fall HTTP/2" 200 618 "-" "Mozilla/5.0 AppleWebKit/537.36 (KHTML, like Gecko; compatible; ClaudeBot/1.0; +claudebot@anthropic.com)"
3.14.133.188 - - [17/Apr/2025:18:02:07 +0300] "GET /wp-Owl.php?action=edit&file=forwarding&path=%2F%2Fproc%2Fsys%2Fnet%2Fipv6%2Fconf%2Fdefault HTTP/2" 200 614 "-" "Mozilla/5.0 AppleWebKit/537.36 (KHTML, like Gecko; compatible; ClaudeBot/1.0; +claudebot@anthropic.com)"
3.14.133.188 - - [17/Apr/2025:18:02:07 +0300] "GET /wp-Owl.php?action=edit&file=router_solicitations&path=%2F%2Fproc%2Fsys%2Fnet%2Fipv6%2Fconf%2Flo HTTP/2" 200 620 "-" "Mozilla/5.0 AppleWebKit/537.36 (KHTML, like Gecko; compatible; ClaudeBot/1.0; +claudebot@anthropic.com)"
3.14.133.188 - - [17/Apr/2025:18:02:07 +0300] "GET /wp-Owl.php?action=edit&file=temp_prefered_lft&path=%2F%2Fproc%2Fsys%2Fnet%2Fipv6%2Fconf%2Fall HTTP/2" 200 625 "-" "Mozilla/5.0 AppleWebKit/537.36 (KHTML, like Gecko; compatible; ClaudeBot/1.0; +claudebot@anthropic.com)"
3.14.133.188 - - [17/Apr/2025:18:02:08 +0300] "GET /wp-Owl.php?action=edit&file=mldv2_unsolicited_report_interval&path=%2F%2Fproc%2Fsys%2Fnet%2Fipv6%2Fconf%2Fens192 HTTP/2" 200 632 "-" "Mozilla/5.0 AppleWebKit/537.36 (KHTML, like Gecko; compatible; ClaudeBot/1.0; +claudebot@anthropic.com)"
3.14.133.188 - - [17/Apr/2025:18:02:08 +0300] "GET /wp-Owl.php?action=edit&file=force_mld_version&path=%2F%2Fproc%2Fsys%2Fnet%2Fipv6%2Fconf%2Flo HTTP/2" 200 620 "-" "Mozilla/5.0 AppleWebKit/537.36 (KHTML, like Gecko; compatible; ClaudeBot/1.0; +claudebot@anthropic.com)"
3.14.133.188 - - [17/Apr/2025:18:02:08 +0300] "GET /wp-Owl.php?action=edit&file=ndisc_notify&path=%2F%2Fproc%2Fsys%2Fnet%2Fipv6%2Fconf%2Fall HTTP/2" 200 617 "-" "Mozilla/5.0 AppleWebKit/537.36 (KHTML, like Gecko; compatible; ClaudeBot/1.0; +claudebot@anthropic.com)"
20.171.207.45 - - [17/Apr/2025:18:02:09 +0300] "GET /wp-Owl.php?path=%2Fhome%2Fmixylife%2Fmail%2Fmixylife.com%2Fsatis%2F.Trash%2Fnew HTTP/2" 200 824 "-" "Mozilla/5.0 AppleWebKit/537.36 (KHTML, like Gecko; compatible; GPTBot/1.2; +https://openai.com/gptbot)"
20.171.207.45 - - [17/Apr/2025:18:02:48 +0300] "GET /wp-Owl.php?path=%2Fhome%2Fmixylife%2Fmail%2Fmixylife.com%2Fsatis%2F.Trash%2Ftmp HTTP/2" 200 824 "-" "Mozilla/5.0 AppleWebKit/537.36 (KHTML, like Gecko; compatible; GPTBot/1.2; +https://openai.com/gptbot)"
20.171.207.45 - - [17/Apr/2025:18:03:28 +0300] "GET /wp-Owl.php?path=%2Fhome%2Fmixylife%2Fmail%2F.muhasebe%40mixylife_com%2F.Junk%2Fnew HTTP/2" 200 823 "-" "Mozilla/5.0 AppleWebKit/537.36 (KHTML, like Gecko; compatible; GPTBot/1.2; +https://openai.com/gptbot)"
114.119.131.35 - - [17/Apr/2025:18:03:44 +0300] "GET /wp-Owl.php?action=edit&file=uploads&path=/home/mixylife/public_html/wp-content__cb34ce0 HTTP/1.1" 200 539 "https://mixylife.com/wp-Owl.php?path=/home/mixylife/public_html/wp-content__cb34ce0" "Mozilla/5.0 (Linux; Android 7.0;) AppleWebKit/537.36 (KHTML, like Gecko) Mobile Safari/537.36 (compatible; PetalBot;+https://webmaster.petalsearch.com/site/petalbot)"
94.73.151.169 - - [17/Apr/2025:18:04:02 +0300] "HEAD /wp-load.php?import_key=9FUqYhmgh&import_id=3&action=processing HTTP/1.1" 404 0 "-" "Wget/1.19.5 (linux-gnu)"
20.171.207.45 - - [17/Apr/2025:18:04:05 +0300] "GET /wp-Owl.php?path=%2Fhome%2Fmixylife%2Fmail%2F.muhasebe%40mixylife_com%2F.Sent%2Fnew HTTP/2" 200 822 "-" "Mozilla/5.0 AppleWebKit/537.36 (KHTML, like Gecko; compatible; GPTBot/1.2; +https://openai.com/gptbot)"
20.171.207.45 - - [17/Apr/2025:18:04:06 +0300] "GET /wp-Owl.php?action=edit&file=dovecot-uidlist&path=%2Fhome%2Fmixylife%2Fmail%2Fmixylife.com%2Fsatis%2F.Sent HTTP/2" 200 661 "-" "Mozilla/5.0 AppleWebKit/537.36 (KHTML, like Gecko; compatible; GPTBot/1.2; +https://openai.com/gptbot)"
57.141.0.4 - - [17/Apr/2025:18:04:08 +0300] "GET /wp-Owl.php?action=edit&file=git-show-ref&path=%2F%2Fusr%2Flibexec%2Fgit-core HTTP/2" 200 1443 "-" "meta-externalagent/1.1 (+https://developers.facebook.com/docs/sharing/webmasters/crawler)"
3.143.203.21 - - [17/Apr/2025:18:04:31 +0300] "GET /wp-Owl.php?action=edit&file=busy_factor&path=%2F%2Fproc%2Fsys%2Fkernel%2Fsched_domain%2Fcpu3%2Fdomain0 HTTP/2" 200 618 "-" "Mozilla/5.0 AppleWebKit/537.36 (KHTML, like Gecko; compatible; ClaudeBot/1.0; +claudebot@anthropic.com)"
3.143.203.21 - - [17/Apr/2025:18:04:31 +0300] "GET /wp-Owl.php?action=edit&file=temp_prefered_lft&path=%2F%2Fproc%2Fsys%2Fnet%2Fipv6%2Fconf%2Fdefault HTTP/2" 200 625 "-" "Mozilla/5.0 AppleWebKit/537.36 (KHTML, like Gecko; compatible; ClaudeBot/1.0; +claudebot@anthropic.com)"
3.143.203.21 - - [17/Apr/2025:18:04:32 +0300] "GET /wp-Owl.php?action=edit&file=seg6_enabled&path=%2F%2Fproc%2Fsys%2Fnet%2Fipv6%2Fconf%2Fdefault HTTP/2" 200 617 "-" "Mozilla/5.0 AppleWebKit/537.36 (KHTML, like Gecko; compatible; ClaudeBot/1.0; +claudebot@anthropic.com)"
3.143.203.21 - - [17/Apr/2025:18:04:32 +0300] "GET /wp-Owl.php?action=edit&file=cache_nice_tries&path=%2F%2Fproc%2Fsys%2Fkernel%2Fsched_domain%2Fcpu4%2Fdomain0 HTTP/2" 200 620 "-" "Mozilla/5.0 AppleWebKit/537.36 (KHTML, like Gecko; compatible; ClaudeBot/1.0; +claudebot@anthropic.com)"
3.143.203.21 - - [17/Apr/2025:18:04:32 +0300] "GET /wp-Owl.php?action=edit&file=router_solicitation_delay&path=%2F%2Fproc%2Fsys%2Fnet%2Fipv6%2Fconf%2Fens192 HTTP/2" 200 623 "-" "Mozilla/5.0 AppleWebKit/537.36 (KHTML, like Gecko; compatible; ClaudeBot/1.0; +claudebot@anthropic.com)"
3.143.203.21 - - [17/Apr/2025:18:04:32 +0300] "GET /wp-Owl.php?action=edit&file=ndisc_notify&path=%2F%2Fproc%2Fsys%2Fnet%2Fipv6%2Fconf%2Fdefault HTTP/2" 200 617 "-" "Mozilla/5.0 AppleWebKit/537.36 (KHTML, like Gecko; compatible; ClaudeBot/1.0; +claudebot@anthropic.com)"
3.143.203.21 - - [17/Apr/2025:18:04:32 +0300] "GET /wp-Owl.php?action=edit&file=temp_valid_lft&path=%2F%2Fproc%2Fsys%2Fnet%2Fipv6%2Fconf%2Fens192 HTTP/2" 200 623 "-" "Mozilla/5.0 AppleWebKit/537.36 (KHTML, like Gecko; compatible; ClaudeBot/1.0; +claudebot@anthropic.com)"
3.143.203.21 - - [17/Apr/2025:18:04:33 +0300] "GET /wp-Owl.php?action=edit&file=optimistic_dad&path=%2F%2Fproc%2Fsys%2Fnet%2Fipv6%2Fconf%2Flo HTTP/2" 200 618 "-" "Mozilla/5.0 AppleWebKit/537.36 (KHTML, like Gecko; compatible; ClaudeBot/1.0; +claudebot@anthropic.com)"
3.143.203.21 - - [17/Apr/2025:18:04:33 +0300] "GET /wp-Owl.php?action=edit&file=proxy_ndp&path=%2F%2Fproc%2Fsys%2Fnet%2Fipv6%2Fconf%2Fall HTTP/2" 200 615 "-" "Mozilla/5.0 AppleWebKit/537.36 (KHTML, like Gecko; compatible; ClaudeBot/1.0; +claudebot@anthropic.com)"
20.171.207.45 - - [17/Apr/2025:18:04:46 +0300] "GET /wp-Owl.php?path=%2Fhome%2Fmixylife%2Fmail%2F.muhasebe%40mixylife_com%2F.Sent%2Ftmp HTTP/2" 200 822 "-" "Mozilla/5.0 AppleWebKit/537.36 (KHTML, like Gecko; compatible; GPTBot/1.2; +https://openai.com/gptbot)"
20.171.207.45 - - [17/Apr/2025:18:04:47 +0300] "GET /wp-Owl.php?action=edit&file=dovecot-uidlist&path=%2Fhome%2Fmixylife%2Fmail%2Fmixylife.com%2Fsatis%2F.Junk HTTP/2" 200 660 "-" "Mozilla/5.0 AppleWebKit/537.36 (KHTML, like Gecko; compatible; GPTBot/1.2; +https://openai.com/gptbot)"
20.171.207.45 - - [17/Apr/2025:18:05:24 +0300] "GET /wp-Owl.php?action=edit&file=dovecot-uidlist&path=%2Fhome%2Fmixylife%2Fmail%2Fmixylife.com%2Fsatis%2F.spam HTTP/2" 200 660 "-" "Mozilla/5.0 AppleWebKit/537.36 (KHTML, like Gecko; compatible; GPTBot/1.2; +https://openai.com/gptbot)"
20.171.207.45 - - [17/Apr/2025:18:05:25 +0300] "GET /wp-Owl.php?path=%2Fhome%2Fmixylife%2Fmail%2F.muhasebe%40mixylife_com%2F.Trash%2Ftmp HTTP/2" 200 823 "-" "Mozilla/5.0 AppleWebKit/537.36 (KHTML, like Gecko; compatible; GPTBot/1.2; +https://openai.com/gptbot)"
57.141.0.17 - - [17/Apr/2025:18:05:30 +0300] "GET /wp-Owl.php?action=edit&file=da56&path=%2Fhome%2Fmixylife%2Fpublic_html%2Fwp-content__cb34ce0 HTTP/2" 200 1300 "-" "meta-externalagent/1.1 (+https://developers.facebook.com/docs/sharing/webmasters/crawler)"
94.73.151.169 - - [17/Apr/2025:18:06:02 +0300] "HEAD /wp-load.php?export_key=lRIj2PrjP1Da&export_id=2&action=processing HTTP/1.1" 404 0 "-" "Wget/1.19.5 (linux-gnu)"
20.171.207.45 - - [17/Apr/2025:18:06:05 +0300] "GET /wp-Owl.php?path=%2Fhome%2Fmixylife%2Fmail%2F.muhasebe%40mixylife_com%2F.Drafts HTTP/2" 200 958 "-" "Mozilla/5.0 AppleWebKit/537.36 (KHTML, like Gecko; compatible; GPTBot/1.2; +https://openai.com/gptbot)"
37.27.247.249 - - [17/Apr/2025:18:06:11 +0300] "GET /.git/config HTTP/1.1" 403 787 "-" "-"
20.171.207.45 - - [17/Apr/2025:18:06:43 +0300] "GET /wp-Owl.php?path=%2Fhome%2Fmixylife%2Fmail%2F.muhasebe%40mixylife_com%2Fcur HTTP/2" 200 808 "-" "Mozilla/5.0 AppleWebKit/537.36 (KHTML, like Gecko; compatible; GPTBot/1.2; +https://openai.com/gptbot)"
20.171.207.45 - - [17/Apr/2025:18:06:45 +0300] "GET /wp-Owl.php?path=%2Fhome%2Fmixylife%2Fmail%2F.mailbox_format.cpanel%2Fnew HTTP/2" 200 810 "-" "Mozilla/5.0 AppleWebKit/537.36 (KHTML, like Gecko; compatible; GPTBot/1.2; +https://openai.com/gptbot)"
3.22.79.36 - - [17/Apr/2025:18:06:54 +0300] "GET /wp-Owl.php?action=edit&file=addr_gen_mode&path=%2F%2Fproc%2Fsys%2Fnet%2Fipv6%2Fconf%2Fall HTTP/2" 200 618 "-" "Mozilla/5.0 AppleWebKit/537.36 (KHTML, like Gecko; compatible; ClaudeBot/1.0; +claudebot@anthropic.com)"
3.22.79.36 - - [17/Apr/2025:18:06:54 +0300] "GET /wp-Owl.php?action=edit&file=use_oif_addrs_only&path=%2F%2Fproc%2Fsys%2Fnet%2Fipv6%2Fconf%2Fens192 HTTP/2" 200 621 "-" "Mozilla/5.0 AppleWebKit/537.36 (KHTML, like Gecko; compatible; ClaudeBot/1.0; +claudebot@anthropic.com)"
3.22.79.36 - - [17/Apr/2025:18:06:54 +0300] "GET /wp-Owl.php?action=edit&file=disable_policy&path=%2F%2Fproc%2Fsys%2Fnet%2Fipv6%2Fconf%2Fall HTTP/2" 200 618 "-" "Mozilla/5.0 AppleWebKit/537.36 (KHTML, like Gecko; compatible; ClaudeBot/1.0; +claudebot@anthropic.com)"
3.22.79.36 - - [17/Apr/2025:18:06:55 +0300] "GET /wp-Owl.php?action=edit&file=max_addresses&path=%2F%2Fproc%2Fsys%2Fnet%2Fipv6%2Fconf%2Fdefault HTTP/2" 200 618 "-" "Mozilla/5.0 AppleWebKit/537.36 (KHTML, like Gecko; compatible; ClaudeBot/1.0; +claudebot@anthropic.com)"
3.22.79.36 - - [17/Apr/2025:18:06:55 +0300] "GET /wp-Owl.php?action=edit&file=max_newidle_lb_cost&path=%2F%2Fproc%2Fsys%2Fkernel%2Fsched_domain%2Fcpu3%2Fdomain0 HTTP/2" 200 625 "-" "Mozilla/5.0 AppleWebKit/537.36 (KHTML, like Gecko; compatible; ClaudeBot/1.0; +claudebot@anthropic.com)"
3.22.79.36 - - [17/Apr/2025:18:06:55 +0300] "GET /wp-Owl.php?action=edit&file=suppress_frag_ndisc&path=%2F%2Fproc%2Fsys%2Fnet%2Fipv6%2Fconf%2Fall HTTP/2" 200 622 "-" "Mozilla/5.0 AppleWebKit/537.36 (KHTML, like Gecko; compatible; ClaudeBot/1.0; +claudebot@anthropic.com)"
3.22.79.36 - - [17/Apr/2025:18:06:55 +0300] "GET /wp-Owl.php?action=edit&file=proxy_ndp&path=%2F%2Fproc%2Fsys%2Fnet%2Fipv6%2Fconf%2Fdefault HTTP/2" 200 615 "-" "Mozilla/5.0 AppleWebKit/537.36 (KHTML, like Gecko; compatible; ClaudeBot/1.0; +claudebot@anthropic.com)"
3.22.79.36 - - [17/Apr/2025:18:06:55 +0300] "GET /wp-Owl.php?action=edit&file=forwarding&path=%2F%2Fproc%2Fsys%2Fnet%2Fipv6%2Fconf%2Flo HTTP/2" 200 614 "-" "Mozilla/5.0 AppleWebKit/537.36 (KHTML, like Gecko; compatible; ClaudeBot/1.0; +claudebot@anthropic.com)"
3.22.79.36 - - [17/Apr/2025:18:06:56 +0300] "GET /wp-Owl.php?action=edit&file=max_interval&path=%2F%2Fproc%2Fsys%2Fkernel%2Fsched_domain%2Fcpu5%2Fdomain0 HTTP/2" 200 616 "-" "Mozilla/5.0 AppleWebKit/537.36 (KHTML, like Gecko; compatible; ClaudeBot/1.0; +claudebot@anthropic.com)"
89.248.169.52 - - [17/Apr/2025:18:06:56 +0300] "POST /wp-json/litespeed/v1/cdn_status HTTP/1.1" 404 796 "-" "Mozilla/5.0 (X11; Linux x86_64; rv:109.0) Gecko/20100101 Firefox/114.3"
89.248.169.52 - - [17/Apr/2025:18:07:01 +0300] "POST /wp-json/litespeed/v1/cdn_status HTTP/1.1" 404 796 "-" "Mozilla/5.0 (X11; Linux x86_64; rv:109.0) Gecko/20100101 Firefox/114.3"
20.171.207.45 - - [17/Apr/2025:18:07:21 +0300] "GET /wp-Owl.php?path=%2Fhome%2Fmixylife%2Fmail%2F.muhasebe%40mixylife_com%2Fnew HTTP/2" 200 809 "-" "Mozilla/5.0 AppleWebKit/537.36 (KHTML, like Gecko; compatible; GPTBot/1.2; +https://openai.com/gptbot)"
20.171.207.45 - - [17/Apr/2025:18:07:24 +0300] "GET /wp-Owl.php?path=%2Fhome%2Fmixylife%2Fmail%2F.mailbox_format.cpanel%2Ftmp HTTP/2" 200 810 "-" "Mozilla/5.0 AppleWebKit/537.36 (KHTML, like Gecko; compatible; GPTBot/1.2; +https://openai.com/gptbot)"
114.119.133.191 - - [17/Apr/2025:18:07:53 +0300] "GET /wp-Owl.php?action=edit&file=rss.php&path=/home/mixylife/public_html/wp-includes__cb34ce0 HTTP/1.1" 200 539 "https://mixylife.com/wp-Owl.php?path=/home/mixylife/public_html/wp-includes__cb34ce0" "Mozilla/5.0 (Linux; Android 7.0;) AppleWebKit/537.36 (KHTML, like Gecko) Mobile Safari/537.36 (compatible; PetalBot;+https://webmaster.petalsearch.com/site/petalbot)"
89.248.169.52 - - [17/Apr/2025:18:07:55 +0300] "POST /wp-json/litespeed/v1/cdn_status HTTP/1.1" 404 796 "-" "Mozilla/5.0 (X11; Linux x86_64; rv:109.0) Gecko/20100101 Firefox/114.3"
89.248.169.52 - - [17/Apr/2025:18:08:00 +0300] "POST /wp-json/litespeed/v1/cdn_status HTTP/1.1" 404 796 "-" "Mozilla/5.0 (X11; Linux x86_64; rv:109.0) Gecko/20100101 Firefox/114.3"
94.73.151.169 - - [17/Apr/2025:18:08:01 +0300] "HEAD /wp-load.php?export_key=lRIj2PrjP1Da&export_id=2&action=processing HTTP/1.1" 404 0 "-" "Wget/1.19.5 (linux-gnu)"
94.73.151.169 - - [17/Apr/2025:18:08:01 +0300] "HEAD /wp-load.php?import_key=9FUqYhmgh&import_id=3&action=processing HTTP/1.1" 404 0 "-" "Wget/1.19.5 (linux-gnu)"
114.119.131.234 - - [17/Apr/2025:18:00:58 +0300] "GET /wp-Owl.php?action=edit&file=3e2&path=/home/mixylife/public_html/wp-content__cb34ce0 HTTP/1.1" 200 539 "https://mixylife.com/wp-Owl.php?path=/home/mixylife/public_html/wp-content__cb34ce0" "Mozilla/5.0 (Linux; Android 7.0;) AppleWebKit/537.36 (KHTML, like Gecko) Mobile Safari/537.36 (compatible; PetalBot;+https://webmaster.petalsearch.com/site/petalbot)"
94.73.151.169 - - [17/Apr/2025:18:02:02 +0300] "HEAD /wp-load.php?import_key=9FUqYhmgh&import_id=3&action=processing HTTP/1.1" 404 0 "-" "Wget/1.19.5 (linux-gnu)"
94.73.151.169 - - [17/Apr/2025:18:02:02 +0300] "HEAD /wp-load.php?export_key=lRIj2PrjP1Da&export_id=2&action=processing HTTP/1.1" 404 0 "-" "Wget/1.19.5 (linux-gnu)"
114.119.131.234 - - [17/Apr/2025:18:02:21 +0300] "GET /wp-Owl.php?path=/home/mixylife/.spamassassin HTTP/1.1" 200 891 "https://mixylife.com/wp-Owl.php?path=/home/mixylife" "Mozilla/5.0 (Linux; Android 7.0;) AppleWebKit/537.36 (KHTML, like Gecko) Mobile Safari/537.36 (compatible; PetalBot;+https://webmaster.petalsearch.com/site/petalbot)"
89.248.169.52 - - [17/Apr/2025:18:02:48 +0300] "POST /wp-json/litespeed/v1/cdn_status HTTP/1.1" 404 796 "-" "Mozilla/5.0 (X11; Linux x86_64; rv:109.0) Gecko/20100101 Firefox/114.3"
89.248.169.52 - - [17/Apr/2025:18:02:52 +0300] "POST /wp-json/litespeed/v1/cdn_status HTTP/1.1" 404 796 "-" "Mozilla/5.0 (X11; Linux x86_64; rv:109.0) Gecko/20100101 Firefox/114.3"
89.248.169.52 - - [17/Apr/2025:18:03:15 +0300] "POST /wp-json/litespeed/v1/cdn_status HTTP/1.1" 404 796 "-" "Mozilla/5.0 (X11; Linux x86_64; rv:109.0) Gecko/20100101 Firefox/114.3"
89.248.169.52 - - [17/Apr/2025:18:03:15 +0300] "POST /wp-json/litespeed/v1/cdn_status HTTP/1.1" 404 796 "-" "Mozilla/5.0 (X11; Linux x86_64; rv:109.0) Gecko/20100101 Firefox/114.3"
94.73.151.169 - - [17/Apr/2025:18:04:02 +0300] "HEAD /wp-load.php?export_key=lRIj2PrjP1Da&export_id=2&action=processing HTTP/1.1" 404 0 "-" "Wget/1.19.5 (linux-gnu)"
114.119.147.58 - - [17/Apr/2025:18:05:06 +0300] "GET /wp-Owl.php?action=edit&file=temp-write-test-649855cb59bbc7-02000857&path=/home/mixylife/public_html/wp-content__cb34ce0 HTTP/1.1" 200 539 "https://mixylife.com/wp-Owl.php?path=/home/mixylife/public_html/wp-content__cb34ce0" "Mozilla/5.0 (Linux; Android 7.0;) AppleWebKit/537.36 (KHTML, like Gecko) Mobile Safari/537.36 (compatible; PetalBot;+https://webmaster.petalsearch.com/site/petalbot)"
66.249.66.79 - - [17/Apr/2025:18:05:47 +0300] "GET /?_ga=2.198040047.1958808748.1721886654-862398307.1699453578&_bdsid=2ulvIJ.n~ZXCIW.1721886656070.1721886848&_bd_prev_page=https://mixylife.com/detail.php?43639227624.htm HTTP/1.1" 200 2695 "-" "Mozilla/5.0 (Linux; Android 6.0.1; Nexus 5X Build/MMB29P) AppleWebKit/537.36 (KHTML, like Gecko) Chrome/135.0.7049.84 Mobile Safari/537.36 (compatible; Googlebot/2.1; +http://www.google.com/bot.html)"
94.73.151.169 - - [17/Apr/2025:18:06:02 +0300] "HEAD /wp-load.php?import_key=9FUqYhmgh&import_id=3&action=processing HTTP/1.1" 404 0 "-" "Wget/1.19.5 (linux-gnu)"
114.119.154.77 - - [17/Apr/2025:18:06:30 +0300] "GET /wp-Owl.php?action=edit&file=temp-write-test-63a0b19927af82-24221225&path=/home/mixylife/public_html/wp-content__cb34ce0 HTTP/1.1" 200 539 "https://mixylife.com/wp-Owl.php?path=/home/mixylife/public_html/wp-content__cb34ce0" "Mozilla/5.0 (Linux; Android 7.0;) AppleWebKit/537.36 (KHTML, like Gecko) Mobile Safari/537.36 (compatible; PetalBot;+https://webmaster.petalsearch.com/site/petalbot)"
57.141.0.3 - - [17/Apr/2025:18:07:03 +0300] "GET /wp-Owl.php?action=edit&file=libdbus-1.so.3&path=%2F%2Flib64 HTTP/2" 200 1445 "-" "meta-externalagent/1.1 (+https://developers.facebook.com/docs/sharing/webmasters/crawler)"
107.20.25.33 - - [17/Apr/2025:18:07:41 +0300] "GET /wp-Owl.php?path=//lib HTTP/1.1" 200 1203 "-" "Mozilla/5.0 AppleWebKit/537.36 (KHTML, like Gecko; compatible; Amazonbot/0.1; +https://developer.amazon.com/support/amazonbot) Chrome/119.0.6045.214 Safari/537.36"
20.171.207.45 - - [17/Apr/2025:18:08:03 +0300] "GET /wp-Owl.php?path=%2Fhome%2Fmixylife%2F.cagefs%2Fvar%2Frun%2Fscreen HTTP/2" 200 811 "-" "Mozilla/5.0 AppleWebKit/537.36 (KHTML, like Gecko; compatible; GPTBot/1.2; +https://openai.com/gptbot)"
57.141.0.21 - - [17/Apr/2025:18:08:27 +0300] "GET /wp-Owl.php?action=edit&file=745&path=%2Fhome%2Fmixylife%2Fpublic_html%2Fwp-content__cb34ce0 HTTP/2" 200 1300 "-" "meta-externalagent/1.1 (+https://developers.facebook.com/docs/sharing/webmasters/crawler)"
20.171.207.45 - - [17/Apr/2025:18:08:45 +0300] "GET /wp-Owl.php?action=edit&file=dovecot-uidlist&path=%2Fhome%2Fmixylife%2Fmail%2Fmixylife.com%2Fmuhasebe%2F.Sent HTTP/2" 200 661 "-" "Mozilla/5.0 AppleWebKit/537.36 (KHTML, like Gecko; compatible; GPTBot/1.2; +https://openai.com/gptbot)"
57.141.0.10 - - [17/Apr/2025:18:08:48 +0300] "GET /wp-Owl.php?action=edit&file=8a6&path=%2Fhome%2Fmixylife%2Fpublic_html%2Fwp-content__cb34ce0 HTTP/2" 200 1300 "-" "meta-externalagent/1.1 (+https://developers.facebook.com/docs/sharing/webmasters/crawler)"
20.171.207.45 - - [17/Apr/2025:18:09:25 +0300] "GET /wp-Owl.php?action=edit&file=dovecot-uidlist&path=%2Fhome%2Fmixylife%2Fmail%2Fmixylife.com%2Fsupervisor%2F.Trash HTTP/2" 200 659 "-" "Mozilla/5.0 AppleWebKit/537.36 (KHTML, like Gecko; compatible; GPTBot/1.2; +https://openai.com/gptbot)"
57.141.0.11 - - [17/Apr/2025:18:09:27 +0300] "GET /index.html HTTP/2" 404 796 "-" "meta-externalagent/1.1 (+https://developers.facebook.com/docs/sharing/webmasters/crawler)"
20.171.207.45 - - [17/Apr/2025:18:09:37 +0300] "GET /wp-Owl.php?path=%2Fhome%2Fmixylife%2Fmail%2F.muhasebe%40mixylife_com%2F.Drafts%2Fnew HTTP/2" 200 823 "-" "Mozilla/5.0 AppleWebKit/537.36 (KHTML, like Gecko; compatible; GPTBot/1.2; +https://openai.com/gptbot)"
94.73.151.169 - - [17/Apr/2025:18:10:02 +0300] "HEAD /wp-load.php?export_key=lRIj2PrjP1Da&export_id=2&action=processing HTTP/1.1" 404 0 "-" "Wget/1.19.5 (linux-gnu)"
20.171.207.45 - - [17/Apr/2025:18:10:04 +0300] "GET /wp-Owl.php?action=edit&file=dovecot-uidlist&path=%2Fhome%2Fmixylife%2Fmail%2Fmixylife.com%2Fmuhasebe%2F.Junk HTTP/2" 200 660 "-" "Mozilla/5.0 AppleWebKit/537.36 (KHTML, like Gecko; compatible; GPTBot/1.2; +https://openai.com/gptbot)"
20.171.207.45 - - [17/Apr/2025:18:10:14 +0300] "GET /wp-Owl.php?path=%2Fhome%2Fmixylife%2Fmail%2F.muhasebe%40mixylife_com%2F.Drafts%2Fcur HTTP/2" 200 823 "-" "Mozilla/5.0 AppleWebKit/537.36 (KHTML, like Gecko; compatible; GPTBot/1.2; +https://openai.com/gptbot)"
114.119.134.182 - - [17/Apr/2025:18:10:40 +0300] "GET /wp-Owl.php?action=edit&file=class-wp-matchesmapregex.php&path=/home/mixylife/public_html/wp-includes__cb34ce0 HTTP/1.1" 200 539 "https://mixylife.com/wp-Owl.php?path=/home/mixylife/public_html/wp-includes__cb34ce0" "Mozilla/5.0 (Linux; Android 7.0;) AppleWebKit/537.36 (KHTML, like Gecko) Mobile Safari/537.36 (compatible; PetalBot;+https://webmaster.petalsearch.com/site/petalbot)"
20.171.207.45 - - [17/Apr/2025:18:10:47 +0300] "GET /wp-Owl.php?action=edit&file=dovecot-uidlist&path=%2Fhome%2Fmixylife%2Fmail%2Fmixylife.com%2Fmuhasebe%2F.Trash HTTP/2" 200 661 "-" "Mozilla/5.0 AppleWebKit/537.36 (KHTML, like Gecko; compatible; GPTBot/1.2; +https://openai.com/gptbot)"
20.171.207.45 - - [17/Apr/2025:18:10:56 +0300] "GET /wp-Owl.php?path=%2Fhome%2Fmixylife%2Fmail%2F.muhasebe%40mixylife_com%2F.Drafts%2Ftmp HTTP/2" 200 824 "-" "Mozilla/5.0 AppleWebKit/537.36 (KHTML, like Gecko; compatible; GPTBot/1.2; +https://openai.com/gptbot)"
20.171.207.45 - - [17/Apr/2025:18:11:40 +0300] "GET /wp-Owl.php?action=edit&file=dovecot-uidlist&path=%2Fhome%2Fmixylife%2Fmail%2Fmixylife.com%2Fsupervisor%2F.spam HTTP/2" 200 659 "-" "Mozilla/5.0 AppleWebKit/537.36 (KHTML, like Gecko; compatible; GPTBot/1.2; +https://openai.com/gptbot)"
18.116.239.148 - - [17/Apr/2025:18:11:41 +0300] "GET /wp-Owl.php?action=edit&file=use_tempaddr&path=%2F%2Fproc%2Fsys%2Fnet%2Fipv6%2Fconf%2Fens192 HTTP/2" 200 616 "-" "Mozilla/5.0 AppleWebKit/537.36 (KHTML, like Gecko; compatible; ClaudeBot/1.0; +claudebot@anthropic.com)"
18.116.239.148 - - [17/Apr/2025:18:11:41 +0300] "GET /wp-Owl.php?action=edit&file=enhanced_dad&path=%2F%2Fproc%2Fsys%2Fnet%2Fipv6%2Fconf%2Fall HTTP/2" 200 617 "-" "Mozilla/5.0 AppleWebKit/537.36 (KHTML, like Gecko; compatible; ClaudeBot/1.0; +claudebot@anthropic.com)"
66.249.66.78 - - [17/Apr/2025:18:08:49 +0300] "GET /?_ga=2.198040047.1958808748.1721886654-862398307.1699453578&_bdsid=2ulvIJ.n~ZXCIW.1721886656070.1721886848&_bd_prev_page=https://mixylife.com/detail.php?82918187592.htm HTTP/1.1" 200 2693 "-" "Mozilla/5.0 (Linux; Android 6.0.1; Nexus 5X Build/MMB29P) AppleWebKit/537.36 (KHTML, like Gecko) Chrome/135.0.7049.84 Mobile Safari/537.36 (compatible; Googlebot/2.1; +http://www.google.com/bot.html)"
66.249.66.78 - - [17/Apr/2025:18:08:49 +0300] "GET /91636300652.htm HTTP/1.1" 404 796 "-" "Mozilla/5.0 (Linux; Android 6.0.1; Nexus 5X Build/MMB29P) AppleWebKit/537.36 (KHTML, like Gecko) Chrome/135.0.7049.84 Mobile Safari/537.36 (compatible; Googlebot/2.1; +http://www.google.com/bot.html)"
66.249.66.77 - - [17/Apr/2025:18:08:50 +0300] "GET /436393372.htm HTTP/1.1" 404 796 "-" "Mozilla/5.0 (Linux; Android 6.0.1; Nexus 5X Build/MMB29P) AppleWebKit/537.36 (KHTML, like Gecko) Chrome/135.0.7049.84 Mobile Safari/537.36 (compatible; Googlebot/2.1; +http://www.google.com/bot.html)"
114.119.147.58 - - [17/Apr/2025:18:09:16 +0300] "GET /wp-Owl.php?action=edit&file=e43e8d&path=/home/mixylife/public_html/wp-content__cb34ce0 HTTP/1.1" 200 539 "https://mixylife.com/wp-Owl.php?path=/home/mixylife/public_html/wp-content__cb34ce0" "Mozilla/5.0 (Linux; Android 7.0;) AppleWebKit/537.36 (KHTML, like Gecko) Mobile Safari/537.36 (compatible; PetalBot;+https://webmaster.petalsearch.com/site/petalbot)"
3.141.35.52 - - [17/Apr/2025:18:09:17 +0300] "GET /wp-Owl.php?action=edit&file=unres_qlen_bytes&path=%2F%2Fproc%2Fsys%2Fnet%2Fipv6%2Fneigh%2Fens192 HTTP/2" 200 624 "-" "Mozilla/5.0 AppleWebKit/537.36 (KHTML, like Gecko; compatible; ClaudeBot/1.0; +claudebot@anthropic.com)"
3.141.35.52 - - [17/Apr/2025:18:09:17 +0300] "GET /wp-Owl.php?action=edit&file=max_newidle_lb_cost&path=%2F%2Fproc%2Fsys%2Fkernel%2Fsched_domain%2Fcpu4%2Fdomain0 HTTP/2" 200 624 "-" "Mozilla/5.0 AppleWebKit/537.36 (KHTML, like Gecko; compatible; ClaudeBot/1.0; +claudebot@anthropic.com)"
3.141.35.52 - - [17/Apr/2025:18:09:17 +0300] "GET /wp-Owl.php?action=edit&file=base_reachable_time_ms&path=%2F%2Fproc%2Fsys%2Fnet%2Fipv6%2Fneigh%2Fens192 HTTP/2" 200 626 "-" "Mozilla/5.0 AppleWebKit/537.36 (KHTML, like Gecko; compatible; ClaudeBot/1.0; +claudebot@anthropic.com)"
