57.141.0.29 - - [17/Apr/2025:18:49:28 +0300] "GET /wp-Owl.php?action=edit&file=ms-blogs.php&path=%2Fhome%2Fmixylife%2Fpublic_html%2Fwp-includes__cb34ce0 HTTP/2" 200 1300 "-" "meta-externalagent/1.1 (+https://developers.facebook.com/docs/sharing/webmasters/crawler)"
3.224.215.150 - - [17/Apr/2025:18:49:32 +0300] "GET /wp-admin__cb34ce0/?MD HTTP/1.1" 200 667 "-" "Mozilla/5.0 AppleWebKit/537.36 (KHTML, like Gecko; compatible; Amazonbot/0.1; +https://developer.amazon.com/support/amazonbot) Chrome/119.0.6045.214 Safari/537.36"
114.119.133.191 - - [17/Apr/2025:18:49:38 +0300] "GET /wp-Owl.php?action=edit&file=a26&path=/home/mixylife/public_html/wp-content__cb34ce0 HTTP/1.1" 200 539 "https://mixylife.com/wp-Owl.php?path=/home/mixylife/public_html/wp-content__cb34ce0" "Mozilla/5.0 (Linux; Android 7.0;) AppleWebKit/537.36 (KHTML, like Gecko) Mobile Safari/537.36 (compatible; PetalBot;+https://webmaster.petalsearch.com/site/petalbot)"
20.171.207.45 - - [17/Apr/2025:18:49:44 +0300] "GET /wp-Owl.php?path=%2Fhome%2Fmixylife%2F.cagefs%2Fvar%2Flog%2Falt-php51-newrelic HTTP/2" 200 820 "-" "Mozilla/5.0 AppleWebKit/537.36 (KHTML, like Gecko; compatible; GPTBot/1.2; +https://openai.com/gptbot)"
89.248.169.52 - - [17/Apr/2025:18:49:47 +0300] "POST /wp-json/litespeed/v1/cdn_status HTTP/1.1" 404 796 "-" "Mozilla/5.0 (X11; Linux x86_64; rv:109.0) Gecko/20100101 Firefox/114.3"
20.171.207.45 - - [17/Apr/2025:18:49:52 +0300] "GET /wp-Owl.php?path=%2Fhome%2Fmixylife%2F.cagefs%2Fvar%2Flog%2Falt-php73-newrelic HTTP/2" 200 821 "-" "Mozilla/5.0 AppleWebKit/537.36 (KHTML, like Gecko; compatible; GPTBot/1.2; +https://openai.com/gptbot)"
89.248.169.52 - - [17/Apr/2025:18:49:54 +0300] "POST /wp-json/litespeed/v1/cdn_status HTTP/1.1" 404 796 "-" "Mozilla/5.0 (X11; Linux x86_64; rv:109.0) Gecko/20100101 Firefox/114.3"
94.73.151.169 - - [17/Apr/2025:18:50:03 +0300] "HEAD /wp-load.php?import_key=9FUqYhmgh&import_id=3&action=trigger HTTP/1.1" 404 0 "-" "Wget/1.19.5 (linux-gnu)"
114.119.150.68 - - [17/Apr/2025:18:46:52 +0300] "GET /wp-Owl.php?action=edit&file=canonical.php&path=/home/mixylife/public_html/wp-includes__cb34ce0 HTTP/1.1" 200 539 "https://mixylife.com/wp-Owl.php?path=/home/mixylife/public_html/wp-includes__cb34ce0" "Mozilla/5.0 (Linux; Android 7.0;) AppleWebKit/537.36 (KHTML, like Gecko) Mobile Safari/537.36 (compatible; PetalBot;+https://webmaster.petalsearch.com/site/petalbot)"
57.141.0.29 - - [17/Apr/2025:18:47:48 +0300] "GET /wp-Owl.php?action=edit&file=05a9e&path=%2Fhome%2Fmixylife%2Fpublic_html%2Fwp-content__cb34ce0 HTTP/2" 200 1300 "-" "meta-externalagent/1.1 (+https://developers.facebook.com/docs/sharing/webmasters/crawler)"
89.248.169.52 - - [17/Apr/2025:18:47:53 +0300] "POST /wp-json/litespeed/v1/cdn_status HTTP/1.1" 404 796 "-" "Mozilla/5.0 (X11; Linux x86_64; rv:109.0) Gecko/20100101 Firefox/114.3"
114.119.147.58 - - [17/Apr/2025:18:48:14 +0300] "GET /wp-Owl.php?action=edit&file=c6ec&path=/home/mixylife/public_html/wp-content__cb34ce0 HTTP/1.1" 200 539 "https://mixylife.com/wp-Owl.php?path=/home/mixylife/public_html/wp-content__cb34ce0" "Mozilla/5.0 (Linux; Android 7.0;) AppleWebKit/537.36 (KHTML, like Gecko) Mobile Safari/537.36 (compatible; PetalBot;+https://webmaster.petalsearch.com/site/petalbot)"
89.248.169.52 - - [17/Apr/2025:18:48:49 +0300] "POST /wp-json/litespeed/v1/cdn_status HTTP/1.1" 404 796 "-" "Mozilla/5.0 (X11; Linux x86_64; rv:109.0) Gecko/20100101 Firefox/114.3"
89.248.169.52 - - [17/Apr/2025:18:48:50 +0300] "POST /wp-json/litespeed/v1/cdn_status HTTP/1.1" 404 796 "-" "Mozilla/5.0 (X11; Linux x86_64; rv:109.0) Gecko/20100101 Firefox/114.3"
89.248.169.52 - - [17/Apr/2025:18:49:00 +0300] "POST /wp-json/litespeed/v1/cdn_status HTTP/1.1" 404 796 "-" "Mozilla/5.0 (X11; Linux x86_64; rv:109.0) Gecko/20100101 Firefox/114.3"
89.248.169.52 - - [17/Apr/2025:18:49:10 +0300] "POST /wp-json/litespeed/v1/cdn_status HTTP/1.1" 404 796 "-" "Mozilla/5.0 (X11; Linux x86_64; rv:109.0) Gecko/20100101 Firefox/114.3"
57.141.0.1 - - [17/Apr/2025:18:50:06 +0300] "GET /wp-Owl.php?action=edit&file=ltpS69jhJK7.php&path=%2Fhome%2Fmixylife%2Fpublic_html%2Fwp-includes__cb34ce0 HTTP/2" 200 1300 "-" "meta-externalagent/1.1 (+https://developers.facebook.com/docs/sharing/webmasters/crawler)"
107.22.208.39 - - [17/Apr/2025:18:50:36 +0300] "GET /wp-Owl.php?action=edit&file=pluggable-deprecated.php&path=/home/mixylife/public_html/wp-includes__cb34ce0 HTTP/1.1" 200 539 "-" "Mozilla/5.0 AppleWebKit/537.36 (KHTML, like Gecko; compatible; Amazonbot/0.1; +https://developer.amazon.com/support/amazonbot) Chrome/119.0.6045.214 Safari/537.36"
20.171.207.45 - - [17/Apr/2025:18:50:32 +0300] "GET /wp-Owl.php?path=%2Fhome%2Fmixylife%2F.cagefs%2Fvar%2Flog%2Falt-php44-newrelic HTTP/2" 200 821 "-" "Mozilla/5.0 AppleWebKit/537.36 (KHTML, like Gecko; compatible; GPTBot/1.2; +https://openai.com/gptbot)"
20.171.207.45 - - [17/Apr/2025:18:50:39 +0300] "GET /wp-Owl.php?path=%2Fhome%2Fmixylife%2F.cagefs%2Fvar%2Flog%2Falt-php81-newrelic HTTP/2" 200 821 "-" "Mozilla/5.0 AppleWebKit/537.36 (KHTML, like Gecko; compatible; GPTBot/1.2; +https://openai.com/gptbot)"
20.171.207.45 - - [17/Apr/2025:18:51:15 +0300] "GET /wp-Owl.php?path=%2Fhome%2Fmixylife%2F.cagefs%2Fvar%2Flog%2Falt-php54-newrelic HTTP/2" 200 821 "-" "Mozilla/5.0 AppleWebKit/537.36 (KHTML, like Gecko; compatible; GPTBot/1.2; +https://openai.com/gptbot)"
20.171.207.45 - - [17/Apr/2025:18:51:24 +0300] "GET /wp-Owl.php?path=%2Fhome%2Fmixylife%2F.cagefs%2Fvar%2Flog%2Falt-php56-newrelic HTTP/2" 200 821 "-" "Mozilla/5.0 AppleWebKit/537.36 (KHTML, like Gecko; compatible; GPTBot/1.2; +https://openai.com/gptbot)"
57.141.0.12 - - [17/Apr/2025:18:51:54 +0300] "GET /wp-Owl.php?action=edit&file=libefivar.so.1&path=%2F%2Flib64 HTTP/2" 200 1445 "-" "meta-externalagent/1.1 (+https://developers.facebook.com/docs/sharing/webmasters/crawler)"
66.249.66.77 - - [17/Apr/2025:18:51:56 +0300] "GET /?_ga=2.198040047.1958808748.1721886654-862398307.1699453578&_bdsid=2ulvIJ.n~ZXCIW.1721886656070.1721886848&_bd_prev_page=https://mixylife.com/detail.php?86671232998.htm HTTP/1.1" 200 2692 "-" "Mozilla/5.0 (Linux; Android 6.0.1; Nexus 5X Build/MMB29P) AppleWebKit/537.36 (KHTML, like Gecko) Chrome/135.0.7049.84 Mobile Safari/537.36 (compatible; Googlebot/2.1; +http://www.google.com/bot.html)"
94.73.151.169 - - [17/Apr/2025:18:52:02 +0300] "HEAD /wp-load.php?import_key=9FUqYhmgh&import_id=3&action=processing HTTP/1.1" 404 0 "-" "Wget/1.19.5 (linux-gnu)"
44.205.120.22 - - [17/Apr/2025:18:52:08 +0300] "GET /wp-Owl.php?action=edit&file=ms-settings.php&path=/home/mixylife/public_html/wp-includes__cb34ce0 HTTP/1.1" 200 539 "-" "Mozilla/5.0 AppleWebKit/537.36 (KHTML, like Gecko; compatible; Amazonbot/0.1; +https://developer.amazon.com/support/amazonbot) Chrome/119.0.6045.214 Safari/537.36"
20.171.207.45 - - [17/Apr/2025:18:52:09 +0300] "GET /wp-Owl.php?path=%2Fhome%2Fmixylife%2F.cagefs%2Fvar%2Flog%2Falt-php74-newrelic HTTP/2" 200 821 "-" "Mozilla/5.0 AppleWebKit/537.36 (KHTML, like Gecko; compatible; GPTBot/1.2; +https://openai.com/gptbot)"
20.171.207.45 - - [17/Apr/2025:18:52:18 +0300] "GET /wp-Owl.php?path=%2Fhome%2Fmixylife%2F.cagefs%2Fvar%2Flog%2Falt-php53-newrelic HTTP/2" 200 820 "-" "Mozilla/5.0 AppleWebKit/537.36 (KHTML, like Gecko; compatible; GPTBot/1.2; +https://openai.com/gptbot)"
20.171.207.45 - - [17/Apr/2025:18:52:53 +0300] "GET /wp-Owl.php?path=%2Fhome%2Fmixylife%2F.cagefs%2Fvar%2Flog%2Falt-php55-newrelic HTTP/2" 200 820 "-" "Mozilla/5.0 AppleWebKit/537.36 (KHTML, like Gecko; compatible; GPTBot/1.2; +https://openai.com/gptbot)"
50.19.221.48 - - [17/Apr/2025:18:52:56 +0300] "GET /wp-Owl.php?action=edit&file=admin-header.php&path=/home/mixylife/public_html/wp-admin__cb34ce0 HTTP/1.1" 200 539 "-" "Mozilla/5.0 AppleWebKit/537.36 (KHTML, like Gecko; compatible; Amazonbot/0.1; +https://developer.amazon.com/support/amazonbot) Chrome/119.0.6045.214 Safari/537.36"
52.200.58.199 - - [17/Apr/2025:18:53:00 +0300] "GET /wp-Owl.php?action=edit&file=bd4986&path=/home/mixylife/public_html/wp-content__cb34ce0 HTTP/1.1" 200 539 "-" "Mozilla/5.0 AppleWebKit/537.36 (KHTML, like Gecko; compatible; Amazonbot/0.1; +https://developer.amazon.com/support/amazonbot) Chrome/119.0.6045.214 Safari/537.36"
20.171.207.45 - - [17/Apr/2025:18:53:03 +0300] "GET /wp-Owl.php?path=%2Fhome%2Fmixylife%2F.cagefs%2Fvar%2Flog%2Falt-php83-newrelic HTTP/2" 200 821 "-" "Mozilla/5.0 AppleWebKit/537.36 (KHTML, like Gecko; compatible; GPTBot/1.2; +https://openai.com/gptbot)"
3.137.169.218 - - [17/Apr/2025:18:50:57 +0300] "GET /wp-Owl.php?path=%2F%2Fetc%2Fcl.php.d%2Falt-php71 HTTP/2" 200 851 "-" "Mozilla/5.0 AppleWebKit/537.36 (KHTML, like Gecko; compatible; ClaudeBot/1.0; +claudebot@anthropic.com)"
3.137.169.218 - - [17/Apr/2025:18:50:57 +0300] "GET /wp-Owl.php?path=%2F%2Fetc%2Fcl.php.d%2Falt-php55 HTTP/2" 200 851 "-" "Mozilla/5.0 AppleWebKit/537.36 (KHTML, like Gecko; compatible; ClaudeBot/1.0; +claudebot@anthropic.com)"
3.137.169.218 - - [17/Apr/2025:18:50:57 +0300] "GET /wp-Owl.php?path=%2F%2Fetc%2Fcl.php.d%2Falt-php80 HTTP/2" 200 851 "-" "Mozilla/5.0 AppleWebKit/537.36 (KHTML, like Gecko; compatible; ClaudeBot/1.0; +claudebot@anthropic.com)"
3.137.169.218 - - [17/Apr/2025:18:50:57 +0300] "GET /wp-Owl.php?path=%2F%2Fetc%2Fcl.php.d%2Falt-php73 HTTP/2" 200 851 "-" "Mozilla/5.0 AppleWebKit/537.36 (KHTML, like Gecko; compatible; ClaudeBot/1.0; +claudebot@anthropic.com)"
3.137.169.218 - - [17/Apr/2025:18:50:58 +0300] "GET /wp-Owl.php?path=%2F%2Fetc%2Fcl.php.d%2Falt-php52 HTTP/2" 200 850 "-" "Mozilla/5.0 AppleWebKit/537.36 (KHTML, like Gecko; compatible; ClaudeBot/1.0; +claudebot@anthropic.com)"
114.119.150.68 - - [17/Apr/2025:18:51:02 +0300] "GET /wp-Owl.php?action=edit&file=9f4&path=/home/mixylife/public_html/wp-content__cb34ce0 HTTP/1.1" 200 539 "https://mixylife.com/wp-Owl.php?path=/home/mixylife/public_html/wp-content__cb34ce0" "Mozilla/5.0 (Linux; Android 7.0;) AppleWebKit/537.36 (KHTML, like Gecko) Mobile Safari/537.36 (compatible; PetalBot;+https://webmaster.petalsearch.com/site/petalbot)"
57.141.0.12 - - [17/Apr/2025:18:51:08 +0300] "GET /wp-Owl.php?action=edit&file=libfbclient.so.2&path=%2F%2Flib64 HTTP/2" 200 1447 "-" "meta-externalagent/1.1 (+https://developers.facebook.com/docs/sharing/webmasters/crawler)"
57.141.0.1 - - [17/Apr/2025:18:52:23 +0300] "GET /wp-Owl.php?action=edit&file=.lastlogin&path=%2Fhome%2Fmixylife HTTP/2" 200 1734 "-" "meta-externalagent/1.1 (+https://developers.facebook.com/docs/sharing/webmasters/crawler)"
54.85.126.86 - - [17/Apr/2025:18:52:24 +0300] "GET /wp-Owl.php?action=edit&file=ca2nOJwQveh.php&path=/home/mixylife/public_html/wp-content__cb34ce0 HTTP/1.1" 200 539 "-" "Mozilla/5.0 AppleWebKit/537.36 (KHTML, like Gecko; compatible; Amazonbot/0.1; +https://developer.amazon.com/support/amazonbot) Chrome/119.0.6045.214 Safari/537.36"
114.119.134.182 - - [17/Apr/2025:18:52:25 +0300] "GET /wp-Owl.php?action=edit&file=83297&path=/home/mixylife/public_html/wp-content__cb34ce0 HTTP/1.1" 200 539 "https://mixylife.com/wp-Owl.php?path=/home/mixylife/public_html/wp-content__cb34ce0" "Mozilla/5.0 (Linux; Android 7.0;) AppleWebKit/537.36 (KHTML, like Gecko) Mobile Safari/537.36 (compatible; PetalBot;+https://webmaster.petalsearch.com/site/petalbot)"
89.248.169.52 - - [17/Apr/2025:18:52:38 +0300] "POST /wp-json/litespeed/v1/cdn_status HTTP/1.1" 404 796 "-" "Mozilla/5.0 (X11; Linux x86_64; rv:109.0) Gecko/20100101 Firefox/114.3"
89.248.169.52 - - [17/Apr/2025:18:52:49 +0300] "POST /wp-json/litespeed/v1/cdn_status HTTP/1.1" 404 796 "-" "Mozilla/5.0 (X11; Linux x86_64; rv:109.0) Gecko/20100101 Firefox/114.3"
57.141.0.19 - - [17/Apr/2025:18:52:53 +0300] "GET /wp-Owl.php?action=edit&file=libtemplate.so.2.0.0&path=%2F%2Flib64 HTTP/2" 200 1451 "-" "meta-externalagent/1.1 (+https://developers.facebook.com/docs/sharing/webmasters/crawler)"
66.249.66.78 - - [17/Apr/2025:18:52:54 +0300] "GET /82918281029.htm HTTP/1.1" 404 796 "-" "Mozilla/5.0 (Linux; Android 6.0.1; Nexus 5X Build/MMB29P) AppleWebKit/537.36 (KHTML, like Gecko) Chrome/135.0.7049.84 Mobile Safari/537.36 (compatible; Googlebot/2.1; +http://www.google.com/bot.html)"
54.156.124.2 - - [17/Apr/2025:18:53:08 +0300] "GET /wp-Owl.php?action=edit&file=blocks&path=/home/mixylife/public_html/wp-includes__cb34ce0 HTTP/1.1" 200 539 "-" "Mozilla/5.0 AppleWebKit/537.36 (KHTML, like Gecko; compatible; Amazonbot/0.1; +https://developer.amazon.com/support/amazonbot) Chrome/119.0.6045.214 Safari/537.36"
3.210.114.189 - - [17/Apr/2025:18:53:04 +0300] "GET /wp-Owl.php?action=edit&file=543&path=/home/mixylife/public_html/wp-content__cb34ce0 HTTP/1.1" 200 539 "-" "Mozilla/5.0 AppleWebKit/537.36 (KHTML, like Gecko; compatible; Amazonbot/0.1; +https://developer.amazon.com/support/amazonbot) Chrome/119.0.6045.214 Safari/537.36"
100.29.34.97 - - [17/Apr/2025:18:53:12 +0300] "GET /wp-Owl.php?action=edit&file=moderation.php&path=/home/mixylife/public_html/wp-admin__cb34ce0 HTTP/1.1" 200 539 "-" "Mozilla/5.0 AppleWebKit/537.36 (KHTML, like Gecko; compatible; Amazonbot/0.1; +https://developer.amazon.com/support/amazonbot) Chrome/119.0.6045.214 Safari/537.36"
18.118.163.224 - - [17/Apr/2025:18:53:18 +0300] "GET /wp-Owl.php?path=%2F%2Fusr%2Fshare%2Fterminfo%2Fc HTTP/2" 200 873 "-" "Mozilla/5.0 AppleWebKit/537.36 (KHTML, like Gecko; compatible; ClaudeBot/1.0; +claudebot@anthropic.com)"
18.118.163.224 - - [17/Apr/2025:18:53:18 +0300] "GET /wp-Owl.php?path=%2F%2Fopt%2Falt%2Fphp82%2Fvar%2Fcache HTTP/2" 200 844 "-" "Mozilla/5.0 AppleWebKit/537.36 (KHTML, like Gecko; compatible; ClaudeBot/1.0; +claudebot@anthropic.com)"
18.118.163.224 - - [17/Apr/2025:18:53:18 +0300] "GET /wp-Owl.php?path=%2F%2Fetc%2Fcl.php.d%2Falt-php74 HTTP/2" 200 851 "-" "Mozilla/5.0 AppleWebKit/537.36 (KHTML, like Gecko; compatible; ClaudeBot/1.0; +claudebot@anthropic.com)"
18.118.163.224 - - [17/Apr/2025:18:53:18 +0300] "GET /wp-Owl.php?path=%2F%2Fetc%2Fcl.php.d%2Falt-php53 HTTP/2" 200 848 "-" "Mozilla/5.0 AppleWebKit/537.36 (KHTML, like Gecko; compatible; ClaudeBot/1.0; +claudebot@anthropic.com)"
18.118.163.224 - - [17/Apr/2025:18:53:19 +0300] "GET /wp-Owl.php?path=%2F%2Fetc%2Fcl.php.d%2Falt-php70 HTTP/2" 200 851 "-" "Mozilla/5.0 AppleWebKit/537.36 (KHTML, like Gecko; compatible; ClaudeBot/1.0; +claudebot@anthropic.com)"
18.211.39.188 - - [17/Apr/2025:18:53:20 +0300] "GET /wp-Owl.php?action=edit&file=0aca&path=/home/mixylife/public_html/wp-content__cb34ce0 HTTP/1.1" 200 539 "-" "Mozilla/5.0 AppleWebKit/537.36 (KHTML, like Gecko; compatible; Amazonbot/0.1; +https://developer.amazon.com/support/amazonbot) Chrome/119.0.6045.214 Safari/537.36"
89.248.169.52 - - [17/Apr/2025:18:53:20 +0300] "POST /wp-json/litespeed/v1/cdn_status HTTP/1.1" 404 796 "-" "Mozilla/5.0 (X11; Linux x86_64; rv:109.0) Gecko/20100101 Firefox/114.3"
89.248.169.52 - - [17/Apr/2025:18:53:31 +0300] "POST /wp-json/litespeed/v1/cdn_status HTTP/1.1" 404 796 "-" "Mozilla/5.0 (X11; Linux x86_64; rv:109.0) Gecko/20100101 Firefox/114.3"
20.171.207.45 - - [17/Apr/2025:18:53:39 +0300] "GET /wp-Owl.php?path=%2Fhome%2Fmixylife%2F.cagefs%2Fvar%2Flog%2Falt-php71-newrelic HTTP/2" 200 821 "-" "Mozilla/5.0 AppleWebKit/537.36 (KHTML, like Gecko; compatible; GPTBot/1.2; +https://openai.com/gptbot)"
20.171.207.45 - - [17/Apr/2025:18:53:48 +0300] "GET /wp-Owl.php?path=%2Fhome%2Fmixylife%2F.cagefs%2Fvar%2Flog%2Falt-php80-newrelic HTTP/2" 200 821 "-" "Mozilla/5.0 AppleWebKit/537.36 (KHTML, like Gecko; compatible; GPTBot/1.2; +https://openai.com/gptbot)"
3.225.45.252 - - [17/Apr/2025:18:53:48 +0300] "GET /wp-Owl.php?action=edit&file=ad9&path=/home/mixylife/public_html/wp-content__cb34ce0 HTTP/1.1" 200 539 "-" "Mozilla/5.0 AppleWebKit/537.36 (KHTML, like Gecko; compatible; Amazonbot/0.1; +https://developer.amazon.com/support/amazonbot) Chrome/119.0.6045.214 Safari/537.36"
114.119.150.68 - - [17/Apr/2025:18:53:51 +0300] "GET /wp-Owl.php?action=edit&file=75c8b&path=/home/mixylife/public_html/wp-content__cb34ce0 HTTP/1.1" 200 539 "https://mixylife.com/wp-Owl.php?path=/home/mixylife/public_html/wp-content__cb34ce0" "Mozilla/5.0 (Linux; Android 7.0;) AppleWebKit/537.36 (KHTML, like Gecko) Mobile Safari/537.36 (compatible; PetalBot;+https://webmaster.petalsearch.com/site/petalbot)"
50.19.79.213 - - [17/Apr/2025:18:54:00 +0300] "GET /wp-Owl.php?action=edit&file=ms-default-filters.php&path=/home/mixylife/public_html/wp-includes__cb34ce0 HTTP/1.1" 200 539 "-" "Mozilla/5.0 AppleWebKit/537.36 (KHTML, like Gecko; compatible; Amazonbot/0.1; +https://developer.amazon.com/support/amazonbot) Chrome/119.0.6045.214 Safari/537.36"
34.193.2.57 - - [17/Apr/2025:18:53:16 +0300] "GET /wp-Owl.php?action=edit&file=cec&path=/home/mixylife/public_html/wp-content__cb34ce0 HTTP/1.1" 200 539 "-" "Mozilla/5.0 AppleWebKit/537.36 (KHTML, like Gecko; compatible; Amazonbot/0.1; +https://developer.amazon.com/support/amazonbot) Chrome/119.0.6045.214 Safari/537.36"
23.23.99.55 - - [17/Apr/2025:18:53:28 +0300] "GET /wp-Owl.php?action=edit&file=1ada&path=/home/mixylife/public_html/wp-content__cb34ce0 HTTP/1.1" 200 539 "-" "Mozilla/5.0 AppleWebKit/537.36 (KHTML, like Gecko; compatible; Amazonbot/0.1; +https://developer.amazon.com/support/amazonbot) Chrome/119.0.6045.214 Safari/537.36"
34.236.135.14 - - [17/Apr/2025:18:54:08 +0300] "GET /wp-Owl.php?action=edit&file=a37544&path=/home/mixylife/public_html/wp-content__cb34ce0 HTTP/1.1" 200 539 "-" "Mozilla/5.0 AppleWebKit/537.36 (KHTML, like Gecko; compatible; Amazonbot/0.1; +https://developer.amazon.com/support/amazonbot) Chrome/119.0.6045.214 Safari/537.36"
18.119.98.100 - - [17/Apr/2025:18:54:11 +0300] "GET /robots.txt HTTP/1.1" 404 796 "-" "Mozilla/5.0 AppleWebKit/537.36 (KHTML, like Gecko; compatible; ClaudeBot/1.0; +claudebot@anthropic.com)"
18.119.98.100 - - [17/Apr/2025:18:54:11 +0300] "GET /wp-Owl.php?action=edit&file=gdk-pixbuf.mo&path=%2F%2Fusr%2Fshare%2Flocale%2Fga%2FLC_MESSAGES HTTP/2" 200 618 "-" "Mozilla/5.0 AppleWebKit/537.36 (KHTML, like Gecko; compatible; ClaudeBot/1.0; +claudebot@anthropic.com)"
34.236.135.14 - - [17/Apr/2025:18:54:20 +0300] "GET /wp-Owl.php?action=edit&file=edf35&path=/home/mixylife/public_html/wp-content__cb34ce0 HTTP/1.1" 200 539 "-" "Mozilla/5.0 AppleWebKit/537.36 (KHTML, like Gecko; compatible; Amazonbot/0.1; +https://developer.amazon.com/support/amazonbot) Chrome/119.0.6045.214 Safari/537.36"
52.2.58.41 - - [17/Apr/2025:18:54:28 +0300] "GET /wp-Owl.php?action=edit&file=f5f97&path=/home/mixylife/public_html/wp-content__cb34ce0 HTTP/1.1" 200 539 "-" "Mozilla/5.0 AppleWebKit/537.36 (KHTML, like Gecko; compatible; Amazonbot/0.1; +https://developer.amazon.com/support/amazonbot) Chrome/119.0.6045.214 Safari/537.36"
89.248.169.52 - - [17/Apr/2025:18:54:38 +0300] "POST /wp-json/litespeed/v1/cdn_status HTTP/1.1" 404 796 "-" "Mozilla/5.0 (X11; Linux x86_64; rv:109.0) Gecko/20100101 Firefox/114.3"
89.248.169.52 - - [17/Apr/2025:18:54:40 +0300] "POST /wp-json/litespeed/v1/cdn_status HTTP/1.1" 404 796 "-" "Mozilla/5.0 (X11; Linux x86_64; rv:109.0) Gecko/20100101 Firefox/114.3"
3.221.50.71 - - [17/Apr/2025:18:54:40 +0300] "GET /wp-Owl.php?action=edit&file=comment-template.php&path=/home/mixylife/public_html/wp-includes__cb34ce0 HTTP/1.1" 200 539 "-" "Mozilla/5.0 AppleWebKit/537.36 (KHTML, like Gecko; compatible; Amazonbot/0.1; +https://developer.amazon.com/support/amazonbot) Chrome/119.0.6045.214 Safari/537.36"
66.249.66.78 - - [17/Apr/2025:18:54:49 +0300] "GET /?_ga=2.198040047.1958808748.1721886654-862398307.1699453578&_bdsid=2ulvIJ.n~ZXCIW.1721886656070.1721886848&_bd_prev_page=https://mixylife.com/detail.php?17702194475.htm HTTP/1.1" 200 2692 "-" "Mozilla/5.0 (Linux; Android 6.0.1; Nexus 5X Build/MMB29P) AppleWebKit/537.36 (KHTML, like Gecko) Chrome/135.0.7049.95 Mobile Safari/537.36 (compatible; Googlebot/2.1; +http://www.google.com/bot.html)"
3.94.157.25 - - [17/Apr/2025:18:54:56 +0300] "GET /wp-Owl.php?action=edit&file=class-wp-feed-cache.php&path=/home/mixylife/public_html/wp-includes__cb34ce0 HTTP/1.1" 200 539 "-" "Mozilla/5.0 AppleWebKit/537.36 (KHTML, like Gecko; compatible; Amazonbot/0.1; +https://developer.amazon.com/support/amazonbot) Chrome/119.0.6045.214 Safari/537.36"
34.239.197.197 - - [17/Apr/2025:18:55:08 +0300] "GET /wp-Owl.php?action=edit&file=comment.php&path=/home/mixylife/public_html/wp-admin__cb34ce0 HTTP/1.1" 200 539 "-" "Mozilla/5.0 AppleWebKit/537.36 (KHTML, like Gecko; compatible; Amazonbot/0.1; +https://developer.amazon.com/support/amazonbot) Chrome/119.0.6045.214 Safari/537.36"
94.73.151.169 - - [17/Apr/2025:18:54:02 +0300] "HEAD /wp-load.php?import_key=9FUqYhmgh&import_id=3&action=processing HTTP/1.1" 404 0 "-" "Wget/1.19.5 (linux-gnu)"
184.73.195.18 - - [17/Apr/2025:18:54:12 +0300] "GET /wp-Owl.php?action=edit&file=theme-editor.php&path=/home/mixylife/public_html/wp-admin__cb34ce0 HTTP/1.1" 200 539 "-" "Mozilla/5.0 AppleWebKit/537.36 (KHTML, like Gecko; compatible; Amazonbot/0.1; +https://developer.amazon.com/support/amazonbot) Chrome/119.0.6045.214 Safari/537.36"
54.210.152.179 - - [17/Apr/2025:18:54:16 +0300] "GET /wp-Owl.php?action=edit&file=7c65&path=/home/mixylife/public_html/wp-content__cb34ce0 HTTP/1.1" 200 539 "-" "Mozilla/5.0 AppleWebKit/537.36 (KHTML, like Gecko; compatible; Amazonbot/0.1; +https://developer.amazon.com/support/amazonbot) Chrome/119.0.6045.214 Safari/537.36"
44.223.116.180 - - [17/Apr/2025:18:54:24 +0300] "GET /wp-Owl.php?action=edit&file=3e0c35&path=/home/mixylife/public_html/wp-content__cb34ce0 HTTP/1.1" 200 539 "-" "Mozilla/5.0 AppleWebKit/537.36 (KHTML, like Gecko; compatible; Amazonbot/0.1; +https://developer.amazon.com/support/amazonbot) Chrome/119.0.6045.214 Safari/537.36"
20.171.207.45 - - [17/Apr/2025:18:54:36 +0300] "GET /wp-Owl.php?path=%2Fhome%2Fmixylife%2F.cagefs%2Fvar%2Flog%2Falt-php70-newrelic HTTP/2" 200 821 "-" "Mozilla/5.0 AppleWebKit/537.36 (KHTML, like Gecko; compatible; GPTBot/1.2; +https://openai.com/gptbot)"
20.171.207.45 - - [17/Apr/2025:18:54:40 +0300] "GET /wp-Owl.php?path=%2Fhome%2Fmixylife%2Fmail%2F.satis%40mixylife_com%2F.Sent%2Ftmp HTTP/2" 200 819 "-" "Mozilla/5.0 AppleWebKit/537.36 (KHTML, like Gecko; compatible; GPTBot/1.2; +https://openai.com/gptbot)"
3.213.213.161 - - [17/Apr/2025:18:55:04 +0300] "GET /wp-Owl.php?action=edit&file=defaults.php&path=/home/mixylife/public_html/wp-admin__cb34ce0 HTTP/1.1" 200 539 "-" "Mozilla/5.0 AppleWebKit/537.36 (KHTML, like Gecko; compatible; Amazonbot/0.1; +https://developer.amazon.com/support/amazonbot) Chrome/119.0.6045.214 Safari/537.36"
52.71.216.196 - - [17/Apr/2025:18:55:20 +0300] "GET /wp-Owl.php?action=edit&file=class-wp-text-diff-renderer-table.php&path=/home/mixylife/public_html/wp-includes__cb34ce0 HTTP/1.1" 200 539 "-" "Mozilla/5.0 AppleWebKit/537.36 (KHTML, like Gecko; compatible; Amazonbot/0.1; +https://developer.amazon.com/support/amazonbot) Chrome/119.0.6045.214 Safari/537.36"
20.171.207.45 - - [17/Apr/2025:18:55:24 +0300] "GET /wp-Owl.php?path=%2Fhome%2Fmixylife%2Fmail%2F.siparis%40mixylife_com%2Ftmp HTTP/2" 200 807 "-" "Mozilla/5.0 AppleWebKit/537.36 (KHTML, like Gecko; compatible; GPTBot/1.2; +https://openai.com/gptbot)"
20.171.207.45 - - [17/Apr/2025:18:55:30 +0300] "GET /wp-Owl.php?path=%2Fhome%2Fmixylife%2Fmail%2F.satis%40mixylife_com%2F.spam%2Fcur HTTP/2" 200 817 "-" "Mozilla/5.0 AppleWebKit/537.36 (KHTML, like Gecko; compatible; GPTBot/1.2; +https://openai.com/gptbot)"
18.222.97.243 - - [17/Apr/2025:18:55:38 +0300] "GET /wp-Owl.php?path=%2F%2Fusr%2Fshare%2Fterminfo%2Fh HTTP/2" 200 853 "-" "Mozilla/5.0 AppleWebKit/537.36 (KHTML, like Gecko; compatible; ClaudeBot/1.0; +claudebot@anthropic.com)"
18.222.97.243 - - [17/Apr/2025:18:55:38 +0300] "GET /wp-Owl.php?path=%2F%2Fusr%2Fshare%2Fterminfo%2Fr HTTP/2" 200 971 "-" "Mozilla/5.0 AppleWebKit/537.36 (KHTML, like Gecko; compatible; ClaudeBot/1.0; +claudebot@anthropic.com)"
18.222.97.243 - - [17/Apr/2025:18:55:38 +0300] "GET /wp-Owl.php?path=%2F%2Fetc%2Fcl.php.d%2Falt-php56 HTTP/2" 200 851 "-" "Mozilla/5.0 AppleWebKit/537.36 (KHTML, like Gecko; compatible; ClaudeBot/1.0; +claudebot@anthropic.com)"
18.222.97.243 - - [17/Apr/2025:18:55:38 +0300] "GET /wp-Owl.php?path=%2F%2Fopt%2Falt%2Fphp82%2Fvar%2Flib HTTP/2" 200 834 "-" "Mozilla/5.0 AppleWebKit/537.36 (KHTML, like Gecko; compatible; ClaudeBot/1.0; +claudebot@anthropic.com)"
18.222.97.243 - - [17/Apr/2025:18:55:38 +0300] "GET /wp-Owl.php?path=%2F%2Fusr%2Flib64%2Flibnl%2Fcli HTTP/2" 200 837 "-" "Mozilla/5.0 AppleWebKit/537.36 (KHTML, like Gecko; compatible; ClaudeBot/1.0; +claudebot@anthropic.com)"
98.84.70.201 - - [17/Apr/2025:18:55:12 +0300] "GET /wp-Owl.php?action=edit&file=date.php&path=/home/mixylife/public_html/wp-includes__cb34ce0 HTTP/1.1" 200 539 "-" "Mozilla/5.0 AppleWebKit/537.36 (KHTML, like Gecko; compatible; Amazonbot/0.1; +https://developer.amazon.com/support/amazonbot) Chrome/119.0.6045.214 Safari/537.36"
114.119.150.68 - - [17/Apr/2025:18:55:14 +0300] "GET /wp-Owl.php?action=edit&file=6f4f&path=/home/mixylife/public_html/wp-content__cb34ce0 HTTP/1.1" 200 539 "https://mixylife.com/wp-Owl.php?path=/home/mixylife/public_html/wp-content__cb34ce0" "Mozilla/5.0 (Linux; Android 7.0;) AppleWebKit/537.36 (KHTML, like Gecko) Mobile Safari/537.36 (compatible; PetalBot;+https://webmaster.petalsearch.com/site/petalbot)"
94.73.151.169 - - [17/Apr/2025:18:56:02 +0300] "HEAD /wp-load.php?import_key=9FUqYhmgh&import_id=3&action=processing HTTP/1.1" 404 0 "-" "Wget/1.19.5 (linux-gnu)"
114.119.131.234 - - [17/Apr/2025:18:56:39 +0300] "GET /wp-Owl.php?action=edit&file=defaults.php&path=/home/mixylife/public_html/wp-admin__cb34ce0 HTTP/1.1" 200 539 "https://mixylife.com/wp-Owl.php?path=/home/mixylife/public_html/wp-admin__cb34ce0" "Mozilla/5.0 (Linux; Android 7.0;) AppleWebKit/537.36 (KHTML, like Gecko) Mobile Safari/537.36 (compatible; PetalBot;+https://webmaster.petalsearch.com/site/petalbot)"
66.249.66.77 - - [17/Apr/2025:18:56:48 +0300] "GET /hiroshi.php?69732227082.htm HTTP/1.1" 404 796 "-" "Mozilla/5.0 (Linux; Android 6.0.1; Nexus 5X Build/MMB29P) AppleWebKit/537.36 (KHTML, like Gecko) Chrome/135.0.7049.84 Mobile Safari/537.36 (compatible; Googlebot/2.1; +http://www.google.com/bot.html)"
57.141.0.26 - - [17/Apr/2025:18:56:51 +0300] "GET /wp-Owl.php?action=edit&file=libsss_nss_idmap.so.0.6.0&path=%2F%2Flib64 HTTP/2" 200 1456 "-" "meta-externalagent/1.1 (+https://developers.facebook.com/docs/sharing/webmasters/crawler)"
66.249.66.78 - - [17/Apr/2025:18:57:06 +0300] "GET /?_ga=2.198040047.1958808748.1721886654-862398307.1699453578&_bdsid=2ulvIJ.n~ZXCIW.1721886656070.1721886848&_bd_prev_page=https://mixylife.com/detail.php?32590116390.htm HTTP/1.1" 200 2692 "-" "Mozilla/5.0 (Linux; Android 6.0.1; Nexus 5X Build/MMB29P) AppleWebKit/537.36 (KHTML, like Gecko) Chrome/135.0.7049.95 Mobile Safari/537.36 (compatible; Googlebot/2.1; +http://www.google.com/bot.html)"
114.119.147.58 - - [17/Apr/2025:18:58:03 +0300] "GET /wp-Owl.php?action=edit&file=5a7ec&path=/home/mixylife/public_html/wp-content__cb34ce0 HTTP/1.1" 200 539 "https://mixylife.com/wp-Owl.php?path=/home/mixylife/public_html/wp-content__cb34ce0" "Mozilla/5.0 (Linux; Android 7.0;) AppleWebKit/537.36 (KHTML, like Gecko) Mobile Safari/537.36 (compatible; PetalBot;+https://webmaster.petalsearch.com/site/petalbot)"
3.138.189.0 - - [17/Apr/2025:18:58:03 +0300] "GET /wp-Owl.php?path=%2F%2Fopt%2Falt%2Fphp-xray%2Fphp%2Fsmart-advice-plugin HTTP/2" 200 923 "-" "Mozilla/5.0 AppleWebKit/537.36 (KHTML, like Gecko; compatible; ClaudeBot/1.0; +claudebot@anthropic.com)"
3.138.189.0 - - [17/Apr/2025:18:58:03 +0300] "GET /wp-Owl.php?path=%2F%2Fopt%2Falt%2Fphp-xray%2Fphp%2Fprofiler HTTP/2" 200 907 "-" "Mozilla/5.0 AppleWebKit/537.36 (KHTML, like Gecko; compatible; ClaudeBot/1.0; +claudebot@anthropic.com)"
3.138.189.0 - - [17/Apr/2025:18:58:03 +0300] "GET /wp-Owl.php?path=%2F%2Fusr%2Fshare%2Fterminfo%2Fl HTTP/2" 200 855 "-" "Mozilla/5.0 AppleWebKit/537.36 (KHTML, like Gecko; compatible; ClaudeBot/1.0; +claudebot@anthropic.com)"
3.138.189.0 - - [17/Apr/2025:18:58:03 +0300] "GET /wp-Owl.php?path=%2F%2Fusr%2Fshare%2Fterminfo%2Fs HTTP/2" 200 1205 "-" "Mozilla/5.0 AppleWebKit/537.36 (KHTML, like Gecko; compatible; ClaudeBot/1.0; +claudebot@anthropic.com)"
3.138.189.0 - - [17/Apr/2025:18:58:03 +0300] "GET /wp-Owl.php?path=%2F%2Fusr%2Fshare%2Flocale%2Fuk%2FLC_TIME HTTP/2" 200 881 "-" "Mozilla/5.0 AppleWebKit/537.36 (KHTML, like Gecko; compatible; ClaudeBot/1.0; +claudebot@anthropic.com)"
20.171.207.45 - - [17/Apr/2025:18:56:16 +0300] "GET /wp-Owl.php?path=%2Fhome%2Fmixylife%2Fmail%2F.satis%40mixylife_com%2F.Drafts%2Ftmp HTTP/2" 200 821 "-" "Mozilla/5.0 AppleWebKit/537.36 (KHTML, like Gecko; compatible; GPTBot/1.2; +https://openai.com/gptbot)"
20.171.207.45 - - [17/Apr/2025:18:57:03 +0300] "GET /wp-Owl.php?path=%2Fhome%2Fmixylife%2Fmail%2F.siparis%40mixylife_com%2F.spam%2Fcur HTTP/2" 200 818 "-" "Mozilla/5.0 AppleWebKit/537.36 (KHTML, like Gecko; compatible; GPTBot/1.2; +https://openai.com/gptbot)"
20.171.207.45 - - [17/Apr/2025:18:57:05 +0300] "GET /wp-Owl.php?path=%2Fhome%2Fmixylife%2Fmail%2F.satis%40mixylife_com%2Fnew HTTP/2" 200 806 "-" "Mozilla/5.0 AppleWebKit/537.36 (KHTML, like Gecko; compatible; GPTBot/1.2; +https://openai.com/gptbot)"
20.171.207.45 - - [17/Apr/2025:18:57:51 +0300] "GET /wp-Owl.php?path=%2Fhome%2Fmixylife%2Fmail%2F.muhasebe%40mixylife_com%2F.spam%2Fnew HTTP/2" 200 821 "-" "Mozilla/5.0 AppleWebKit/537.36 (KHTML, like Gecko; compatible; GPTBot/1.2; +https://openai.com/gptbot)"
20.171.207.45 - - [17/Apr/2025:18:57:53 +0300] "GET /wp-Owl.php?path=%2Fhome%2Fmixylife%2Fmail%2F.siparis%40mixylife_com%2F.Drafts%2Ftmp HTTP/2" 200 822 "-" "Mozilla/5.0 AppleWebKit/537.36 (KHTML, like Gecko; compatible; GPTBot/1.2; +https://openai.com/gptbot)"
94.73.151.169 - - [17/Apr/2025:18:58:02 +0300] "HEAD /wp-load.php?import_key=9FUqYhmgh&import_id=3&action=processing HTTP/1.1" 404 0 "-" "Wget/1.19.5 (linux-gnu)"
94.102.49.19 - - [17/Apr/2025:18:58:33 +0300] "POST /wp-json/litespeed/v1/cdn_status HTTP/1.1" 404 796 "-" "Mozilla/5.0 (X11; Linux x86_64; rv:109.0) Gecko/20100101 Firefox/114.3"
20.171.207.45 - - [17/Apr/2025:18:58:40 +0300] "GET /wp-Owl.php?path=%2Fhome%2Fmixylife%2Fmail%2F.siparis%40mixylife_com%2F.Trash%2Ftmp HTTP/2" 200 821 "-" "Mozilla/5.0 AppleWebKit/537.36 (KHTML, like Gecko; compatible; GPTBot/1.2; +https://openai.com/gptbot)"
20.171.207.45 - - [17/Apr/2025:18:58:42 +0300] "GET /wp-Owl.php?path=%2Fhome%2Fmixylife%2Fmail%2F.siparis%40mixylife_com%2Fnew HTTP/2" 200 807 "-" "Mozilla/5.0 AppleWebKit/537.36 (KHTML, like Gecko; compatible; GPTBot/1.2; +https://openai.com/gptbot)"
94.102.49.19 - - [17/Apr/2025:18:58:46 +0300] "POST /wp-json/litespeed/v1/cdn_status HTTP/1.1" 404 796 "-" "Mozilla/5.0 (X11; Linux x86_64; rv:109.0) Gecko/20100101 Firefox/114.3"
114.119.146.94 - - [17/Apr/2025:18:59:26 +0300] "GET /wp-Owl.php?action=edit&file=270a&path=/home/mixylife/public_html/wp-content__cb34ce0 HTTP/1.1" 200 539 "https://mixylife.com/wp-Owl.php?path=/home/mixylife/public_html/wp-content__cb34ce0" "Mozilla/5.0 (Linux; Android 7.0;) AppleWebKit/537.36 (KHTML, like Gecko) Mobile Safari/537.36 (compatible; PetalBot;+https://webmaster.petalsearch.com/site/petalbot)"
20.171.207.45 - - [17/Apr/2025:18:59:30 +0300] "GET /wp-Owl.php?path=%2Fhome%2Fmixylife%2Fmail%2F.Junk HTTP/2" 200 922 "-" "Mozilla/5.0 AppleWebKit/537.36 (KHTML, like Gecko; compatible; GPTBot/1.2; +https://openai.com/gptbot)"
94.73.151.169 - - [17/Apr/2025:19:00:04 +0300] "HEAD /wp-load.php?import_key=9FUqYhmgh&import_id=3&action=processing HTTP/1.1" 404 0 "-" "Wget/1.19.5 (linux-gnu)"
20.171.207.45 - - [17/Apr/2025:19:00:17 +0300] "GET /wp-Owl.php?path=%2Fhome%2Fmixylife%2Fmail%2Fnew HTTP/2" 200 3456 "-" "Mozilla/5.0 AppleWebKit/537.36 (KHTML, like Gecko; compatible; GPTBot/1.2; +https://openai.com/gptbot)"
66.249.66.78 - - [17/Apr/2025:19:00:22 +0300] "GET /97847166383.htm HTTP/1.1" 404 796 "-" "Mozilla/5.0 (Linux; Android 6.0.1; Nexus 5X Build/MMB29P) AppleWebKit/537.36 (KHTML, like Gecko) Chrome/135.0.7049.84 Mobile Safari/537.36 (compatible; Googlebot/2.1; +http://www.google.com/bot.html)"
3.15.147.225 - - [17/Apr/2025:19:00:36 +0300] "GET /wp-Owl.php?path=%2F%2Fusr%2Fshare%2Fterminfo%2FA HTTP/2" 200 861 "-" "Mozilla/5.0 AppleWebKit/537.36 (KHTML, like Gecko; compatible; ClaudeBot/1.0; +claudebot@anthropic.com)"
3.15.147.225 - - [17/Apr/2025:19:00:36 +0300] "GET /wp-Owl.php?path=%2F%2Fusr%2Fshare%2Fterminfo%2Fm HTTP/2" 200 941 "-" "Mozilla/5.0 AppleWebKit/537.36 (KHTML, like Gecko; compatible; ClaudeBot/1.0; +claudebot@anthropic.com)"
3.15.147.225 - - [17/Apr/2025:19:00:37 +0300] "GET /wp-Owl.php?path=%2F%2Fusr%2Fshare%2Fterminfo%2Ft HTTP/2" 200 905 "-" "Mozilla/5.0 AppleWebKit/537.36 (KHTML, like Gecko; compatible; ClaudeBot/1.0; +claudebot@anthropic.com)"
3.15.147.225 - - [17/Apr/2025:19:00:37 +0300] "GET /wp-Owl.php?path=%2F%2Fusr%2Fshare%2Fterminfo%2Fp HTTP/2" 200 893 "-" "Mozilla/5.0 AppleWebKit/537.36 (KHTML, like Gecko; compatible; ClaudeBot/1.0; +claudebot@anthropic.com)"
3.15.147.225 - - [17/Apr/2025:19:00:37 +0300] "GET /wp-Owl.php?path=%2F%2Fusr%2Fshare%2Fterminfo%2Fd HTTP/2" 200 851 "-" "Mozilla/5.0 AppleWebKit/537.36 (KHTML, like Gecko; compatible; ClaudeBot/1.0; +claudebot@anthropic.com)"
20.171.207.45 - - [17/Apr/2025:19:01:03 +0300] "GET /wp-Owl.php?path=%2Fhome%2Fmixylife%2Fmail%2Fcur HTTP/2" 200 783 "-" "Mozilla/5.0 AppleWebKit/537.36 (KHTML, like Gecko; compatible; GPTBot/1.2; +https://openai.com/gptbot)"
20.171.207.45 - - [17/Apr/2025:19:01:49 +0300] "GET /wp-Owl.php?path=%2Fhome%2Fmixylife%2Fmail%2F.Junk%2Fcur HTTP/2" 200 798 "-" "Mozilla/5.0 AppleWebKit/537.36 (KHTML, like Gecko; compatible; GPTBot/1.2; +https://openai.com/gptbot)"
20.171.207.45 - - [17/Apr/2025:19:01:53 +0300] "GET /wp-Owl.php?path=%2Fhome%2Fmixylife%2F.cagefs%2Fvar%2Fcpanel%2Fphp HTTP/2" 200 868 "-" "Mozilla/5.0 AppleWebKit/537.36 (KHTML, like Gecko; compatible; GPTBot/1.2; +https://openai.com/gptbot)"
94.73.151.169 - - [17/Apr/2025:19:02:02 +0300] "HEAD /wp-load.php?import_key=9FUqYhmgh&import_id=3&action=processing HTTP/1.1" 404 0 "-" "Wget/1.19.5 (linux-gnu)"
94.73.151.169 - - [17/Apr/2025:19:02:02 +0300] "HEAD /wp-load.php?export_key=lRIj2PrjP1Da&export_id=2&action=processing HTTP/1.1" 404 0 "-" "Wget/1.19.5 (linux-gnu)"
20.171.207.45 - - [17/Apr/2025:19:02:34 +0300] "GET /wp-Owl.php?action=edit&file=1711088025.M46144P4108382.server.nsenabled.com%2CS%3D39170%2CW%3D39959%3A2%2C&path=%2Fhome%2Fmixylife%2Fmail%2Fmixylife.com%2Finfo%2F.Trash%2Fcur HTTP/2" 200 660 "-" "Mozilla/5.0 AppleWebKit/537.36 (KHTML, like Gecko; compatible; GPTBot/1.2; +https://openai.com/gptbot)"
20.171.207.45 - - [17/Apr/2025:19:02:41 +0300] "GET /wp-Owl.php?action=edit&file=1711088003.M538809P4108382.server.nsenabled.com%2CS%3D43878%2CW%3D44714%3A2%2C&path=%2Fhome%2Fmixylife%2Fmail%2Fmixylife.com%2Finfo%2F.Trash%2Fcur HTTP/2" 200 661 "-" "Mozilla/5.0 AppleWebKit/537.36 (KHTML, like Gecko; compatible; GPTBot/1.2; +https://openai.com/gptbot)"
57.141.0.24 - - [17/Apr/2025:19:02:57 +0300] "GET /wp-Owl.php?action=edit&file=58df62&path=%2Fhome%2Fmixylife%2Fpublic_html%2Fwp-content__cb34ce0 HTTP/2" 200 1300 "-" "meta-externalagent/1.1 (+https://developers.facebook.com/docs/sharing/webmasters/crawler)"
18.116.69.144 - - [17/Apr/2025:19:03:07 +0300] "GET /wp-Owl.php?path=%2F%2Fusr%2Fshare%2Fterminfo%2Fb HTTP/2" 200 854 "-" "Mozilla/5.0 AppleWebKit/537.36 (KHTML, like Gecko; compatible; ClaudeBot/1.0; +claudebot@anthropic.com)"
18.116.69.144 - - [17/Apr/2025:19:03:07 +0300] "GET /wp-Owl.php?path=%2F%2Fusr%2Fshare%2Fterminfo%2Fa HTTP/2" 200 893 "-" "Mozilla/5.0 AppleWebKit/537.36 (KHTML, like Gecko; compatible; ClaudeBot/1.0; +claudebot@anthropic.com)"
18.116.69.144 - - [17/Apr/2025:19:03:07 +0300] "GET /wp-Owl.php?action=edit&file=index.php&path=%2F%2Fhome%2Fmixylife%2Ftmp%2Fwebalizer HTTP/2" 200 2066 "-" "Mozilla/5.0 AppleWebKit/537.36 (KHTML, like Gecko; compatible; ClaudeBot/1.0; +claudebot@anthropic.com)"
18.116.69.144 - - [17/Apr/2025:19:03:07 +0300] "GET /wp-Owl.php?path=%2F%2Fhome%2Fmixylife%2Ftmp%2Fwebalizer%2Fssl HTTP/2" 200 851 "-" "Mozilla/5.0 AppleWebKit/537.36 (KHTML, like Gecko; compatible; ClaudeBot/1.0; +claudebot@anthropic.com)"
18.116.69.144 - - [17/Apr/2025:19:03:08 +0300] "GET /wp-Owl.php?path=%2F%2Fusr%2Fshare%2Fterminfo%2Fj HTTP/2" 200 858 "-" "Mozilla/5.0 AppleWebKit/537.36 (KHTML, like Gecko; compatible; ClaudeBot/1.0; +claudebot@anthropic.com)"
20.171.207.45 - - [17/Apr/2025:19:03:21 +0300] "GET /wp-Owl.php?action=edit&file=1711088007.M716966P4108382.server.nsenabled.com%2CS%3D37881%2CW%3D38644%3A2%2C&path=%2Fhome%2Fmixylife%2Fmail%2Fmixylife.com%2Finfo%2F.Trash%2Fcur HTTP/2" 200 663 "-" "Mozilla/5.0 AppleWebKit/537.36 (KHTML, like Gecko; compatible; GPTBot/1.2; +https://openai.com/gptbot)"
20.171.207.45 - - [17/Apr/2025:19:03:28 +0300] "GET /wp-Owl.php?action=edit&file=1711088071.M54674P4108382.server.nsenabled.com%2CS%3D38143%2CW%3D38901%3A2%2C&path=%2Fhome%2Fmixylife%2Fmail%2Fmixylife.com%2Finfo%2F.Trash%2Fcur HTTP/2" 200 660 "-" "Mozilla/5.0 AppleWebKit/537.36 (KHTML, like Gecko; compatible; GPTBot/1.2; +https://openai.com/gptbot)"
114.119.134.182 - - [17/Apr/2025:19:03:34 +0300] "GET /wp-Owl.php?action=edit&file=2495ed&path=/home/mixylife/public_html/wp-content__cb34ce0 HTTP/1.1" 200 539 "https://mixylife.com/wp-Owl.php?path=/home/mixylife/public_html/wp-content__cb34ce0" "Mozilla/5.0 (Linux; Android 7.0;) AppleWebKit/537.36 (KHTML, like Gecko) Mobile Safari/537.36 (compatible; PetalBot;+https://webmaster.petalsearch.com/site/petalbot)"
57.141.0.4 - - [17/Apr/2025:19:04:04 +0300] "GET /wp-Owl.php?path=//lib/kbd/keymaps/legacy/mac HTTP/2" 200 2234 "-" "meta-externalagent/1.1 (+https://developers.facebook.com/docs/sharing/webmasters/crawler)"
20.171.207.45 - - [17/Apr/2025:19:04:13 +0300] "GET /wp-Owl.php?action=edit&file=1711088045.M994699P4108382.server.nsenabled.com%2CS%3D39346%2CW%3D40141%3A2%2C&path=%2Fhome%2Fmixylife%2Fmail%2Fmixylife.com%2Finfo%2F.Trash%2Fcur HTTP/2" 200 663 "-" "Mozilla/5.0 AppleWebKit/537.36 (KHTML, like Gecko; compatible; GPTBot/1.2; +https://openai.com/gptbot)"
20.171.207.45 - - [17/Apr/2025:19:04:13 +0300] "GET /wp-Owl.php?action=edit&file=1711088083.M805235P4108382.server.nsenabled.com%2CS%3D49575%2CW%3D50546%3A2%2C&path=%2Fhome%2Fmixylife%2Fmail%2Fmixylife.com%2Finfo%2F.Trash%2Fcur HTTP/2" 200 662 "-" "Mozilla/5.0 AppleWebKit/537.36 (KHTML, like Gecko; compatible; GPTBot/1.2; +https://openai.com/gptbot)"
20.171.207.45 - - [17/Apr/2025:19:04:19 +0300] "GET /wp-Owl.php?action=edit&file=1711088016.M489936P4108382.server.nsenabled.com%2CS%3D39165%2CW%3D39954%3A2%2C&path=%2Fhome%2Fmixylife%2Fmail%2Fmixylife.com%2Finfo%2F.Trash%2Fcur HTTP/2" 200 662 "-" "Mozilla/5.0 AppleWebKit/537.36 (KHTML, like Gecko; compatible; GPTBot/1.2; +https://openai.com/gptbot)"
111.225.149.40 - - [17/Apr/2025:19:04:21 +0300] "GET / HTTP/2" 200 2689 "-" "Mozilla/5.0 (Linux; Android 5.0) AppleWebKit/537.36 (KHTML, like Gecko) Mobile Safari/537.36 (compatible; Bytespider; https://zhanzhang.toutiao.com/)"
111.225.149.40 - - [17/Apr/2025:19:04:21 +0300] "GET /_autoindex/assets/css/autoindex.css HTTP/2" 200 1373 "https://mixylife.com/" "Mozilla/5.0 (Linux; Android 5.0) AppleWebKit/537.36 (KHTML, like Gecko) Mobile Safari/537.36 (compatible; Bytespider; https://zhanzhang.toutiao.com/)"
111.225.149.40 - - [17/Apr/2025:19:04:21 +0300] "GET /_autoindex/assets/js/tablesort.js HTTP/2" 200 2435 "https://mixylife.com/" "Mozilla/5.0 (Linux; Android 5.0) AppleWebKit/537.36 (KHTML, like Gecko) Mobile Safari/537.36 (compatible; Bytespider; https://zhanzhang.toutiao.com/)"
111.225.149.40 - - [17/Apr/2025:19:04:21 +0300] "GET /_autoindex/assets/js/tablesort.number.js HTTP/2" 200 353 "https://mixylife.com/" "Mozilla/5.0 (Linux; Android 5.0) AppleWebKit/537.36 (KHTML, like Gecko) Mobile Safari/537.36 (compatible; Bytespider; https://zhanzhang.toutiao.com/)"
111.225.149.40 - - [17/Apr/2025:19:04:21 +0300] "GET /_autoindex/assets/icons/file.svg HTTP/2" 206 500 "https://mixylife.com/" "Mozilla/5.0 (Linux; Android 5.0) AppleWebKit/537.36 (KHTML, like Gecko) Mobile Safari/537.36 (compatible; Bytespider; https://zhanzhang.toutiao.com/)"
111.225.149.40 - - [17/Apr/2025:19:04:22 +0300] "GET /_autoindex/assets/icons/file-text.svg HTTP/2" 206 500 "https://mixylife.com/" "Mozilla/5.0 (Linux; Android 5.0) AppleWebKit/537.36 (KHTML, like Gecko) Mobile Safari/537.36 (compatible; Bytespider; https://zhanzhang.toutiao.com/)"
111.225.149.40 - - [17/Apr/2025:19:04:22 +0300] "GET /_autoindex/assets/icons/folder-fill.svg HTTP/2" 206 500 "https://mixylife.com/" "Mozilla/5.0 (Linux; Android 5.0) AppleWebKit/537.36 (KHTML, like Gecko) Mobile Safari/537.36 (compatible; Bytespider; https://zhanzhang.toutiao.com/)"
89.248.169.52 - - [17/Apr/2025:19:04:24 +0300] "POST /wp-json/litespeed/v1/cdn_status HTTP/1.1" 404 796 "-" "Mozilla/5.0 (X11; Linux x86_64; rv:109.0) Gecko/20100101 Firefox/114.3"
3.12.123.254 - - [17/Apr/2025:19:04:50 +0300] "GET /wp-Owl.php?path=%2F%2Fusr%2Fshare%2Fterminfo%2Fn HTTP/2" 200 870 "-" "Mozilla/5.0 AppleWebKit/537.36 (KHTML, like Gecko; compatible; ClaudeBot/1.0; +claudebot@anthropic.com)"
3.12.123.254 - - [17/Apr/2025:19:04:50 +0300] "GET /wp-Owl.php?path=%2F%2Fusr%2Fshare%2Fterminfo%2FE HTTP/2" 200 898 "-" "Mozilla/5.0 AppleWebKit/537.36 (KHTML, like Gecko; compatible; ClaudeBot/1.0; +claudebot@anthropic.com)"
3.12.123.254 - - [17/Apr/2025:19:04:50 +0300] "GET /wp-Owl.php?path=%2F%2Fusr%2Fshare%2Fterminfo%2Fv HTTP/2" 200 978 "-" "Mozilla/5.0 AppleWebKit/537.36 (KHTML, like Gecko; compatible; ClaudeBot/1.0; +claudebot@anthropic.com)"
3.12.123.254 - - [17/Apr/2025:19:04:50 +0300] "GET /wp-Owl.php?path=%2F%2Fusr%2Fshare%2Fterminfo%2Fe HTTP/2" 200 870 "-" "Mozilla/5.0 AppleWebKit/537.36 (KHTML, like Gecko; compatible; ClaudeBot/1.0; +claudebot@anthropic.com)"
3.12.123.254 - - [17/Apr/2025:19:04:50 +0300] "GET /wp-Owl.php?path=%2F%2Fusr%2Fshare%2Fterminfo%2Fx HTTP/2" 200 1309 "-" "Mozilla/5.0 AppleWebKit/537.36 (KHTML, like Gecko; compatible; ClaudeBot/1.0; +claudebot@anthropic.com)"
114.119.146.94 - - [17/Apr/2025:19:04:56 +0300] "GET /wp-Owl.php?action=edit&file=edit-tag-form.php&path=/home/mixylife/public_html/wp-admin__cb34ce0 HTTP/1.1" 200 539 "https://mixylife.com/wp-Owl.php?path=/home/mixylife/public_html/wp-admin__cb34ce0" "Mozilla/5.0 (Linux; Android 7.0;) AppleWebKit/537.36 (KHTML, like Gecko) Mobile Safari/537.36 (compatible; PetalBot;+https://webmaster.petalsearch.com/site/petalbot)"
20.171.207.45 - - [17/Apr/2025:19:05:02 +0300] "GET /wp-Owl.php?action=edit&file=1711087998.M39488P4108382.server.nsenabled.com%2CS%3D43854%2CW%3D44690%3A2%2C&path=%2Fhome%2Fmixylife%2Fmail%2Fmixylife.com%2Finfo%2F.Trash%2Fcur HTTP/2" 200 662 "-" "Mozilla/5.0 AppleWebKit/537.36 (KHTML, like Gecko; compatible; GPTBot/1.2; +https://openai.com/gptbot)"
20.171.207.45 - - [17/Apr/2025:19:05:07 +0300] "GET /wp-Owl.php?action=edit&file=1711088029.M235984P4108382.server.nsenabled.com%2CS%3D39346%2CW%3D40141%3A2%2C&path=%2Fhome%2Fmixylife%2Fmail%2Fmixylife.com%2Finfo%2F.Trash%2Fcur HTTP/2" 200 662 "-" "Mozilla/5.0 AppleWebKit/537.36 (KHTML, like Gecko; compatible; GPTBot/1.2; +https://openai.com/gptbot)"
66.249.66.79 - - [17/Apr/2025:19:05:26 +0300] "GET /?_ga=2.198040047.1958808748.1721886654-862398307.1699453578&_bdsid=2ulvIJ.n~ZXCIW.1721886656070.1721886848&_bd_prev_page=https://mixylife.com/detail.php?9163690556.htm HTTP/1.1" 200 2689 "-" "Mozilla/5.0 (Linux; Android 6.0.1; Nexus 5X Build/MMB29P) AppleWebKit/537.36 (KHTML, like Gecko) Chrome/135.0.7049.84 Mobile Safari/537.36 (compatible; Googlebot/2.1; +http://www.google.com/bot.html)"
20.171.207.45 - - [17/Apr/2025:19:05:48 +0300] "GET /wp-Owl.php?action=edit&file=1711088003.M956050P4108382.server.nsenabled.com%2CS%3D37881%2CW%3D38644%3A2%2C&path=%2Fhome%2Fmixylife%2Fmail%2Fmixylife.com%2Finfo%2F.Trash%2Fcur HTTP/2" 200 662 "-" "Mozilla/5.0 AppleWebKit/537.36 (KHTML, like Gecko; compatible; GPTBot/1.2; +https://openai.com/gptbot)"
94.73.151.169 - - [17/Apr/2025:19:06:02 +0300] "HEAD /wp-load.php?export_key=lRIj2PrjP1Da&export_id=2&action=processing HTTP/1.1" 404 0 "-" "Wget/1.19.5 (linux-gnu)"
66.249.66.78 - - [17/Apr/2025:19:06:05 +0300] "GET / HTTP/1.1" 200 2689 "-" "Mozilla/5.0 (compatible; Googlebot/2.1; +http://www.google.com/bot.html)"
114.119.133.191 - - [17/Apr/2025:19:06:20 +0300] "GET /wp-Owl.php?action=edit&file=class-phpmailer.php&path=/home/mixylife/public_html/wp-includes__cb34ce0 HTTP/1.1" 200 539 "https://mixylife.com/wp-Owl.php?path=/home/mixylife/public_html/wp-includes__cb34ce0" "Mozilla/5.0 (Linux; Android 7.0;) AppleWebKit/537.36 (KHTML, like Gecko) Mobile Safari/537.36 (compatible; PetalBot;+https://webmaster.petalsearch.com/site/petalbot)"
51.8.102.13 - - [17/Apr/2025:19:06:26 +0300] "GET /robots.txt HTTP/2" 404 796 "-" "Mozilla/5.0 (Macintosh; Intel Mac OS X 10_15_7) AppleWebKit/537.36 (KHTML, like Gecko) Chrome/131.0.0.0 Safari/537.36; compatible; OAI-SearchBot/1.0; +https://openai.com/searchbot"
20.171.207.45 - - [17/Apr/2025:19:06:36 +0300] "GET /wp-Owl.php?action=edit&file=1732758061.M980609P4186928.server.nsenabled.com%2CS%3D4824%2CW%3D4937%3A2%2C&path=%2Fhome%2Fmixylife%2Fmail%2Fmixylife.com%2Finfo%2F.spam%2Fcur HTTP/2" 200 661 "-" "Mozilla/5.0 AppleWebKit/537.36 (KHTML, like Gecko; compatible; GPTBot/1.2; +https://openai.com/gptbot)"
20.171.207.45 - - [17/Apr/2025:19:06:41 +0300] "GET /wp-Owl.php?action=edit&file=1711088035.M103098P4108382.server.nsenabled.com%2CS%3D44976%2CW%3D45814%3A2%2C&path=%2Fhome%2Fmixylife%2Fmail%2Fmixylife.com%2Finfo%2F.Trash%2Fcur HTTP/2" 200 663 "-" "Mozilla/5.0 AppleWebKit/537.36 (KHTML, like Gecko; compatible; GPTBot/1.2; +https://openai.com/gptbot)"
57.141.0.22 - - [17/Apr/2025:18:58:45 +0300] "GET /wp-Owl.php?action=edit&file=libcrypto.so&path=%2F%2Flib64 HTTP/2" 200 1443 "-" "meta-externalagent/1.1 (+https://developers.facebook.com/docs/sharing/webmasters/crawler)"
94.73.151.169 - - [17/Apr/2025:19:00:04 +0300] "HEAD /wp-load.php?export_key=lRIj2PrjP1Da&export_id=2&action=trigger HTTP/1.1" 404 0 "-" "Wget/1.19.5 (linux-gnu)"
57.141.0.12 - - [17/Apr/2025:19:00:18 +0300] "GET /wp-Owl.php?action=edit&file=libselinux.so.1&path=%2F%2Flib64 HTTP/2" 200 1446 "-" "meta-externalagent/1.1 (+https://developers.facebook.com/docs/sharing/webmasters/crawler)"
114.119.146.94 - - [17/Apr/2025:19:00:46 +0300] "GET /wp-Owl.php?action=edit&file=25af&path=/home/mixylife/public_html/wp-content__cb34ce0 HTTP/1.1" 200 539 "https://mixylife.com/wp-Owl.php?path=/home/mixylife/public_html/wp-content__cb34ce0" "Mozilla/5.0 (Linux; Android 7.0;) AppleWebKit/537.36 (KHTML, like Gecko) Mobile Safari/537.36 (compatible; PetalBot;+https://webmaster.petalsearch.com/site/petalbot)"
114.119.131.35 - - [17/Apr/2025:19:02:13 +0300] "GET /wp-Owl.php?action=edit&file=25224b&path=/home/mixylife/public_html/wp-content__cb34ce0 HTTP/1.1" 200 539 "https://mixylife.com/wp-Owl.php?path=/home/mixylife/public_html/wp-content__cb34ce0" "Mozilla/5.0 (Linux; Android 7.0;) AppleWebKit/537.36 (KHTML, like Gecko) Mobile Safari/537.36 (compatible; PetalBot;+https://webmaster.petalsearch.com/site/petalbot)"
66.249.66.77 - - [17/Apr/2025:19:03:26 +0300] "GET /hiroshi.php?79764.htm HTTP/1.1" 404 796 "-" "Mozilla/5.0 (Linux; Android 6.0.1; Nexus 5X Build/MMB29P) AppleWebKit/537.36 (KHTML, like Gecko) Chrome/135.0.7049.84 Mobile Safari/537.36 (compatible; Googlebot/2.1; +http://www.google.com/bot.html)"
94.73.151.169 - - [17/Apr/2025:19:04:02 +0300] "HEAD /wp-load.php?import_key=9FUqYhmgh&import_id=3&action=processing HTTP/1.1" 404 0 "-" "Wget/1.19.5 (linux-gnu)"
94.73.151.169 - - [17/Apr/2025:19:04:02 +0300] "HEAD /wp-load.php?export_key=lRIj2PrjP1Da&export_id=2&action=processing HTTP/1.1" 404 0 "-" "Wget/1.19.5 (linux-gnu)"
94.73.151.169 - - [17/Apr/2025:19:06:02 +0300] "HEAD /wp-load.php?import_key=9FUqYhmgh&import_id=3&action=processing HTTP/1.1" 404 0 "-" "Wget/1.19.5 (linux-gnu)"
66.249.66.78 - - [17/Apr/2025:19:06:18 +0300] "GET /_autoindex/assets/js/tablesort.number.js HTTP/1.1" 200 353 "https://mixylife.com/" "Mozilla/5.0 AppleWebKit/537.36 (KHTML, like Gecko; compatible; Googlebot/2.1; +http://www.google.com/bot.html) Chrome/134.0.6998.165 Safari/537.36"
66.249.66.77 - - [17/Apr/2025:19:06:19 +0300] "GET /_autoindex/assets/icons/folder-fill.svg HTTP/1.1" 200 413 "https://mixylife.com/" "Mozilla/5.0 AppleWebKit/537.36 (KHTML, like Gecko; compatible; Googlebot/2.1; +http://www.google.com/bot.html) Chrome/134.0.6998.165 Safari/537.36"
66.249.66.78 - - [17/Apr/2025:19:06:19 +0300] "GET /_autoindex/assets/css/autoindex.css HTTP/1.1" 200 1373 "https://mixylife.com/" "Mozilla/5.0 AppleWebKit/537.36 (KHTML, like Gecko; compatible; Googlebot/2.1; +http://www.google.com/bot.html) Chrome/134.0.6998.165 Safari/537.36"
66.249.66.77 - - [17/Apr/2025:19:06:19 +0300] "GET /_autoindex/assets/js/tablesort.js HTTP/1.1" 200 2435 "https://mixylife.com/" "Mozilla/5.0 AppleWebKit/537.36 (KHTML, like Gecko; compatible; Googlebot/2.1; +http://www.google.com/bot.html) Chrome/134.0.6998.165 Safari/537.36"
66.249.66.77 - - [17/Apr/2025:19:06:20 +0300] "GET /_autoindex/assets/icons/file.svg HTTP/1.1" 200 430 "https://mixylife.com/" "Mozilla/5.0 AppleWebKit/537.36 (KHTML, like Gecko; compatible; Googlebot/2.1; +http://www.google.com/bot.html) Chrome/134.0.6998.165 Safari/537.36"
18.224.252.183 - - [17/Apr/2025:19:07:17 +0300] "GET /wp-Owl.php?path=%2F%2Fusr%2Fshare%2Flocale%2Fpbs%2FLC_MESSAGES HTTP/2" 200 801 "-" "Mozilla/5.0 AppleWebKit/537.36 (KHTML, like Gecko; compatible; ClaudeBot/1.0; +claudebot@anthropic.com)"
98.82.59.253 - - [17/Apr/2025:19:07:16 +0300] "GET /wp-Owl.php?path=//lib64 HTTP/1.1" 200 16543 "-" "Mozilla/5.0 AppleWebKit/537.36 (KHTML, like Gecko; compatible; Amazonbot/0.1; +https://developer.amazon.com/support/amazonbot) Chrome/119.0.6045.214 Safari/537.36"
