3.138.139.225 - - [17/Apr/2025:19:51:50 +0300] "GET /wp-Owl.php?action=edit&file=daily_usage_202310.png&path=%2F%2Fhome%2Fmixylife%2Ftmp%2Fwebalizer HTTP/2" 200 625 "-" "Mozilla/5.0 AppleWebKit/537.36 (KHTML, like Gecko; compatible; ClaudeBot/1.0; +claudebot@anthropic.com)"
3.138.139.225 - - [17/Apr/2025:19:51:50 +0300] "GET /wp-Owl.php?action=edit&file=daily_usage_202212.png&path=%2F%2Fhome%2Fmixylife%2Ftmp%2Fwebalizer HTTP/2" 200 625 "-" "Mozilla/5.0 AppleWebKit/537.36 (KHTML, like Gecko; compatible; ClaudeBot/1.0; +claudebot@anthropic.com)"
3.138.139.225 - - [17/Apr/2025:19:51:51 +0300] "GET /wp-Owl.php?action=edit&file=daily_usage_202210.png&path=%2F%2Fhome%2Fmixylife%2Ftmp%2Fwebalizer HTTP/2" 200 625 "-" "Mozilla/5.0 AppleWebKit/537.36 (KHTML, like Gecko; compatible; ClaudeBot/1.0; +claudebot@anthropic.com)"
94.73.151.169 - - [17/Apr/2025:19:52:02 +0300] "HEAD /wp-load.php?import_key=9FUqYhmgh&import_id=3&action=processing HTTP/1.1" 404 0 "-" "Wget/1.19.5 (linux-gnu)"
89.248.169.52 - - [17/Apr/2025:19:52:33 +0300] "POST /wp-json/litespeed/v1/cdn_status HTTP/1.1" 404 796 "-" "Mozilla/5.0 (X11; Linux x86_64; rv:109.0) Gecko/20100101 Firefox/114.3"
89.248.169.52 - - [17/Apr/2025:19:52:37 +0300] "POST /wp-json/litespeed/v1/cdn_status HTTP/1.1" 404 796 "-" "Mozilla/5.0 (X11; Linux x86_64; rv:109.0) Gecko/20100101 Firefox/114.3"
94.73.151.169 - - [17/Apr/2025:19:54:01 +0300] "HEAD /wp-load.php?import_key=9FUqYhmgh&import_id=3&action=processing HTTP/1.1" 404 0 "-" "Wget/1.19.5 (linux-gnu)"
167.99.82.22 - - [17/Apr/2025:19:55:22 +0300] "GET / HTTP/2" 200 2612 "-" "Mozilla/5.0 (compatible; SemrushBot/7~bl; +http://www.semrush.com/bot.html)"
3.16.1.87 - - [17/Apr/2025:19:56:58 +0300] "GET /wp-Owl.php?action=edit&file=ctry_usage_202303.png&path=%2F%2Fhome%2Fmixylife%2Ftmp%2Fwebalizer HTTP/2" 200 624 "-" "Mozilla/5.0 AppleWebKit/537.36 (KHTML, like Gecko; compatible; ClaudeBot/1.0; +claudebot@anthropic.com)"
3.16.1.87 - - [17/Apr/2025:19:56:58 +0300] "GET /wp-Owl.php?action=edit&file=daily_usage_202305.png&path=%2F%2Fhome%2Fmixylife%2Ftmp%2Fwebalizer HTTP/2" 200 625 "-" "Mozilla/5.0 AppleWebKit/537.36 (KHTML, like Gecko; compatible; ClaudeBot/1.0; +claudebot@anthropic.com)"
3.16.1.87 - - [17/Apr/2025:19:56:58 +0300] "GET /wp-Owl.php?action=edit&file=daily_usage_202304.png&path=%2F%2Fhome%2Fmixylife%2Ftmp%2Fwebalizer HTTP/2" 200 625 "-" "Mozilla/5.0 AppleWebKit/537.36 (KHTML, like Gecko; compatible; ClaudeBot/1.0; +claudebot@anthropic.com)"
20.171.207.45 - - [17/Apr/2025:19:53:55 +0300] "GET /wp-Owl.php?action=edit&file=1711088031.M327304P4108382.server.nsenabled.com%2CS%3D39455%2CW%3D40253%3A2%2C&path=%2Fhome%2Fmixylife%2Fmail%2Fmixylife.com%2Finfo%2F.Trash%2Fcur HTTP/2" 200 661 "-" "Mozilla/5.0 AppleWebKit/537.36 (KHTML, like Gecko; compatible; GPTBot/1.2; +https://openai.com/gptbot)"
20.171.207.45 - - [17/Apr/2025:19:54:05 +0300] "GET /wp-Owl.php?action=edit&file=1716480207.M67158P1023870.server.nsenabled.com%2CS%3D26228%2CW%3D26624%3A2%2CS&path=%2Fhome%2Fmixylife%2Fmail%2Fmixylife.com%2Finfo%2F.Sent%2Fcur HTTP/2" 200 17484 "-" "Mozilla/5.0 AppleWebKit/537.36 (KHTML, like Gecko; compatible; GPTBot/1.2; +https://openai.com/gptbot)"
13.59.111.209 - - [17/Apr/2025:19:54:37 +0300] "GET /wp-Owl.php?action=edit&file=ctry_usage_202306.png&path=%2F%2Fhome%2Fmixylife%2Ftmp%2Fwebalizer HTTP/2" 200 624 "-" "Mozilla/5.0 AppleWebKit/537.36 (KHTML, like Gecko; compatible; ClaudeBot/1.0; +claudebot@anthropic.com)"
13.59.111.209 - - [17/Apr/2025:19:54:37 +0300] "GET /wp-Owl.php?action=edit&file=daily_usage_202309.png&path=%2F%2Fhome%2Fmixylife%2Ftmp%2Fwebalizer HTTP/2" 200 625 "-" "Mozilla/5.0 AppleWebKit/537.36 (KHTML, like Gecko; compatible; ClaudeBot/1.0; +claudebot@anthropic.com)"
13.59.111.209 - - [17/Apr/2025:19:54:37 +0300] "GET /wp-Owl.php?action=edit&file=daily_usage_202302.png&path=%2F%2Fhome%2Fmixylife%2Ftmp%2Fwebalizer HTTP/2" 200 625 "-" "Mozilla/5.0 AppleWebKit/537.36 (KHTML, like Gecko; compatible; ClaudeBot/1.0; +claudebot@anthropic.com)"
13.59.111.209 - - [17/Apr/2025:19:54:37 +0300] "GET /wp-Owl.php?action=edit&file=ctry_usage_202308.png&path=%2F%2Fhome%2Fmixylife%2Ftmp%2Fwebalizer HTTP/2" 200 624 "-" "Mozilla/5.0 AppleWebKit/537.36 (KHTML, like Gecko; compatible; ClaudeBot/1.0; +claudebot@anthropic.com)"
20.171.207.45 - - [17/Apr/2025:19:54:43 +0300] "GET /wp-Owl.php?action=edit&file=1711088019.M837941P4108382.server.nsenabled.com%2CS%3D39170%2CW%3D39959%3A2%2C&path=%2Fhome%2Fmixylife%2Fmail%2Fmixylife.com%2Finfo%2F.Trash%2Fcur HTTP/2" 200 661 "-" "Mozilla/5.0 AppleWebKit/537.36 (KHTML, like Gecko; compatible; GPTBot/1.2; +https://openai.com/gptbot)"
57.141.0.3 - - [17/Apr/2025:19:54:48 +0300] "GET /wp-Owl.php?action=edit&file=270a&path=%2Fhome%2Fmixylife%2Fpublic_html%2Fwp-content__cb34ce0 HTTP/2" 200 1300 "-" "meta-externalagent/1.1 (+https://developers.facebook.com/docs/sharing/webmasters/crawler)"
20.171.207.45 - - [17/Apr/2025:19:55:27 +0300] "GET /wp-Owl.php?action=edit&file=1711087997.M182757P4108382.server.nsenabled.com%2CS%3D24785%2CW%3D25286%3A2%2C&path=%2Fhome%2Fmixylife%2Fmail%2Fmixylife.com%2Finfo%2F.Trash%2Fcur HTTP/2" 200 662 "-" "Mozilla/5.0 AppleWebKit/537.36 (KHTML, like Gecko; compatible; GPTBot/1.2; +https://openai.com/gptbot)"
94.73.151.169 - - [17/Apr/2025:19:56:02 +0300] "HEAD /wp-load.php?import_key=9FUqYhmgh&import_id=3&action=processing HTTP/1.1" 404 0 "-" "Wget/1.19.5 (linux-gnu)"
20.171.207.45 - - [17/Apr/2025:19:56:13 +0300] "GET /wp-Owl.php?action=edit&file=1711088038.M448392P4108382.server.nsenabled.com%2CS%3D58210%2CW%3D59300%3A2%2C&path=%2Fhome%2Fmixylife%2Fmail%2Fmixylife.com%2Finfo%2F.Trash%2Fcur HTTP/2" 200 662 "-" "Mozilla/5.0 AppleWebKit/537.36 (KHTML, like Gecko; compatible; GPTBot/1.2; +https://openai.com/gptbot)"
57.141.0.2 - - [17/Apr/2025:19:56:42 +0300] "GET /wp-Owl.php?action=edit&file=formatting.php&path=%2Fhome%2Fmixylife%2Fpublic_html%2Fwp-includes__cb34ce0 HTTP/2" 200 1300 "-" "meta-externalagent/1.1 (+https://developers.facebook.com/docs/sharing/webmasters/crawler)"
20.171.207.45 - - [17/Apr/2025:19:57:00 +0300] "GET /wp-Owl.php?action=edit&file=1711088007.M299898P4108382.server.nsenabled.com%2CS%3D38164%2CW%3D38936%3A2%2C&path=%2Fhome%2Fmixylife%2Fmail%2Fmixylife.com%2Finfo%2F.Trash%2Fcur HTTP/2" 200 661 "-" "Mozilla/5.0 AppleWebKit/537.36 (KHTML, like Gecko; compatible; GPTBot/1.2; +https://openai.com/gptbot)"
20.171.207.45 - - [17/Apr/2025:19:57:46 +0300] "GET /wp-Owl.php?action=edit&file=1711088033.M842741P4108382.server.nsenabled.com%2CS%3D39323%2CW%3D40117%3A2%2C&path=%2Fhome%2Fmixylife%2Fmail%2Fmixylife.com%2Finfo%2F.Trash%2Fcur HTTP/2" 200 662 "-" "Mozilla/5.0 AppleWebKit/537.36 (KHTML, like Gecko; compatible; GPTBot/1.2; +https://openai.com/gptbot)"
94.73.151.169 - - [17/Apr/2025:19:58:02 +0300] "HEAD /wp-load.php?import_key=9FUqYhmgh&import_id=3&action=processing HTTP/1.1" 404 0 "-" "Wget/1.19.5 (linux-gnu)"
89.248.169.52 - - [17/Apr/2025:19:58:06 +0300] "POST /wp-json/litespeed/v1/cdn_status HTTP/1.1" 404 796 "-" "Mozilla/5.0 (X11; Linux x86_64; rv:109.0) Gecko/20100101 Firefox/114.3"
89.248.169.52 - - [17/Apr/2025:19:58:10 +0300] "POST /wp-json/litespeed/v1/cdn_status HTTP/1.1" 404 796 "-" "Mozilla/5.0 (X11; Linux x86_64; rv:109.0) Gecko/20100101 Firefox/114.3"
57.141.0.13 - - [17/Apr/2025:19:58:29 +0300] "GET /wp-Owl.php?action=edit&file=class-wp-query.php&path=%2Fhome%2Fmixylife%2Fpublic_html%2Fwp-includes__cb34ce0 HTTP/2" 200 1300 "-" "meta-externalagent/1.1 (+https://developers.facebook.com/docs/sharing/webmasters/crawler)"
20.171.207.45 - - [17/Apr/2025:19:58:32 +0300] "GET /wp-Owl.php?action=edit&file=1711088008.M968235P4108382.server.nsenabled.com%2CS%3D37769%2CW%3D38529%3A2%2C&path=%2Fhome%2Fmixylife%2Fmail%2Fmixylife.com%2Finfo%2F.Trash%2Fcur HTTP/2" 200 662 "-" "Mozilla/5.0 AppleWebKit/537.36 (KHTML, like Gecko; compatible; GPTBot/1.2; +https://openai.com/gptbot)"
89.248.169.52 - - [17/Apr/2025:19:59:13 +0300] "POST /wp-json/litespeed/v1/cdn_status HTTP/1.1" 404 796 "-" "Mozilla/5.0 (X11; Linux x86_64; rv:109.0) Gecko/20100101 Firefox/114.3"
20.171.207.45 - - [17/Apr/2025:19:59:17 +0300] "GET /wp-Owl.php?action=edit&file=1711088080.M5704P4108382.server.nsenabled.com%2CS%3D37349%2CW%3D38095%3A2%2C&path=%2Fhome%2Fmixylife%2Fmail%2Fmixylife.com%2Finfo%2F.Trash%2Fcur HTTP/2" 200 660 "-" "Mozilla/5.0 AppleWebKit/537.36 (KHTML, like Gecko; compatible; GPTBot/1.2; +https://openai.com/gptbot)"
89.248.169.52 - - [17/Apr/2025:19:59:17 +0300] "POST /wp-json/litespeed/v1/cdn_status HTTP/1.1" 404 796 "-" "Mozilla/5.0 (X11; Linux x86_64; rv:109.0) Gecko/20100101 Firefox/114.3"
94.73.151.169 - - [17/Apr/2025:20:00:03 +0300] "HEAD /wp-load.php?import_key=9FUqYhmgh&import_id=3&action=processing HTTP/1.1" 404 0 "-" "Wget/1.19.5 (linux-gnu)"
20.171.207.45 - - [17/Apr/2025:20:00:03 +0300] "GET /wp-Owl.php?action=edit&file=1711088064.M71440P4108382.server.nsenabled.com%2CS%3D39019%2CW%3D39804%3A2%2C&path=%2Fhome%2Fmixylife%2Fmail%2Fmixylife.com%2Finfo%2F.Trash%2Fcur HTTP/2" 200 661 "-" "Mozilla/5.0 AppleWebKit/537.36 (KHTML, like Gecko; compatible; GPTBot/1.2; +https://openai.com/gptbot)"
20.171.207.45 - - [17/Apr/2025:20:00:47 +0300] "GET /wp-Owl.php?action=edit&file=1711088039.M284638P4108382.server.nsenabled.com%2CS%3D39060%2CW%3D39846%3A2%2C&path=%2Fhome%2Fmixylife%2Fmail%2Fmixylife.com%2Finfo%2F.Trash%2Fcur HTTP/2" 200 660 "-" "Mozilla/5.0 AppleWebKit/537.36 (KHTML, like Gecko; compatible; GPTBot/1.2; +https://openai.com/gptbot)"
20.171.207.45 - - [17/Apr/2025:20:01:32 +0300] "GET /wp-Owl.php?action=edit&file=1711088009.M385284P4108382.server.nsenabled.com%2CS%3D37836%2CW%3D38598%3A2%2C&path=%2Fhome%2Fmixylife%2Fmail%2Fmixylife.com%2Finfo%2F.Trash%2Fcur HTTP/2" 200 661 "-" "Mozilla/5.0 AppleWebKit/537.36 (KHTML, like Gecko; compatible; GPTBot/1.2; +https://openai.com/gptbot)"
3.17.185.204 - - [17/Apr/2025:20:02:16 +0300] "GET /wp-Owl.php?path=%2F%2Fopt%2Fcpanel%2Fea-php54%2Froot%2Fusr%2Fshare%2Fempty HTTP/2" 200 822 "-" "Mozilla/5.0 AppleWebKit/537.36 (KHTML, like Gecko; compatible; ClaudeBot/1.0; +claudebot@anthropic.com)"
3.17.185.204 - - [17/Apr/2025:20:02:16 +0300] "GET /wp-Owl.php?path=%2F%2Fopt%2Fcpanel%2Fea-php70%2Froot%2Fusr%2Fshare%2Fempty HTTP/2" 200 822 "-" "Mozilla/5.0 AppleWebKit/537.36 (KHTML, like Gecko; compatible; ClaudeBot/1.0; +claudebot@anthropic.com)"
3.17.185.204 - - [17/Apr/2025:20:02:17 +0300] "GET /wp-Owl.php?path=%2F%2Fopt%2Fcpanel%2Fea-php72%2Froot%2Fusr%2Fshare%2Fdesktop-directories HTTP/2" 200 832 "-" "Mozilla/5.0 AppleWebKit/537.36 (KHTML, like Gecko; compatible; ClaudeBot/1.0; +claudebot@anthropic.com)"
3.17.185.204 - - [17/Apr/2025:20:02:17 +0300] "GET /wp-Owl.php?path=%2F%2Fopt%2Fcpanel%2Fea-php72%2Froot%2Fusr%2Fshare%2Fempty HTTP/2" 200 822 "-" "Mozilla/5.0 AppleWebKit/537.36 (KHTML, like Gecko; compatible; ClaudeBot/1.0; +claudebot@anthropic.com)"
3.17.185.204 - - [17/Apr/2025:20:02:17 +0300] "GET /wp-Owl.php?path=%2F%2Fopt%2Fcpanel%2Fea-php82%2Froot%2Fusr%2Flocal%2Flib HTTP/2" 200 821 "-" "Mozilla/5.0 AppleWebKit/537.36 (KHTML, like Gecko; compatible; ClaudeBot/1.0; +claudebot@anthropic.com)"
3.17.185.204 - - [17/Apr/2025:20:02:17 +0300] "GET /wp-Owl.php?path=%2F%2Fopt%2Fcpanel%2Fea-php82%2Froot%2Fusr%2Flocal%2Finclude HTTP/2" 200 825 "-" "Mozilla/5.0 AppleWebKit/537.36 (KHTML, like Gecko; compatible; ClaudeBot/1.0; +claudebot@anthropic.com)"
3.17.185.204 - - [17/Apr/2025:20:02:17 +0300] "GET /wp-Owl.php?path=%2F%2Fopt%2Fcpanel%2Fea-php80%2Froot%2Fusr%2Flocal%2Fsrc HTTP/2" 200 823 "-" "Mozilla/5.0 AppleWebKit/537.36 (KHTML, like Gecko; compatible; ClaudeBot/1.0; +claudebot@anthropic.com)"
3.17.185.204 - - [17/Apr/2025:20:02:17 +0300] "GET /wp-Owl.php?path=%2F%2Fopt%2Fcpanel%2Fea-php55%2Froot%2Fusr%2Fshare%2Fdesktop-directories HTTP/2" 200 833 "-" "Mozilla/5.0 AppleWebKit/537.36 (KHTML, like Gecko; compatible; ClaudeBot/1.0; +claudebot@anthropic.com)"
3.17.185.204 - - [17/Apr/2025:20:02:18 +0300] "GET /wp-Owl.php?path=%2F%2Fopt%2Fcpanel%2Fea-php83%2Froot%2Fusr%2Fshare%2Fdesktop-directories HTTP/2" 200 833 "-" "Mozilla/5.0 AppleWebKit/537.36 (KHTML, like Gecko; compatible; ClaudeBot/1.0; +claudebot@anthropic.com)"
3.17.185.204 - - [17/Apr/2025:20:02:18 +0300] "GET /wp-Owl.php?path=%2F%2Fopt%2Fcpanel%2Fea-php83%2Froot%2Fusr%2Fshare%2Fempty HTTP/2" 200 822 "-" "Mozilla/5.0 AppleWebKit/537.36 (KHTML, like Gecko; compatible; ClaudeBot/1.0; +claudebot@anthropic.com)"
3.17.185.204 - - [17/Apr/2025:20:02:18 +0300] "GET /wp-Owl.php?path=%2F%2Fopt%2Fcpanel%2Fea-php82%2Froot%2Fusr%2Fshare%2Ffpm HTTP/2" 200 909 "-" "Mozilla/5.0 AppleWebKit/537.36 (KHTML, like Gecko; compatible; ClaudeBot/1.0; +claudebot@anthropic.com)"
3.17.185.204 - - [17/Apr/2025:20:02:18 +0300] "GET /wp-Owl.php?path=%2F%2Fopt%2Fcpanel%2Fea-ruby27%2Froot%2Fusr%2Fshare%2Fruby HTTP/2" 200 964 "-" "Mozilla/5.0 AppleWebKit/537.36 (KHTML, like Gecko; compatible; ClaudeBot/1.0; +claudebot@anthropic.com)"
3.17.185.204 - - [17/Apr/2025:20:02:18 +0300] "GET /wp-Owl.php?path=%2F%2Fopt%2Fcpanel%2Fea-php80%2Froot%2Fusr%2Finclude%2Fc-client HTTP/2" 200 1776 "-" "Mozilla/5.0 AppleWebKit/537.36 (KHTML, like Gecko; compatible; ClaudeBot/1.0; +claudebot@anthropic.com)"
3.17.185.204 - - [17/Apr/2025:20:02:18 +0300] "GET /wp-Owl.php?path=%2F%2Fopt%2Fcpanel%2Fea-php82%2Froot%2Fusr%2Fshare%2Fpear HTTP/2" 200 1039 "-" "Mozilla/5.0 AppleWebKit/537.36 (KHTML, like Gecko; compatible; ClaudeBot/1.0; +claudebot@anthropic.com)"
3.17.185.204 - - [17/Apr/2025:20:02:19 +0300] "GET /wp-Owl.php?path=%2F%2Fopt%2Fcpanel%2Fea-php70%2Froot%2Fusr%2Flocal%2Fsrc HTTP/2" 200 822 "-" "Mozilla/5.0 AppleWebKit/537.36 (KHTML, like Gecko; compatible; ClaudeBot/1.0; +claudebot@anthropic.com)"
3.17.185.204 - - [17/Apr/2025:20:02:19 +0300] "GET /wp-Owl.php?path=%2F%2Fopt%2Fcpanel%2Fea-php54%2Froot%2Fusr%2Flocal%2Fsrc HTTP/2" 200 823 "-" "Mozilla/5.0 AppleWebKit/537.36 (KHTML, like Gecko; compatible; ClaudeBot/1.0; +claudebot@anthropic.com)"
3.17.185.204 - - [17/Apr/2025:20:02:19 +0300] "GET /wp-Owl.php?path=%2F%2Fopt%2Fcpanel%2Fea-php80%2Froot%2Fusr%2Fshare%2Fghostscript HTTP/2" 200 887 "-" "Mozilla/5.0 AppleWebKit/537.36 (KHTML, like Gecko; compatible; ClaudeBot/1.0; +claudebot@anthropic.com)"
3.17.185.204 - - [17/Apr/2025:20:02:19 +0300] "GET /wp-Owl.php?path=%2F%2Fopt%2Fcpanel%2Fea-php82%2Froot%2Fusr%2Finclude%2Fphp HTTP/2" 200 924 "-" "Mozilla/5.0 AppleWebKit/537.36 (KHTML, like Gecko; compatible; ClaudeBot/1.0; +claudebot@anthropic.com)"
3.17.185.204 - - [17/Apr/2025:20:02:19 +0300] "GET /wp-Owl.php?path=%2F%2Fopt%2Fcpanel%2Fea-ruby27%2Fsrc%2Fpassenger-release-6.0.23%2Fdev%2Frack.test HTTP/2" 200 947 "-" "Mozilla/5.0 AppleWebKit/537.36 (KHTML, like Gecko; compatible; ClaudeBot/1.0; +claudebot@anthropic.com)"
3.17.185.204 - - [17/Apr/2025:20:02:19 +0300] "GET /wp-Owl.php?path=%2F%2Fopt%2Fcpanel%2Fea-php70%2Froot%2Fusr%2Finclude%2Fc-client HTTP/2" 200 1776 "-" "Mozilla/5.0 AppleWebKit/537.36 (KHTML, like Gecko; compatible; ClaudeBot/1.0; +claudebot@anthropic.com)"
3.17.185.204 - - [17/Apr/2025:20:02:19 +0300] "GET /wp-Owl.php?path=%2F%2Fopt%2Fcpanel%2Fea-php54%2Froot%2Fusr%2Finclude%2Fc-client HTTP/2" 200 1776 "-" "Mozilla/5.0 AppleWebKit/537.36 (KHTML, like Gecko; compatible; ClaudeBot/1.0; +claudebot@anthropic.com)"
3.17.185.204 - - [17/Apr/2025:20:02:19 +0300] "GET /wp-Owl.php?path=%2F%2Fopt%2Fcpanel%2Fea-php72%2Froot%2Fusr%2Flocal%2Fsrc HTTP/2" 200 822 "-" "Mozilla/5.0 AppleWebKit/537.36 (KHTML, like Gecko; compatible; ClaudeBot/1.0; +claudebot@anthropic.com)"
3.17.185.204 - - [17/Apr/2025:20:02:19 +0300] "GET /wp-Owl.php?path=%2F%2Fopt%2Fcpanel%2Fea-php82%2Froot%2Fusr%2Fshare%2Fapplications HTTP/2" 200 827 "-" "Mozilla/5.0 AppleWebKit/537.36 (KHTML, like Gecko; compatible; ClaudeBot/1.0; +claudebot@anthropic.com)"
3.17.185.204 - - [17/Apr/2025:20:02:20 +0300] "GET /wp-Owl.php?path=%2F%2Fopt%2Fcpanel%2Fea-php80%2Froot%2Fusr%2Flocal%2Flibexec HTTP/2" 200 823 "-" "Mozilla/5.0 AppleWebKit/537.36 (KHTML, like Gecko; compatible; ClaudeBot/1.0; +claudebot@anthropic.com)"
3.17.185.204 - - [17/Apr/2025:20:02:20 +0300] "GET /wp-Owl.php?action=edit&file=install_scripts_bootstrap_code.rb&path=%2F%2Fopt%2Fcpanel%2Fea-ruby27%2Fsrc%2Fpassenger-release-6.0.23%2Fdev HTTP/2" 200 1304 "-" "Mozilla/5.0 AppleWebKit/537.36 (KHTML, like Gecko; compatible; ClaudeBot/1.0; +claudebot@anthropic.com)"
3.17.185.204 - - [17/Apr/2025:20:02:20 +0300] "GET /wp-Owl.php?path=%2F%2Fopt%2Fcpanel%2Fea-php72%2Froot%2Fusr%2Finclude%2Fc-client HTTP/2" 200 1776 "-" "Mozilla/5.0 AppleWebKit/537.36 (KHTML, like Gecko; compatible; ClaudeBot/1.0; +claudebot@anthropic.com)"
3.17.185.204 - - [17/Apr/2025:20:02:20 +0300] "GET /wp-Owl.php?path=%2F%2Fopt%2Fcpanel%2Fea-php70%2Froot%2Fusr%2Fshare%2Fghostscript HTTP/2" 200 887 "-" "Mozilla/5.0 AppleWebKit/537.36 (KHTML, like Gecko; compatible; ClaudeBot/1.0; +claudebot@anthropic.com)"
3.17.185.204 - - [17/Apr/2025:20:02:20 +0300] "GET /wp-Owl.php?path=%2F%2Fopt%2Fcpanel%2Fea-php54%2Froot%2Fusr%2Fshare%2Fghostscript HTTP/2" 200 887 "-" "Mozilla/5.0 AppleWebKit/537.36 (KHTML, like Gecko; compatible; ClaudeBot/1.0; +claudebot@anthropic.com)"
3.17.185.204 - - [17/Apr/2025:20:02:20 +0300] "GET /wp-Owl.php?path=%2F%2Fopt%2Fcpanel%2Fea-php55%2Froot%2Fusr%2Flocal%2Fsrc HTTP/2" 200 823 "-" "Mozilla/5.0 AppleWebKit/537.36 (KHTML, like Gecko; compatible; ClaudeBot/1.0; +claudebot@anthropic.com)"
3.17.185.204 - - [17/Apr/2025:20:02:20 +0300] "GET /wp-Owl.php?path=%2F%2Fopt%2Fcpanel%2Fea-php72%2Froot%2Fusr%2Fshare%2Fghostscript HTTP/2" 200 887 "-" "Mozilla/5.0 AppleWebKit/537.36 (KHTML, like Gecko; compatible; ClaudeBot/1.0; +claudebot@anthropic.com)"
3.17.185.204 - - [17/Apr/2025:20:02:20 +0300] "GET /wp-Owl.php?path=%2F%2Fopt%2Fcpanel%2Fea-php83%2Froot%2Fusr%2Flocal%2Fsrc HTTP/2" 200 823 "-" "Mozilla/5.0 AppleWebKit/537.36 (KHTML, like Gecko; compatible; ClaudeBot/1.0; +claudebot@anthropic.com)"
3.17.185.204 - - [17/Apr/2025:20:02:20 +0300] "GET /wp-Owl.php?path=%2F%2Fopt%2Fcpanel%2Fea-php55%2Froot%2Fusr%2Finclude%2Fc-client HTTP/2" 200 1776 "-" "Mozilla/5.0 AppleWebKit/537.36 (KHTML, like Gecko; compatible; ClaudeBot/1.0; +claudebot@anthropic.com)"
3.17.185.204 - - [17/Apr/2025:20:02:21 +0300] "GET /wp-Owl.php?path=%2F%2Fopt%2Fcpanel%2Fea-php82%2Froot%2Fusr%2Fshare%2Fdesktop-directories HTTP/2" 200 833 "-" "Mozilla/5.0 AppleWebKit/537.36 (KHTML, like Gecko; compatible; ClaudeBot/1.0; +claudebot@anthropic.com)"
3.17.185.204 - - [17/Apr/2025:20:02:21 +0300] "GET /wp-Owl.php?path=%2F%2Fopt%2Fcpanel%2Fea-php54%2Froot%2Fusr%2Flocal%2Flibexec HTTP/2" 200 823 "-" "Mozilla/5.0 AppleWebKit/537.36 (KHTML, like Gecko; compatible; ClaudeBot/1.0; +claudebot@anthropic.com)"
3.17.185.204 - - [17/Apr/2025:20:02:21 +0300] "GET /wp-Owl.php?path=%2F%2Fopt%2Fcpanel%2Fea-php70%2Froot%2Fusr%2Flocal%2Flibexec HTTP/2" 200 823 "-" "Mozilla/5.0 AppleWebKit/537.36 (KHTML, like Gecko; compatible; ClaudeBot/1.0; +claudebot@anthropic.com)"
3.17.185.204 - - [17/Apr/2025:20:02:21 +0300] "GET /wp-Owl.php?path=%2F%2Fopt%2Fcpanel%2Fea-php80%2Froot%2Fusr%2Fshare%2Fpear-data HTTP/2" 200 881 "-" "Mozilla/5.0 AppleWebKit/537.36 (KHTML, like Gecko; compatible; ClaudeBot/1.0; +claudebot@anthropic.com)"
3.17.185.204 - - [17/Apr/2025:20:02:21 +0300] "GET /wp-Owl.php?path=%2F%2Fopt%2Fcpanel%2Fea-php82%2Froot%2Fusr%2Fshare%2Fempty HTTP/2" 200 822 "-" "Mozilla/5.0 AppleWebKit/537.36 (KHTML, like Gecko; compatible; ClaudeBot/1.0; +claudebot@anthropic.com)"
3.17.185.204 - - [17/Apr/2025:20:02:21 +0300] "GET /wp-Owl.php?path=%2F%2Fopt%2Fcpanel%2Fea-php55%2Froot%2Fusr%2Fshare%2Fghostscript HTTP/2" 200 887 "-" "Mozilla/5.0 AppleWebKit/537.36 (KHTML, like Gecko; compatible; ClaudeBot/1.0; +claudebot@anthropic.com)"
3.17.185.204 - - [17/Apr/2025:20:02:21 +0300] "GET /wp-Owl.php?path=%2F%2Fopt%2Fcpanel%2Fea-php83%2Froot%2Fusr%2Fshare%2Fghostscript HTTP/2" 200 887 "-" "Mozilla/5.0 AppleWebKit/537.36 (KHTML, like Gecko; compatible; ClaudeBot/1.0; +claudebot@anthropic.com)"
3.17.185.204 - - [17/Apr/2025:20:02:21 +0300] "GET /wp-Owl.php?path=%2F%2Fopt%2Fcpanel%2Fea-ruby27%2Fsrc%2Fpassenger-release-6.0.23%2Fsrc%2Fschema_printer HTTP/2" 200 957 "-" "Mozilla/5.0 AppleWebKit/537.36 (KHTML, like Gecko; compatible; ClaudeBot/1.0; +claudebot@anthropic.com)"
3.17.185.204 - - [17/Apr/2025:20:02:21 +0300] "GET /wp-Owl.php?path=%2F%2Fopt%2Fcpanel%2Fea-ruby27%2Fsrc%2Fpassenger-release-6.0.23%2Fsrc%2Fnodejs_supportlib HTTP/2" 200 924 "-" "Mozilla/5.0 AppleWebKit/537.36 (KHTML, like Gecko; compatible; ClaudeBot/1.0; +claudebot@anthropic.com)"
3.17.185.204 - - [17/Apr/2025:20:02:21 +0300] "GET /wp-Owl.php?path=%2F%2Fopt%2Fcpanel%2Fea-php54%2Froot%2Fusr%2Fshare%2Fpear-data HTTP/2" 200 882 "-" "Mozilla/5.0 AppleWebKit/537.36 (KHTML, like Gecko; compatible; ClaudeBot/1.0; +claudebot@anthropic.com)"
3.17.185.204 - - [17/Apr/2025:20:02:21 +0300] "GET /wp-Owl.php?path=%2F%2Fopt%2Fcpanel%2Fea-php70%2Froot%2Fusr%2Fshare%2Fpear-data HTTP/2" 200 881 "-" "Mozilla/5.0 AppleWebKit/537.36 (KHTML, like Gecko; compatible; ClaudeBot/1.0; +claudebot@anthropic.com)"
3.17.185.204 - - [17/Apr/2025:20:02:21 +0300] "GET /wp-Owl.php?path=%2F%2Fopt%2Fcpanel%2Fea-php55%2Froot%2Fusr%2Flocal%2Flibexec HTTP/2" 200 822 "-" "Mozilla/5.0 AppleWebKit/537.36 (KHTML, like Gecko; compatible; ClaudeBot/1.0; +claudebot@anthropic.com)"
3.17.185.204 - - [17/Apr/2025:20:02:22 +0300] "GET /wp-Owl.php?path=%2F%2Fopt%2Fcpanel%2Fea-php83%2Froot%2Fusr%2Flocal%2Flibexec HTTP/2" 200 823 "-" "Mozilla/5.0 AppleWebKit/537.36 (KHTML, like Gecko; compatible; ClaudeBot/1.0; +claudebot@anthropic.com)"
20.171.207.45 - - [17/Apr/2025:20:02:22 +0300] "GET /wp-Owl.php?action=edit&file=1711088036.M357316P4108382.server.nsenabled.com%2CS%3D58210%2CW%3D59300%3A2%2C&path=%2Fhome%2Fmixylife%2Fmail%2Fmixylife.com%2Finfo%2F.Trash%2Fcur HTTP/2" 200 662 "-" "Mozilla/5.0 AppleWebKit/537.36 (KHTML, like Gecko; compatible; GPTBot/1.2; +https://openai.com/gptbot)"
3.17.185.204 - - [17/Apr/2025:20:02:22 +0300] "GET /wp-Owl.php?path=%2F%2Fopt%2Fcpanel%2Fea-php72%2Froot%2Fusr%2Fshare%2Fpear-data HTTP/2" 200 882 "-" "Mozilla/5.0 AppleWebKit/537.36 (KHTML, like Gecko; compatible; ClaudeBot/1.0; +claudebot@anthropic.com)"
3.17.185.204 - - [17/Apr/2025:20:02:22 +0300] "GET /wp-Owl.php?path=%2F%2Fopt%2Fcpanel%2Fea-php83%2Froot%2Fusr%2Fshare%2Fpear-data HTTP/2" 200 881 "-" "Mozilla/5.0 AppleWebKit/537.36 (KHTML, like Gecko; compatible; ClaudeBot/1.0; +claudebot@anthropic.com)"
3.17.185.204 - - [17/Apr/2025:20:02:22 +0300] "GET /wp-Owl.php?path=%2F%2Fopt%2Fcpanel%2Fea-php55%2Froot%2Fusr%2Fshare%2Fpear-data HTTP/2" 200 882 "-" "Mozilla/5.0 AppleWebKit/537.36 (KHTML, like Gecko; compatible; ClaudeBot/1.0; +claudebot@anthropic.com)"
3.17.185.204 - - [17/Apr/2025:20:02:22 +0300] "GET /wp-Owl.php?path=%2F%2Fopt%2Fcpanel%2Fea-php82%2Froot%2Fusr%2Flocal%2Fsrc HTTP/2" 200 823 "-" "Mozilla/5.0 AppleWebKit/537.36 (KHTML, like Gecko; compatible; ClaudeBot/1.0; +claudebot@anthropic.com)"
3.17.185.204 - - [17/Apr/2025:20:02:22 +0300] "GET /wp-Owl.php?path=%2F%2Fopt%2Fcpanel%2Fea-php82%2Froot%2Fusr%2Finclude%2Fc-client HTTP/2" 200 1776 "-" "Mozilla/5.0 AppleWebKit/537.36 (KHTML, like Gecko; compatible; ClaudeBot/1.0; +claudebot@anthropic.com)"
3.17.185.204 - - [17/Apr/2025:20:02:22 +0300] "GET /wp-Owl.php?path=%2F%2Fopt%2Fcpanel%2Fea-ruby27%2Froot%2Fusr%2Finclude%2Fruby HTTP/2" 200 1244 "-" "Mozilla/5.0 AppleWebKit/537.36 (KHTML, like Gecko; compatible; ClaudeBot/1.0; +claudebot@anthropic.com)"
3.17.185.204 - - [17/Apr/2025:20:02:22 +0300] "GET /wp-Owl.php?path=%2F%2Fopt%2Fcpanel%2Fea-php82%2Froot%2Fusr%2Fshare%2Fghostscript HTTP/2" 200 887 "-" "Mozilla/5.0 AppleWebKit/537.36 (KHTML, like Gecko; compatible; ClaudeBot/1.0; +claudebot@anthropic.com)"
3.17.185.204 - - [17/Apr/2025:20:02:22 +0300] "GET /wp-Owl.php?path=%2F%2Fopt%2Fcpanel%2Fea-ruby27%2Fsrc%2Fpassenger-release-6.0.23%2Fsrc%2Fagent HTTP/2" 200 1087 "-" "Mozilla/5.0 AppleWebKit/537.36 (KHTML, like Gecko; compatible; ClaudeBot/1.0; +claudebot@anthropic.com)"
3.17.185.204 - - [17/Apr/2025:20:02:22 +0300] "GET /wp-Owl.php?path=%2F%2Fopt%2Fcpanel%2Fea-php82%2Froot%2Fusr%2Flocal%2Flibexec HTTP/2" 200 823 "-" "Mozilla/5.0 AppleWebKit/537.36 (KHTML, like Gecko; compatible; ClaudeBot/1.0; +claudebot@anthropic.com)"
3.17.185.204 - - [17/Apr/2025:20:02:22 +0300] "GET /wp-Owl.php?path=%2F%2Fopt%2Fcpanel%2Fea-php82%2Froot%2Fusr%2Fshare%2Fpear-data HTTP/2" 200 881 "-" "Mozilla/5.0 AppleWebKit/537.36 (KHTML, like Gecko; compatible; ClaudeBot/1.0; +claudebot@anthropic.com)"
3.17.185.204 - - [17/Apr/2025:20:02:23 +0300] "GET /wp-Owl.php?path=%2F%2Fopt%2Fcpanel%2Fea-ruby27%2Froot%2Fusr%2Fsrc%2Fdebug HTTP/2" 200 820 "-" "Mozilla/5.0 AppleWebKit/537.36 (KHTML, like Gecko; compatible; ClaudeBot/1.0; +claudebot@anthropic.com)"
3.17.185.204 - - [17/Apr/2025:20:02:23 +0300] "GET /wp-Owl.php?path=%2F%2Fopt%2Fcpanel%2Fea-ruby27%2Froot%2Fusr%2Fsrc%2Fkernels HTTP/2" 200 825 "-" "Mozilla/5.0 AppleWebKit/537.36 (KHTML, like Gecko; compatible; ClaudeBot/1.0; +claudebot@anthropic.com)"
3.17.185.204 - - [17/Apr/2025:20:02:23 +0300] "GET /wp-Owl.php?path=%2F%2Fopt%2Fcpanel%2Fea-php80%2Froot%2Fusr%2Fsrc%2Fdebug HTTP/2" 200 824 "-" "Mozilla/5.0 AppleWebKit/537.36 (KHTML, like Gecko; compatible; ClaudeBot/1.0; +claudebot@anthropic.com)"
3.17.185.204 - - [17/Apr/2025:20:02:23 +0300] "GET /wp-Owl.php?path=%2F%2Fopt%2Fcpanel%2Fea-ruby27%2Fsrc%2Fpassenger-release-6.0.23%2Fsrc%2Fcxx_supportlib HTTP/2" 200 1583 "-" "Mozilla/5.0 AppleWebKit/537.36 (KHTML, like Gecko; compatible; ClaudeBot/1.0; +claudebot@anthropic.com)"
3.17.185.204 - - [17/Apr/2025:20:02:23 +0300] "GET /wp-Owl.php?path=%2F%2Fopt%2Fcpanel%2Fea-php72%2Froot%2Fusr%2Fsrc%2Fdebug HTTP/2" 200 823 "-" "Mozilla/5.0 AppleWebKit/537.36 (KHTML, like Gecko; compatible; ClaudeBot/1.0; +claudebot@anthropic.com)"
3.17.185.204 - - [17/Apr/2025:20:02:23 +0300] "GET /wp-Owl.php?path=%2F%2Fopt%2Fcpanel%2Fea-ruby27%2Fsrc%2Fpassenger-release-6.0.23%2Fsrc%2Fruby_supportlib HTTP/2" 200 951 "-" "Mozilla/5.0 AppleWebKit/537.36 (KHTML, like Gecko; compatible; ClaudeBot/1.0; +claudebot@anthropic.com)"
3.17.185.204 - - [17/Apr/2025:20:02:23 +0300] "GET /wp-Owl.php?path=%2F%2Fopt%2Fcpanel%2Fea-php55%2Froot%2Fusr%2Fsrc%2Fdebug HTTP/2" 200 824 "-" "Mozilla/5.0 AppleWebKit/537.36 (KHTML, like Gecko; compatible; ClaudeBot/1.0; +claudebot@anthropic.com)"
3.17.185.204 - - [17/Apr/2025:20:02:23 +0300] "GET /wp-Owl.php?path=%2F%2Fopt%2Fcpanel%2Fea-php83%2Froot%2Fusr%2Fsrc%2Fdebug HTTP/2" 200 824 "-" "Mozilla/5.0 AppleWebKit/537.36 (KHTML, like Gecko; compatible; ClaudeBot/1.0; +claudebot@anthropic.com)"
3.17.185.204 - - [17/Apr/2025:20:02:23 +0300] "GET /wp-Owl.php?path=%2F%2Fopt%2Fcpanel%2Fea-php72%2Froot%2Fusr%2Fsrc%2Fkernels HTTP/2" 200 825 "-" "Mozilla/5.0 AppleWebKit/537.36 (KHTML, like Gecko; compatible; ClaudeBot/1.0; +claudebot@anthropic.com)"
3.17.185.204 - - [17/Apr/2025:20:02:23 +0300] "GET /wp-Owl.php?path=%2F%2Fopt%2Fcpanel%2Fea-php55%2Froot%2Fusr%2Fsrc%2Fkernels HTTP/2" 200 825 "-" "Mozilla/5.0 AppleWebKit/537.36 (KHTML, like Gecko; compatible; ClaudeBot/1.0; +claudebot@anthropic.com)"
3.17.185.204 - - [17/Apr/2025:20:02:23 +0300] "GET /wp-Owl.php?path=%2F%2Fopt%2Fcpanel%2Fea-php83%2Froot%2Fusr%2Fsrc%2Fkernels HTTP/2" 200 825 "-" "Mozilla/5.0 AppleWebKit/537.36 (KHTML, like Gecko; compatible; ClaudeBot/1.0; +claudebot@anthropic.com)"
3.17.185.204 - - [17/Apr/2025:20:02:24 +0300] "GET /wp-Owl.php?path=%2F%2Fopt%2Fcpanel%2Fea-ruby27%2Fsrc%2Fpassenger-release-6.0.23%2Fsrc%2Fhelper-scripts HTTP/2" 200 1142 "-" "Mozilla/5.0 AppleWebKit/537.36 (KHTML, like Gecko; compatible; ClaudeBot/1.0; +claudebot@anthropic.com)"
3.17.185.204 - - [17/Apr/2025:20:02:24 +0300] "GET /wp-Owl.php?path=%2F%2Fopt%2Fcpanel%2Fea-php82%2Froot%2Fusr%2Fsrc%2Fdebug HTTP/2" 200 824 "-" "Mozilla/5.0 AppleWebKit/537.36 (KHTML, like Gecko; compatible; ClaudeBot/1.0; +claudebot@anthropic.com)"
3.17.185.204 - - [17/Apr/2025:20:02:24 +0300] "GET /wp-Owl.php?path=%2F%2Fopt%2Fcpanel%2Fea-ruby27%2Fsrc%2Fpassenger-release-6.0.23%2Fsrc%2Fapache2_module HTTP/2" 200 1148 "-" "Mozilla/5.0 AppleWebKit/537.36 (KHTML, like Gecko; compatible; ClaudeBot/1.0; +claudebot@anthropic.com)"
3.17.185.204 - - [17/Apr/2025:20:02:24 +0300] "GET /wp-Owl.php?path=%2F%2Fopt%2Fcpanel%2Fea-php82%2Froot%2Fusr%2Fsrc%2Fkernels HTTP/2" 200 825 "-" "Mozilla/5.0 AppleWebKit/537.36 (KHTML, like Gecko; compatible; ClaudeBot/1.0; +claudebot@anthropic.com)"
3.17.185.204 - - [17/Apr/2025:20:02:24 +0300] "GET /wp-Owl.php?path=%2F%2Fopt%2Fcpanel%2Fea-ruby27%2Fsrc%2Fpassenger-release-6.0.23%2Fsrc%2Fruby_native_extension HTTP/2" 200 957 "-" "Mozilla/5.0 AppleWebKit/537.36 (KHTML, like Gecko; compatible; ClaudeBot/1.0; +claudebot@anthropic.com)"
3.17.185.204 - - [17/Apr/2025:20:02:24 +0300] "GET /wp-Owl.php?path=%2F%2Fopt%2Fcpanel%2Fea-ruby27%2Fsrc%2Fpassenger-release-6.0.23%2Fsrc%2Fnginx_module HTTP/2" 200 1141 "-" "Mozilla/5.0 AppleWebKit/537.36 (KHTML, like Gecko; compatible; ClaudeBot/1.0; +claudebot@anthropic.com)"
20.171.207.45 - - [17/Apr/2025:20:03:10 +0300] "GET /wp-Owl.php?action=edit&file=1711088011.M475409P4108382.server.nsenabled.com%2CS%3D37451%2CW%3D38201%3A2%2C&path=%2Fhome%2Fmixylife%2Fmail%2Fmixylife.com%2Finfo%2F.Trash%2Fcur HTTP/2" 200 661 "-" "Mozilla/5.0 AppleWebKit/537.36 (KHTML, like Gecko; compatible; GPTBot/1.2; +https://openai.com/gptbot)"
20.171.207.45 - - [17/Apr/2025:20:03:57 +0300] "GET /wp-Owl.php?action=edit&file=1711088045.M577518P4108382.server.nsenabled.com%2CS%3D39347%2CW%3D40142%3A2%2C&path=%2Fhome%2Fmixylife%2Fmail%2Fmixylife.com%2Finfo%2F.Trash%2Fcur HTTP/2" 200 662 "-" "Mozilla/5.0 AppleWebKit/537.36 (KHTML, like Gecko; compatible; GPTBot/1.2; +https://openai.com/gptbot)"
94.73.151.169 - - [17/Apr/2025:20:04:01 +0300] "HEAD /wp-load.php?import_key=9FUqYhmgh&import_id=3&action=processing HTTP/1.1" 404 0 "-" "Wget/1.19.5 (linux-gnu)"
114.119.146.94 - - [17/Apr/2025:20:04:31 +0300] "GET /wp-Owl.php?path=//lib HTTP/1.1" 200 1203 "https://mixylife.com/wp-Owl.php?path=/" "Mozilla/5.0 (Linux; Android 7.0;) AppleWebKit/537.36 (KHTML, like Gecko) Mobile Safari/537.36 (compatible; PetalBot;+https://webmaster.petalsearch.com/site/petalbot)"
18.189.192.24 - - [17/Apr/2025:20:04:36 +0300] "GET /wp-Owl.php?path=%2F%2Fopt%2Fcpanel%2Fea-php55%2Froot%2Fusr%2Fshare%2Fsounds HTTP/2" 200 823 "-" "Mozilla/5.0 AppleWebKit/537.36 (KHTML, like Gecko; compatible; ClaudeBot/1.0; +claudebot@anthropic.com)"
18.189.192.24 - - [17/Apr/2025:20:04:36 +0300] "GET /wp-Owl.php?action=edit&file=websocketpp.patch&path=%2F%2Fopt%2Fcpanel%2Fea-ruby27%2Fsrc%2Fpassenger-release-6.0.23%2Fdev HTTP/2" 200 1238 "-" "Mozilla/5.0 AppleWebKit/537.36 (KHTML, like Gecko; compatible; ClaudeBot/1.0; +claudebot@anthropic.com)"
18.189.192.24 - - [17/Apr/2025:20:04:36 +0300] "GET /wp-Owl.php?path=%2F%2Fopt%2Fcpanel%2Fea-php70%2Froot%2Fusr%2Flocal%2Finclude HTTP/2" 200 825 "-" "Mozilla/5.0 AppleWebKit/537.36 (KHTML, like Gecko; compatible; ClaudeBot/1.0; +claudebot@anthropic.com)"
18.189.192.24 - - [17/Apr/2025:20:04:36 +0300] "GET /wp-Owl.php?path=%2F%2Fopt%2Fcpanel%2Fea-php54%2Froot%2Fusr%2Flocal%2Finclude HTTP/2" 200 826 "-" "Mozilla/5.0 AppleWebKit/537.36 (KHTML, like Gecko; compatible; ClaudeBot/1.0; +claudebot@anthropic.com)"
18.189.192.24 - - [17/Apr/2025:20:04:36 +0300] "GET /wp-Owl.php?path=%2F%2Fopt%2Fcpanel%2Fea-php82%2Froot%2Fusr%2Fvar%2Frun HTTP/2" 200 877 "-" "Mozilla/5.0 AppleWebKit/537.36 (KHTML, like Gecko; compatible; ClaudeBot/1.0; +claudebot@anthropic.com)"
18.189.192.24 - - [17/Apr/2025:20:04:36 +0300] "GET /wp-Owl.php?path=%2F%2Fopt%2Fcpanel%2Fea-php80%2Froot%2Fusr%2Fshare%2Fpear HTTP/2" 200 1039 "-" "Mozilla/5.0 AppleWebKit/537.36 (KHTML, like Gecko; compatible; ClaudeBot/1.0; +claudebot@anthropic.com)"
18.189.192.24 - - [17/Apr/2025:20:04:37 +0300] "GET /wp-Owl.php?path=%2F%2Fopt%2Fcpanel%2Fea-php83%2Froot%2Fusr%2Fshare%2Fsounds HTTP/2" 200 823 "-" "Mozilla/5.0 AppleWebKit/537.36 (KHTML, like Gecko; compatible; ClaudeBot/1.0; +claudebot@anthropic.com)"
18.189.192.24 - - [17/Apr/2025:20:04:37 +0300] "GET /wp-Owl.php?path=%2F%2Fopt%2Fcpanel%2Fea-php82%2Froot%2Fusr%2Fshare%2Fthemes HTTP/2" 200 822 "-" "Mozilla/5.0 AppleWebKit/537.36 (KHTML, like Gecko; compatible; ClaudeBot/1.0; +claudebot@anthropic.com)"
18.189.192.24 - - [17/Apr/2025:20:04:37 +0300] "GET /wp-Owl.php?path=%2F%2Fopt%2Fcpanel%2Fea-php72%2Froot%2Fusr%2Flocal%2Flib HTTP/2" 200 821 "-" "Mozilla/5.0 AppleWebKit/537.36 (KHTML, like Gecko; compatible; ClaudeBot/1.0; +claudebot@anthropic.com)"
18.189.192.24 - - [17/Apr/2025:20:04:37 +0300] "GET /wp-Owl.php?path=%2F%2Fopt%2Fcpanel%2Fea-php82%2Froot%2Fusr%2Fvar%2Ftmp HTTP/2" 200 819 "-" "Mozilla/5.0 AppleWebKit/537.36 (KHTML, like Gecko; compatible; ClaudeBot/1.0; +claudebot@anthropic.com)"
18.189.192.24 - - [17/Apr/2025:20:04:37 +0300] "GET /wp-Owl.php?path=%2F%2Fopt%2Fcpanel%2Fea-php55%2Froot%2Fusr%2Fvar%2Fcache HTTP/2" 200 820 "-" "Mozilla/5.0 AppleWebKit/537.36 (KHTML, like Gecko; compatible; ClaudeBot/1.0; +claudebot@anthropic.com)"
18.189.192.24 - - [17/Apr/2025:20:04:37 +0300] "GET /wp-Owl.php?path=%2F%2Fopt%2Fcpanel%2Fea-php82%2Froot%2Fusr%2Fshare%2Fphp HTTP/2" 200 819 "-" "Mozilla/5.0 AppleWebKit/537.36 (KHTML, like Gecko; compatible; ClaudeBot/1.0; +claudebot@anthropic.com)"
18.189.192.24 - - [17/Apr/2025:20:04:37 +0300] "GET /wp-Owl.php?path=%2F%2Fopt%2Fcpanel%2Fea-ruby27%2Froot%2Fusr%2Flib64%2Fruby HTTP/2" 200 960 "-" "Mozilla/5.0 AppleWebKit/537.36 (KHTML, like Gecko; compatible; ClaudeBot/1.0; +claudebot@anthropic.com)"
18.189.192.24 - - [17/Apr/2025:20:04:37 +0300] "GET /wp-Owl.php?path=%2F%2Fopt%2Fcpanel%2Fea-php54%2Froot%2Fusr%2Fshare%2Fpixmaps HTTP/2" 200 827 "-" "Mozilla/5.0 AppleWebKit/537.36 (KHTML, like Gecko; compatible; ClaudeBot/1.0; +claudebot@anthropic.com)"
18.189.192.24 - - [17/Apr/2025:20:04:37 +0300] "GET /wp-Owl.php?path=%2F%2Fopt%2Fcpanel%2Fea-php80%2Froot%2Fusr%2Finclude%2Fphp HTTP/2" 200 924 "-" "Mozilla/5.0 AppleWebKit/537.36 (KHTML, like Gecko; compatible; ClaudeBot/1.0; +claudebot@anthropic.com)"
18.189.192.24 - - [17/Apr/2025:20:04:37 +0300] "GET /wp-Owl.php?path=%2F%2Fopt%2Fcpanel%2Fea-php72%2Froot%2Fusr%2Flocal%2Finclude HTTP/2" 200 825 "-" "Mozilla/5.0 AppleWebKit/537.36 (KHTML, like Gecko; compatible; ClaudeBot/1.0; +claudebot@anthropic.com)"
18.189.192.24 - - [17/Apr/2025:20:04:37 +0300] "GET /wp-Owl.php?path=%2F%2Fopt%2Fcpanel%2Fea-ruby27%2Froot%2Fusr%2Flocal%2Fsrc HTTP/2" 200 820 "-" "Mozilla/5.0 AppleWebKit/537.36 (KHTML, like Gecko; compatible; ClaudeBot/1.0; +claudebot@anthropic.com)"
18.189.192.24 - - [17/Apr/2025:20:04:38 +0300] "GET /wp-Owl.php?path=%2F%2Fopt%2Fcpanel%2Fea-php70%2Froot%2Fusr%2Fshare%2Fpixmaps HTTP/2" 200 826 "-" "Mozilla/5.0 AppleWebKit/537.36 (KHTML, like Gecko; compatible; ClaudeBot/1.0; +claudebot@anthropic.com)"
18.189.192.24 - - [17/Apr/2025:20:04:38 +0300] "GET /wp-Owl.php?path=%2F%2Fopt%2Fcpanel%2Fea-php55%2Froot%2Fusr%2Flocal%2Flib64 HTTP/2" 200 822 "-" "Mozilla/5.0 AppleWebKit/537.36 (KHTML, like Gecko; compatible; ClaudeBot/1.0; +claudebot@anthropic.com)"
18.189.192.24 - - [17/Apr/2025:20:04:38 +0300] "GET /wp-Owl.php?path=%2F%2Fopt%2Fcpanel%2Fea-php54%2Froot%2Fusr%2Fshare%2Ffpm HTTP/2" 200 908 "-" "Mozilla/5.0 AppleWebKit/537.36 (KHTML, like Gecko; compatible; ClaudeBot/1.0; +claudebot@anthropic.com)"
18.189.192.24 - - [17/Apr/2025:20:04:38 +0300] "GET /wp-Owl.php?path=%2F%2Fopt%2Fcpanel%2Fea-php70%2Froot%2Fusr%2Fshare%2Ffpm HTTP/2" 200 908 "-" "Mozilla/5.0 AppleWebKit/537.36 (KHTML, like Gecko; compatible; ClaudeBot/1.0; +claudebot@anthropic.com)"
18.189.192.24 - - [17/Apr/2025:20:04:38 +0300] "GET /wp-Owl.php?action=edit&file=xmlregexp.h&path=%2F%2Fopt%2Fcpanel%2Fea-libxml2%2Finclude%2Flibxml2%2Flibxml HTTP/2" 200 2053 "-" "Mozilla/5.0 AppleWebKit/537.36 (KHTML, like Gecko; compatible; ClaudeBot/1.0; +claudebot@anthropic.com)"
18.189.192.24 - - [17/Apr/2025:20:04:38 +0300] "GET /wp-Owl.php?path=%2F%2Fopt%2Fcpanel%2Fea-php82%2Froot%2Fusr%2Fshare%2Fgnome HTTP/2" 200 821 "-" "Mozilla/5.0 AppleWebKit/537.36 (KHTML, like Gecko; compatible; ClaudeBot/1.0; +claudebot@anthropic.com)"
18.189.192.24 - - [17/Apr/2025:20:04:38 +0300] "GET /wp-Owl.php?path=%2F%2Fopt%2Fcpanel%2Fea-php83%2Froot%2Fusr%2Flocal%2Flib64 HTTP/2" 200 822 "-" "Mozilla/5.0 AppleWebKit/537.36 (KHTML, like Gecko; compatible; ClaudeBot/1.0; +claudebot@anthropic.com)"
18.189.192.24 - - [17/Apr/2025:20:04:38 +0300] "GET /wp-Owl.php?path=%2F%2Fopt%2Fcpanel%2Fea-php72%2Froot%2Fusr%2Fshare%2Fpixmaps HTTP/2" 200 826 "-" "Mozilla/5.0 AppleWebKit/537.36 (KHTML, like Gecko; compatible; ClaudeBot/1.0; +claudebot@anthropic.com)"
18.189.192.24 - - [17/Apr/2025:20:04:38 +0300] "GET /wp-Owl.php?path=%2F%2Fopt%2Fcpanel%2Fea-php54%2Froot%2Fusr%2Fshare%2Fpear HTTP/2" 200 1039 "-" "Mozilla/5.0 AppleWebKit/537.36 (KHTML, like Gecko; compatible; ClaudeBot/1.0; +claudebot@anthropic.com)"
18.189.192.24 - - [17/Apr/2025:20:04:38 +0300] "GET /wp-Owl.php?path=%2F%2Fopt%2Fcpanel%2Fea-php82%2Froot%2Fusr%2Fshare%2Fbackgrounds HTTP/2" 200 822 "-" "Mozilla/5.0 AppleWebKit/537.36 (KHTML, like Gecko; compatible; ClaudeBot/1.0; +claudebot@anthropic.com)"
18.189.192.24 - - [17/Apr/2025:20:04:38 +0300] "GET /wp-Owl.php?path=%2F%2Fopt%2Fcpanel%2Fea-php55%2Froot%2Fusr%2Flocal%2Flib HTTP/2" 200 821 "-" "Mozilla/5.0 AppleWebKit/537.36 (KHTML, like Gecko; compatible; ClaudeBot/1.0; +claudebot@anthropic.com)"
18.189.192.24 - - [17/Apr/2025:20:04:38 +0300] "GET /wp-Owl.php?path=%2F%2Fopt%2Fcpanel%2Fea-php82%2Froot%2Fusr%2Flib64%2Ftls HTTP/2" 200 822 "-" "Mozilla/5.0 AppleWebKit/537.36 (KHTML, like Gecko; compatible; ClaudeBot/1.0; +claudebot@anthropic.com)"
18.189.192.24 - - [17/Apr/2025:20:04:39 +0300] "GET /wp-Owl.php?path=%2F%2Fopt%2Fcpanel%2Fea-php70%2Froot%2Fusr%2Fshare%2Fpear HTTP/2" 200 1039 "-" "Mozilla/5.0 AppleWebKit/537.36 (KHTML, like Gecko; compatible; ClaudeBot/1.0; +claudebot@anthropic.com)"
18.189.192.24 - - [17/Apr/2025:20:04:39 +0300] "GET /wp-Owl.php?path=%2F%2Fopt%2Fcpanel%2Fea-php82%2Froot%2Fusr%2Fshare%2Fdoc HTTP/2" 200 1037 "-" "Mozilla/5.0 AppleWebKit/537.36 (KHTML, like Gecko; compatible; ClaudeBot/1.0; +claudebot@anthropic.com)"
18.189.192.24 - - [17/Apr/2025:20:04:39 +0300] "GET /wp-Owl.php?path=%2F%2Fopt%2Fcpanel%2Fea-php80%2Froot%2Fusr%2Fshare%2Fapplications HTTP/2" 200 827 "-" "Mozilla/5.0 AppleWebKit/537.36 (KHTML, like Gecko; compatible; ClaudeBot/1.0; +claudebot@anthropic.com)"
18.189.192.24 - - [17/Apr/2025:20:04:39 +0300] "GET /wp-Owl.php?path=%2F%2Fopt%2Fcpanel%2Fea-php72%2Froot%2Fusr%2Fshare%2Ffpm HTTP/2" 200 909 "-" "Mozilla/5.0 AppleWebKit/537.36 (KHTML, like Gecko; compatible; ClaudeBot/1.0; +claudebot@anthropic.com)"
18.189.192.24 - - [17/Apr/2025:20:04:39 +0300] "GET /wp-Owl.php?path=%2F%2Fopt%2Fcpanel%2Fea-ruby27%2Froot%2Fusr%2Fshare%2Fghostscript HTTP/2" 200 888 "-" "Mozilla/5.0 AppleWebKit/537.36 (KHTML, like Gecko; compatible; ClaudeBot/1.0; +claudebot@anthropic.com)"
18.189.192.24 - - [17/Apr/2025:20:04:39 +0300] "GET /wp-Owl.php?path=%2F%2Fopt%2Fcpanel%2Fea-php83%2Froot%2Fusr%2Flocal%2Flib HTTP/2" 200 821 "-" "Mozilla/5.0 AppleWebKit/537.36 (KHTML, like Gecko; compatible; ClaudeBot/1.0; +claudebot@anthropic.com)"
18.189.192.24 - - [17/Apr/2025:20:04:39 +0300] "GET /wp-Owl.php?path=%2F%2Fopt%2Fcpanel%2Fea-php55%2Froot%2Fusr%2Flocal%2Finclude HTTP/2" 200 825 "-" "Mozilla/5.0 AppleWebKit/537.36 (KHTML, like Gecko; compatible; ClaudeBot/1.0; +claudebot@anthropic.com)"
18.189.192.24 - - [17/Apr/2025:20:04:39 +0300] "GET /wp-Owl.php?path=%2F%2Fopt%2Fcpanel%2Fea-php83%2Froot%2Fusr%2Fshare%2Fpixmaps HTTP/2" 200 826 "-" "Mozilla/5.0 AppleWebKit/537.36 (KHTML, like Gecko; compatible; ClaudeBot/1.0; +claudebot@anthropic.com)"
18.189.192.24 - - [17/Apr/2025:20:04:39 +0300] "GET /wp-Owl.php?path=%2F%2Fopt%2Fcpanel%2Fea-php83%2Froot%2Fusr%2Flocal%2Finclude HTTP/2" 200 825 "-" "Mozilla/5.0 AppleWebKit/537.36 (KHTML, like Gecko; compatible; ClaudeBot/1.0; +claudebot@anthropic.com)"
18.189.192.24 - - [17/Apr/2025:20:04:39 +0300] "GET /wp-Owl.php?action=edit&file=opcache-default.blacklist&path=%2F%2Fopt%2Fcpanel%2Fea-php82%2Froot%2Fetc%2Fphp.d HTTP/2" 200 964 "-" "Mozilla/5.0 AppleWebKit/537.36 (KHTML, like Gecko; compatible; ClaudeBot/1.0; +claudebot@anthropic.com)"
18.189.192.24 - - [17/Apr/2025:20:04:39 +0300] "GET /wp-Owl.php?path=%2F%2Fopt%2Fcpanel%2Fea-ruby27%2Fsrc%2Fpassenger-release-6.0.23%2Ftest%2Fruby HTTP/2" 200 1081 "-" "Mozilla/5.0 AppleWebKit/537.36 (KHTML, like Gecko; compatible; ClaudeBot/1.0; +claudebot@anthropic.com)"
18.189.192.24 - - [17/Apr/2025:20:04:40 +0300] "GET /wp-Owl.php?action=edit&file=HTMLparser.h&path=%2F%2Fopt%2Fcpanel%2Fea-libxml2%2Finclude%2Flibxml2%2Flibxml HTTP/2" 200 3402 "-" "Mozilla/5.0 AppleWebKit/537.36 (KHTML, like Gecko; compatible; ClaudeBot/1.0; +claudebot@anthropic.com)"
18.189.192.24 - - [17/Apr/2025:20:04:40 +0300] "GET /wp-Owl.php?path=%2F%2Fopt%2Fcpanel%2Fea-php70%2Froot%2Fusr%2Finclude%2Fphp HTTP/2" 200 924 "-" "Mozilla/5.0 AppleWebKit/537.36 (KHTML, like Gecko; compatible; ClaudeBot/1.0; +claudebot@anthropic.com)"
18.189.192.24 - - [17/Apr/2025:20:04:40 +0300] "GET /wp-Owl.php?path=%2F%2Fopt%2Fcpanel%2Fea-php54%2Froot%2Fusr%2Finclude%2Fphp HTTP/2" 200 925 "-" "Mozilla/5.0 AppleWebKit/537.36 (KHTML, like Gecko; compatible; ClaudeBot/1.0; +claudebot@anthropic.com)"
18.189.192.24 - - [17/Apr/2025:20:04:40 +0300] "GET /wp-Owl.php?path=%2F%2Fopt%2Fcpanel%2Fea-php72%2Froot%2Fusr%2Fshare%2Fpear HTTP/2" 200 1039 "-" "Mozilla/5.0 AppleWebKit/537.36 (KHTML, like Gecko; compatible; ClaudeBot/1.0; +claudebot@anthropic.com)"
18.189.192.24 - - [17/Apr/2025:20:04:40 +0300] "GET /wp-Owl.php?path=%2F%2Fopt%2Fcpanel%2Fea-php82%2Froot%2Fvar%2Flib%2Frpm-state HTTP/2" 200 824 "-" "Mozilla/5.0 AppleWebKit/537.36 (KHTML, like Gecko; compatible; ClaudeBot/1.0; +claudebot@anthropic.com)"
18.189.192.24 - - [17/Apr/2025:20:04:40 +0300] "GET /wp-Owl.php?path=%2F%2Fopt%2Fcpanel%2Fea-php82%2Froot%2Fusr%2Fshare%2Fmisc HTTP/2" 200 824 "-" "Mozilla/5.0 AppleWebKit/537.36 (KHTML, like Gecko; compatible; ClaudeBot/1.0; +claudebot@anthropic.com)"
18.189.192.24 - - [17/Apr/2025:20:04:40 +0300] "GET /wp-Owl.php?path=%2F%2Fopt%2Fcpanel%2Fea-php55%2Froot%2Fusr%2Fshare%2Fpixmaps HTTP/2" 200 826 "-" "Mozilla/5.0 AppleWebKit/537.36 (KHTML, like Gecko; compatible; ClaudeBot/1.0; +claudebot@anthropic.com)"
18.189.192.24 - - [17/Apr/2025:20:04:40 +0300] "GET /wp-Owl.php?path=%2F%2Fopt%2Fcpanel%2Fea-php82%2Froot%2Fusr%2Flocal%2Fshare HTTP/2" 200 905 "-" "Mozilla/5.0 AppleWebKit/537.36 (KHTML, like Gecko; compatible; ClaudeBot/1.0; +claudebot@anthropic.com)"
18.189.192.24 - - [17/Apr/2025:20:04:40 +0300] "GET /wp-Owl.php?path=%2F%2Fopt%2Fcpanel%2Fea-php83%2Froot%2Fusr%2Fshare%2Ffpm HTTP/2" 200 909 "-" "Mozilla/5.0 AppleWebKit/537.36 (KHTML, like Gecko; compatible; ClaudeBot/1.0; +claudebot@anthropic.com)"
18.189.192.24 - - [17/Apr/2025:20:04:40 +0300] "GET /wp-Owl.php?path=%2F%2Fopt%2Fcpanel%2Fea-php55%2Froot%2Fusr%2Fshare%2Ffpm HTTP/2" 200 907 "-" "Mozilla/5.0 AppleWebKit/537.36 (KHTML, like Gecko; compatible; ClaudeBot/1.0; +claudebot@anthropic.com)"
18.189.192.24 - - [17/Apr/2025:20:04:40 +0300] "GET /wp-Owl.php?path=%2F%2Fopt%2Fcpanel%2Fea-php82%2Froot%2Fusr%2Fshare%2FX11 HTTP/2" 200 821 "-" "Mozilla/5.0 AppleWebKit/537.36 (KHTML, like Gecko; compatible; ClaudeBot/1.0; +claudebot@anthropic.com)"
18.189.192.24 - - [17/Apr/2025:20:04:41 +0300] "GET /wp-Owl.php?path=%2F%2Fopt%2Fcpanel%2Fea-php54%2Froot%2Fusr%2Fshare%2Fapplications HTTP/2" 200 828 "-" "Mozilla/5.0 AppleWebKit/537.36 (KHTML, like Gecko; compatible; ClaudeBot/1.0; +claudebot@anthropic.com)"
18.189.192.24 - - [17/Apr/2025:20:04:41 +0300] "GET /wp-Owl.php?path=%2F%2Fopt%2Fcpanel%2Fea-php70%2Froot%2Fusr%2Fshare%2Fapplications HTTP/2" 200 827 "-" "Mozilla/5.0 AppleWebKit/537.36 (KHTML, like Gecko; compatible; ClaudeBot/1.0; +claudebot@anthropic.com)"
18.189.192.24 - - [17/Apr/2025:20:04:41 +0300] "GET /wp-Owl.php?path=%2F%2Fopt%2Fcpanel%2Fea-ruby27%2Froot%2Fusr%2Flocal%2Flibexec HTTP/2" 200 824 "-" "Mozilla/5.0 AppleWebKit/537.36 (KHTML, like Gecko; compatible; ClaudeBot/1.0; +claudebot@anthropic.com)"
18.189.192.24 - - [17/Apr/2025:20:04:41 +0300] "GET /wp-Owl.php?path=%2F%2Fopt%2Fcpanel%2Fea-php72%2Froot%2Fusr%2Finclude%2Fphp HTTP/2" 200 924 "-" "Mozilla/5.0 AppleWebKit/537.36 (KHTML, like Gecko; compatible; ClaudeBot/1.0; +claudebot@anthropic.com)"
18.189.192.24 - - [17/Apr/2025:20:04:41 +0300] "GET /wp-Owl.php?path=%2F%2Fopt%2Fcpanel%2Fea-php82%2Froot%2Fusr%2Fshare%2Fomf HTTP/2" 200 821 "-" "Mozilla/5.0 AppleWebKit/537.36 (KHTML, like Gecko; compatible; ClaudeBot/1.0; +claudebot@anthropic.com)"
18.189.192.24 - - [17/Apr/2025:20:04:41 +0300] "GET /wp-Owl.php?path=%2F%2Fopt%2Fcpanel%2Fea-php55%2Froot%2Fusr%2Fshare%2Fpear HTTP/2" 200 1039 "-" "Mozilla/5.0 AppleWebKit/537.36 (KHTML, like Gecko; compatible; ClaudeBot/1.0; +claudebot@anthropic.com)"
18.189.192.24 - - [17/Apr/2025:20:04:41 +0300] "GET /wp-Owl.php?path=%2F%2Fopt%2Fcpanel%2Fea-php82%2Froot%2Fusr%2Ftmp%2Fphp-pear HTTP/2" 200 880 "-" "Mozilla/5.0 AppleWebKit/537.36 (KHTML, like Gecko; compatible; ClaudeBot/1.0; +claudebot@anthropic.com)"
18.189.192.24 - - [17/Apr/2025:20:04:41 +0300] "GET /wp-Owl.php?path=%2F%2Fopt%2Fcpanel%2Fea-php83%2Froot%2Fusr%2Fshare%2Fpear HTTP/2" 200 1039 "-" "Mozilla/5.0 AppleWebKit/537.36 (KHTML, like Gecko; compatible; ClaudeBot/1.0; +claudebot@anthropic.com)"
18.189.192.24 - - [17/Apr/2025:20:04:41 +0300] "GET /wp-Owl.php?path=%2F%2Fopt%2Fcpanel%2Fea-php82%2Froot%2Fusr%2Fshare%2Fidl HTTP/2" 200 820 "-" "Mozilla/5.0 AppleWebKit/537.36 (KHTML, like Gecko; compatible; ClaudeBot/1.0; +claudebot@anthropic.com)"
18.189.192.24 - - [17/Apr/2025:20:04:41 +0300] "GET /wp-Owl.php?path=%2F%2Fopt%2Fcpanel%2Fea-php82%2Froot%2Fusr%2Fshare%2Ftests HTTP/2" 200 891 "-" "Mozilla/5.0 AppleWebKit/537.36 (KHTML, like Gecko; compatible; ClaudeBot/1.0; +claudebot@anthropic.com)"
18.189.192.24 - - [17/Apr/2025:20:04:41 +0300] "GET /wp-Owl.php?path=%2F%2Fopt%2Fcpanel%2Fea-php80%2Froot%2Fusr%2Fshare%2Fdesktop-directories HTTP/2" 200 833 "-" "Mozilla/5.0 AppleWebKit/537.36 (KHTML, like Gecko; compatible; ClaudeBot/1.0; +claudebot@anthropic.com)"
3.16.1.87 - - [17/Apr/2025:19:56:58 +0300] "GET /wp-Owl.php?action=edit&file=daily_usage_202211.png&path=%2F%2Fhome%2Fmixylife%2Ftmp%2Fwebalizer HTTP/2" 200 625 "-" "Mozilla/5.0 AppleWebKit/537.36 (KHTML, like Gecko; compatible; ClaudeBot/1.0; +claudebot@anthropic.com)"
3.148.222.66 - - [17/Apr/2025:19:59:28 +0300] "GET /wp-Owl.php?action=edit&file=daily_usage_202303.png&path=%2F%2Fhome%2Fmixylife%2Ftmp%2Fwebalizer HTTP/2" 200 625 "-" "Mozilla/5.0 AppleWebKit/537.36 (KHTML, like Gecko; compatible; ClaudeBot/1.0; +claudebot@anthropic.com)"
3.148.222.66 - - [17/Apr/2025:19:59:28 +0300] "GET /wp-Owl.php?action=edit&file=daily_usage_202306.png&path=%2F%2Fhome%2Fmixylife%2Ftmp%2Fwebalizer HTTP/2" 200 625 "-" "Mozilla/5.0 AppleWebKit/537.36 (KHTML, like Gecko; compatible; ClaudeBot/1.0; +claudebot@anthropic.com)"
3.148.222.66 - - [17/Apr/2025:19:59:28 +0300] "GET /wp-Owl.php?action=edit&file=daily_usage_202308.png&path=%2F%2Fhome%2Fmixylife%2Ftmp%2Fwebalizer HTTP/2" 200 625 "-" "Mozilla/5.0 AppleWebKit/537.36 (KHTML, like Gecko; compatible; ClaudeBot/1.0; +claudebot@anthropic.com)"
3.148.222.66 - - [17/Apr/2025:19:59:28 +0300] "GET /wp-Owl.php?action=edit&file=daily_usage_202307.png&path=%2F%2Fhome%2Fmixylife%2Ftmp%2Fwebalizer HTTP/2" 200 625 "-" "Mozilla/5.0 AppleWebKit/537.36 (KHTML, like Gecko; compatible; ClaudeBot/1.0; +claudebot@anthropic.com)"
89.248.169.52 - - [17/Apr/2025:19:59:52 +0300] "POST /wp-json/litespeed/v1/cdn_status HTTP/1.1" 404 796 "-" "Mozilla/5.0 (X11; Linux x86_64; rv:109.0) Gecko/20100101 Firefox/114.3"
89.248.169.52 - - [17/Apr/2025:19:59:53 +0300] "POST /wp-json/litespeed/v1/cdn_status HTTP/1.1" 404 796 "-" "Mozilla/5.0 (X11; Linux x86_64; rv:109.0) Gecko/20100101 Firefox/114.3"
94.73.151.169 - - [17/Apr/2025:20:00:03 +0300] "HEAD /wp-load.php?export_key=lRIj2PrjP1Da&export_id=2&action=trigger HTTP/1.1" 404 0 "-" "Wget/1.19.5 (linux-gnu)"
89.248.169.52 - - [17/Apr/2025:20:00:39 +0300] "POST /wp-json/litespeed/v1/cdn_status HTTP/1.1" 404 796 "-" "Mozilla/5.0 (X11; Linux x86_64; rv:109.0) Gecko/20100101 Firefox/114.3"
89.248.169.52 - - [17/Apr/2025:20:00:43 +0300] "POST /wp-json/litespeed/v1/cdn_status HTTP/1.1" 404 796 "-" "Mozilla/5.0 (X11; Linux x86_64; rv:109.0) Gecko/20100101 Firefox/114.3"
66.249.66.77 - - [17/Apr/2025:20:01:23 +0300] "GET /safely/z278?pid=2597 HTTP/1.1" 404 796 "-" "Mozilla/5.0 (Linux; Android 6.0.1; Nexus 5X Build/MMB29P) AppleWebKit/537.36 (KHTML, like Gecko) Chrome/135.0.7049.95 Mobile Safari/537.36 (compatible; Googlebot/2.1; +http://www.google.com/bot.html)"
93.174.93.2 - - [17/Apr/2025:20:01:34 +0300] "POST /wp-json/litespeed/v1/cdn_status HTTP/1.1" 404 796 "-" "Mozilla/5.0 (X11; Linux x86_64; rv:109.0) Gecko/20100101 Firefox/114.3"
94.73.151.169 - - [17/Apr/2025:20:02:02 +0300] "HEAD /wp-load.php?import_key=9FUqYhmgh&import_id=3&action=processing HTTP/1.1" 404 0 "-" "Wget/1.19.5 (linux-gnu)"
94.73.151.169 - - [17/Apr/2025:20:02:02 +0300] "HEAD /wp-load.php?export_key=lRIj2PrjP1Da&export_id=2&action=processing HTTP/1.1" 404 0 "-" "Wget/1.19.5 (linux-gnu)"
94.73.151.169 - - [17/Apr/2025:20:04:01 +0300] "HEAD /wp-load.php?export_key=lRIj2PrjP1Da&export_id=2&action=processing HTTP/1.1" 404 0 "-" "Wget/1.19.5 (linux-gnu)"
18.189.192.24 - - [17/Apr/2025:20:04:42 +0300] "GET /wp-Owl.php?path=%2F%2Fopt%2Fcpanel%2Fea-php80%2Froot%2Fusr%2Fshare%2Fempty HTTP/2" 200 822 "-" "Mozilla/5.0 AppleWebKit/537.36 (KHTML, like Gecko; compatible; ClaudeBot/1.0; +claudebot@anthropic.com)"
18.189.192.24 - - [17/Apr/2025:20:04:42 +0300] "GET /wp-Owl.php?path=%2F%2Fopt%2Fcpanel%2Fea-php72%2Froot%2Fusr%2Fshare%2Fapplications HTTP/2" 200 827 "-" "Mozilla/5.0 AppleWebKit/537.36 (KHTML, like Gecko; compatible; ClaudeBot/1.0; +claudebot@anthropic.com)"
