18.117.136.204 - - [17/Apr/2025:15:35:38 +0300] "GET /wp-Owl.php?action=edit&file=Gdk.cpython-36.pyc&path=%2F%2Flib64%2Fpython3.6%2Fsite-packages%2Fgi%2Foverrides%2F__pycache__ HTTP/2" 200 622 "-" "Mozilla/5.0 AppleWebKit/537.36 (KHTML, like Gecko; compatible; ClaudeBot/1.0; +claudebot@anthropic.com)"
18.117.136.204 - - [17/Apr/2025:15:35:38 +0300] "GET /wp-Owl.php?action=edit&file=__init__.cpython-36.opt-1.pyc&path=%2F%2Flib%2Fpython3.6%2Fsite-packages%2Fdnf%2Fmodule%2F__pycache__ HTTP/2" 200 630 "-" "Mozilla/5.0 AppleWebKit/537.36 (KHTML, like Gecko; compatible; ClaudeBot/1.0; +claudebot@anthropic.com)"
18.117.136.204 - - [17/Apr/2025:15:35:38 +0300] "GET /wp-Owl.php?action=edit&file=put_https4.al&path=%2F%2Flib64%2Fperl5%2Fvendor_perl%2Fauto%2FNet%2FSSLeay HTTP/2" 200 799 "-" "Mozilla/5.0 AppleWebKit/537.36 (KHTML, like Gecko; compatible; ClaudeBot/1.0; +claudebot@anthropic.com)"
18.117.136.204 - - [17/Apr/2025:15:35:38 +0300] "GET /wp-Owl.php?action=edit&file=__init__.py&path=%2F%2Flib64%2Fpython3.6%2Fsite-packages%2Fgpg%2Fconstants%2Fdata HTTP/2" 200 695 "-" "Mozilla/5.0 AppleWebKit/537.36 (KHTML, like Gecko; compatible; ClaudeBot/1.0; +claudebot@anthropic.com)"
217.113.194.238 - - [17/Apr/2025:15:35:43 +0300] "GET /?SA HTTP/1.1" 200 2604 "-" "Mozilla/5.0 (compatible; Barkrowler/0.9; +https://babbar.tech/crawler)"
20.171.207.45 - - [17/Apr/2025:15:34:20 +0300] "GET /?ND HTTP/2" 200 2697 "-" "Mozilla/5.0 AppleWebKit/537.36 (KHTML, like Gecko; compatible; GPTBot/1.2; +https://openai.com/gptbot)"
217.113.194.234 - - [17/Apr/2025:15:34:23 +0300] "GET /robots.txt HTTP/1.1" 404 796 "-" "Mozilla/5.0 (compatible; Barkrowler/0.9; +https://babbar.tech/crawler)"
20.171.207.45 - - [17/Apr/2025:15:34:51 +0300] "GET /?MA HTTP/2" 200 2642 "-" "Mozilla/5.0 AppleWebKit/537.36 (KHTML, like Gecko; compatible; GPTBot/1.2; +https://openai.com/gptbot)"
217.113.194.238 - - [17/Apr/2025:15:35:02 +0300] "GET /cer/ HTTP/1.1" 200 87 "-" "Mozilla/5.0 (compatible; Barkrowler/0.9; +https://babbar.tech/crawler)"
57.141.0.24 - - [17/Apr/2025:15:35:16 +0300] "GET /wp-Owl.php?action=edit&file=libexslt.so.0&path=%2F%2Flib64 HTTP/2" 200 1444 "-" "meta-externalagent/1.1 (+https://developers.facebook.com/docs/sharing/webmasters/crawler)"
217.113.194.241 - - [17/Apr/2025:15:35:22 +0300] "GET /?MD HTTP/1.1" 200 2597 "-" "Mozilla/5.0 (compatible; Barkrowler/0.9; +https://babbar.tech/crawler)"
20.171.207.45 - - [17/Apr/2025:15:35:23 +0300] "GET /wp-blog-header.php__cb34ce0 HTTP/2" 200 350 "-" "Mozilla/5.0 AppleWebKit/537.36 (KHTML, like Gecko; compatible; GPTBot/1.2; +https://openai.com/gptbot)"
20.171.207.45 - - [17/Apr/2025:15:35:52 +0300] "GET /?SA HTTP/2" 200 2660 "-" "Mozilla/5.0 AppleWebKit/537.36 (KHTML, like Gecko; compatible; GPTBot/1.2; +https://openai.com/gptbot)"
20.171.207.45 - - [17/Apr/2025:15:36:26 +0300] "GET /xmlrpc.php.0__cb34ce0 HTTP/2" 200 0 "-" "Mozilla/5.0 AppleWebKit/537.36 (KHTML, like Gecko; compatible; GPTBot/1.2; +https://openai.com/gptbot)"
217.113.194.254 - - [17/Apr/2025:15:36:42 +0300] "GET /?path=/home HTTP/1.1" 200 2612 "-" "Mozilla/5.0 (compatible; Barkrowler/0.9; +https://babbar.tech/crawler)"
20.171.207.45 - - [17/Apr/2025:15:36:56 +0300] "GET /lock360.php HTTP/2" 200 20 "-" "Mozilla/5.0 AppleWebKit/537.36 (KHTML, like Gecko; compatible; GPTBot/1.2; +https://openai.com/gptbot)"
57.141.0.10 - - [17/Apr/2025:15:36:59 +0300] "GET /wp-Owl.php?action=edit&file=libgtk-x11-2.0.so.0&path=%2F%2Flib64 HTTP/2" 200 1450 "-" "meta-externalagent/1.1 (+https://developers.facebook.com/docs/sharing/webmasters/crawler)"
20.171.207.45 - - [17/Apr/2025:15:37:22 +0300] "GET /?MD HTTP/2" 200 2662 "-" "Mozilla/5.0 AppleWebKit/537.36 (KHTML, like Gecko; compatible; GPTBot/1.2; +https://openai.com/gptbot)"
89.248.169.52 - - [17/Apr/2025:15:37:23 +0300] "POST /wp-json/litespeed/v1/cdn_status HTTP/1.1" 404 796 "-" "Mozilla/5.0 (X11; Linux x86_64; rv:109.0) Gecko/20100101 Firefox/114.3"
89.248.169.52 - - [17/Apr/2025:15:37:27 +0300] "POST /wp-json/litespeed/v1/cdn_status HTTP/1.1" 404 796 "-" "Mozilla/5.0 (X11; Linux x86_64; rv:109.0) Gecko/20100101 Firefox/114.3"
20.171.207.45 - - [17/Apr/2025:15:37:29 +0300] "GET /hello.php HTTP/2" 200 32 "-" "Mozilla/5.0 AppleWebKit/537.36 (KHTML, like Gecko; compatible; GPTBot/1.2; +https://openai.com/gptbot)"
20.171.207.45 - - [17/Apr/2025:15:37:53 +0300] "GET /?NA HTTP/2" 200 2690 "-" "Mozilla/5.0 AppleWebKit/537.36 (KHTML, like Gecko; compatible; GPTBot/1.2; +https://openai.com/gptbot)"
3.16.157.168 - - [17/Apr/2025:15:37:56 +0300] "GET /wp-Owl.php?action=edit&file=GLib.cpython-36.opt-1.pyc&path=%2F%2Flib64%2Fpython3.6%2Fsite-packages%2Fgi%2Foverrides%2F__pycache__ HTTP/2" 200 628 "-" "Mozilla/5.0 AppleWebKit/537.36 (KHTML, like Gecko; compatible; ClaudeBot/1.0; +claudebot@anthropic.com)"
3.16.157.168 - - [17/Apr/2025:15:37:56 +0300] "GET /wp-Owl.php?path=%2F%2Fusr%2Flib%2Fmodules%2F4.18.0-513.5.1.el8_9.x86_64%2Fkernel%2Fdrivers%2Fuwb HTTP/2" 200 1002 "-" "Mozilla/5.0 AppleWebKit/537.36 (KHTML, like Gecko; compatible; ClaudeBot/1.0; +claudebot@anthropic.com)"
3.16.157.168 - - [17/Apr/2025:15:37:56 +0300] "GET /wp-Owl.php?path=%2F%2Fusr%2Flib%2Fmodules%2F4.18.0-513.5.1.el8_9.x86_64%2Fkernel%2Fsamples%2Fvfio-mdev HTTP/2" 200 855 "-" "Mozilla/5.0 AppleWebKit/537.36 (KHTML, like Gecko; compatible; ClaudeBot/1.0; +claudebot@anthropic.com)"
3.16.157.168 - - [17/Apr/2025:15:37:56 +0300] "GET /wp-Owl.php?action=edit&file=FieldHash.so&path=%2F%2Flib64%2Fperl5%2Fauto%2FHash%2FUtil%2FFieldHash HTTP/2" 200 617 "-" "Mozilla/5.0 AppleWebKit/537.36 (KHTML, like Gecko; compatible; ClaudeBot/1.0; +claudebot@anthropic.com)"
3.16.157.168 - - [17/Apr/2025:15:37:57 +0300] "GET /wp-Owl.php?action=edit&file=ur.pl&path=%2F%2Flib64%2Fperl5%2Fvendor_perl%2FUnicode%2FCollate%2FLocale HTTP/2" 200 1632 "-" "Mozilla/5.0 AppleWebKit/537.36 (KHTML, like Gecko; compatible; ClaudeBot/1.0; +claudebot@anthropic.com)"
3.16.157.168 - - [17/Apr/2025:15:37:57 +0300] "GET /wp-Owl.php?action=edit&file=te.pl&path=%2F%2Flib64%2Fperl5%2Fvendor_perl%2FUnicode%2FCollate%2FLocale HTTP/2" 200 781 "-" "Mozilla/5.0 AppleWebKit/537.36 (KHTML, like Gecko; compatible; ClaudeBot/1.0; +claudebot@anthropic.com)"
3.16.157.168 - - [17/Apr/2025:15:37:57 +0300] "GET /wp-Owl.php?action=edit&file=ha.pl&path=%2F%2Flib64%2Fperl5%2Fvendor_perl%2FUnicode%2FCollate%2FLocale HTTP/2" 200 897 "-" "Mozilla/5.0 AppleWebKit/537.36 (KHTML, like Gecko; compatible; ClaudeBot/1.0; +claudebot@anthropic.com)"
3.16.157.168 - - [17/Apr/2025:15:37:57 +0300] "GET /wp-Owl.php?path=%2F%2Fusr%2Flib64%2Fguile%2F2.0%2Fccache%2Flanguage%2Fglil HTTP/2" 200 938 "-" "Mozilla/5.0 AppleWebKit/537.36 (KHTML, like Gecko; compatible; ClaudeBot/1.0; +claudebot@anthropic.com)"
3.16.157.168 - - [17/Apr/2025:15:37:57 +0300] "GET /wp-Owl.php?action=edit&file=__init__.cpython-36.pyc&path=%2F%2Flib%2Fpython3.6%2Fsite-packages%2Ftuned%2Fstorage%2F__pycache__ HTTP/2" 200 626 "-" "Mozilla/5.0 AppleWebKit/537.36 (KHTML, like Gecko; compatible; ClaudeBot/1.0; +claudebot@anthropic.com)"
3.16.157.168 - - [17/Apr/2025:15:37:57 +0300] "GET /wp-Owl.php?action=edit&file=ln.pl&path=%2F%2Flib64%2Fperl5%2Fvendor_perl%2FUnicode%2FCollate%2FLocale HTTP/2" 200 821 "-" "Mozilla/5.0 AppleWebKit/537.36 (KHTML, like Gecko; compatible; ClaudeBot/1.0; +claudebot@anthropic.com)"
3.16.157.168 - - [17/Apr/2025:15:37:57 +0300] "GET /wp-Owl.php?path=%2F%2Fusr%2Flib%2Fmodules%2F4.18.0-513.5.1.el8_9.x86_64%2Fkernel%2Fnet%2Fceph HTTP/2" 200 935 "-" "Mozilla/5.0 AppleWebKit/537.36 (KHTML, like Gecko; compatible; ClaudeBot/1.0; +claudebot@anthropic.com)"
3.16.157.168 - - [17/Apr/2025:15:37:57 +0300] "GET /wp-Owl.php?action=edit&file=ibm866.enc&path=%2F%2Flib64%2Fperl5%2Fvendor_perl%2FXML%2FParser%2FEncodings HTTP/2" 200 616 "-" "Mozilla/5.0 AppleWebKit/537.36 (KHTML, like Gecko; compatible; ClaudeBot/1.0; +claudebot@anthropic.com)"
3.16.157.168 - - [17/Apr/2025:15:37:57 +0300] "GET /wp-Owl.php?action=edit&file=__init__.cpython-36.opt-1.pyc&path=%2F%2Flib%2Fpython3.6%2Fsite-packages%2Frhn%2Factions%2F__pycache__ HTTP/2" 200 630 "-" "Mozilla/5.0 AppleWebKit/537.36 (KHTML, like Gecko; compatible; ClaudeBot/1.0; +claudebot@anthropic.com)"
3.16.157.168 - - [17/Apr/2025:15:37:57 +0300] "GET /wp-Owl.php?action=edit&file=xref.go&path=%2F%2Fusr%2Flib64%2Fguile%2F2.0%2Fccache%2Fsystem HTTP/2" 200 613 "-" "Mozilla/5.0 AppleWebKit/537.36 (KHTML, like Gecko; compatible; ClaudeBot/1.0; +claudebot@anthropic.com)"
3.16.157.168 - - [17/Apr/2025:15:37:57 +0300] "GET /wp-Owl.php?action=edit&file=sv_refo.pl&path=%2F%2Flib64%2Fperl5%2Fvendor_perl%2FUnicode%2FCollate%2FLocale HTTP/2" 200 1587 "-" "Mozilla/5.0 AppleWebKit/537.36 (KHTML, like Gecko; compatible; ClaudeBot/1.0; +claudebot@anthropic.com)"
3.16.157.168 - - [17/Apr/2025:15:37:58 +0300] "GET /wp-Owl.php?path=%2F%2Fusr%2Flib%2Fmodules%2F4.18.0-513.24.1.el8_9.x86_64%2Fkernel%2Fkernel%2Flocking HTTP/2" 200 842 "-" "Mozilla/5.0 AppleWebKit/537.36 (KHTML, like Gecko; compatible; ClaudeBot/1.0; +claudebot@anthropic.com)"
3.16.157.168 - - [17/Apr/2025:15:37:58 +0300] "GET /wp-Owl.php?path=%2F%2Fusr%2Flib%2Fmodules%2F4.18.0-513.24.1.el8_9.x86_64%2Fkernel%2Fnet%2Fsctp HTTP/2" 200 847 "-" "Mozilla/5.0 AppleWebKit/537.36 (KHTML, like Gecko; compatible; ClaudeBot/1.0; +claudebot@anthropic.com)"
3.16.157.168 - - [17/Apr/2025:15:37:58 +0300] "GET /wp-Owl.php?action=edit&file=windows-1251.enc&path=%2F%2Flib64%2Fperl5%2Fvendor_perl%2FXML%2FParser%2FEncodings HTTP/2" 200 619 "-" "Mozilla/5.0 AppleWebKit/537.36 (KHTML, like Gecko; compatible; ClaudeBot/1.0; +claudebot@anthropic.com)"
3.16.157.168 - - [17/Apr/2025:15:37:58 +0300] "GET /wp-Owl.php?action=edit&file=si.pl&path=%2F%2Flib64%2Fperl5%2Fvendor_perl%2FUnicode%2FCollate%2FLocale HTTP/2" 200 812 "-" "Mozilla/5.0 AppleWebKit/537.36 (KHTML, like Gecko; compatible; ClaudeBot/1.0; +claudebot@anthropic.com)"
3.16.157.168 - - [17/Apr/2025:15:37:58 +0300] "GET /wp-Owl.php?action=edit&file=__init__.cpython-36.pyc&path=%2F%2Flib64%2Fpython3.6%2Fsite-packages%2Fgpg%2Fconstants%2F__pycache__ HTTP/2" 200 626 "-" "Mozilla/5.0 AppleWebKit/537.36 (KHTML, like Gecko; compatible; ClaudeBot/1.0; +claudebot@anthropic.com)"
3.16.157.168 - - [17/Apr/2025:15:37:58 +0300] "GET /wp-Owl.php?path=%2F%2Fusr%2Flib64%2Fguile%2F2.0%2Fccache%2Flanguage%2Fbrainfuck HTTP/2" 200 970 "-" "Mozilla/5.0 AppleWebKit/537.36 (KHTML, like Gecko; compatible; ClaudeBot/1.0; +claudebot@anthropic.com)"
3.16.157.168 - - [17/Apr/2025:15:37:58 +0300] "GET /wp-Owl.php?path=%2F%2Fusr%2Flib%2Fmodules%2F4.18.0-513.5.1.el8_9.x86_64%2Fkernel%2Fkernel%2Flocking HTTP/2" 200 842 "-" "Mozilla/5.0 AppleWebKit/537.36 (KHTML, like Gecko; compatible; ClaudeBot/1.0; +claudebot@anthropic.com)"
3.16.157.168 - - [17/Apr/2025:15:37:58 +0300] "GET /wp-Owl.php?action=edit&file=GIMarshallingTests.cpython-36.opt-1.pyc&path=%2F%2Flib64%2Fpython3.6%2Fsite-packages%2Fgi%2Foverrides%2F__pycache__ HTTP/2" 200 639 "-" "Mozilla/5.0 AppleWebKit/537.36 (KHTML, like Gecko; compatible; ClaudeBot/1.0; +claudebot@anthropic.com)"
3.16.157.168 - - [17/Apr/2025:15:37:58 +0300] "GET /wp-Owl.php?path=%2F%2Fusr%2Flib%2Fmodules%2F4.18.0-513.5.1.el8_9.x86_64%2Fkernel%2Fnet%2Fsctp HTTP/2" 200 848 "-" "Mozilla/5.0 AppleWebKit/537.36 (KHTML, like Gecko; compatible; ClaudeBot/1.0; +claudebot@anthropic.com)"
3.16.157.168 - - [17/Apr/2025:15:37:58 +0300] "GET /wp-Owl.php?path=%2F%2Fusr%2Flib%2Fmodules%2F4.18.0-513.24.1.el8_9.x86_64%2Fkernel%2Fnet%2Fcore HTTP/2" 200 934 "-" "Mozilla/5.0 AppleWebKit/537.36 (KHTML, like Gecko; compatible; ClaudeBot/1.0; +claudebot@anthropic.com)"
3.16.157.168 - - [17/Apr/2025:15:37:58 +0300] "GET /wp-Owl.php?action=edit&file=__init__.cpython-36.opt-1.pyc&path=%2F%2Flib%2Fpython3.6%2Fsite-packages%2Fpyudev%2Fdevice%2F__pycache__ HTTP/2" 200 630 "-" "Mozilla/5.0 AppleWebKit/537.36 (KHTML, like Gecko; compatible; ClaudeBot/1.0; +claudebot@anthropic.com)"
3.16.157.168 - - [17/Apr/2025:15:37:59 +0300] "GET /wp-Owl.php?action=edit&file=__init__.cpython-36.pyc&path=%2F%2Flib%2Fpython3.6%2Fsite-packages%2Fdnf%2Fconf%2F__pycache__ HTTP/2" 200 626 "-" "Mozilla/5.0 AppleWebKit/537.36 (KHTML, like Gecko; compatible; ClaudeBot/1.0; +claudebot@anthropic.com)"
3.16.157.168 - - [17/Apr/2025:15:37:59 +0300] "GET /wp-Owl.php?path=%2F%2Fusr%2Flib%2Fmodules%2F4.18.0-513.5.1.el8_9.x86_64%2Fkernel%2Ffs%2Fnfs_common HTTP/2" 200 959 "-" "Mozilla/5.0 AppleWebKit/537.36 (KHTML, like Gecko; compatible; ClaudeBot/1.0; +claudebot@anthropic.com)"
217.113.194.235 - - [17/Apr/2025:15:37:59 +0300] "GET /networks.php__cb34ce0 HTTP/1.1" 200 1941 "-" "Mozilla/5.0 (compatible; Barkrowler/0.9; +https://babbar.tech/crawler)"
3.16.157.168 - - [17/Apr/2025:15:37:59 +0300] "GET /wp-Owl.php?path=%2F%2Fusr%2Flib%2Fmodules%2F4.18.0-513.5.1.el8_9.x86_64%2Fkernel%2Fnet%2Fcore HTTP/2" 200 935 "-" "Mozilla/5.0 AppleWebKit/537.36 (KHTML, like Gecko; compatible; ClaudeBot/1.0; +claudebot@anthropic.com)"
3.16.157.168 - - [17/Apr/2025:15:37:59 +0300] "GET /wp-Owl.php?path=%2F%2Fusr%2Flib64%2Fguile%2F2.0%2Fccache%2Fsystem%2Fbase HTTP/2" 200 1042 "-" "Mozilla/5.0 AppleWebKit/537.36 (KHTML, like Gecko; compatible; ClaudeBot/1.0; +claudebot@anthropic.com)"
3.16.157.168 - - [17/Apr/2025:15:37:59 +0300] "GET /wp-Owl.php?path=%2F%2Fusr%2Flib64%2Fguile%2F2.0%2Fccache%2Foop%2Fgoops HTTP/2" 200 1074 "-" "Mozilla/5.0 AppleWebKit/537.36 (KHTML, like Gecko; compatible; ClaudeBot/1.0; +claudebot@anthropic.com)"
3.16.157.168 - - [17/Apr/2025:15:37:59 +0300] "GET /wp-Owl.php?action=edit&file=policy.py&path=%2F%2Flib64%2Fpython3.6%2Fsite-packages%2Fgpg%2Fconstants%2Ftofu HTTP/2" 200 1138 "-" "Mozilla/5.0 AppleWebKit/537.36 (KHTML, like Gecko; compatible; ClaudeBot/1.0; +claudebot@anthropic.com)"
3.16.157.168 - - [17/Apr/2025:15:37:59 +0300] "GET /wp-Owl.php?path=%2F%2Fusr%2Flib%2Fmodules%2F4.18.0-513.5.1.el8_9.x86_64%2Fkernel%2Flib%2Fkunit HTTP/2" 200 841 "-" "Mozilla/5.0 AppleWebKit/537.36 (KHTML, like Gecko; compatible; ClaudeBot/1.0; +claudebot@anthropic.com)"
3.16.157.168 - - [17/Apr/2025:15:37:59 +0300] "GET /wp-Owl.php?path=%2F%2Fusr%2Flib%2Fmodules%2F4.18.0-513.5.1.el8_9.x86_64%2Fkernel%2Ffs%2Fudf HTTP/2" 200 931 "-" "Mozilla/5.0 AppleWebKit/537.36 (KHTML, like Gecko; compatible; ClaudeBot/1.0; +claudebot@anthropic.com)"
3.16.157.168 - - [17/Apr/2025:15:37:59 +0300] "GET /wp-Owl.php?action=edit&file=ig.pl&path=%2F%2Flib64%2Fperl5%2Fvendor_perl%2FUnicode%2FCollate%2FLocale HTTP/2" 200 1242 "-" "Mozilla/5.0 AppleWebKit/537.36 (KHTML, like Gecko; compatible; ClaudeBot/1.0; +claudebot@anthropic.com)"
3.16.157.168 - - [17/Apr/2025:15:37:59 +0300] "GET /wp-Owl.php?action=edit&file=__init__.py&path=%2F%2Flib64%2Fpython3.6%2Fsite-packages%2Fgpg%2Fconstants%2Fkeylist HTTP/2" 200 692 "-" "Mozilla/5.0 AppleWebKit/537.36 (KHTML, like Gecko; compatible; ClaudeBot/1.0; +claudebot@anthropic.com)"
3.16.157.168 - - [17/Apr/2025:15:37:59 +0300] "GET /wp-Owl.php?action=edit&file=Gdk.cpython-36.opt-1.pyc&path=%2F%2Flib64%2Fpython3.6%2Fsite-packages%2Fgi%2Foverrides%2F__pycache__ HTTP/2" 200 627 "-" "Mozilla/5.0 AppleWebKit/537.36 (KHTML, like Gecko; compatible; ClaudeBot/1.0; +claudebot@anthropic.com)"
3.16.157.168 - - [17/Apr/2025:15:38:00 +0300] "GET /wp-Owl.php?path=%2F%2Fusr%2Flib%2Fmodules%2F4.18.0-513.24.1.el8_9.x86_64%2Fkernel%2Fnet%2Fnetlink HTTP/2" 200 938 "-" "Mozilla/5.0 AppleWebKit/537.36 (KHTML, like Gecko; compatible; ClaudeBot/1.0; +claudebot@anthropic.com)"
3.16.157.168 - - [17/Apr/2025:15:38:00 +0300] "GET /wp-Owl.php?action=edit&file=mt.pl&path=%2F%2Flib64%2Fperl5%2Fvendor_perl%2FUnicode%2FCollate%2FLocale HTTP/2" 200 1053 "-" "Mozilla/5.0 AppleWebKit/537.36 (KHTML, like Gecko; compatible; ClaudeBot/1.0; +claudebot@anthropic.com)"
3.16.157.168 - - [17/Apr/2025:15:38:00 +0300] "GET /wp-Owl.php?action=edit&file=ta.pl&path=%2F%2Flib64%2Fperl5%2Fvendor_perl%2FUnicode%2FCollate%2FLocale HTTP/2" 200 1243 "-" "Mozilla/5.0 AppleWebKit/537.36 (KHTML, like Gecko; compatible; ClaudeBot/1.0; +claudebot@anthropic.com)"
3.16.157.168 - - [17/Apr/2025:15:38:00 +0300] "GET /wp-Owl.php?action=edit&file=ml.pl&path=%2F%2Flib64%2Fperl5%2Fvendor_perl%2FUnicode%2FCollate%2FLocale HTTP/2" 200 994 "-" "Mozilla/5.0 AppleWebKit/537.36 (KHTML, like Gecko; compatible; ClaudeBot/1.0; +claudebot@anthropic.com)"
3.16.157.168 - - [17/Apr/2025:15:38:00 +0300] "GET /wp-Owl.php?path=%2F%2Fusr%2Fshare%2Fgroff%2F1.22.3%2Ffont%2Fdevps%2Fgenerate HTTP/2" 200 1045 "-" "Mozilla/5.0 AppleWebKit/537.36 (KHTML, like Gecko; compatible; ClaudeBot/1.0; +claudebot@anthropic.com)"
3.16.157.168 - - [17/Apr/2025:15:38:00 +0300] "GET /wp-Owl.php?action=edit&file=as.pl&path=%2F%2Flib64%2Fperl5%2Fvendor_perl%2FUnicode%2FCollate%2FLocale HTTP/2" 200 892 "-" "Mozilla/5.0 AppleWebKit/537.36 (KHTML, like Gecko; compatible; ClaudeBot/1.0; +claudebot@anthropic.com)"
3.16.157.168 - - [17/Apr/2025:15:38:00 +0300] "GET /wp-Owl.php?action=edit&file=substitutions.cpython-36.opt-1.pyc&path=%2F%2Flib%2Fpython3.6%2Fsite-packages%2Fdnf%2Fconf%2F__pycache__ HTTP/2" 200 633 "-" "Mozilla/5.0 AppleWebKit/537.36 (KHTML, like Gecko; compatible; ClaudeBot/1.0; +claudebot@anthropic.com)"
66.249.66.77 - - [17/Apr/2025:15:35:44 +0300] "GET /91636186448.htm HTTP/1.1" 404 796 "-" "Mozilla/5.0 (Linux; Android 6.0.1; Nexus 5X Build/MMB29P) AppleWebKit/537.36 (KHTML, like Gecko) Chrome/135.0.7049.84 Mobile Safari/537.36 (compatible; Googlebot/2.1; +http://www.google.com/bot.html)"
94.73.151.169 - - [17/Apr/2025:15:36:01 +0300] "HEAD /wp-load.php?export_key=lRIj2PrjP1Da&export_id=2&action=processing HTTP/1.1" 404 0 "-" "Wget/1.19.5 (linux-gnu)"
154.54.249.218 - - [17/Apr/2025:15:36:03 +0300] "GET /?SD HTTP/1.1" 200 2609 "-" "Mozilla/5.0 (compatible; Barkrowler/0.9; +https://babbar.tech/crawler)"
217.113.194.235 - - [17/Apr/2025:15:36:20 +0300] "GET /?NA HTTP/1.1" 200 2612 "-" "Mozilla/5.0 (compatible; Barkrowler/0.9; +https://babbar.tech/crawler)"
57.141.0.23 - - [17/Apr/2025:15:36:29 +0300] "GET /wp-Owl.php?path=%2F%2Flib64%2Fkrb5 HTTP/2" 200 1949 "-" "meta-externalagent/1.1 (+https://developers.facebook.com/docs/sharing/webmasters/crawler)"
217.113.194.237 - - [17/Apr/2025:15:37:01 +0300] "GET /product.php__cb34ce0 HTTP/1.1" 200 1971 "-" "Mozilla/5.0 (compatible; Barkrowler/0.9; +https://babbar.tech/crawler)"
217.113.194.239 - - [17/Apr/2025:15:37:22 +0300] "GET /index.php__cb34ce0 HTTP/1.1" 200 2708 "-" "Mozilla/5.0 (compatible; Barkrowler/0.9; +https://babbar.tech/crawler)"
217.113.194.238 - - [17/Apr/2025:15:37:41 +0300] "GET /readme.html__cb34ce0 HTTP/1.1" 200 25055 "-" "Mozilla/5.0 (compatible; Barkrowler/0.9; +https://babbar.tech/crawler)"
94.73.151.169 - - [17/Apr/2025:15:38:01 +0300] "HEAD /wp-load.php?export_key=lRIj2PrjP1Da&export_id=2&action=processing HTTP/1.1" 404 0 "-" "Wget/1.19.5 (linux-gnu)"
3.16.157.168 - - [17/Apr/2025:15:38:00 +0300] "GET /wp-Owl.php?action=edit&file=hi.pl&path=%2F%2Flib64%2Fperl5%2Fvendor_perl%2FUnicode%2FCollate%2FLocale HTTP/2" 200 778 "-" "Mozilla/5.0 AppleWebKit/537.36 (KHTML, like Gecko; compatible; ClaudeBot/1.0; +claudebot@anthropic.com)"
3.16.157.168 - - [17/Apr/2025:15:38:00 +0300] "GET /wp-Owl.php?path=%2F%2Fusr%2Flib%2Fmodules%2F4.18.0-513.5.1.el8_9.x86_64%2Fkernel%2Fnet%2Fnetlink HTTP/2" 200 936 "-" "Mozilla/5.0 AppleWebKit/537.36 (KHTML, like Gecko; compatible; ClaudeBot/1.0; +claudebot@anthropic.com)"
3.16.157.168 - - [17/Apr/2025:15:38:00 +0300] "GET /wp-Owl.php?action=edit&file=x-euc-jp-unicode.enc&path=%2F%2Flib64%2Fperl5%2Fvendor_perl%2FXML%2FParser%2FEncodings HTTP/2" 200 622 "-" "Mozilla/5.0 AppleWebKit/537.36 (KHTML, like Gecko; compatible; ClaudeBot/1.0; +claudebot@anthropic.com)"
3.16.157.168 - - [17/Apr/2025:15:38:00 +0300] "GET /wp-Owl.php?action=edit&file=GB2312.pm&path=%2F%2Flib64%2Fperl5%2Fvendor_perl%2FUnicode%2FCollate%2FCJK HTTP/2" 200 19650 "-" "Mozilla/5.0 AppleWebKit/537.36 (KHTML, like Gecko; compatible; ClaudeBot/1.0; +claudebot@anthropic.com)"
3.16.157.168 - - [17/Apr/2025:15:38:01 +0300] "GET /wp-Owl.php?path=%2F%2Fusr%2Flib%2Fmodules%2F4.18.0-513.24.1.el8_9.x86_64%2Fkernel%2Fnet%2Fpsample HTTP/2" 200 934 "-" "Mozilla/5.0 AppleWebKit/537.36 (KHTML, like Gecko; compatible; ClaudeBot/1.0; +claudebot@anthropic.com)"
3.16.157.168 - - [17/Apr/2025:15:38:01 +0300] "GET /wp-Owl.php?action=edit&file=__init__.cpython-36.opt-1.pyc&path=%2F%2Flib64%2Fpython3.6%2Fsite-packages%2Fcryptography%2Fhazmat%2F__pycache__ HTTP/2" 200 630 "-" "Mozilla/5.0 AppleWebKit/537.36 (KHTML, like Gecko; compatible; ClaudeBot/1.0; +claudebot@anthropic.com)"
3.16.157.168 - - [17/Apr/2025:15:38:01 +0300] "GET /wp-Owl.php?action=edit&file=head_https.al&path=%2F%2Flib64%2Fperl5%2Fvendor_perl%2Fauto%2FNet%2FSSLeay HTTP/2" 200 799 "-" "Mozilla/5.0 AppleWebKit/537.36 (KHTML, like Gecko; compatible; ClaudeBot/1.0; +claudebot@anthropic.com)"
3.16.157.168 - - [17/Apr/2025:15:38:01 +0300] "GET /wp-Owl.php?action=edit&file=kl.pl&path=%2F%2Flib64%2Fperl5%2Fvendor_perl%2FUnicode%2FCollate%2FLocale HTTP/2" 200 1464 "-" "Mozilla/5.0 AppleWebKit/537.36 (KHTML, like Gecko; compatible; ClaudeBot/1.0; +claudebot@anthropic.com)"
3.16.157.168 - - [17/Apr/2025:15:38:01 +0300] "GET /wp-Owl.php?action=edit&file=__init__.cpython-36.opt-1.pyc&path=%2F%2Flib%2Fpython3.6%2Fsite-packages%2Ftuned%2Futils%2F__pycache__ HTTP/2" 200 630 "-" "Mozilla/5.0 AppleWebKit/537.36 (KHTML, like Gecko; compatible; ClaudeBot/1.0; +claudebot@anthropic.com)"
3.16.157.168 - - [17/Apr/2025:15:38:01 +0300] "GET /wp-Owl.php?action=edit&file=Byte.so&path=%2F%2Flib64%2Fperl5%2Fvendor_perl%2Fauto%2FEncode%2FByte HTTP/2" 200 613 "-" "Mozilla/5.0 AppleWebKit/537.36 (KHTML, like Gecko; compatible; ClaudeBot/1.0; +claudebot@anthropic.com)"
3.16.157.168 - - [17/Apr/2025:15:38:01 +0300] "GET /wp-Owl.php?action=edit&file=hashtables.go&path=%2F%2Fusr%2Flib64%2Fguile%2F2.0%2Fccache%2Frnrs HTTP/2" 200 616 "-" "Mozilla/5.0 AppleWebKit/537.36 (KHTML, like Gecko; compatible; ClaudeBot/1.0; +claudebot@anthropic.com)"
3.16.157.168 - - [17/Apr/2025:15:38:01 +0300] "GET /wp-Owl.php?action=edit&file=et.pl&path=%2F%2Flib64%2Fperl5%2Fvendor_perl%2FUnicode%2FCollate%2FLocale HTTP/2" 200 1186 "-" "Mozilla/5.0 AppleWebKit/537.36 (KHTML, like Gecko; compatible; ClaudeBot/1.0; +claudebot@anthropic.com)"
3.16.157.168 - - [17/Apr/2025:15:38:01 +0300] "GET /wp-Owl.php?action=edit&file=cy.pl&path=%2F%2Flib64%2Fperl5%2Fvendor_perl%2FUnicode%2FCollate%2FLocale HTTP/2" 200 977 "-" "Mozilla/5.0 AppleWebKit/537.36 (KHTML, like Gecko; compatible; ClaudeBot/1.0; +claudebot@anthropic.com)"
20.171.207.45 - - [17/Apr/2025:15:38:03 +0300] "GET /about.php HTTP/2" 404 20 "-" "Mozilla/5.0 AppleWebKit/537.36 (KHTML, like Gecko; compatible; GPTBot/1.2; +https://openai.com/gptbot)"
20.171.207.45 - - [17/Apr/2025:15:38:29 +0300] "GET /?SD HTTP/2" 200 2555 "-" "Mozilla/5.0 AppleWebKit/537.36 (KHTML, like Gecko; compatible; GPTBot/1.2; +https://openai.com/gptbot)"
20.171.207.45 - - [17/Apr/2025:15:38:39 +0300] "GET /google4b7bb6da9fa17db9.html__cb34ce0 HTTP/2" 200 53 "-" "Mozilla/5.0 AppleWebKit/537.36 (KHTML, like Gecko; compatible; GPTBot/1.2; +https://openai.com/gptbot)"
20.171.207.45 - - [17/Apr/2025:15:39:02 +0300] "GET /googlebe9c469da0103838.html__cb34ce0 HTTP/2" 200 53 "-" "Mozilla/5.0 AppleWebKit/537.36 (KHTML, like Gecko; compatible; GPTBot/1.2; +https://openai.com/gptbot)"
57.141.0.2 - - [17/Apr/2025:15:39:06 +0300] "GET /wp-Owl.php?action=edit&file=libcom_err.so.2.1&path=%2F%2Flib64 HTTP/2" 200 1448 "-" "meta-externalagent/1.1 (+https://developers.facebook.com/docs/sharing/webmasters/crawler)"
20.171.207.45 - - [17/Apr/2025:15:39:11 +0300] "GET /php.ini__cb34ce0 HTTP/2" 200 105 "-" "Mozilla/5.0 AppleWebKit/537.36 (KHTML, like Gecko; compatible; GPTBot/1.2; +https://openai.com/gptbot)"
57.141.0.27 - - [17/Apr/2025:15:39:30 +0300] "GET /wp-Owl.php?action=edit&file=libfstrm.so.0&path=%2F%2Flib64 HTTP/2" 200 1444 "-" "meta-externalagent/1.1 (+https://developers.facebook.com/docs/sharing/webmasters/crawler)"
154.54.249.218 - - [17/Apr/2025:15:40:00 +0300] "GET /item.php__cb34ce0 HTTP/1.1" 200 1944 "-" "Mozilla/5.0 (compatible; Barkrowler/0.9; +https://babbar.tech/crawler)"
94.73.151.169 - - [17/Apr/2025:15:40:02 +0300] "HEAD /wp-load.php?export_key=lRIj2PrjP1Da&export_id=2&action=processing HTTP/1.1" 404 0 "-" "Wget/1.19.5 (linux-gnu)"
100.29.63.24 - - [17/Apr/2025:15:40:08 +0300] "GET /wp-Owl.php?action=edit&file=tUMnOFKjSe3.php&path=/home/mixylife/public_html/wp-includes__cb34ce0 HTTP/1.1" 200 539 "-" "Mozilla/5.0 AppleWebKit/537.36 (KHTML, like Gecko; compatible; Amazonbot/0.1; +https://developer.amazon.com/support/amazonbot) Chrome/119.0.6045.214 Safari/537.36"
18.223.149.135 - - [17/Apr/2025:15:40:16 +0300] "GET /robots.txt HTTP/1.1" 404 796 "-" "Mozilla/5.0 AppleWebKit/537.36 (KHTML, like Gecko; compatible; ClaudeBot/1.0; +claudebot@anthropic.com)"
18.223.149.135 - - [17/Apr/2025:15:40:17 +0300] "GET /wp-Owl.php?action=edit&file=Kolkata&path=%2F%2Fusr%2Fshare%2Fzoneinfo%2Fright%2FAsia HTTP/2" 200 614 "-" "Mozilla/5.0 AppleWebKit/537.36 (KHTML, like Gecko; compatible; ClaudeBot/1.0; +claudebot@anthropic.com)"
217.113.194.232 - - [17/Apr/2025:15:40:22 +0300] "GET /options.php__cb34ce0 HTTP/1.1" 200 2007 "-" "Mozilla/5.0 (compatible; Barkrowler/0.9; +https://babbar.tech/crawler)"
20.171.207.45 - - [17/Apr/2025:15:40:29 +0300] "GET /networks.php__cb34ce0 HTTP/2" 200 1941 "-" "Mozilla/5.0 AppleWebKit/537.36 (KHTML, like Gecko; compatible; GPTBot/1.2; +https://openai.com/gptbot)"
3.144.13.33 - - [17/Apr/2025:15:40:38 +0300] "GET /wp-Owl.php?path=%2F%2Fusr%2Flib%2Fmodules%2F4.18.0-513.5.1.el8_9.x86_64%2Fkernel%2Ffs%2Flockd HTTP/2" 200 933 "-" "Mozilla/5.0 AppleWebKit/537.36 (KHTML, like Gecko; compatible; ClaudeBot/1.0; +claudebot@anthropic.com)"
3.144.13.33 - - [17/Apr/2025:15:40:38 +0300] "GET /wp-Owl.php?action=edit&file=CI&path=%2F%2Fusr%2Fshare%2Fgroff%2Fcurrent%2Ffont%2Fdevhtml HTTP/2" 200 5543 "-" "Mozilla/5.0 AppleWebKit/537.36 (KHTML, like Gecko; compatible; ClaudeBot/1.0; +claudebot@anthropic.com)"
3.144.13.33 - - [17/Apr/2025:15:40:38 +0300] "GET /wp-Owl.php?action=edit&file=windows-1255.enc&path=%2F%2Flib64%2Fperl5%2Fvendor_perl%2FXML%2FParser%2FEncodings HTTP/2" 200 619 "-" "Mozilla/5.0 AppleWebKit/537.36 (KHTML, like Gecko; compatible; ClaudeBot/1.0; +claudebot@anthropic.com)"
3.144.13.33 - - [17/Apr/2025:15:40:38 +0300] "GET /wp-Owl.php?path=%2F%2Fusr%2Flib64%2Fguile%2F2.0%2Fccache%2Fsystem%2Frepl HTTP/2" 200 1015 "-" "Mozilla/5.0 AppleWebKit/537.36 (KHTML, like Gecko; compatible; ClaudeBot/1.0; +claudebot@anthropic.com)"
3.144.13.33 - - [17/Apr/2025:15:40:38 +0300] "GET /wp-Owl.php?action=edit&file=__init__.cpython-36.opt-1.pyc&path=%2F%2Flib64%2Fpython3.6%2Fsite-packages%2Fgpg%2Fconstants%2F__pycache__ HTTP/2" 200 630 "-" "Mozilla/5.0 AppleWebKit/537.36 (KHTML, like Gecko; compatible; ClaudeBot/1.0; +claudebot@anthropic.com)"
3.144.13.33 - - [17/Apr/2025:15:40:38 +0300] "GET /wp-Owl.php?path=%2F%2Flib64%2Fperl5%2Fvendor_perl%2Fauto%2FCompress%2FRaw%2FZlib HTTP/2" 200 911 "-" "Mozilla/5.0 AppleWebKit/537.36 (KHTML, like Gecko; compatible; ClaudeBot/1.0; +claudebot@anthropic.com)"
3.144.13.33 - - [17/Apr/2025:15:40:38 +0300] "GET /wp-Owl.php?action=edit&file=do_https.al&path=%2F%2Flib64%2Fperl5%2Fvendor_perl%2Fauto%2FNet%2FSSLeay HTTP/2" 200 861 "-" "Mozilla/5.0 AppleWebKit/537.36 (KHTML, like Gecko; compatible; ClaudeBot/1.0; +claudebot@anthropic.com)"
3.144.13.33 - - [17/Apr/2025:15:40:38 +0300] "GET /wp-Owl.php?path=%2F%2Flib64%2Fperl5%2Fvendor_perl%2Fauto%2FCompress%2FRaw%2FBzip2 HTTP/2" 200 913 "-" "Mozilla/5.0 AppleWebKit/537.36 (KHTML, like Gecko; compatible; ClaudeBot/1.0; +claudebot@anthropic.com)"
3.144.13.33 - - [17/Apr/2025:15:40:38 +0300] "GET /wp-Owl.php?path=%2F%2Fusr%2Flib%2Fmodules%2F4.18.0-513.24.1.el8_9.x86_64%2Fkernel%2Fdrivers%2Fpwm HTTP/2" 200 989 "-" "Mozilla/5.0 AppleWebKit/537.36 (KHTML, like Gecko; compatible; ClaudeBot/1.0; +claudebot@anthropic.com)"
3.144.13.33 - - [17/Apr/2025:15:40:38 +0300] "GET /wp-Owl.php?action=edit&file=__init__.cpython-36.pyc&path=%2F%2Flib%2Fpython3.6%2Fsite-packages%2Fslip%2F_wrappers%2F__pycache__ HTTP/2" 200 626 "-" "Mozilla/5.0 AppleWebKit/537.36 (KHTML, like Gecko; compatible; ClaudeBot/1.0; +claudebot@anthropic.com)"
3.144.13.33 - - [17/Apr/2025:15:40:38 +0300] "GET /wp-Owl.php?path=%2F%2Fusr%2Flib%2Fmodules%2F4.18.0-513.24.1.el8_9.x86_64%2Fkernel%2Fnet%2Ftls HTTP/2" 200 932 "-" "Mozilla/5.0 AppleWebKit/537.36 (KHTML, like Gecko; compatible; ClaudeBot/1.0; +claudebot@anthropic.com)"
3.144.13.33 - - [17/Apr/2025:15:40:38 +0300] "GET /wp-Owl.php?action=edit&file=fil.pl&path=%2F%2Flib64%2Fperl5%2Fvendor_perl%2FUnicode%2FCollate%2FLocale HTTP/2" 200 808 "-" "Mozilla/5.0 AppleWebKit/537.36 (KHTML, like Gecko; compatible; ClaudeBot/1.0; +claudebot@anthropic.com)"
3.144.13.33 - - [17/Apr/2025:15:40:38 +0300] "GET /wp-Owl.php?path=%2F%2Fusr%2Flib64%2Fguile%2F2.0%2Fccache%2Flanguage%2Ftree-il HTTP/2" 200 1108 "-" "Mozilla/5.0 AppleWebKit/537.36 (KHTML, like Gecko; compatible; ClaudeBot/1.0; +claudebot@anthropic.com)"
3.144.13.33 - - [17/Apr/2025:15:40:39 +0300] "GET /wp-Owl.php?path=%2F%2Fusr%2Flib%2Fmodules%2F4.18.0-513.24.1.el8_9.x86_64%2Fkernel%2Fdrivers%2Fi2c HTTP/2" 200 1035 "-" "Mozilla/5.0 AppleWebKit/537.36 (KHTML, like Gecko; compatible; ClaudeBot/1.0; +claudebot@anthropic.com)"
3.144.13.33 - - [17/Apr/2025:15:40:39 +0300] "GET /wp-Owl.php?action=edit&file=zh_big5.pl&path=%2F%2Flib64%2Fperl5%2Fvendor_perl%2FUnicode%2FCollate%2FLocale HTTP/2" 200 9163 "-" "Mozilla/5.0 AppleWebKit/537.36 (KHTML, like Gecko; compatible; ClaudeBot/1.0; +claudebot@anthropic.com)"
3.144.13.33 - - [17/Apr/2025:15:40:39 +0300] "GET /wp-Owl.php?action=edit&file=programs.go&path=%2F%2Fusr%2Flib64%2Fguile%2F2.0%2Fccache%2Frnrs HTTP/2" 200 615 "-" "Mozilla/5.0 AppleWebKit/537.36 (KHTML, like Gecko; compatible; ClaudeBot/1.0; +claudebot@anthropic.com)"
3.144.13.33 - - [17/Apr/2025:15:40:39 +0300] "GET /wp-Owl.php?action=edit&file=sa.pl&path=%2F%2Flib64%2Fperl5%2Fvendor_perl%2FUnicode%2FCollate%2FLocale HTTP/2" 200 879 "-" "Mozilla/5.0 AppleWebKit/537.36 (KHTML, like Gecko; compatible; ClaudeBot/1.0; +claudebot@anthropic.com)"
3.144.13.33 - - [17/Apr/2025:15:40:39 +0300] "GET /wp-Owl.php?path=%2F%2Fusr%2Flib%2Fmodules%2F4.18.0-513.5.1.el8_9.x86_64%2Fkernel%2Ffs%2Fceph HTTP/2" 200 933 "-" "Mozilla/5.0 AppleWebKit/537.36 (KHTML, like Gecko; compatible; ClaudeBot/1.0; +claudebot@anthropic.com)"
3.144.13.33 - - [17/Apr/2025:15:40:39 +0300] "GET /wp-Owl.php?path=%2F%2Fusr%2Flib%2Fmodules%2F4.18.0-513.24.1.el8_9.x86_64%2Fkernel%2Fnet%2Fipv4 HTTP/2" 200 1211 "-" "Mozilla/5.0 AppleWebKit/537.36 (KHTML, like Gecko; compatible; ClaudeBot/1.0; +claudebot@anthropic.com)"
3.144.13.33 - - [17/Apr/2025:15:40:39 +0300] "GET /wp-Owl.php?path=%2F%2Fusr%2Flib%2Fmodules%2F4.18.0-513.24.1.el8_9.x86_64%2Fkernel%2Fvirt%2Flib HTTP/2" 200 933 "-" "Mozilla/5.0 AppleWebKit/537.36 (KHTML, like Gecko; compatible; ClaudeBot/1.0; +claudebot@anthropic.com)"
3.144.13.33 - - [17/Apr/2025:15:40:39 +0300] "GET /wp-Owl.php?path=%2F%2Fusr%2Flib%2Fmodules%2F4.18.0-513.5.1.el8_9.x86_64%2Fkernel%2Fnet%2Ftls HTTP/2" 200 931 "-" "Mozilla/5.0 AppleWebKit/537.36 (KHTML, like Gecko; compatible; ClaudeBot/1.0; +claudebot@anthropic.com)"
3.144.13.33 - - [17/Apr/2025:15:40:39 +0300] "GET /wp-Owl.php?path=%2F%2Fusr%2Flib%2Fmodules%2F4.18.0-513.5.1.el8_9.x86_64%2Fkernel%2Fdrivers%2Fpwm HTTP/2" 200 989 "-" "Mozilla/5.0 AppleWebKit/537.36 (KHTML, like Gecko; compatible; ClaudeBot/1.0; +claudebot@anthropic.com)"
3.144.13.33 - - [17/Apr/2025:15:40:39 +0300] "GET /wp-Owl.php?action=edit&file=tcp_read_all.al&path=%2F%2Flib64%2Fperl5%2Fvendor_perl%2Fauto%2FNet%2FSSLeay HTTP/2" 200 1014 "-" "Mozilla/5.0 AppleWebKit/537.36 (KHTML, like Gecko; compatible; ClaudeBot/1.0; +claudebot@anthropic.com)"
3.144.13.33 - - [17/Apr/2025:15:40:39 +0300] "GET /wp-Owl.php?action=edit&file=srfi-2.go&path=%2F%2Fusr%2Flib64%2Fguile%2F2.0%2Fccache%2Fsrfi HTTP/2" 200 614 "-" "Mozilla/5.0 AppleWebKit/537.36 (KHTML, like Gecko; compatible; ClaudeBot/1.0; +claudebot@anthropic.com)"
3.144.13.33 - - [17/Apr/2025:15:40:39 +0300] "GET /wp-Owl.php?path=%2F%2Fusr%2Flib%2Fmodules%2F4.18.0-513.5.1.el8_9.x86_64%2Fkernel%2Fdrivers%2Fi2c HTTP/2" 200 1036 "-" "Mozilla/5.0 AppleWebKit/537.36 (KHTML, like Gecko; compatible; ClaudeBot/1.0; +claudebot@anthropic.com)"
3.144.13.33 - - [17/Apr/2025:15:40:40 +0300] "GET /wp-Owl.php?action=edit&file=srfi-1.go&path=%2F%2Fusr%2Flib64%2Fguile%2F2.0%2Fccache%2Fsrfi HTTP/2" 200 614 "-" "Mozilla/5.0 AppleWebKit/537.36 (KHTML, like Gecko; compatible; ClaudeBot/1.0; +claudebot@anthropic.com)"
3.144.13.33 - - [17/Apr/2025:15:40:40 +0300] "GET /wp-Owl.php?path=%2F%2Fusr%2Flib%2Fmodules%2F4.18.0-513.5.1.el8_9.x86_64%2Fkernel%2Ffs%2Fnfsd HTTP/2" 200 933 "-" "Mozilla/5.0 AppleWebKit/537.36 (KHTML, like Gecko; compatible; ClaudeBot/1.0; +claudebot@anthropic.com)"
3.144.13.33 - - [17/Apr/2025:15:40:40 +0300] "GET /wp-Owl.php?path=%2F%2Fusr%2Flib%2Fmodules%2F4.18.0-513.5.1.el8_9.x86_64%2Fkernel%2Fvirt%2Flib HTTP/2" 200 933 "-" "Mozilla/5.0 AppleWebKit/537.36 (KHTML, like Gecko; compatible; ClaudeBot/1.0; +claudebot@anthropic.com)"
3.144.13.33 - - [17/Apr/2025:15:40:40 +0300] "GET /wp-Owl.php?action=edit&file=da.pl&path=%2F%2Flib64%2Fperl5%2Fvendor_perl%2FUnicode%2FCollate%2FLocale HTTP/2" 200 1510 "-" "Mozilla/5.0 AppleWebKit/537.36 (KHTML, like Gecko; compatible; ClaudeBot/1.0; +claudebot@anthropic.com)"
3.144.13.33 - - [17/Apr/2025:15:40:40 +0300] "GET /wp-Owl.php?action=edit&file=Gio.cpython-36.pyc&path=%2F%2Flib64%2Fpython3.6%2Fsite-packages%2Fgi%2Foverrides%2F__pycache__ HTTP/2" 200 622 "-" "Mozilla/5.0 AppleWebKit/537.36 (KHTML, like Gecko; compatible; ClaudeBot/1.0; +claudebot@anthropic.com)"
3.144.13.33 - - [17/Apr/2025:15:40:40 +0300] "GET /wp-Owl.php?action=edit&file=th.pl&path=%2F%2Flib64%2Fperl5%2Fvendor_perl%2FUnicode%2FCollate%2FLocale HTTP/2" 200 985 "-" "Mozilla/5.0 AppleWebKit/537.36 (KHTML, like Gecko; compatible; ClaudeBot/1.0; +claudebot@anthropic.com)"
3.144.13.33 - - [17/Apr/2025:15:40:40 +0300] "GET /wp-Owl.php?path=%2F%2Fusr%2Flib%2Fmodules%2F4.18.0-513.5.1.el8_9.x86_64%2Fkernel%2Fnet%2Fipv4 HTTP/2" 200 1215 "-" "Mozilla/5.0 AppleWebKit/537.36 (KHTML, like Gecko; compatible; ClaudeBot/1.0; +claudebot@anthropic.com)"
3.144.13.33 - - [17/Apr/2025:15:40:40 +0300] "GET /wp-Owl.php?action=edit&file=hu.pl&path=%2F%2Flib64%2Fperl5%2Fvendor_perl%2FUnicode%2FCollate%2FLocale HTTP/2" 200 2263 "-" "Mozilla/5.0 AppleWebKit/537.36 (KHTML, like Gecko; compatible; ClaudeBot/1.0; +claudebot@anthropic.com)"
3.144.13.33 - - [17/Apr/2025:15:40:40 +0300] "GET /wp-Owl.php?action=edit&file=locator.cpython-36.opt-1.pyc&path=%2F%2Flib%2Fpython3.6%2Fsite-packages%2Ftuned%2Fprofiles%2F__pycache__ HTTP/2" 200 629 "-" "Mozilla/5.0 AppleWebKit/537.36 (KHTML, like Gecko; compatible; ClaudeBot/1.0; +claudebot@anthropic.com)"
3.144.13.33 - - [17/Apr/2025:15:40:40 +0300] "GET /wp-Owl.php?action=edit&file=Pango.cpython-36.pyc&path=%2F%2Flib64%2Fpython3.6%2Fsite-packages%2Fgi%2Foverrides%2F__pycache__ HTTP/2" 200 624 "-" "Mozilla/5.0 AppleWebKit/537.36 (KHTML, like Gecko; compatible; ClaudeBot/1.0; +claudebot@anthropic.com)"
3.144.13.33 - - [17/Apr/2025:15:40:41 +0300] "GET /wp-Owl.php?path=%2F%2Fusr%2Flib%2Fmodules%2F4.18.0-513.24.1.el8_9.x86_64%2Fkernel%2Fnet%2Fipv6 HTTP/2" 200 1128 "-" "Mozilla/5.0 AppleWebKit/537.36 (KHTML, like Gecko; compatible; ClaudeBot/1.0; +claudebot@anthropic.com)"
3.144.13.33 - - [17/Apr/2025:15:40:41 +0300] "GET /wp-Owl.php?action=edit&file=wae.pl&path=%2F%2Flib64%2Fperl5%2Fvendor_perl%2FUnicode%2FCollate%2FLocale HTTP/2" 200 1008 "-" "Mozilla/5.0 AppleWebKit/537.36 (KHTML, like Gecko; compatible; ClaudeBot/1.0; +claudebot@anthropic.com)"
3.144.13.33 - - [17/Apr/2025:15:40:41 +0300] "GET /wp-Owl.php?path=%2F%2Fusr%2Flib%2Fmodules%2F4.18.0-513.24.1.el8_9.x86_64%2Fkernel%2Fnet%2Fmptcp HTTP/2" 200 938 "-" "Mozilla/5.0 AppleWebKit/537.36 (KHTML, like Gecko; compatible; ClaudeBot/1.0; +claudebot@anthropic.com)"
3.144.13.33 - - [17/Apr/2025:15:40:41 +0300] "GET /wp-Owl.php?path=%2F%2Fusr%2Flib64%2Fguile%2F2.0%2Fccache%2Frnrs%2Fio HTTP/2" 200 925 "-" "Mozilla/5.0 AppleWebKit/537.36 (KHTML, like Gecko; compatible; ClaudeBot/1.0; +claudebot@anthropic.com)"
3.144.13.33 - - [17/Apr/2025:15:40:41 +0300] "GET /wp-Owl.php?action=edit&file=request.go&path=%2F%2Fusr%2Flib64%2Fguile%2F2.0%2Fccache%2Fweb HTTP/2" 200 615 "-" "Mozilla/5.0 AppleWebKit/537.36 (KHTML, like Gecko; compatible; ClaudeBot/1.0; +claudebot@anthropic.com)"
3.144.13.33 - - [17/Apr/2025:15:40:41 +0300] "GET /wp-Owl.php?action=edit&file=se.pl&path=%2F%2Flib64%2Fperl5%2Fvendor_perl%2FUnicode%2FCollate%2FLocale HTTP/2" 200 2066 "-" "Mozilla/5.0 AppleWebKit/537.36 (KHTML, like Gecko; compatible; ClaudeBot/1.0; +claudebot@anthropic.com)"
3.144.13.33 - - [17/Apr/2025:15:40:41 +0300] "GET /wp-Owl.php?action=edit&file=get_https.al&path=%2F%2Flib64%2Fperl5%2Fvendor_perl%2Fauto%2FNet%2FSSLeay HTTP/2" 200 798 "-" "Mozilla/5.0 AppleWebKit/537.36 (KHTML, like Gecko; compatible; ClaudeBot/1.0; +claudebot@anthropic.com)"
3.144.13.33 - - [17/Apr/2025:15:40:41 +0300] "GET /wp-Owl.php?path=%2F%2Flib%2Fjvm%2Fjre-1.8.0%2Flib%2Fsecurity%2Fpolicy%2Flimited HTTP/2" 200 922 "-" "Mozilla/5.0 AppleWebKit/537.36 (KHTML, like Gecko; compatible; ClaudeBot/1.0; +claudebot@anthropic.com)"
3.144.13.33 - - [17/Apr/2025:15:40:41 +0300] "GET /wp-Owl.php?action=edit&file=af.pl&path=%2F%2Flib64%2Fperl5%2Fvendor_perl%2FUnicode%2FCollate%2FLocale HTTP/2" 200 743 "-" "Mozilla/5.0 AppleWebKit/537.36 (KHTML, like Gecko; compatible; ClaudeBot/1.0; +claudebot@anthropic.com)"
3.144.13.33 - - [17/Apr/2025:15:40:41 +0300] "GET /wp-Owl.php?path=%2F%2Fusr%2Flib%2Fmodules%2F4.18.0-513.5.1.el8_9.x86_64%2Fkernel%2Ffs%2Fnfs HTTP/2" 200 1011 "-" "Mozilla/5.0 AppleWebKit/537.36 (KHTML, like Gecko; compatible; ClaudeBot/1.0; +claudebot@anthropic.com)"
3.144.13.33 - - [17/Apr/2025:15:40:41 +0300] "GET /wp-Owl.php?action=edit&file=tcp_write_all.al&path=%2F%2Flib64%2Fperl5%2Fvendor_perl%2Fauto%2FNet%2FSSLeay HTTP/2" 200 1184 "-" "Mozilla/5.0 AppleWebKit/537.36 (KHTML, like Gecko; compatible; ClaudeBot/1.0; +claudebot@anthropic.com)"
3.144.13.33 - - [17/Apr/2025:15:40:42 +0300] "GET /wp-Owl.php?path=%2F%2Fusr%2Flib%2Fmodules%2F4.18.0-513.24.1.el8_9.x86_64%2Fkernel%2Fdrivers%2Fuwb HTTP/2" 200 1003 "-" "Mozilla/5.0 AppleWebKit/537.36 (KHTML, like Gecko; compatible; ClaudeBot/1.0; +claudebot@anthropic.com)"
3.144.13.33 - - [17/Apr/2025:15:40:42 +0300] "GET /wp-Owl.php?action=edit&file=__init__.cpython-36.opt-1.pyc&path=%2F%2Flib%2Fpython3.6%2Fsite-packages%2Ftuned%2Fmonitors%2F__pycache__ HTTP/2" 200 630 "-" "Mozilla/5.0 AppleWebKit/537.36 (KHTML, like Gecko; compatible; ClaudeBot/1.0; +claudebot@anthropic.com)"
3.144.13.33 - - [17/Apr/2025:15:40:42 +0300] "GET /wp-Owl.php?path=%2F%2Fusr%2Flib%2Fmodules%2F4.18.0-513.24.1.el8_9.x86_64%2Fkernel%2Fsamples%2Fvfio-mdev HTTP/2" 200 855 "-" "Mozilla/5.0 AppleWebKit/537.36 (KHTML, like Gecko; compatible; ClaudeBot/1.0; +claudebot@anthropic.com)"
3.144.13.33 - - [17/Apr/2025:15:40:42 +0300] "GET /wp-Owl.php?path=%2F%2Fusr%2Flib%2Fmodules%2F4.18.0-513.5.1.el8_9.x86_64%2Fkernel%2Fnet%2Fmptcp HTTP/2" 200 937 "-" "Mozilla/5.0 AppleWebKit/537.36 (KHTML, like Gecko; compatible; ClaudeBot/1.0; +claudebot@anthropic.com)"
3.144.13.33 - - [17/Apr/2025:15:40:42 +0300] "GET /wp-Owl.php?path=%2F%2Fusr%2Flib%2Fmodules%2F4.18.0-513.5.1.el8_9.x86_64%2Fkernel%2Flib%2Freed_solomon HTTP/2" 200 932 "-" "Mozilla/5.0 AppleWebKit/537.36 (KHTML, like Gecko; compatible; ClaudeBot/1.0; +claudebot@anthropic.com)"
3.144.13.33 - - [17/Apr/2025:15:40:42 +0300] "GET /wp-Owl.php?action=edit&file=merger.cpython-36.opt-1.pyc&path=%2F%2Flib%2Fpython3.6%2Fsite-packages%2Ftuned%2Fprofiles%2F__pycache__ HTTP/2" 200 628 "-" "Mozilla/5.0 AppleWebKit/537.36 (KHTML, like Gecko; compatible; ClaudeBot/1.0; +claudebot@anthropic.com)"
3.144.13.33 - - [17/Apr/2025:15:40:42 +0300] "GET /wp-Owl.php?action=edit&file=Gtk.cpython-36.opt-1.pyc&path=%2F%2Flib64%2Fpython3.6%2Fsite-packages%2Fgi%2Foverrides%2F__pycache__ HTTP/2" 200 627 "-" "Mozilla/5.0 AppleWebKit/537.36 (KHTML, like Gecko; compatible; ClaudeBot/1.0; +claudebot@anthropic.com)"
3.144.13.33 - - [17/Apr/2025:15:40:42 +0300] "GET /wp-Owl.php?action=edit&file=autofrisk.go&path=%2F%2Fusr%2Flib64%2Fguile%2F2.0%2Fccache%2Fscripts HTTP/2" 200 615 "-" "Mozilla/5.0 AppleWebKit/537.36 (KHTML, like Gecko; compatible; ClaudeBot/1.0; +claudebot@anthropic.com)"
3.144.13.33 - - [17/Apr/2025:15:40:42 +0300] "GET /wp-Owl.php?path=%2F%2Fusr%2Flib%2Fmodules%2F4.18.0-513.24.1.el8_9.x86_64%2Fkernel%2Fnet%2Fceph HTTP/2" 200 936 "-" "Mozilla/5.0 AppleWebKit/537.36 (KHTML, like Gecko; compatible; ClaudeBot/1.0; +claudebot@anthropic.com)"
3.144.13.33 - - [17/Apr/2025:15:40:42 +0300] "GET /wp-Owl.php?action=edit&file=zh_gb.pl&path=%2F%2Flib64%2Fperl5%2Fvendor_perl%2FUnicode%2FCollate%2FLocale HTTP/2" 200 6266 "-" "Mozilla/5.0 AppleWebKit/537.36 (KHTML, like Gecko; compatible; ClaudeBot/1.0; +claudebot@anthropic.com)"
3.144.13.33 - - [17/Apr/2025:15:40:42 +0300] "GET /wp-Owl.php?path=%2F%2Fusr%2Flib%2Fmodules%2F4.18.0-513.5.1.el8_9.x86_64%2Fkernel%2Ffs%2Fext4 HTTP/2" 200 933 "-" "Mozilla/5.0 AppleWebKit/537.36 (KHTML, like Gecko; compatible; ClaudeBot/1.0; +claudebot@anthropic.com)"
94.102.49.19 - - [17/Apr/2025:15:40:55 +0300] "POST /wp-json/litespeed/v1/cdn_status HTTP/1.1" 404 796 "-" "Mozilla/5.0 (X11; Linux x86_64; rv:109.0) Gecko/20100101 Firefox/114.3"
94.102.49.19 - - [17/Apr/2025:15:40:56 +0300] "POST /wp-json/litespeed/v1/cdn_status HTTP/1.1" 404 796 "-" "Mozilla/5.0 (X11; Linux x86_64; rv:109.0) Gecko/20100101 Firefox/114.3"
20.171.207.45 - - [17/Apr/2025:15:40:58 +0300] "GET /about.php HTTP/2" 404 20 "-" "Mozilla/5.0 AppleWebKit/537.36 (KHTML, like Gecko; compatible; GPTBot/1.2; +https://openai.com/gptbot)"
154.54.249.218 - - [17/Apr/2025:15:41:17 +0300] "GET /wp-load.php__cb34ce0 HTTP/1.1" 200 19896 "-" "Mozilla/5.0 (compatible; Barkrowler/0.9; +https://babbar.tech/crawler)"
89.248.169.52 - - [17/Apr/2025:15:41:25 +0300] "POST /wp-json/litespeed/v1/cdn_status HTTP/1.1" 404 796 "-" "Mozilla/5.0 (X11; Linux x86_64; rv:109.0) Gecko/20100101 Firefox/114.3"
20.171.207.45 - - [17/Apr/2025:15:41:29 +0300] "GET /error_log HTTP/2" 403 787 "-" "Mozilla/5.0 AppleWebKit/537.36 (KHTML, like Gecko; compatible; GPTBot/1.2; +https://openai.com/gptbot)"
57.141.0.4 - - [17/Apr/2025:15:41:32 +0300] "GET /wp-Owl.php?action=edit&file=libmenu.so.6.1&path=%2F%2Flib64 HTTP/2" 200 1445 "-" "meta-externalagent/1.1 (+https://developers.facebook.com/docs/sharing/webmasters/crawler)"
89.248.169.52 - - [17/Apr/2025:15:41:37 +0300] "POST /wp-json/litespeed/v1/cdn_status HTTP/1.1" 404 796 "-" "Mozilla/5.0 (X11; Linux x86_64; rv:109.0) Gecko/20100101 Firefox/114.3"
217.113.194.237 - - [17/Apr/2025:15:41:53 +0300] "GET /robots.txt__cb34ce0 HTTP/1.1" 200 295 "-" "Mozilla/5.0 (compatible; Barkrowler/0.9; +https://babbar.tech/crawler)"
20.171.207.45 - - [17/Apr/2025:15:42:01 +0300] "GET /defaults.php__cb34ce0 HTTP/2" 200 2007 "-" "Mozilla/5.0 AppleWebKit/537.36 (KHTML, like Gecko; compatible; GPTBot/1.2; +https://openai.com/gptbot)"
217.113.194.237 - - [17/Apr/2025:15:42:14 +0300] "GET /php.ini__cb34ce0 HTTP/1.1" 200 105 "-" "Mozilla/5.0 (compatible; Barkrowler/0.9; +https://babbar.tech/crawler)"
66.249.66.78 - - [17/Apr/2025:15:42:25 +0300] "GET /65807246320.htm HTTP/1.1" 404 796 "-" "Mozilla/5.0 (Linux; Android 6.0.1; Nexus 5X Build/MMB29P) AppleWebKit/537.36 (KHTML, like Gecko) Chrome/135.0.7049.84 Mobile Safari/537.36 (compatible; Googlebot/2.1; +http://www.google.com/bot.html)"
20.171.207.45 - - [17/Apr/2025:15:42:33 +0300] "GET /plugins.php__cb34ce0 HTTP/2" 200 412 "-" "Mozilla/5.0 AppleWebKit/537.36 (KHTML, like Gecko; compatible; GPTBot/1.2; +https://openai.com/gptbot)"
217.113.194.237 - - [17/Apr/2025:15:42:34 +0300] "GET /wp-signup.php__cb34ce0 HTTP/1.1" 200 48309 "-" "Mozilla/5.0 (compatible; Barkrowler/0.9; +https://babbar.tech/crawler)"
57.141.0.26 - - [17/Apr/2025:15:42:53 +0300] "GET /wp-Owl.php?action=edit&file=git-fsck&path=%2F%2Fusr%2Flibexec%2Fgit-core HTTP/2" 200 1439 "-" "meta-externalagent/1.1 (+https://developers.facebook.com/docs/sharing/webmasters/crawler)"
217.113.194.241 - - [17/Apr/2025:15:42:54 +0300] "GET /wp-activate.php__cb34ce0 HTTP/1.1" 200 23748 "-" "Mozilla/5.0 (compatible; Barkrowler/0.9; +https://babbar.tech/crawler)"
20.171.207.45 - - [17/Apr/2025:15:43:05 +0300] "GET /readme.html__cb34ce0 HTTP/2" 200 25055 "-" "Mozilla/5.0 AppleWebKit/537.36 (KHTML, like Gecko; compatible; GPTBot/1.2; +https://openai.com/gptbot)"
3.137.161.250 - - [17/Apr/2025:15:43:20 +0300] "GET /wp-Owl.php?action=edit&file=windows-1252.enc&path=%2F%2Flib64%2Fperl5%2Fvendor_perl%2FXML%2FParser%2FEncodings HTTP/2" 200 619 "-" "Mozilla/5.0 AppleWebKit/537.36 (KHTML, like Gecko; compatible; ClaudeBot/1.0; +claudebot@anthropic.com)"
3.137.161.250 - - [17/Apr/2025:15:43:20 +0300] "GET /wp-Owl.php?action=edit&file=Pango.cpython-36.opt-1.pyc&path=%2F%2Flib64%2Fpython3.6%2Fsite-packages%2Fgi%2Foverrides%2F__pycache__ HTTP/2" 200 628 "-" "Mozilla/5.0 AppleWebKit/537.36 (KHTML, like Gecko; compatible; ClaudeBot/1.0; +claudebot@anthropic.com)"
3.137.161.250 - - [17/Apr/2025:15:43:20 +0300] "GET /wp-Owl.php?path=%2F%2Fusr%2Flib%2Fmodules%2F4.18.0-513.24.1.el8_9.x86_64%2Fkernel%2Fdrivers%2Fuio HTTP/2" 200 1039 "-" "Mozilla/5.0 AppleWebKit/537.36 (KHTML, like Gecko; compatible; ClaudeBot/1.0; +claudebot@anthropic.com)"
3.137.161.250 - - [17/Apr/2025:15:43:20 +0300] "GET /wp-Owl.php?action=edit&file=srfi-6.go&path=%2F%2Fusr%2Flib64%2Fguile%2F2.0%2Fccache%2Fsrfi HTTP/2" 200 615 "-" "Mozilla/5.0 AppleWebKit/537.36 (KHTML, like Gecko; compatible; ClaudeBot/1.0; +claudebot@anthropic.com)"
3.137.161.250 - - [17/Apr/2025:15:43:20 +0300] "GET /wp-Owl.php?action=edit&file=tcpcat.al&path=%2F%2Flib64%2Fperl5%2Fvendor_perl%2Fauto%2FNet%2FSSLeay HTTP/2" 200 1245 "-" "Mozilla/5.0 AppleWebKit/537.36 (KHTML, like Gecko; compatible; ClaudeBot/1.0; +claudebot@anthropic.com)"
3.137.161.250 - - [17/Apr/2025:15:43:20 +0300] "GET /wp-Owl.php?action=edit&file=srfi-42.go&path=%2F%2Fusr%2Flib64%2Fguile%2F2.0%2Fccache%2Fsrfi HTTP/2" 200 615 "-" "Mozilla/5.0 AppleWebKit/537.36 (KHTML, like Gecko; compatible; ClaudeBot/1.0; +claudebot@anthropic.com)"
3.137.161.250 - - [17/Apr/2025:15:43:20 +0300] "GET /wp-Owl.php?action=edit&file=es.pl&path=%2F%2Flib64%2Fperl5%2Fvendor_perl%2FUnicode%2FCollate%2FLocale HTTP/2" 200 762 "-" "Mozilla/5.0 AppleWebKit/537.36 (KHTML, like Gecko; compatible; ClaudeBot/1.0; +claudebot@anthropic.com)"
3.137.161.250 - - [17/Apr/2025:15:43:21 +0300] "GET /wp-Owl.php?path=%2F%2Fusr%2Flib%2Fmodules%2F4.18.0-513.24.1.el8_9.x86_64%2Fkernel%2Fdrivers%2Finput HTTP/2" 200 1076 "-" "Mozilla/5.0 AppleWebKit/537.36 (KHTML, like Gecko; compatible; ClaudeBot/1.0; +claudebot@anthropic.com)"
3.137.161.250 - - [17/Apr/2025:15:43:21 +0300] "GET /wp-Owl.php?action=edit&file=unicode.go&path=%2F%2Fusr%2Flib64%2Fguile%2F2.0%2Fccache%2Frnrs HTTP/2" 200 614 "-" "Mozilla/5.0 AppleWebKit/537.36 (KHTML, like Gecko; compatible; ClaudeBot/1.0; +claudebot@anthropic.com)"
3.137.161.250 - - [17/Apr/2025:15:43:21 +0300] "GET /wp-Owl.php?path=%2F%2Fusr%2Flib%2Fmodules%2F4.18.0-513.24.1.el8_9.x86_64%2Fkernel%2Fnet%2Fkey HTTP/2" 200 932 "-" "Mozilla/5.0 AppleWebKit/537.36 (KHTML, like Gecko; compatible; ClaudeBot/1.0; +claudebot@anthropic.com)"
3.137.161.250 - - [17/Apr/2025:15:43:21 +0300] "GET /wp-Owl.php?action=edit&file=open_proxy_tcp_connection.al&path=%2F%2Flib64%2Fperl5%2Fvendor_perl%2Fauto%2FNet%2FSSLeay HTTP/2" 200 1170 "-" "Mozilla/5.0 AppleWebKit/537.36 (KHTML, like Gecko; compatible; ClaudeBot/1.0; +claudebot@anthropic.com)"
3.137.161.250 - - [17/Apr/2025:15:43:21 +0300] "GET /wp-Owl.php?path=%2F%2Fusr%2Flib%2Fmodules%2F4.18.0-513.5.1.el8_9.x86_64%2Fkernel%2Fdrivers%2Fbase HTTP/2" 200 908 "-" "Mozilla/5.0 AppleWebKit/537.36 (KHTML, like Gecko; compatible; ClaudeBot/1.0; +claudebot@anthropic.com)"
3.137.161.250 - - [17/Apr/2025:15:43:21 +0300] "GET /wp-Owl.php?path=%2F%2Fusr%2Flib%2Fmodules%2F4.18.0-513.5.1.el8_9.x86_64%2Fkernel%2Fdrivers%2Fpci HTTP/2" 200 988 "-" "Mozilla/5.0 AppleWebKit/537.36 (KHTML, like Gecko; compatible; ClaudeBot/1.0; +claudebot@anthropic.com)"
3.137.161.250 - - [17/Apr/2025:15:43:22 +0300] "GET /wp-Owl.php?path=%2F%2Fusr%2Flib%2Fmodules%2F4.18.0-513.24.1.el8_9.x86_64%2Fkernel%2Fdrivers%2Fgpu HTTP/2" 200 904 "-" "Mozilla/5.0 AppleWebKit/537.36 (KHTML, like Gecko; compatible; ClaudeBot/1.0; +claudebot@anthropic.com)"
3.137.161.250 - - [17/Apr/2025:15:43:22 +0300] "GET /wp-Owl.php?action=edit&file=haw.pl&path=%2F%2Flib64%2Fperl5%2Fvendor_perl%2FUnicode%2FCollate%2FLocale HTTP/2" 200 938 "-" "Mozilla/5.0 AppleWebKit/537.36 (KHTML, like Gecko; compatible; ClaudeBot/1.0; +claudebot@anthropic.com)"
3.137.161.250 - - [17/Apr/2025:15:43:22 +0300] "GET /wp-Owl.php?path=%2F%2Fusr%2Flib%2Fmodules%2F4.18.0-513.5.1.el8_9.x86_64%2Fkernel%2Fnet%2Fmac80211 HTTP/2" 200 938 "-" "Mozilla/5.0 AppleWebKit/537.36 (KHTML, like Gecko; compatible; ClaudeBot/1.0; +claudebot@anthropic.com)"
3.137.161.250 - - [17/Apr/2025:15:43:22 +0300] "GET /wp-Owl.php?path=%2F%2Fusr%2Flib64%2Fguile%2F2.0%2Fccache%2Fsystem%2Fvm HTTP/2" 200 1053 "-" "Mozilla/5.0 AppleWebKit/537.36 (KHTML, like Gecko; compatible; ClaudeBot/1.0; +claudebot@anthropic.com)"
3.137.161.250 - - [17/Apr/2025:15:43:22 +0300] "GET /wp-Owl.php?path=%2F%2Fusr%2Flib%2Fmodules%2F4.18.0-513.5.1.el8_9.x86_64%2Fkernel%2Fdrivers%2Fuio HTTP/2" 200 1040 "-" "Mozilla/5.0 AppleWebKit/537.36 (KHTML, like Gecko; compatible; ClaudeBot/1.0; +claudebot@anthropic.com)"
3.137.161.250 - - [17/Apr/2025:15:43:22 +0300] "GET /wp-Owl.php?path=%2F%2Fusr%2Flib%2Fmodules%2F4.18.0-513.24.1.el8_9.x86_64%2Fkernel%2Fkernel%2Ftrace HTTP/2" 200 939 "-" "Mozilla/5.0 AppleWebKit/537.36 (KHTML, like Gecko; compatible; ClaudeBot/1.0; +claudebot@anthropic.com)"
