3.144.15.219 - - [17/Apr/2025:19:26:28 +0300] "GET /robots.txt HTTP/2" 404 796 "-" "Mozilla/5.0 AppleWebKit/537.36 (KHTML, like Gecko; compatible; ClaudeBot/1.0; +claudebot@anthropic.com)"
3.144.15.219 - - [17/Apr/2025:19:26:28 +0300] "GET /wp-Owl.php?action=edit&file=moxa-1131.fw&path=%2F%2Flib%2Ffirmware%2Fmoxa HTTP/2" 200 617 "-" "Mozilla/5.0 AppleWebKit/537.36 (KHTML, like Gecko; compatible; ClaudeBot/1.0; +claudebot@anthropic.com)"
3.144.15.219 - - [17/Apr/2025:19:26:28 +0300] "GET /wp-Owl.php?action=edit&file=moxa-1250.fw&path=%2F%2Flib%2Ffirmware%2Fmoxa HTTP/2" 200 617 "-" "Mozilla/5.0 AppleWebKit/537.36 (KHTML, like Gecko; compatible; ClaudeBot/1.0; +claudebot@anthropic.com)"
3.144.15.219 - - [17/Apr/2025:19:26:28 +0300] "GET /wp-Owl.php?action=edit&file=Mountain&path=%2F%2Fusr%2Fshare%2Fzoneinfo%2FCanada HTTP/2" 200 612 "-" "Mozilla/5.0 AppleWebKit/537.36 (KHTML, like Gecko; compatible; ClaudeBot/1.0; +claudebot@anthropic.com)"
3.144.15.219 - - [17/Apr/2025:19:26:28 +0300] "GET /wp-Owl.php?action=edit&file=moxa-1618.fw&path=%2F%2Flib%2Ffirmware%2Fmoxa HTTP/2" 200 618 "-" "Mozilla/5.0 AppleWebKit/537.36 (KHTML, like Gecko; compatible; ClaudeBot/1.0; +claudebot@anthropic.com)"
3.144.15.219 - - [17/Apr/2025:19:26:29 +0300] "GET /wp-Owl.php?action=edit&file=moxa-1451.fw&path=%2F%2Flib%2Ffirmware%2Fmoxa HTTP/2" 200 618 "-" "Mozilla/5.0 AppleWebKit/537.36 (KHTML, like Gecko; compatible; ClaudeBot/1.0; +claudebot@anthropic.com)"
20.171.207.45 - - [17/Apr/2025:19:27:24 +0300] "GET /wp-Owl.php?action=edit&file=1711087995.M926267P4108382.server.nsenabled.com%2CS%3D43869%2CW%3D44705%3A2%2C&path=%2Fhome%2Fmixylife%2Fmail%2Fmixylife.com%2Finfo%2F.Trash%2Fcur HTTP/2" 200 663 "-" "Mozilla/5.0 AppleWebKit/537.36 (KHTML, like Gecko; compatible; GPTBot/1.2; +https://openai.com/gptbot)"
20.171.207.45 - - [17/Apr/2025:19:27:25 +0300] "GET /wp-Owl.php?action=edit&file=1732096946.M116729P1490345.server.nsenabled.com%2CS%3D10806%2CW%3D10984%3A2%2C&path=%2Fhome%2Fmixylife%2Fmail%2Fmixylife.com%2Finfo%2F.spam%2Fcur HTTP/2" 200 3416 "-" "Mozilla/5.0 AppleWebKit/537.36 (KHTML, like Gecko; compatible; GPTBot/1.2; +https://openai.com/gptbot)"
20.171.207.45 - - [17/Apr/2025:19:28:11 +0300] "GET /wp-Owl.php?action=edit&file=1711088080.M850985P4108382.server.nsenabled.com%2CS%3D37349%2CW%3D38095%3A2%2C&path=%2Fhome%2Fmixylife%2Fmail%2Fmixylife.com%2Finfo%2F.Trash%2Fcur HTTP/2" 200 662 "-" "Mozilla/5.0 AppleWebKit/537.36 (KHTML, like Gecko; compatible; GPTBot/1.2; +https://openai.com/gptbot)"
20.171.207.45 - - [17/Apr/2025:19:28:13 +0300] "GET /wp-Owl.php?action=edit&file=1711088034.M685392P4108382.server.nsenabled.com%2CS%3D39346%2CW%3D40141%3A2%2C&path=%2Fhome%2Fmixylife%2Fmail%2Fmixylife.com%2Finfo%2F.Trash%2Fcur HTTP/2" 200 663 "-" "Mozilla/5.0 AppleWebKit/537.36 (KHTML, like Gecko; compatible; GPTBot/1.2; +https://openai.com/gptbot)"
114.119.150.68 - - [17/Apr/2025:19:28:35 +0300] "GET /wp-Owl.php?action=edit&file=.bash_profile&path=/home/mixylife HTTP/1.1" 200 734 "https://mixylife.com/wp-Owl.php?path=/home/mixylife" "Mozilla/5.0 (Linux; Android 7.0;) AppleWebKit/537.36 (KHTML, like Gecko) Mobile Safari/537.36 (compatible; PetalBot;+https://webmaster.petalsearch.com/site/petalbot)"
20.171.207.45 - - [17/Apr/2025:19:28:58 +0300] "GET /wp-Owl.php?action=edit&file=1716466756.M34677P824310.server.nsenabled.com%2CS%3D569640%2CW%3D577120%3A2%2CS&path=%2Fhome%2Fmixylife%2Fmail%2Fmixylife.com%2Finfo%2F.Sent%2Fcur HTTP/2" 200 352911 "-" "Mozilla/5.0 AppleWebKit/537.36 (KHTML, like Gecko; compatible; GPTBot/1.2; +https://openai.com/gptbot)"
20.171.207.45 - - [17/Apr/2025:19:29:37 +0300] "GET /wp-Owl.php?action=edit&file=1711088081.M280768P4108382.server.nsenabled.com%2CS%3D37349%2CW%3D38095%3A2%2C&path=%2Fhome%2Fmixylife%2Fmail%2Fmixylife.com%2Finfo%2F.Trash%2Fcur HTTP/2" 200 662 "-" "Mozilla/5.0 AppleWebKit/537.36 (KHTML, like Gecko; compatible; GPTBot/1.2; +https://openai.com/gptbot)"
20.171.207.45 - - [17/Apr/2025:19:29:44 +0300] "GET /wp-Owl.php?action=edit&file=1711088005.M210212P4108382.server.nsenabled.com%2CS%3D37575%2CW%3D38329%3A2%2C&path=%2Fhome%2Fmixylife%2Fmail%2Fmixylife.com%2Finfo%2F.Trash%2Fcur HTTP/2" 200 661 "-" "Mozilla/5.0 AppleWebKit/537.36 (KHTML, like Gecko; compatible; GPTBot/1.2; +https://openai.com/gptbot)"
20.171.207.45 - - [17/Apr/2025:19:30:26 +0300] "GET /wp-Owl.php?action=edit&file=1711088019.M2639P4108382.server.nsenabled.com%2CS%3D39170%2CW%3D39959%3A2%2C&path=%2Fhome%2Fmixylife%2Fmail%2Fmixylife.com%2Finfo%2F.Trash%2Fcur HTTP/2" 200 659 "-" "Mozilla/5.0 AppleWebKit/537.36 (KHTML, like Gecko; compatible; GPTBot/1.2; +https://openai.com/gptbot)"
20.171.207.45 - - [17/Apr/2025:19:30:33 +0300] "GET /wp-Owl.php?action=edit&file=1711088078.M224502P4108382.server.nsenabled.com%2CS%3D37350%2CW%3D38096%3A2%2C&path=%2Fhome%2Fmixylife%2Fmail%2Fmixylife.com%2Finfo%2F.Trash%2Fcur HTTP/2" 200 662 "-" "Mozilla/5.0 AppleWebKit/537.36 (KHTML, like Gecko; compatible; GPTBot/1.2; +https://openai.com/gptbot)"
20.171.207.45 - - [17/Apr/2025:19:31:11 +0300] "GET /wp-Owl.php?action=edit&file=1711088069.M789285P4108382.server.nsenabled.com%2CS%3D38193%2CW%3D38952%3A2%2C&path=%2Fhome%2Fmixylife%2Fmail%2Fmixylife.com%2Finfo%2F.Trash%2Fcur HTTP/2" 200 661 "-" "Mozilla/5.0 AppleWebKit/537.36 (KHTML, like Gecko; compatible; GPTBot/1.2; +https://openai.com/gptbot)"
20.171.207.45 - - [17/Apr/2025:19:31:20 +0300] "GET /wp-Owl.php?action=edit&file=1711088043.M884661P4108382.server.nsenabled.com%2CS%3D39346%2CW%3D40141%3A2%2C&path=%2Fhome%2Fmixylife%2Fmail%2Fmixylife.com%2Finfo%2F.Trash%2Fcur HTTP/2" 200 663 "-" "Mozilla/5.0 AppleWebKit/537.36 (KHTML, like Gecko; compatible; GPTBot/1.2; +https://openai.com/gptbot)"
66.249.66.77 - - [17/Apr/2025:19:27:57 +0300] "GET /items/265006913.html?srsltid=AfmBOockmsEkIbVmfGWb5jkXZqiTNYEyNohCW0NeCfASJzliydUg HTTP/1.1" 404 796 "-" "Mozilla/5.0 (Linux; Android 6.0.1; Nexus 5X Build/MMB29P) AppleWebKit/537.36 (KHTML, like Gecko) Chrome/135.0.7049.84 Mobile Safari/537.36 (compatible; Googlebot/2.1; +http://www.google.com/bot.html)"
18.223.97.8 - - [17/Apr/2025:19:28:57 +0300] "GET /wp-Owl.php?action=edit&file=moxa-1653.fw&path=%2F%2Flib%2Ffirmware%2Fmoxa HTTP/2" 200 618 "-" "Mozilla/5.0 AppleWebKit/537.36 (KHTML, like Gecko; compatible; ClaudeBot/1.0; +claudebot@anthropic.com)"
18.223.97.8 - - [17/Apr/2025:19:28:57 +0300] "GET /wp-Owl.php?action=edit&file=moxa-1130.fw&path=%2F%2Flib%2Ffirmware%2Fmoxa HTTP/2" 200 617 "-" "Mozilla/5.0 AppleWebKit/537.36 (KHTML, like Gecko; compatible; ClaudeBot/1.0; +claudebot@anthropic.com)"
18.223.97.8 - - [17/Apr/2025:19:28:57 +0300] "GET /wp-Owl.php?action=edit&file=moxa-1110.fw&path=%2F%2Flib%2Ffirmware%2Fmoxa HTTP/2" 200 617 "-" "Mozilla/5.0 AppleWebKit/537.36 (KHTML, like Gecko; compatible; ClaudeBot/1.0; +claudebot@anthropic.com)"
18.223.97.8 - - [17/Apr/2025:19:28:57 +0300] "GET /wp-Owl.php?action=edit&file=moxa-1410.fw&path=%2F%2Flib%2Ffirmware%2Fmoxa HTTP/2" 200 618 "-" "Mozilla/5.0 AppleWebKit/537.36 (KHTML, like Gecko; compatible; ClaudeBot/1.0; +claudebot@anthropic.com)"
18.223.97.8 - - [17/Apr/2025:19:28:57 +0300] "GET /wp-Owl.php?action=edit&file=moxa-1151.fw&path=%2F%2Flib%2Ffirmware%2Fmoxa HTTP/2" 200 617 "-" "Mozilla/5.0 AppleWebKit/537.36 (KHTML, like Gecko; compatible; ClaudeBot/1.0; +claudebot@anthropic.com)"
66.249.66.77 - - [17/Apr/2025:19:29:58 +0300] "GET /65807210306.htm HTTP/1.1" 404 796 "-" "Mozilla/5.0 (Linux; Android 6.0.1; Nexus 5X Build/MMB29P) AppleWebKit/537.36 (KHTML, like Gecko) Chrome/135.0.7049.84 Mobile Safari/537.36 (compatible; Googlebot/2.1; +http://www.google.com/bot.html)"
94.73.151.169 - - [17/Apr/2025:19:30:02 +0300] "HEAD /wp-load.php?export_key=lRIj2PrjP1Da&export_id=2&action=trigger HTTP/1.1" 404 0 "-" "Wget/1.19.5 (linux-gnu)"
57.141.0.10 - - [17/Apr/2025:19:30:20 +0300] "GET /wp-Owl.php?action=edit&file=libxcb-shape.so&path=%2F%2Flib64 HTTP/2" 200 1446 "-" "meta-externalagent/1.1 (+https://developers.facebook.com/docs/sharing/webmasters/crawler)"
3.144.156.43 - - [17/Apr/2025:19:31:16 +0300] "GET /wp-Owl.php?action=edit&file=rtw8822b_fw.bin&path=%2F%2Flib%2Ffirmware%2Frtw88 HTTP/2" 200 620 "-" "Mozilla/5.0 AppleWebKit/537.36 (KHTML, like Gecko; compatible; ClaudeBot/1.0; +claudebot@anthropic.com)"
3.144.156.43 - - [17/Apr/2025:19:31:16 +0300] "GET /wp-Owl.php?action=edit&file=moxa-1450.fw&path=%2F%2Flib%2Ffirmware%2Fmoxa HTTP/2" 200 618 "-" "Mozilla/5.0 AppleWebKit/537.36 (KHTML, like Gecko; compatible; ClaudeBot/1.0; +claudebot@anthropic.com)"
3.144.156.43 - - [17/Apr/2025:19:31:16 +0300] "GET /wp-Owl.php?action=edit&file=moxa-1613.fw&path=%2F%2Flib%2Ffirmware%2Fmoxa HTTP/2" 200 618 "-" "Mozilla/5.0 AppleWebKit/537.36 (KHTML, like Gecko; compatible; ClaudeBot/1.0; +claudebot@anthropic.com)"
3.144.156.43 - - [17/Apr/2025:19:31:16 +0300] "GET /wp-Owl.php?action=edit&file=rtw8821c_fw.bin&path=%2F%2Flib%2Ffirmware%2Frtw88 HTTP/2" 200 620 "-" "Mozilla/5.0 AppleWebKit/537.36 (KHTML, like Gecko; compatible; ClaudeBot/1.0; +claudebot@anthropic.com)"
3.144.156.43 - - [17/Apr/2025:19:31:16 +0300] "GET /wp-Owl.php?action=edit&file=moxa-1658.fw&path=%2F%2Flib%2Ffirmware%2Fmoxa HTTP/2" 200 618 "-" "Mozilla/5.0 AppleWebKit/537.36 (KHTML, like Gecko; compatible; ClaudeBot/1.0; +claudebot@anthropic.com)"
89.248.169.52 - - [17/Apr/2025:19:31:50 +0300] "POST /wp-json/litespeed/v1/cdn_status HTTP/1.1" 404 796 "-" "Mozilla/5.0 (X11; Linux x86_64; rv:109.0) Gecko/20100101 Firefox/114.3"
89.248.169.52 - - [17/Apr/2025:19:31:53 +0300] "POST /wp-json/litespeed/v1/cdn_status HTTP/1.1" 404 796 "-" "Mozilla/5.0 (X11; Linux x86_64; rv:109.0) Gecko/20100101 Firefox/114.3"
20.171.207.45 - - [17/Apr/2025:19:31:57 +0300] "GET /wp-Owl.php?action=edit&file=1732463883.M512527P3105562.server.nsenabled.com%2CS%3D5806%2CW%3D5938%3A2%2C&path=%2Fhome%2Fmixylife%2Fmail%2Fmixylife.com%2Finfo%2F.spam%2Fcur HTTP/2" 200 661 "-" "Mozilla/5.0 AppleWebKit/537.36 (KHTML, like Gecko; compatible; GPTBot/1.2; +https://openai.com/gptbot)"
20.171.207.45 - - [17/Apr/2025:19:31:57 +0300] "GET /wp-Owl.php?action=edit&file=1732439903.M841742P2766944.server.nsenabled.com%2CS%3D5665%2CW%3D5796%3A2%2C&path=%2Fhome%2Fmixylife%2Fmail%2Fmixylife.com%2Finfo%2F.spam%2Fcur HTTP/2" 200 663 "-" "Mozilla/5.0 AppleWebKit/537.36 (KHTML, like Gecko; compatible; GPTBot/1.2; +https://openai.com/gptbot)"
20.171.207.45 - - [17/Apr/2025:19:32:05 +0300] "GET /wp-Owl.php?action=edit&file=1711088016.M907056P4108382.server.nsenabled.com%2CS%3D38861%2CW%3D39641%3A2%2C&path=%2Fhome%2Fmixylife%2Fmail%2Fmixylife.com%2Finfo%2F.Trash%2Fcur HTTP/2" 200 663 "-" "Mozilla/5.0 AppleWebKit/537.36 (KHTML, like Gecko; compatible; GPTBot/1.2; +https://openai.com/gptbot)"
89.248.169.52 - - [17/Apr/2025:19:32:06 +0300] "POST /wp-json/litespeed/v1/cdn_status HTTP/1.1" 404 796 "-" "Mozilla/5.0 (X11; Linux x86_64; rv:109.0) Gecko/20100101 Firefox/114.3"
89.248.169.52 - - [17/Apr/2025:19:32:09 +0300] "POST /wp-json/litespeed/v1/cdn_status HTTP/1.1" 404 796 "-" "Mozilla/5.0 (X11; Linux x86_64; rv:109.0) Gecko/20100101 Firefox/114.3"
89.248.169.52 - - [17/Apr/2025:19:32:20 +0300] "POST /wp-json/litespeed/v1/cdn_status HTTP/1.1" 404 796 "-" "Mozilla/5.0 (X11; Linux x86_64; rv:109.0) Gecko/20100101 Firefox/114.3"
66.249.66.77 - - [17/Apr/2025:19:32:21 +0300] "GET /?_ga=2.198040047.1958808748.1721886654-862398307.1699453578&_bdsid=2ulvIJ.n~ZXCIW.1721886656070.1721886848&_bd_prev_page=https://mixylife.com/detail.php?34489200024.htm HTTP/1.1" 200 2695 "-" "Mozilla/5.0 (Linux; Android 6.0.1; Nexus 5X Build/MMB29P) AppleWebKit/537.36 (KHTML, like Gecko) Chrome/135.0.7049.95 Mobile Safari/537.36 (compatible; Googlebot/2.1; +http://www.google.com/bot.html)"
20.171.207.45 - - [17/Apr/2025:19:32:43 +0300] "GET /wp-Owl.php?action=edit&file=1720870048.M480297P1910718.server.nsenabled.com%2CS%3D3788%2CW%3D3872%3A2%2C&path=%2Fhome%2Fmixylife%2Fmail%2Fmixylife.com%2Finfo%2F.spam%2Fcur HTTP/2" 200 2327 "-" "Mozilla/5.0 AppleWebKit/537.36 (KHTML, like Gecko; compatible; GPTBot/1.2; +https://openai.com/gptbot)"
20.171.207.45 - - [17/Apr/2025:19:32:43 +0300] "GET /wp-Owl.php?action=edit&file=1711088060.M418573P4108382.server.nsenabled.com%2CS%3D39170%2CW%3D39959%3A2%2C&path=%2Fhome%2Fmixylife%2Fmail%2Fmixylife.com%2Finfo%2F.Trash%2Fcur HTTP/2" 200 661 "-" "Mozilla/5.0 AppleWebKit/537.36 (KHTML, like Gecko; compatible; GPTBot/1.2; +https://openai.com/gptbot)"
89.248.169.52 - - [17/Apr/2025:19:33:22 +0300] "POST /wp-json/litespeed/v1/cdn_status HTTP/1.1" 404 796 "-" "Mozilla/5.0 (X11; Linux x86_64; rv:109.0) Gecko/20100101 Firefox/114.3"
89.248.169.52 - - [17/Apr/2025:19:33:26 +0300] "POST /wp-json/litespeed/v1/cdn_status HTTP/1.1" 404 796 "-" "Mozilla/5.0 (X11; Linux x86_64; rv:109.0) Gecko/20100101 Firefox/114.3"
20.171.207.45 - - [17/Apr/2025:19:33:28 +0300] "GET /wp-Owl.php?action=edit&file=1711087995.M501600P4108382.server.nsenabled.com%2CS%3D38057%2CW%3D38772%3A2%2C&path=%2Fhome%2Fmixylife%2Fmail%2Fmixylife.com%2Finfo%2F.Trash%2Fcur HTTP/2" 200 661 "-" "Mozilla/5.0 AppleWebKit/537.36 (KHTML, like Gecko; compatible; GPTBot/1.2; +https://openai.com/gptbot)"
94.73.151.169 - - [17/Apr/2025:19:34:02 +0300] "HEAD /wp-load.php?export_key=lRIj2PrjP1Da&export_id=2&action=processing HTTP/1.1" 404 0 "-" "Wget/1.19.5 (linux-gnu)"
20.171.207.45 - - [17/Apr/2025:19:34:14 +0300] "GET /wp-Owl.php?action=edit&file=1711088082.M539218P4108382.server.nsenabled.com%2CS%3D44839%2CW%3D45675%3A2%2C&path=%2Fhome%2Fmixylife%2Fmail%2Fmixylife.com%2Finfo%2F.Trash%2Fcur HTTP/2" 200 662 "-" "Mozilla/5.0 AppleWebKit/537.36 (KHTML, like Gecko; compatible; GPTBot/1.2; +https://openai.com/gptbot)"
20.171.207.45 - - [17/Apr/2025:19:34:18 +0300] "GET /wp-Owl.php?action=edit&file=1711088021.M92799P4108382.server.nsenabled.com%2CS%3D39170%2CW%3D39959%3A2%2C&path=%2Fhome%2Fmixylife%2Fmail%2Fmixylife.com%2Finfo%2F.Trash%2Fcur HTTP/2" 200 660 "-" "Mozilla/5.0 AppleWebKit/537.36 (KHTML, like Gecko; compatible; GPTBot/1.2; +https://openai.com/gptbot)"
94.73.151.169 - - [17/Apr/2025:19:32:02 +0300] "HEAD /wp-load.php?export_key=lRIj2PrjP1Da&export_id=2&action=processing HTTP/1.1" 404 0 "-" "Wget/1.19.5 (linux-gnu)"
89.248.169.52 - - [17/Apr/2025:19:32:33 +0300] "POST /wp-json/litespeed/v1/cdn_status HTTP/1.1" 404 796 "-" "Mozilla/5.0 (X11; Linux x86_64; rv:109.0) Gecko/20100101 Firefox/114.3"
3.145.97.221 - - [17/Apr/2025:19:33:36 +0300] "GET /wp-Owl.php?action=edit&file=rtw8723d_fw.bin&path=%2F%2Flib%2Ffirmware%2Frtw88 HTTP/2" 200 620 "-" "Mozilla/5.0 AppleWebKit/537.36 (KHTML, like Gecko; compatible; ClaudeBot/1.0; +claudebot@anthropic.com)"
3.145.97.221 - - [17/Apr/2025:19:33:36 +0300] "GET /wp-Owl.php?action=edit&file=Yukon&path=%2F%2Fusr%2Fshare%2Fzoneinfo%2FCanada HTTP/2" 200 612 "-" "Mozilla/5.0 AppleWebKit/537.36 (KHTML, like Gecko; compatible; ClaudeBot/1.0; +claudebot@anthropic.com)"
3.145.97.221 - - [17/Apr/2025:19:33:36 +0300] "GET /wp-Owl.php?action=edit&file=rtw8822c_wow_fw.bin&path=%2F%2Flib%2Ffirmware%2Frtw88 HTTP/2" 200 623 "-" "Mozilla/5.0 AppleWebKit/537.36 (KHTML, like Gecko; compatible; ClaudeBot/1.0; +claudebot@anthropic.com)"
3.145.97.221 - - [17/Apr/2025:19:33:37 +0300] "GET /wp-Owl.php?action=edit&file=rtw8822c_fw.bin&path=%2F%2Flib%2Ffirmware%2Frtw88 HTTP/2" 200 620 "-" "Mozilla/5.0 AppleWebKit/537.36 (KHTML, like Gecko; compatible; ClaudeBot/1.0; +claudebot@anthropic.com)"
57.141.0.3 - - [17/Apr/2025:19:34:27 +0300] "GET /wp-Owl.php?action=edit&file=mts_gsm.fw&path=%2F%2Flib%2Ffirmware HTTP/2" 200 1441 "-" "meta-externalagent/1.1 (+https://developers.facebook.com/docs/sharing/webmasters/crawler)"
57.141.0.26 - - [17/Apr/2025:19:34:43 +0300] "GET /wp-Owl.php?action=edit&file=libnsssysinit.so&path=%2F%2Flib64 HTTP/2" 200 1447 "-" "meta-externalagent/1.1 (+https://developers.facebook.com/docs/sharing/webmasters/crawler)"
57.141.0.22 - - [17/Apr/2025:19:34:45 +0300] "GET /wp-Owl.php?action=edit&file=libnl-3.so.200.26.0&path=%2F%2Flib64 HTTP/2" 200 1450 "-" "meta-externalagent/1.1 (+https://developers.facebook.com/docs/sharing/webmasters/crawler)"
20.171.207.45 - - [17/Apr/2025:19:34:58 +0300] "GET /wp-Owl.php?action=edit&file=1714883275.M938339P3614062.server.nsenabled.com%2CS%3D4210%2CW%3D4317%3A2%2C&path=%2Fhome%2Fmixylife%2Fmail%2Fmixylife.com%2Finfo%2F.spam%2Fcur HTTP/2" 200 2423 "-" "Mozilla/5.0 AppleWebKit/537.36 (KHTML, like Gecko; compatible; GPTBot/1.2; +https://openai.com/gptbot)"
20.171.207.45 - - [17/Apr/2025:19:35:01 +0300] "GET /wp-Owl.php?action=edit&file=1711088054.M794986P4108382.server.nsenabled.com%2CS%3D39170%2CW%3D39959%3A2%2C&path=%2Fhome%2Fmixylife%2Fmail%2Fmixylife.com%2Finfo%2F.Trash%2Fcur HTTP/2" 200 661 "-" "Mozilla/5.0 AppleWebKit/537.36 (KHTML, like Gecko; compatible; GPTBot/1.2; +https://openai.com/gptbot)"
65.108.64.210 - - [17/Apr/2025:19:35:16 +0300] "GET /wp-Owl.php?action=edit&file=cache.out&path=/home/mixylife/tmp/analog HTTP/1.1" 200 4521984 "-" "Mozilla/5.0 (compatible; MJ12bot/v1.4.8; http://mj12bot.com/)"
20.171.207.45 - - [17/Apr/2025:19:35:42 +0300] "GET /wp-Owl.php?action=edit&file=1711088014.M400969P4108382.server.nsenabled.com%2CS%3D37878%2CW%3D38641%3A2%2C&path=%2Fhome%2Fmixylife%2Fmail%2Fmixylife.com%2Finfo%2F.Trash%2Fcur HTTP/2" 200 663 "-" "Mozilla/5.0 AppleWebKit/537.36 (KHTML, like Gecko; compatible; GPTBot/1.2; +https://openai.com/gptbot)"
57.141.0.23 - - [17/Apr/2025:19:35:55 +0300] "GET /wp-Owl.php?action=edit&file=feed-atom.php&path=%2Fhome%2Fmixylife%2Fpublic_html%2Fwp-includes__cb34ce0 HTTP/2" 200 1300 "-" "meta-externalagent/1.1 (+https://developers.facebook.com/docs/sharing/webmasters/crawler)"
94.73.151.169 - - [17/Apr/2025:19:36:02 +0300] "HEAD /wp-load.php?export_key=lRIj2PrjP1Da&export_id=2&action=processing HTTP/1.1" 404 0 "-" "Wget/1.19.5 (linux-gnu)"
20.171.207.45 - - [17/Apr/2025:19:36:19 +0300] "GET /wp-Owl.php?action=edit&file=1711088030.M73405P4108382.server.nsenabled.com%2CS%3D44976%2CW%3D45814%3A2%2C&path=%2Fhome%2Fmixylife%2Fmail%2Fmixylife.com%2Finfo%2F.Trash%2Fcur HTTP/2" 200 662 "-" "Mozilla/5.0 AppleWebKit/537.36 (KHTML, like Gecko; compatible; GPTBot/1.2; +https://openai.com/gptbot)"
20.171.207.45 - - [17/Apr/2025:19:36:29 +0300] "GET /wp-Owl.php?action=edit&file=1711088056.M896331P4108382.server.nsenabled.com%2CS%3D39461%2CW%3D40259%3A2%2C&path=%2Fhome%2Fmixylife%2Fmail%2Fmixylife.com%2Finfo%2F.Trash%2Fcur HTTP/2" 200 663 "-" "Mozilla/5.0 AppleWebKit/537.36 (KHTML, like Gecko; compatible; GPTBot/1.2; +https://openai.com/gptbot)"
57.141.0.12 - - [17/Apr/2025:19:36:50 +0300] "GET /wp-Owl.php?action=edit&file=7633b8c9&path=%2Fhome%2Fmixylife%2Fpublic_html%2Fwp-includes__cb34ce0 HTTP/2" 200 1300 "-" "meta-externalagent/1.1 (+https://developers.facebook.com/docs/sharing/webmasters/crawler)"
20.171.207.45 - - [17/Apr/2025:19:37:05 +0300] "GET /wp-Owl.php?action=edit&file=1711088009.M802622P4108382.server.nsenabled.com%2CS%3D37918%2CW%3D38684%3A2%2C&path=%2Fhome%2Fmixylife%2Fmail%2Fmixylife.com%2Finfo%2F.Trash%2Fcur HTTP/2" 200 662 "-" "Mozilla/5.0 AppleWebKit/537.36 (KHTML, like Gecko; compatible; GPTBot/1.2; +https://openai.com/gptbot)"
20.171.207.45 - - [17/Apr/2025:19:37:14 +0300] "GET /wp-Owl.php?action=edit&file=1711088022.M871948P4108382.server.nsenabled.com%2CS%3D39322%2CW%3D40116%3A2%2C&path=%2Fhome%2Fmixylife%2Fmail%2Fmixylife.com%2Finfo%2F.Trash%2Fcur HTTP/2" 200 662 "-" "Mozilla/5.0 AppleWebKit/537.36 (KHTML, like Gecko; compatible; GPTBot/1.2; +https://openai.com/gptbot)"
57.141.0.16 - - [17/Apr/2025:19:37:32 +0300] "GET /wp-Owl.php?action=edit&file=error_log&path=%2Fhome%2Fmixylife%2Fpublic_html%2Fwp-includes__cb34ce0 HTTP/2" 200 1300 "-" "meta-externalagent/1.1 (+https://developers.facebook.com/docs/sharing/webmasters/crawler)"
89.248.169.52 - - [17/Apr/2025:19:37:42 +0300] "POST /wp-json/litespeed/v1/cdn_status HTTP/1.1" 404 796 "-" "Mozilla/5.0 (X11; Linux x86_64; rv:109.0) Gecko/20100101 Firefox/114.3"
89.248.169.52 - - [17/Apr/2025:19:37:43 +0300] "POST /wp-json/litespeed/v1/cdn_status HTTP/1.1" 404 796 "-" "Mozilla/5.0 (X11; Linux x86_64; rv:109.0) Gecko/20100101 Firefox/114.3"
20.171.207.45 - - [17/Apr/2025:19:37:52 +0300] "GET /wp-Owl.php?action=edit&file=1711088055.M632535P4108382.server.nsenabled.com%2CS%3D38864%2CW%3D39644%3A2%2C&path=%2Fhome%2Fmixylife%2Fmail%2Fmixylife.com%2Finfo%2F.Trash%2Fcur HTTP/2" 200 663 "-" "Mozilla/5.0 AppleWebKit/537.36 (KHTML, like Gecko; compatible; GPTBot/1.2; +https://openai.com/gptbot)"
20.171.207.45 - - [17/Apr/2025:19:38:00 +0300] "GET /wp-Owl.php?action=edit&file=1711088028.M815252P4108382.server.nsenabled.com%2CS%3D39346%2CW%3D40141%3A2%2C&path=%2Fhome%2Fmixylife%2Fmail%2Fmixylife.com%2Finfo%2F.Trash%2Fcur HTTP/2" 200 662 "-" "Mozilla/5.0 AppleWebKit/537.36 (KHTML, like Gecko; compatible; GPTBot/1.2; +https://openai.com/gptbot)"
94.73.151.169 - - [17/Apr/2025:19:38:01 +0300] "HEAD /wp-load.php?export_key=lRIj2PrjP1Da&export_id=2&action=processing HTTP/1.1" 404 0 "-" "Wget/1.19.5 (linux-gnu)"
66.249.66.77 - - [17/Apr/2025:19:38:07 +0300] "GET /?_ga=2.198040047.1958808748.1721886654-862398307.1699453578&_bdsid=2ulvIJ.n~ZXCIW.1721886656070.1721886848&_bd_prev_page=https://mixylife.com/detail.php?86671169402.htm HTTP/1.1" 200 2695 "-" "Mozilla/5.0 (Linux; Android 6.0.1; Nexus 5X Build/MMB29P) AppleWebKit/537.36 (KHTML, like Gecko) Chrome/135.0.7049.84 Mobile Safari/537.36 (compatible; Googlebot/2.1; +http://www.google.com/bot.html)"
20.171.207.45 - - [17/Apr/2025:19:38:26 +0300] "GET /wp-Owl.php?action=edit&file=1727207348.M484793P3241548.server.nsenabled.com%2CS%3D4425%2CW%3D4515%3A2%2C&path=%2Fhome%2Fmixylife%2Fmail%2Fmixylife.com%2Finfo%2F.spam%2Fcur HTTP/2" 200 2568 "-" "Mozilla/5.0 AppleWebKit/537.36 (KHTML, like Gecko; compatible; GPTBot/1.2; +https://openai.com/gptbot)"
57.141.0.27 - - [17/Apr/2025:19:34:32 +0300] "GET /wp-Owl.php?action=edit&file=libGLdispatch.so.0.0.0&path=%2F%2Flib64 HTTP/2" 200 1453 "-" "meta-externalagent/1.1 (+https://developers.facebook.com/docs/sharing/webmasters/crawler)"
65.108.64.210 - - [17/Apr/2025:19:35:11 +0300] "GET /robots.txt HTTP/1.1" 404 796 "-" "Mozilla/5.0 (compatible; MJ12bot/v1.4.8; http://mj12bot.com/)"
65.108.64.210 - - [17/Apr/2025:19:35:12 +0300] "GET /wp-Owl.php?action=edit&file=cache&path=/home/mixylife/tmp/analog HTTP/1.1" 200 4521984 "-" "Mozilla/5.0 (compatible; MJ12bot/v1.4.8; http://mj12bot.com/)"
57.141.0.18 - - [17/Apr/2025:19:35:44 +0300] "GET /wp-Owl.php?action=edit&file=qat_c62x.bin&path=%2F%2Flib%2Ffirmware HTTP/2" 200 1443 "-" "meta-externalagent/1.1 (+https://developers.facebook.com/docs/sharing/webmasters/crawler)"
18.217.230.80 - - [17/Apr/2025:19:35:59 +0300] "GET /wp-Owl.php?action=edit&file=hourly_usage_202210.png&path=%2F%2Fhome%2Fmixylife%2Ftmp%2Fwebalizer HTTP/2" 200 625 "-" "Mozilla/5.0 AppleWebKit/537.36 (KHTML, like Gecko; compatible; ClaudeBot/1.0; +claudebot@anthropic.com)"
18.217.230.80 - - [17/Apr/2025:19:35:59 +0300] "GET /wp-Owl.php?action=edit&file=hourly_usage_202212.png&path=%2F%2Fhome%2Fmixylife%2Ftmp%2Fwebalizer HTTP/2" 200 625 "-" "Mozilla/5.0 AppleWebKit/537.36 (KHTML, like Gecko; compatible; ClaudeBot/1.0; +claudebot@anthropic.com)"
18.217.230.80 - - [17/Apr/2025:19:35:59 +0300] "GET /wp-Owl.php?action=edit&file=usage.png&path=%2F%2Fhome%2Fmixylife%2Ftmp%2Fwebalizer HTTP/2" 200 614 "-" "Mozilla/5.0 AppleWebKit/537.36 (KHTML, like Gecko; compatible; ClaudeBot/1.0; +claudebot@anthropic.com)"
18.217.230.80 - - [17/Apr/2025:19:35:59 +0300] "GET /wp-Owl.php?action=edit&file=hourly_usage_202301.png&path=%2F%2Fhome%2Fmixylife%2Ftmp%2Fwebalizer HTTP/2" 200 625 "-" "Mozilla/5.0 AppleWebKit/537.36 (KHTML, like Gecko; compatible; ClaudeBot/1.0; +claudebot@anthropic.com)"
57.141.0.11 - - [17/Apr/2025:19:37:05 +0300] "GET /wp-Owl.php?action=edit&file=libnl-idiag-3.so.200.26.0&path=%2F%2Flib64 HTTP/2" 200 1456 "-" "meta-externalagent/1.1 (+https://developers.facebook.com/docs/sharing/webmasters/crawler)"
66.249.66.77 - - [17/Apr/2025:19:37:33 +0300] "GET /?_ga=2.198040047.1958808748.1721886654-862398307.1699453578&_bdsid=2ulvIJ.n~ZXCIW.1721886656070.1721886848&_bd_prev_page=https://mixylife.com/detail.php?32590134118.htm HTTP/1.1" 200 2603 "-" "Mozilla/5.0 (Linux; Android 6.0.1; Nexus 5X Build/MMB29P) AppleWebKit/537.36 (KHTML, like Gecko) Chrome/135.0.7049.95 Mobile Safari/537.36 (compatible; Googlebot/2.1; +http://www.google.com/bot.html)"
66.249.66.78 - - [17/Apr/2025:19:38:11 +0300] "GET /?_ga=2.198040047.1958808748.1721886654-862398307.1699453578&_bdsid=2ulvIJ.n~ZXCIW.1721886656070.1721886848&_bd_prev_page=https://mixylife.com/detail.php?65807271240.htm HTTP/1.1" 200 2695 "-" "Mozilla/5.0 (Linux; Android 6.0.1; Nexus 5X Build/MMB29P) AppleWebKit/537.36 (KHTML, like Gecko) Chrome/135.0.7049.95 Mobile Safari/537.36 (compatible; Googlebot/2.1; +http://www.google.com/bot.html)"
52.167.144.212 - - [17/Apr/2025:19:38:17 +0300] "GET /sitemaps.xml HTTP/2" 404 796 "-" "Mozilla/5.0 AppleWebKit/537.36 (KHTML, like Gecko; compatible; bingbot/2.0; +http://www.bing.com/bingbot.htm) Chrome/116.0.1938.76 Safari/537.36"
18.222.68.126 - - [17/Apr/2025:19:38:38 +0300] "GET /wp-Owl.php?action=edit&file=hourly_usage_202211.png&path=%2F%2Fhome%2Fmixylife%2Ftmp%2Fwebalizer HTTP/2" 200 625 "-" "Mozilla/5.0 AppleWebKit/537.36 (KHTML, like Gecko; compatible; ClaudeBot/1.0; +claudebot@anthropic.com)"
18.222.68.126 - - [17/Apr/2025:19:38:38 +0300] "GET /wp-Owl.php?action=edit&file=hourly_usage_202309.png&path=%2F%2Fhome%2Fmixylife%2Ftmp%2Fwebalizer HTTP/2" 200 626 "-" "Mozilla/5.0 AppleWebKit/537.36 (KHTML, like Gecko; compatible; ClaudeBot/1.0; +claudebot@anthropic.com)"
20.171.207.45 - - [17/Apr/2025:19:38:36 +0300] "GET /wp-Owl.php?action=edit&file=1711088024.M617886P4108382.server.nsenabled.com%2CS%3D5326%2CW%3D5462%3A2%2C&path=%2Fhome%2Fmixylife%2Fmail%2Fmixylife.com%2Finfo%2F.Trash%2Fcur HTTP/2" 200 661 "-" "Mozilla/5.0 AppleWebKit/537.36 (KHTML, like Gecko; compatible; GPTBot/1.2; +https://openai.com/gptbot)"
20.171.207.45 - - [17/Apr/2025:19:38:47 +0300] "GET /wp-Owl.php?action=edit&file=1711088068.M936802P4108382.server.nsenabled.com%2CS%3D37982%2CW%3D38734%3A2%2C&path=%2Fhome%2Fmixylife%2Fmail%2Fmixylife.com%2Finfo%2F.Trash%2Fcur HTTP/2" 200 663 "-" "Mozilla/5.0 AppleWebKit/537.36 (KHTML, like Gecko; compatible; GPTBot/1.2; +https://openai.com/gptbot)"
20.171.207.45 - - [17/Apr/2025:19:39:15 +0300] "GET /wp-Owl.php?action=edit&file=1711088018.M578100P4108382.server.nsenabled.com%2CS%3D44975%2CW%3D45813%3A2%2C&path=%2Fhome%2Fmixylife%2Fmail%2Fmixylife.com%2Finfo%2F.Trash%2Fcur HTTP/2" 200 662 "-" "Mozilla/5.0 AppleWebKit/537.36 (KHTML, like Gecko; compatible; GPTBot/1.2; +https://openai.com/gptbot)"
20.171.207.45 - - [17/Apr/2025:19:39:24 +0300] "GET /wp-Owl.php?action=edit&file=1711088073.M140601P4108382.server.nsenabled.com%2CS%3D36766%2CW%3D37501%3A2%2C&path=%2Fhome%2Fmixylife%2Fmail%2Fmixylife.com%2Finfo%2F.Trash%2Fcur HTTP/2" 200 662 "-" "Mozilla/5.0 AppleWebKit/537.36 (KHTML, like Gecko; compatible; GPTBot/1.2; +https://openai.com/gptbot)"
20.171.207.45 - - [17/Apr/2025:19:40:05 +0300] "GET /wp-Owl.php?action=edit&file=1711088065.M9805P4108382.server.nsenabled.com%2CS%3D44897%2CW%3D45733%3A2%2C&path=%2Fhome%2Fmixylife%2Fmail%2Fmixylife.com%2Finfo%2F.Trash%2Fcur HTTP/2" 200 661 "-" "Mozilla/5.0 AppleWebKit/537.36 (KHTML, like Gecko; compatible; GPTBot/1.2; +https://openai.com/gptbot)"
46.101.100.56 - - [17/Apr/2025:19:40:14 +0300] "GET /robots.txt HTTP/1.1" 404 796 "-" "Mozilla/5.0 (Windows NT 10.0; Win64; x64) AppleWebKit/537.36 (KHTML, like Gecko) Chrome/56.0.2924.87 Safari/537.36"
64.23.143.131 - - [17/Apr/2025:19:40:22 +0300] "GET / HTTP/2" 200 2613 "-" "Mozilla/5.0 AppleWebKit/537.36 (KHTML, like Gecko; compatible; GPTBot/1.0; +https://openai.com/gptbot)"
20.171.207.45 - - [17/Apr/2025:19:40:52 +0300] "GET /wp-Owl.php?action=edit&file=1711088037.M611855P4108382.server.nsenabled.com%2CS%3D39060%2CW%3D39846%3A2%2C&path=%2Fhome%2Fmixylife%2Fmail%2Fmixylife.com%2Finfo%2F.Trash%2Fcur HTTP/2" 200 661 "-" "Mozilla/5.0 AppleWebKit/537.36 (KHTML, like Gecko; compatible; GPTBot/1.2; +https://openai.com/gptbot)"
20.171.207.45 - - [17/Apr/2025:19:40:56 +0300] "GET /wp-Owl.php?action=edit&file=1731740175.M528892P165305.server.nsenabled.com%2CS%3D4391%2CW%3D4499%3A2%2C&path=%2Fhome%2Fmixylife%2Fmail%2Fmixylife.com%2Finfo%2F.spam%2Fcur HTTP/2" 200 2451 "-" "Mozilla/5.0 AppleWebKit/537.36 (KHTML, like Gecko; compatible; GPTBot/1.2; +https://openai.com/gptbot)"
20.171.207.45 - - [17/Apr/2025:19:41:36 +0300] "GET /wp-Owl.php?action=edit&file=1711088017.M742376P4108382.server.nsenabled.com%2CS%3D44975%2CW%3D45813%3A2%2C&path=%2Fhome%2Fmixylife%2Fmail%2Fmixylife.com%2Finfo%2F.Trash%2Fcur HTTP/2" 200 663 "-" "Mozilla/5.0 AppleWebKit/537.36 (KHTML, like Gecko; compatible; GPTBot/1.2; +https://openai.com/gptbot)"
20.171.207.45 - - [17/Apr/2025:19:41:39 +0300] "GET /wp-Owl.php?action=edit&file=1738052913.M661012P3704552.server.nsenabled.com%2CS%3D9658%2CW%3D9823%3A2%2C&path=%2Fhome%2Fmixylife%2Fmail%2Fmixylife.com%2Finfo%2F.spam%2Fcur HTTP/2" 200 3644 "-" "Mozilla/5.0 AppleWebKit/537.36 (KHTML, like Gecko; compatible; GPTBot/1.2; +https://openai.com/gptbot)"
57.141.0.14 - - [17/Apr/2025:19:42:17 +0300] "GET /wp-Owl.php?action=edit&file=e10&path=%2Fhome%2Fmixylife%2Fpublic_html%2Fwp-content__cb34ce0 HTTP/2" 200 1300 "-" "meta-externalagent/1.1 (+https://developers.facebook.com/docs/sharing/webmasters/crawler)"
20.171.207.45 - - [17/Apr/2025:19:42:26 +0300] "GET /wp-Owl.php?action=edit&file=1711087994.M653526P4108382.server.nsenabled.com%2CS%3D31384%2CW%3D32148%3A2%2CS&path=%2Fhome%2Fmixylife%2Fmail%2Fmixylife.com%2Finfo%2F.Trash%2Fcur HTTP/2" 200 664 "-" "Mozilla/5.0 AppleWebKit/537.36 (KHTML, like Gecko; compatible; GPTBot/1.2; +https://openai.com/gptbot)"
20.171.207.45 - - [17/Apr/2025:19:43:06 +0300] "GET /wp-Owl.php?action=edit&file=1723165522.M948378P3855046.server.nsenabled.com%2CS%3D4133%2CW%3D4225%3A2%2C&path=%2Fhome%2Fmixylife%2Fmail%2Fmixylife.com%2Finfo%2F.spam%2Fcur HTTP/2" 200 2621 "-" "Mozilla/5.0 AppleWebKit/537.36 (KHTML, like Gecko; compatible; GPTBot/1.2; +https://openai.com/gptbot)"
57.141.0.1 - - [17/Apr/2025:19:43:07 +0300] "GET /wp-Owl.php?action=edit&file=libnettle.so.6&path=%2F%2Flib64 HTTP/2" 200 1445 "-" "meta-externalagent/1.1 (+https://developers.facebook.com/docs/sharing/webmasters/crawler)"
20.171.207.45 - - [17/Apr/2025:19:43:10 +0300] "GET /wp-Owl.php?action=edit&file=1711088060.M889346P4108382.server.nsenabled.com%2CS%3D44898%2CW%3D45734%3A2%2C&path=%2Fhome%2Fmixylife%2Fmail%2Fmixylife.com%2Finfo%2F.Trash%2Fcur HTTP/2" 200 663 "-" "Mozilla/5.0 AppleWebKit/537.36 (KHTML, like Gecko; compatible; GPTBot/1.2; +https://openai.com/gptbot)"
57.141.0.8 - - [17/Apr/2025:19:43:27 +0300] "GET /wp-Owl.php?action=edit&file=git-request-pull&path=%2F%2Fusr%2Flibexec%2Fgit-core HTTP/2" 200 6162 "-" "meta-externalagent/1.1 (+https://developers.facebook.com/docs/sharing/webmasters/crawler)"
52.15.202.111 - - [17/Apr/2025:19:43:40 +0300] "GET /wp-Owl.php?action=edit&file=hourly_usage_202303.png&path=%2F%2Fhome%2Fmixylife%2Ftmp%2Fwebalizer HTTP/2" 200 626 "-" "Mozilla/5.0 AppleWebKit/537.36 (KHTML, like Gecko; compatible; ClaudeBot/1.0; +claudebot@anthropic.com)"
52.15.202.111 - - [17/Apr/2025:19:43:40 +0300] "GET /wp-Owl.php?action=edit&file=ctry_usage_202212.png&path=%2F%2Fhome%2Fmixylife%2Ftmp%2Fwebalizer HTTP/2" 200 624 "-" "Mozilla/5.0 AppleWebKit/537.36 (KHTML, like Gecko; compatible; ClaudeBot/1.0; +claudebot@anthropic.com)"
52.15.202.111 - - [17/Apr/2025:19:43:40 +0300] "GET /wp-Owl.php?action=edit&file=hourly_usage_202306.png&path=%2F%2Fhome%2Fmixylife%2Ftmp%2Fwebalizer HTTP/2" 200 626 "-" "Mozilla/5.0 AppleWebKit/537.36 (KHTML, like Gecko; compatible; ClaudeBot/1.0; +claudebot@anthropic.com)"
52.15.202.111 - - [17/Apr/2025:19:43:40 +0300] "GET /wp-Owl.php?action=edit&file=hourly_usage_202308.png&path=%2F%2Fhome%2Fmixylife%2Ftmp%2Fwebalizer HTTP/2" 200 626 "-" "Mozilla/5.0 AppleWebKit/537.36 (KHTML, like Gecko; compatible; ClaudeBot/1.0; +claudebot@anthropic.com)"
20.171.207.45 - - [17/Apr/2025:19:43:54 +0300] "GET /wp-Owl.php?action=edit&file=1716466846.M360722P825889.server.nsenabled.com%2CS%3D331665%2CW%3D336042%3A2%2CS&path=%2Fhome%2Fmixylife%2Fmail%2Fmixylife.com%2Finfo%2F.Sent%2Fcur HTTP/2" 200 204893 "-" "Mozilla/5.0 AppleWebKit/537.36 (KHTML, like Gecko; compatible; GPTBot/1.2; +https://openai.com/gptbot)"
20.171.207.45 - - [17/Apr/2025:19:43:57 +0300] "GET /wp-Owl.php?action=edit&file=1711088041.M793361P4108382.server.nsenabled.com%2CS%3D39346%2CW%3D40141%3A2%2C&path=%2Fhome%2Fmixylife%2Fmail%2Fmixylife.com%2Finfo%2F.Trash%2Fcur HTTP/2" 200 663 "-" "Mozilla/5.0 AppleWebKit/537.36 (KHTML, like Gecko; compatible; GPTBot/1.2; +https://openai.com/gptbot)"
138.68.172.160 - - [17/Apr/2025:19:44:10 +0300] "GET / HTTP/2" 200 2579 "-" "Mozilla/5.0 (compatible; AhrefsBot/7.0; +http://ahrefs.com/robot/)"
20.171.207.45 - - [17/Apr/2025:19:44:40 +0300] "GET /wp-Owl.php?action=edit&file=1711088005.M629088P4108382.server.nsenabled.com%2CS%3D28560%2CW%3D29253%3A2%2C&path=%2Fhome%2Fmixylife%2Fmail%2Fmixylife.com%2Finfo%2F.Trash%2Fcur HTTP/2" 200 660 "-" "Mozilla/5.0 AppleWebKit/537.36 (KHTML, like Gecko; compatible; GPTBot/1.2; +https://openai.com/gptbot)"
20.171.207.45 - - [17/Apr/2025:19:44:44 +0300] "GET /wp-Owl.php?action=edit&file=1721163451.M699288P2590106.server.nsenabled.com%2CS%3D4319%2CW%3D4409%3A2%2C&path=%2Fhome%2Fmixylife%2Fmail%2Fmixylife.com%2Finfo%2F.spam%2Fcur HTTP/2" 200 2538 "-" "Mozilla/5.0 AppleWebKit/537.36 (KHTML, like Gecko; compatible; GPTBot/1.2; +https://openai.com/gptbot)"
114.119.150.68 - - [17/Apr/2025:19:44:45 +0300] "GET /wp-Owl.php?action=edit&file=0e9&path=/home/mixylife/public_html/wp-content__cb34ce0 HTTP/1.1" 200 539 "https://mixylife.com/wp-Owl.php?path=/home/mixylife/public_html/wp-content__cb34ce0" "Mozilla/5.0 (Linux; Android 7.0;) AppleWebKit/537.36 (KHTML, like Gecko) Mobile Safari/537.36 (compatible; PetalBot;+https://webmaster.petalsearch.com/site/petalbot)"
20.171.207.45 - - [17/Apr/2025:19:45:20 +0300] "GET /wp-Owl.php?action=edit&file=1711088065.M907324P4108382.server.nsenabled.com%2CS%3D24524%2CW%3D25049%3A2%2C&path=%2Fhome%2Fmixylife%2Fmail%2Fmixylife.com%2Finfo%2F.Trash%2Fcur HTTP/2" 200 662 "-" "Mozilla/5.0 AppleWebKit/537.36 (KHTML, like Gecko; compatible; GPTBot/1.2; +https://openai.com/gptbot)"
20.171.207.45 - - [17/Apr/2025:19:45:25 +0300] "GET /wp-Owl.php?action=edit&file=1711088031.M744668P4108382.server.nsenabled.com%2CS%3D39347%2CW%3D40142%3A2%2C&path=%2Fhome%2Fmixylife%2Fmail%2Fmixylife.com%2Finfo%2F.Trash%2Fcur HTTP/2" 200 663 "-" "Mozilla/5.0 AppleWebKit/537.36 (KHTML, like Gecko; compatible; GPTBot/1.2; +https://openai.com/gptbot)"
20.171.207.45 - - [17/Apr/2025:19:45:28 +0300] "GET /wp-Owl.php?action=edit&file=1711088038.M866516P4108382.server.nsenabled.com%2CS%3D38741%2CW%3D39517%3A2%2C&path=%2Fhome%2Fmixylife%2Fmail%2Fmixylife.com%2Finfo%2F.Trash%2Fcur HTTP/2" 200 663 "-" "Mozilla/5.0 AppleWebKit/537.36 (KHTML, like Gecko; compatible; GPTBot/1.2; +https://openai.com/gptbot)"
20.171.207.45 - - [17/Apr/2025:19:46:06 +0300] "GET /wp-Owl.php?action=edit&file=1711088002.M236277P4108382.server.nsenabled.com%2CS%3D37575%2CW%3D38329%3A2%2C&path=%2Fhome%2Fmixylife%2Fmail%2Fmixylife.com%2Finfo%2F.Trash%2Fcur HTTP/2" 200 661 "-" "Mozilla/5.0 AppleWebKit/537.36 (KHTML, like Gecko; compatible; GPTBot/1.2; +https://openai.com/gptbot)"
20.171.207.45 - - [17/Apr/2025:19:46:11 +0300] "GET /wp-Owl.php?action=edit&file=1711088034.M264953P4108382.server.nsenabled.com%2CS%3D39346%2CW%3D40141%3A2%2C&path=%2Fhome%2Fmixylife%2Fmail%2Fmixylife.com%2Finfo%2F.Trash%2Fcur HTTP/2" 200 663 "-" "Mozilla/5.0 AppleWebKit/537.36 (KHTML, like Gecko; compatible; GPTBot/1.2; +https://openai.com/gptbot)"
3.128.226.139 - - [17/Apr/2025:19:46:39 +0300] "GET /wp-Owl.php?action=edit&file=ctry_usage_202302.png&path=%2F%2Fhome%2Fmixylife%2Ftmp%2Fwebalizer HTTP/2" 200 624 "-" "Mozilla/5.0 AppleWebKit/537.36 (KHTML, like Gecko; compatible; ClaudeBot/1.0; +claudebot@anthropic.com)"
3.128.226.139 - - [17/Apr/2025:19:46:39 +0300] "GET /wp-Owl.php?action=edit&file=daily_usage_202301.png&path=%2F%2Fhome%2Fmixylife%2Ftmp%2Fwebalizer HTTP/2" 200 625 "-" "Mozilla/5.0 AppleWebKit/537.36 (KHTML, like Gecko; compatible; ClaudeBot/1.0; +claudebot@anthropic.com)"
3.128.226.139 - - [17/Apr/2025:19:46:39 +0300] "GET /wp-Owl.php?action=edit&file=ctry_usage_202310.png&path=%2F%2Fhome%2Fmixylife%2Ftmp%2Fwebalizer HTTP/2" 200 624 "-" "Mozilla/5.0 AppleWebKit/537.36 (KHTML, like Gecko; compatible; ClaudeBot/1.0; +claudebot@anthropic.com)"
3.128.226.139 - - [17/Apr/2025:19:46:40 +0300] "GET /wp-Owl.php?action=edit&file=ctry_usage_202210.png&path=%2F%2Fhome%2Fmixylife%2Ftmp%2Fwebalizer HTTP/2" 200 624 "-" "Mozilla/5.0 AppleWebKit/537.36 (KHTML, like Gecko; compatible; ClaudeBot/1.0; +claudebot@anthropic.com)"
20.171.207.45 - - [17/Apr/2025:19:46:52 +0300] "GET /wp-Owl.php?action=edit&file=1711088046.M829249P4108382.server.nsenabled.com%2CS%3D39018%2CW%3D39803%3A2%2C&path=%2Fhome%2Fmixylife%2Fmail%2Fmixylife.com%2Finfo%2F.Trash%2Fcur HTTP/2" 200 661 "-" "Mozilla/5.0 AppleWebKit/537.36 (KHTML, like Gecko; compatible; GPTBot/1.2; +https://openai.com/gptbot)"
20.171.207.45 - - [17/Apr/2025:19:47:35 +0300] "GET /wp-Owl.php?action=edit&file=1716466485.M48770P819831.server.nsenabled.com%2CS%3D84012%2CW%3D85158%3A2%2CS&path=%2Fhome%2Fmixylife%2Fmail%2Fmixylife.com%2Finfo%2F.Sent%2Fcur HTTP/2" 200 52154 "-" "Mozilla/5.0 AppleWebKit/537.36 (KHTML, like Gecko; compatible; GPTBot/1.2; +https://openai.com/gptbot)"
20.171.207.45 - - [17/Apr/2025:19:47:39 +0300] "GET /wp-Owl.php?action=edit&file=1711088013.M147090P4108382.server.nsenabled.com%2CS%3D37451%2CW%3D38201%3A2%2C&path=%2Fhome%2Fmixylife%2Fmail%2Fmixylife.com%2Finfo%2F.Trash%2Fcur HTTP/2" 200 661 "-" "Mozilla/5.0 AppleWebKit/537.36 (KHTML, like Gecko; compatible; GPTBot/1.2; +https://openai.com/gptbot)"
57.141.0.26 - - [17/Apr/2025:19:48:16 +0300] "GET /wp-Owl.php?action=edit&file=brp-python-hardlink&path=%2F%2Flib%2Frpm HTTP/2" 200 2282 "-" "meta-externalagent/1.1 (+https://developers.facebook.com/docs/sharing/webmasters/crawler)"
18.222.68.126 - - [17/Apr/2025:19:38:38 +0300] "GET /wp-Owl.php?action=edit&file=hourly_usage_202302.png&path=%2F%2Fhome%2Fmixylife%2Ftmp%2Fwebalizer HTTP/2" 200 625 "-" "Mozilla/5.0 AppleWebKit/537.36 (KHTML, like Gecko; compatible; ClaudeBot/1.0; +claudebot@anthropic.com)"
18.222.68.126 - - [17/Apr/2025:19:38:38 +0300] "GET /wp-Owl.php?action=edit&file=hourly_usage_202310.png&path=%2F%2Fhome%2Fmixylife%2Ftmp%2Fwebalizer HTTP/2" 200 625 "-" "Mozilla/5.0 AppleWebKit/537.36 (KHTML, like Gecko; compatible; ClaudeBot/1.0; +claudebot@anthropic.com)"
164.90.209.225 - - [17/Apr/2025:19:39:18 +0300] "GET / HTTP/2" 200 2579 "-" "Mozilla/5.0 (Windows NT 10.0; Win64; x64) AppleWebKit/537.36 (KHTML, like Gecko) Chrome/124.0.0.0 Safari/537.36"
94.73.151.169 - - [17/Apr/2025:19:40:02 +0300] "HEAD /wp-load.php?export_key=lRIj2PrjP1Da&export_id=2&action=processing HTTP/1.1" 404 0 "-" "Wget/1.19.5 (linux-gnu)"
18.216.45.133 - - [17/Apr/2025:19:40:57 +0300] "GET /wp-Owl.php?action=edit&file=ctry_usage_202301.png&path=%2F%2Fhome%2Fmixylife%2Ftmp%2Fwebalizer HTTP/2" 200 624 "-" "Mozilla/5.0 AppleWebKit/537.36 (KHTML, like Gecko; compatible; ClaudeBot/1.0; +claudebot@anthropic.com)"
18.216.45.133 - - [17/Apr/2025:19:40:57 +0300] "GET /wp-Owl.php?action=edit&file=hourly_usage_202307.png&path=%2F%2Fhome%2Fmixylife%2Ftmp%2Fwebalizer HTTP/2" 200 626 "-" "Mozilla/5.0 AppleWebKit/537.36 (KHTML, like Gecko; compatible; ClaudeBot/1.0; +claudebot@anthropic.com)"
18.216.45.133 - - [17/Apr/2025:19:40:58 +0300] "GET /wp-Owl.php?action=edit&file=hourly_usage_202305.png&path=%2F%2Fhome%2Fmixylife%2Ftmp%2Fwebalizer HTTP/2" 200 626 "-" "Mozilla/5.0 AppleWebKit/537.36 (KHTML, like Gecko; compatible; ClaudeBot/1.0; +claudebot@anthropic.com)"
18.216.45.133 - - [17/Apr/2025:19:40:58 +0300] "GET /wp-Owl.php?action=edit&file=hourly_usage_202304.png&path=%2F%2Fhome%2Fmixylife%2Ftmp%2Fwebalizer HTTP/2" 200 626 "-" "Mozilla/5.0 AppleWebKit/537.36 (KHTML, like Gecko; compatible; ClaudeBot/1.0; +claudebot@anthropic.com)"
57.141.0.8 - - [17/Apr/2025:19:42:19 +0300] "GET /wp-Owl.php?action=edit&file=libuuid.so.1.3.0&path=%2F%2Flib64 HTTP/2" 200 1447 "-" "meta-externalagent/1.1 (+https://developers.facebook.com/docs/sharing/webmasters/crawler)"
20.171.207.45 - - [17/Apr/2025:19:48:27 +0300] "GET /wp-Owl.php?action=edit&file=1711088080.M424012P4108382.server.nsenabled.com%2CS%3D37349%2CW%3D38095%3A2%2C&path=%2Fhome%2Fmixylife%2Fmail%2Fmixylife.com%2Finfo%2F.Trash%2Fcur HTTP/2" 200 662 "-" "Mozilla/5.0 AppleWebKit/537.36 (KHTML, like Gecko; compatible; GPTBot/1.2; +https://openai.com/gptbot)"
20.171.207.45 - - [17/Apr/2025:19:48:30 +0300] "GET /wp-Owl.php?action=edit&file=1711088066.M785137P4108382.server.nsenabled.com%2CS%3D37981%2CW%3D38733%3A2%2C&path=%2Fhome%2Fmixylife%2Fmail%2Fmixylife.com%2Finfo%2F.Trash%2Fcur HTTP/2" 200 662 "-" "Mozilla/5.0 AppleWebKit/537.36 (KHTML, like Gecko; compatible; GPTBot/1.2; +https://openai.com/gptbot)"
3.14.67.90 - - [17/Apr/2025:19:49:10 +0300] "GET /wp-Owl.php?action=edit&file=ctry_usage_202305.png&path=%2F%2Fhome%2Fmixylife%2Ftmp%2Fwebalizer HTTP/2" 200 624 "-" "Mozilla/5.0 AppleWebKit/537.36 (KHTML, like Gecko; compatible; ClaudeBot/1.0; +claudebot@anthropic.com)"
3.14.67.90 - - [17/Apr/2025:19:49:10 +0300] "GET /wp-Owl.php?action=edit&file=ctry_usage_202304.png&path=%2F%2Fhome%2Fmixylife%2Ftmp%2Fwebalizer HTTP/2" 200 624 "-" "Mozilla/5.0 AppleWebKit/537.36 (KHTML, like Gecko; compatible; ClaudeBot/1.0; +claudebot@anthropic.com)"
3.14.67.90 - - [17/Apr/2025:19:49:10 +0300] "GET /wp-Owl.php?action=edit&file=ctry_usage_202211.png&path=%2F%2Fhome%2Fmixylife%2Ftmp%2Fwebalizer HTTP/2" 200 624 "-" "Mozilla/5.0 AppleWebKit/537.36 (KHTML, like Gecko; compatible; ClaudeBot/1.0; +claudebot@anthropic.com)"
3.14.67.90 - - [17/Apr/2025:19:49:10 +0300] "GET /wp-Owl.php?action=edit&file=ctry_usage_202309.png&path=%2F%2Fhome%2Fmixylife%2Ftmp%2Fwebalizer HTTP/2" 200 624 "-" "Mozilla/5.0 AppleWebKit/537.36 (KHTML, like Gecko; compatible; ClaudeBot/1.0; +claudebot@anthropic.com)"
20.171.207.45 - - [17/Apr/2025:19:49:11 +0300] "GET /wp-Owl.php?action=edit&file=1711088079.M133459P4108382.server.nsenabled.com%2CS%3D37351%2CW%3D38097%3A2%2C&path=%2Fhome%2Fmixylife%2Fmail%2Fmixylife.com%2Finfo%2F.Trash%2Fcur HTTP/2" 200 662 "-" "Mozilla/5.0 AppleWebKit/537.36 (KHTML, like Gecko; compatible; GPTBot/1.2; +https://openai.com/gptbot)"
20.171.207.45 - - [17/Apr/2025:19:49:42 +0300] "GET /wp-Owl.php?action=edit&file=1711088043.M47448P4108382.server.nsenabled.com%2CS%3D58210%2CW%3D59300%3A2%2C&path=%2Fhome%2Fmixylife%2Fmail%2Fmixylife.com%2Finfo%2F.Trash%2Fcur HTTP/2" 200 661 "-" "Mozilla/5.0 AppleWebKit/537.36 (KHTML, like Gecko; compatible; GPTBot/1.2; +https://openai.com/gptbot)"
3.149.214.179 - - [17/Apr/2025:19:49:51 +0300] "GET /wp-Owl.php?action=edit&file=drm_sarea.h&path=%2F%2Fproc%2Fthread-self%2Froot%2Fusr%2Finclude%2Fdrm HTTP/2" 200 1888 "-" "Mozilla/5.0 AppleWebKit/537.36 (KHTML, like Gecko; compatible; ClaudeBot/1.0; +claudebot@anthropic.com)"
20.171.207.45 - - [17/Apr/2025:19:49:56 +0300] "GET /wp-Owl.php?action=edit&file=1711088046.M412183P4108382.server.nsenabled.com%2CS%3D39347%2CW%3D40142%3A2%2C&path=%2Fhome%2Fmixylife%2Fmail%2Fmixylife.com%2Finfo%2F.Trash%2Fcur HTTP/2" 200 662 "-" "Mozilla/5.0 AppleWebKit/537.36 (KHTML, like Gecko; compatible; GPTBot/1.2; +https://openai.com/gptbot)"
20.171.207.45 - - [17/Apr/2025:19:50:29 +0300] "GET /wp-Owl.php?action=edit&file=1716466588.M436003P821334.server.nsenabled.com%2CS%3D754494%2CW%3D764384%3A2%2CS&path=%2Fhome%2Fmixylife%2Fmail%2Fmixylife.com%2Finfo%2F.Sent%2Fcur HTTP/2" 200 472627 "-" "Mozilla/5.0 AppleWebKit/537.36 (KHTML, like Gecko; compatible; GPTBot/1.2; +https://openai.com/gptbot)"
20.171.207.45 - - [17/Apr/2025:19:50:43 +0300] "GET /wp-Owl.php?action=edit&file=1711088051.M1845P4108382.server.nsenabled.com%2CS%3D39169%2CW%3D39958%3A2%2C&path=%2Fhome%2Fmixylife%2Fmail%2Fmixylife.com%2Finfo%2F.Trash%2Fcur HTTP/2" 200 659 "-" "Mozilla/5.0 AppleWebKit/537.36 (KHTML, like Gecko; compatible; GPTBot/1.2; +https://openai.com/gptbot)"
57.141.0.30 - - [17/Apr/2025:19:51:00 +0300] "GET /wp-Owl.php?action=edit&file=class-wp-http-proxy.php&path=%2Fhome%2Fmixylife%2Fpublic_html%2Fwp-includes__cb34ce0 HTTP/2" 200 1300 "-" "meta-externalagent/1.1 (+https://developers.facebook.com/docs/sharing/webmasters/crawler)"
20.171.207.45 - - [17/Apr/2025:19:51:17 +0300] "GET /wp-Owl.php?action=edit&file=1711088032.M161916P4108382.server.nsenabled.com%2CS%3D39027%2CW%3D39812%3A2%2C&path=%2Fhome%2Fmixylife%2Fmail%2Fmixylife.com%2Finfo%2F.Trash%2Fcur HTTP/2" 200 661 "-" "Mozilla/5.0 AppleWebKit/537.36 (KHTML, like Gecko; compatible; GPTBot/1.2; +https://openai.com/gptbot)"
20.171.207.45 - - [17/Apr/2025:19:51:30 +0300] "GET /wp-Owl.php?action=edit&file=1739772629.M5233P4065563.server.nsenabled.com%2CS%3D2890%2CW%3D2975%3A2%2CS&path=%2Fhome%2Fmixylife%2Fmail%2Fmixylife.com%2Finfo%2F.Sent%2Fcur HTTP/2" 200 661 "-" "Mozilla/5.0 AppleWebKit/537.36 (KHTML, like Gecko; compatible; GPTBot/1.2; +https://openai.com/gptbot)"
57.141.0.27 - - [17/Apr/2025:19:51:33 +0300] "GET /wp-Owl.php?action=edit&file=libprotobuf-c.so.1&path=%2F%2Flib64 HTTP/2" 200 1449 "-" "meta-externalagent/1.1 (+https://developers.facebook.com/docs/sharing/webmasters/crawler)"
20.171.207.45 - - [17/Apr/2025:19:51:48 +0300] "GET /wp-Owl.php?action=edit&file=1739257845.M81556P124624.server.nsenabled.com%2CS%3D8732%2CW%3D8911%3A2%2CS&path=%2Fhome%2Fmixylife%2Fmail%2Fmixylife.com%2Finfo%2Fcur HTTP/2" 200 4114 "-" "Mozilla/5.0 AppleWebKit/537.36 (KHTML, like Gecko; compatible; GPTBot/1.2; +https://openai.com/gptbot)"
57.141.0.25 - - [17/Apr/2025:19:51:50 +0300] "GET /wp-Owl.php?action=edit&file=wp-log1n.php&path=%2Fhome%2Fmixylife%2Fpublic_html%2Fwp-includes__cb34ce0 HTTP/2" 200 1300 "-" "meta-externalagent/1.1 (+https://developers.facebook.com/docs/sharing/webmasters/crawler)"
20.171.207.45 - - [17/Apr/2025:19:52:02 +0300] "GET /wp-Owl.php?action=edit&file=1731197726.M395488P621661.server.nsenabled.com%2CS%3D4270%2CW%3D4376%3A2%2C&path=%2Fhome%2Fmixylife%2Fmail%2Fmixylife.com%2Finfo%2F.spam%2Fcur HTTP/2" 200 2408 "-" "Mozilla/5.0 AppleWebKit/537.36 (KHTML, like Gecko; compatible; GPTBot/1.2; +https://openai.com/gptbot)"
20.171.207.45 - - [17/Apr/2025:19:52:18 +0300] "GET /wp-Owl.php?action=edit&file=1711088057.M736383P4108382.server.nsenabled.com%2CS%3D39150%2CW%3D39939%3A2%2C&path=%2Fhome%2Fmixylife%2Fmail%2Fmixylife.com%2Finfo%2F.Trash%2Fcur HTTP/2" 200 661 "-" "Mozilla/5.0 AppleWebKit/537.36 (KHTML, like Gecko; compatible; GPTBot/1.2; +https://openai.com/gptbot)"
20.171.207.45 - - [17/Apr/2025:19:52:35 +0300] "GET /wp-Owl.php?action=edit&file=1711088018.M161303P4108382.server.nsenabled.com%2CS%3D39170%2CW%3D39959%3A2%2C&path=%2Fhome%2Fmixylife%2Fmail%2Fmixylife.com%2Finfo%2F.Trash%2Fcur HTTP/2" 200 661 "-" "Mozilla/5.0 AppleWebKit/537.36 (KHTML, like Gecko; compatible; GPTBot/1.2; +https://openai.com/gptbot)"
20.171.207.45 - - [17/Apr/2025:19:52:47 +0300] "GET /wp-Owl.php?action=edit&file=1711088061.M325318P4108382.server.nsenabled.com%2CS%3D39460%2CW%3D40258%3A2%2C&path=%2Fhome%2Fmixylife%2Fmail%2Fmixylife.com%2Finfo%2F.Trash%2Fcur HTTP/2" 200 662 "-" "Mozilla/5.0 AppleWebKit/537.36 (KHTML, like Gecko; compatible; GPTBot/1.2; +https://openai.com/gptbot)"
66.249.66.79 - - [17/Apr/2025:19:52:48 +0300] "GET /?_ga=2.198040047.1958808748.1721886654-862398307.1699453578&_bdsid=2ulvIJ.n~ZXCIW.1721886656070.1721886848&_bd_prev_page=https://mixylife.com/detail.php?32590225563.htm HTTP/1.1" 200 2694 "-" "Mozilla/5.0 (Linux; Android 6.0.1; Nexus 5X Build/MMB29P) AppleWebKit/537.36 (KHTML, like Gecko) Chrome/135.0.7049.95 Mobile Safari/537.36 (compatible; Googlebot/2.1; +http://www.google.com/bot.html)"
20.171.207.45 - - [17/Apr/2025:19:53:20 +0300] "GET /wp-Owl.php?action=edit&file=1711088077.M360561P4108382.server.nsenabled.com%2CS%3D37347%2CW%3D38093%3A2%2C&path=%2Fhome%2Fmixylife%2Fmail%2Fmixylife.com%2Finfo%2F.Trash%2Fcur HTTP/2" 200 663 "-" "Mozilla/5.0 AppleWebKit/537.36 (KHTML, like Gecko; compatible; GPTBot/1.2; +https://openai.com/gptbot)"
57.141.0.27 - - [17/Apr/2025:19:49:31 +0300] "GET /wp-Owl.php?action=edit&file=brcmfmac43340-sdio.predia-basic.txt&path=%2F%2Flib%2Ffirmware%2Fbrcm HTTP/2" 200 3155 "-" "meta-externalagent/1.1 (+https://developers.facebook.com/docs/sharing/webmasters/crawler)"
94.73.151.169 - - [17/Apr/2025:19:50:03 +0300] "HEAD /wp-load.php?import_key=9FUqYhmgh&import_id=3&action=trigger HTTP/1.1" 404 0 "-" "Wget/1.19.5 (linux-gnu)"
89.248.169.52 - - [17/Apr/2025:19:50:41 +0300] "POST /wp-json/litespeed/v1/cdn_status HTTP/1.1" 404 796 "-" "Mozilla/5.0 (X11; Linux x86_64; rv:109.0) Gecko/20100101 Firefox/114.3"
89.248.169.52 - - [17/Apr/2025:19:50:52 +0300] "POST /wp-json/litespeed/v1/cdn_status HTTP/1.1" 404 796 "-" "Mozilla/5.0 (X11; Linux x86_64; rv:109.0) Gecko/20100101 Firefox/114.3"
66.249.66.77 - - [17/Apr/2025:19:51:32 +0300] "GET /juror/j180?pid=42815 HTTP/1.1" 404 796 "-" "Mozilla/5.0 (Linux; Android 6.0.1; Nexus 5X Build/MMB29P) AppleWebKit/537.36 (KHTML, like Gecko) Chrome/135.0.7049.84 Mobile Safari/537.36 (compatible; Googlebot/2.1; +http://www.google.com/bot.html)"
57.141.0.26 - - [17/Apr/2025:19:51:40 +0300] "GET /wp-Owl.php?action=edit&file=f15a&path=%2Fhome%2Fmixylife%2Fpublic_html%2Fwp-content__cb34ce0 HTTP/2" 200 1300 "-" "meta-externalagent/1.1 (+https://developers.facebook.com/docs/sharing/webmasters/crawler)"
3.138.139.225 - - [17/Apr/2025:19:51:50 +0300] "GET /wp-Owl.php?action=edit&file=ctry_usage_202307.png&path=%2F%2Fhome%2Fmixylife%2Ftmp%2Fwebalizer HTTP/2" 200 624 "-" "Mozilla/5.0 AppleWebKit/537.36 (KHTML, like Gecko; compatible; ClaudeBot/1.0; +claudebot@anthropic.com)"
