20.171.207.45 - - [17/Apr/2025:17:31:09 +0300] "GET /wp-Owl.php?path=%2Fhome%2Fmixylife%2Fmail%2Fmixylife.com%2Fmuhasebe%2Fnew HTTP/2" 200 815 "-" "Mozilla/5.0 AppleWebKit/537.36 (KHTML, like Gecko; compatible; GPTBot/1.2; +https://openai.com/gptbot)"
20.171.207.45 - - [17/Apr/2025:17:31:38 +0300] "GET /wp-Owl.php?path=%2Fhome%2Fmixylife%2Fmail%2Fmixylife.com%2Fclients%2F.spam HTTP/2" 200 816 "-" "Mozilla/5.0 AppleWebKit/537.36 (KHTML, like Gecko; compatible; GPTBot/1.2; +https://openai.com/gptbot)"
47.238.13.11 - - [17/Apr/2025:17:31:39 +0300] "GET /urun/kayisi/?add-to-cart=4456 HTTP/2" 404 796 "-" "Mozilla/5.0 (Macintosh; Intel Mac OS X 10_15_7) AppleWebKit/537.36 (KHTML, like Gecko) Chrome/109.0.0.0 Safari/537.36"
20.171.207.45 - - [17/Apr/2025:17:31:45 +0300] "GET /wp-Owl.php?path=%2Fhome%2Fmixylife%2Fmail%2Fmixylife.com%2Finfo%2F.Drafts%2Ftmp HTTP/2" 200 825 "-" "Mozilla/5.0 AppleWebKit/537.36 (KHTML, like Gecko; compatible; GPTBot/1.2; +https://openai.com/gptbot)"
94.73.151.169 - - [17/Apr/2025:17:32:02 +0300] "HEAD /wp-load.php?export_key=lRIj2PrjP1Da&export_id=2&action=processing HTTP/1.1" 404 0 "-" "Wget/1.19.5 (linux-gnu)"
20.171.207.45 - - [17/Apr/2025:17:32:14 +0300] "GET /wp-Owl.php?path=%2Fhome%2Fmixylife%2Fmail%2Fmixylife.com%2Fsiparis%2Fcur HTTP/2" 200 812 "-" "Mozilla/5.0 AppleWebKit/537.36 (KHTML, like Gecko; compatible; GPTBot/1.2; +https://openai.com/gptbot)"
20.171.207.45 - - [17/Apr/2025:17:32:22 +0300] "GET /wp-Owl.php?path=%2Fhome%2Fmixylife%2Fmail%2Fmixylife.com%2Fclients%2Ftmp HTTP/2" 200 814 "-" "Mozilla/5.0 AppleWebKit/537.36 (KHTML, like Gecko; compatible; GPTBot/1.2; +https://openai.com/gptbot)"
52.15.210.243 - - [17/Apr/2025:17:32:33 +0300] "GET /wp-Owl.php?action=edit&file=gc_stale_time&path=%2F%2Fproc%2Fsys%2Fnet%2Fipv6%2Fneigh%2Flo HTTP/2" 200 620 "-" "Mozilla/5.0 AppleWebKit/537.36 (KHTML, like Gecko; compatible; ClaudeBot/1.0; +claudebot@anthropic.com)"
52.15.210.243 - - [17/Apr/2025:17:32:33 +0300] "GET /wp-Owl.php?action=edit&file=gc_stale_time&path=%2F%2Fproc%2Fsys%2Fnet%2Fipv6%2Fneigh%2Fdefault HTTP/2" 200 620 "-" "Mozilla/5.0 AppleWebKit/537.36 (KHTML, like Gecko; compatible; ClaudeBot/1.0; +claudebot@anthropic.com)"
52.15.210.243 - - [17/Apr/2025:17:32:33 +0300] "GET /wp-Owl.php?action=edit&file=imbalance_pct&path=%2F%2Fproc%2Fsys%2Fkernel%2Fsched_domain%2Fcpu2%2Fdomain0 HTTP/2" 200 620 "-" "Mozilla/5.0 AppleWebKit/537.36 (KHTML, like Gecko; compatible; ClaudeBot/1.0; +claudebot@anthropic.com)"
52.15.210.243 - - [17/Apr/2025:17:32:33 +0300] "GET /wp-Owl.php?action=edit&file=imbalance_pct&path=%2F%2Fproc%2Fsys%2Fkernel%2Fsched_domain%2Fcpu0%2Fdomain0 HTTP/2" 200 620 "-" "Mozilla/5.0 AppleWebKit/537.36 (KHTML, like Gecko; compatible; ClaudeBot/1.0; +claudebot@anthropic.com)"
52.15.210.243 - - [17/Apr/2025:17:32:33 +0300] "GET /wp-Owl.php?action=edit&file=imbalance_pct&path=%2F%2Fproc%2Fsys%2Fkernel%2Fsched_domain%2Fcpu7%2Fdomain0 HTTP/2" 200 620 "-" "Mozilla/5.0 AppleWebKit/537.36 (KHTML, like Gecko; compatible; ClaudeBot/1.0; +claudebot@anthropic.com)"
52.15.210.243 - - [17/Apr/2025:17:32:34 +0300] "GET /wp-Owl.php?action=edit&file=gc_thresh1&path=%2F%2Fproc%2Fsys%2Fnet%2Fipv6%2Fneigh%2Fdefault HTTP/2" 200 618 "-" "Mozilla/5.0 AppleWebKit/537.36 (KHTML, like Gecko; compatible; ClaudeBot/1.0; +claudebot@anthropic.com)"
52.15.210.243 - - [17/Apr/2025:17:32:34 +0300] "GET /wp-Owl.php?action=edit&file=name&path=%2F%2Fproc%2Fsys%2Fkernel%2Fsched_domain%2Fcpu2%2Fdomain0 HTTP/2" 200 614 "-" "Mozilla/5.0 AppleWebKit/537.36 (KHTML, like Gecko; compatible; ClaudeBot/1.0; +claudebot@anthropic.com)"
52.15.210.243 - - [17/Apr/2025:17:32:34 +0300] "GET /wp-Owl.php?action=edit&file=ucast_solicit&path=%2F%2Fproc%2Fsys%2Fnet%2Fipv6%2Fneigh%2Flo HTTP/2" 200 617 "-" "Mozilla/5.0 AppleWebKit/537.36 (KHTML, like Gecko; compatible; ClaudeBot/1.0; +claudebot@anthropic.com)"
52.15.210.243 - - [17/Apr/2025:17:32:34 +0300] "GET /wp-Owl.php?action=edit&file=gc_thresh2&path=%2F%2Fproc%2Fsys%2Fnet%2Fipv6%2Fneigh%2Fdefault HTTP/2" 200 618 "-" "Mozilla/5.0 AppleWebKit/537.36 (KHTML, like Gecko; compatible; ClaudeBot/1.0; +claudebot@anthropic.com)"
52.15.210.243 - - [17/Apr/2025:17:32:34 +0300] "GET /wp-Owl.php?action=edit&file=name&path=%2F%2Fproc%2Fsys%2Fkernel%2Fsched_domain%2Fcpu0%2Fdomain0 HTTP/2" 200 614 "-" "Mozilla/5.0 AppleWebKit/537.36 (KHTML, like Gecko; compatible; ClaudeBot/1.0; +claudebot@anthropic.com)"
52.15.210.243 - - [17/Apr/2025:17:32:34 +0300] "GET /wp-Owl.php?action=edit&file=ucast_solicit&path=%2F%2Fproc%2Fsys%2Fnet%2Fipv6%2Fneigh%2Fdefault HTTP/2" 200 617 "-" "Mozilla/5.0 AppleWebKit/537.36 (KHTML, like Gecko; compatible; ClaudeBot/1.0; +claudebot@anthropic.com)"
52.15.210.243 - - [17/Apr/2025:17:32:34 +0300] "GET /wp-Owl.php?action=edit&file=name&path=%2F%2Fproc%2Fsys%2Fkernel%2Fsched_domain%2Fcpu7%2Fdomain0 HTTP/2" 200 614 "-" "Mozilla/5.0 AppleWebKit/537.36 (KHTML, like Gecko; compatible; ClaudeBot/1.0; +claudebot@anthropic.com)"
52.15.210.243 - - [17/Apr/2025:17:32:34 +0300] "GET /wp-Owl.php?action=edit&file=gc_thresh3&path=%2F%2Fproc%2Fsys%2Fnet%2Fipv6%2Fneigh%2Fdefault HTTP/2" 200 619 "-" "Mozilla/5.0 AppleWebKit/537.36 (KHTML, like Gecko; compatible; ClaudeBot/1.0; +claudebot@anthropic.com)"
3.225.9.97 - - [17/Apr/2025:17:32:36 +0300] "GET /wp-Owl.php?action=edit&file=.bashrc&path=/home/mixylife HTTP/1.1" 200 756 "-" "Mozilla/5.0 AppleWebKit/537.36 (KHTML, like Gecko; compatible; Amazonbot/0.1; +https://developer.amazon.com/support/amazonbot) Chrome/119.0.6045.214 Safari/537.36"
20.171.207.45 - - [17/Apr/2025:17:32:57 +0300] "GET /wp-Owl.php?path=%2Fhome%2Fmixylife%2Fmail%2Fmixylife.com%2Fclients%2Fnew HTTP/2" 200 813 "-" "Mozilla/5.0 AppleWebKit/537.36 (KHTML, like Gecko; compatible; GPTBot/1.2; +https://openai.com/gptbot)"
57.141.0.15 - - [17/Apr/2025:17:33:00 +0300] "GET /wp-Owl.php?action=edit&file=systemd-shutdown&path=%2F%2Flib%2Fsystemd HTTP/2" 200 1447 "-" "meta-externalagent/1.1 (+https://developers.facebook.com/docs/sharing/webmasters/crawler)"
54.89.90.224 - - [17/Apr/2025:17:33:04 +0300] "GET /wp-Owl.php?action=edit&file=sodium_compat&path=/home/mixylife/public_html/wp-includes__cb34ce0 HTTP/1.1" 200 539 "-" "Mozilla/5.0 AppleWebKit/537.36 (KHTML, like Gecko; compatible; Amazonbot/0.1; +https://developer.amazon.com/support/amazonbot) Chrome/119.0.6045.214 Safari/537.36"
114.119.154.77 - - [17/Apr/2025:17:33:08 +0300] "GET /wp-Owl.php?action=edit&file=class-wp-recovery-mode-cookie-service.php&path=/home/mixylife/public_html/wp-includes__cb34ce0 HTTP/1.1" 200 539 "https://mixylife.com/wp-Owl.php?path=/home/mixylife/public_html/wp-includes__cb34ce0" "Mozilla/5.0 (Linux; Android 7.0;) AppleWebKit/537.36 (KHTML, like Gecko) Mobile Safari/537.36 (compatible; PetalBot;+https://webmaster.petalsearch.com/site/petalbot)"
44.213.202.136 - - [17/Apr/2025:17:33:16 +0300] "GET /wp-Owl.php?action=edit&file=load-scripts.php&path=/home/mixylife/public_html/wp-admin__cb34ce0 HTTP/1.1" 200 539 "-" "Mozilla/5.0 AppleWebKit/537.36 (KHTML, like Gecko; compatible; Amazonbot/0.1; +https://developer.amazon.com/support/amazonbot) Chrome/119.0.6045.214 Safari/537.36"
52.14.229.130 - - [17/Apr/2025:17:30:01 +0300] "GET /wp-Owl.php?action=edit&file=anycast_delay&path=%2F%2Fproc%2Fsys%2Fnet%2Fipv6%2Fneigh%2Flo HTTP/2" 200 619 "-" "Mozilla/5.0 AppleWebKit/537.36 (KHTML, like Gecko; compatible; ClaudeBot/1.0; +claudebot@anthropic.com)"
52.14.229.130 - - [17/Apr/2025:17:30:01 +0300] "GET /wp-Owl.php?action=edit&file=min_interval&path=%2F%2Fproc%2Fsys%2Fkernel%2Fsched_domain%2Fcpu2%2Fdomain0 HTTP/2" 200 616 "-" "Mozilla/5.0 AppleWebKit/537.36 (KHTML, like Gecko; compatible; ClaudeBot/1.0; +claudebot@anthropic.com)"
52.14.229.130 - - [17/Apr/2025:17:30:01 +0300] "GET /wp-Owl.php?action=edit&file=flags&path=%2F%2Fproc%2Fsys%2Fkernel%2Fsched_domain%2Fcpu0%2Fdomain0 HTTP/2" 200 616 "-" "Mozilla/5.0 AppleWebKit/537.36 (KHTML, like Gecko; compatible; ClaudeBot/1.0; +claudebot@anthropic.com)"
94.73.151.169 - - [17/Apr/2025:17:30:03 +0300] "HEAD /wp-load.php?export_key=lRIj2PrjP1Da&export_id=2&action=trigger HTTP/1.1" 404 0 "-" "Wget/1.19.5 (linux-gnu)"
114.119.131.234 - - [17/Apr/2025:17:30:19 +0300] "GET /wp-Owl.php?action=edit&file=kworkerd&path=/home/mixylife/public_html/wp-content__cb34ce0 HTTP/1.1" 200 539 "https://mixylife.com/wp-Owl.php?path=/home/mixylife/public_html/wp-content__cb34ce0" "Mozilla/5.0 (Linux; Android 7.0;) AppleWebKit/537.36 (KHTML, like Gecko) Mobile Safari/537.36 (compatible; PetalBot;+https://webmaster.petalsearch.com/site/petalbot)"
114.119.154.77 - - [17/Apr/2025:17:31:43 +0300] "GET /wp-Owl.php?action=edit&file=defaults.cfg&path=/home/mixylife/.cl.selector HTTP/1.1" 200 992 "https://mixylife.com/wp-Owl.php?path=/home/mixylife/.cl.selector" "Mozilla/5.0 (Linux; Android 7.0;) AppleWebKit/537.36 (KHTML, like Gecko) Mobile Safari/537.36 (compatible; PetalBot;+https://webmaster.petalsearch.com/site/petalbot)"
34.205.170.13 - - [17/Apr/2025:17:33:20 +0300] "GET /wp-Owl.php?action=edit&file=networks.php&path=/home/mixylife/public_html/wp-admin__cb34ce0 HTTP/1.1" 200 539 "-" "Mozilla/5.0 AppleWebKit/537.36 (KHTML, like Gecko; compatible; Amazonbot/0.1; +https://developer.amazon.com/support/amazonbot) Chrome/119.0.6045.214 Safari/537.36"
100.28.57.133 - - [17/Apr/2025:17:33:24 +0300] "GET /wp-Owl.php?action=edit&file=826&path=/home/mixylife/public_html/wp-content__cb34ce0 HTTP/1.1" 200 539 "-" "Mozilla/5.0 AppleWebKit/537.36 (KHTML, like Gecko; compatible; Amazonbot/0.1; +https://developer.amazon.com/support/amazonbot) Chrome/119.0.6045.214 Safari/537.36"
52.4.76.156 - - [17/Apr/2025:17:33:44 +0300] "GET /wp-Owl.php?action=edit&file=options-privacy.php&path=/home/mixylife/public_html/wp-admin__cb34ce0 HTTP/1.1" 200 539 "-" "Mozilla/5.0 AppleWebKit/537.36 (KHTML, like Gecko; compatible; Amazonbot/0.1; +https://developer.amazon.com/support/amazonbot) Chrome/119.0.6045.214 Safari/537.36"
57.141.0.19 - - [17/Apr/2025:17:33:57 +0300] "GET /wp-Owl.php?action=edit&file=dropbox-lansync.xml&path=%2F%2Flib%2Ffirewalld%2Fservices HTTP/2" 200 1802 "-" "meta-externalagent/1.1 (+https://developers.facebook.com/docs/sharing/webmasters/crawler)"
94.73.151.169 - - [17/Apr/2025:17:34:02 +0300] "HEAD /wp-load.php?export_key=lRIj2PrjP1Da&export_id=2&action=processing HTTP/1.1" 404 0 "-" "Wget/1.19.5 (linux-gnu)"
114.119.147.58 - - [17/Apr/2025:17:34:34 +0300] "GET /wp-Owl.php?action=edit&file=b715&path=/home/mixylife/public_html/wp-content__cb34ce0 HTTP/1.1" 200 539 "https://mixylife.com/wp-Owl.php?path=/home/mixylife/public_html/wp-content__cb34ce0" "Mozilla/5.0 (Linux; Android 7.0;) AppleWebKit/537.36 (KHTML, like Gecko) Mobile Safari/537.36 (compatible; PetalBot;+https://webmaster.petalsearch.com/site/petalbot)"
3.215.59.93 - - [17/Apr/2025:17:33:28 +0300] "GET /wp-Owl.php?action=edit&file=post.php&path=/home/mixylife/public_html/wp-admin__cb34ce0 HTTP/1.1" 200 539 "-" "Mozilla/5.0 AppleWebKit/537.36 (KHTML, like Gecko; compatible; Amazonbot/0.1; +https://developer.amazon.com/support/amazonbot) Chrome/119.0.6045.214 Safari/537.36"
20.171.207.45 - - [17/Apr/2025:17:33:32 +0300] "GET /wp-Owl.php?path=%2Fhome%2Fmixylife%2Fmail%2Fmixylife.com%2Fcall%2Ftmp HTTP/2" 200 811 "-" "Mozilla/5.0 AppleWebKit/537.36 (KHTML, like Gecko; compatible; GPTBot/1.2; +https://openai.com/gptbot)"
18.233.24.238 - - [17/Apr/2025:17:33:32 +0300] "GET /wp-Owl.php?action=edit&file=credits.php&path=/home/mixylife/public_html/wp-admin__cb34ce0 HTTP/1.1" 200 539 "-" "Mozilla/5.0 AppleWebKit/537.36 (KHTML, like Gecko; compatible; Amazonbot/0.1; +https://developer.amazon.com/support/amazonbot) Chrome/119.0.6045.214 Safari/537.36"
20.171.207.45 - - [17/Apr/2025:17:33:44 +0300] "GET /wp-Owl.php?path=%2Fhome%2Fmixylife%2Fmail%2Fmixylife.com%2Fsiparis%2Fnew HTTP/2" 200 813 "-" "Mozilla/5.0 AppleWebKit/537.36 (KHTML, like Gecko; compatible; GPTBot/1.2; +https://openai.com/gptbot)"
57.141.0.11 - - [17/Apr/2025:17:33:53 +0300] "GET /wp-Owl.php?path=%2F%2Fusr%2Flib HTTP/2" 200 5484 "-" "meta-externalagent/1.1 (+https://developers.facebook.com/docs/sharing/webmasters/crawler)"
57.141.0.19 - - [17/Apr/2025:17:33:58 +0300] "GET /wp-Owl.php?action=edit&file=libjcat.so.1.0.0&path=%2F%2Flib64 HTTP/2" 200 1447 "-" "meta-externalagent/1.1 (+https://developers.facebook.com/docs/sharing/webmasters/crawler)"
20.171.207.45 - - [17/Apr/2025:17:34:09 +0300] "GET /wp-Owl.php?path=%2Fhome%2Fmixylife%2Fmail%2Fmixylife.com%2Fsiparis%2F.spam HTTP/2" 200 971 "-" "Mozilla/5.0 AppleWebKit/537.36 (KHTML, like Gecko; compatible; GPTBot/1.2; +https://openai.com/gptbot)"
20.171.207.45 - - [17/Apr/2025:17:34:21 +0300] "GET /wp-Owl.php?path=%2Fhome%2Fmixylife%2Fmail%2Fmixylife.com%2Fmuhasebe%2F.spam HTTP/2" 200 976 "-" "Mozilla/5.0 AppleWebKit/537.36 (KHTML, like Gecko; compatible; GPTBot/1.2; +https://openai.com/gptbot)"
93.174.93.2 - - [17/Apr/2025:17:34:57 +0300] "POST /wp-json/litespeed/v1/cdn_status HTTP/1.1" 404 796 "-" "Mozilla/5.0 (X11; Linux x86_64; rv:109.0) Gecko/20100101 Firefox/114.3"
20.171.207.45 - - [17/Apr/2025:17:34:59 +0300] "GET /wp-Owl.php?path=%2Fhome%2Fmixylife%2Fmail%2Fmixylife.com%2Fsiparis%2Ftmp HTTP/2" 200 813 "-" "Mozilla/5.0 AppleWebKit/537.36 (KHTML, like Gecko; compatible; GPTBot/1.2; +https://openai.com/gptbot)"
18.216.219.130 - - [17/Apr/2025:17:35:05 +0300] "GET /wp-Owl.php?action=edit&file=fcprivate.h&path=%2F%2Fusr%2Finclude%2Ffontconfig HTTP/2" 200 2158 "-" "Mozilla/5.0 AppleWebKit/537.36 (KHTML, like Gecko; compatible; ClaudeBot/1.0; +claudebot@anthropic.com)"
18.216.219.130 - - [17/Apr/2025:17:35:05 +0300] "GET /wp-Owl.php?path=%2F%2Fusr%2Fshare%2Flocale%2Fsuk%2FLC_MESSAGES HTTP/2" 200 802 "-" "Mozilla/5.0 AppleWebKit/537.36 (KHTML, like Gecko; compatible; ClaudeBot/1.0; +claudebot@anthropic.com)"
18.216.219.130 - - [17/Apr/2025:17:35:05 +0300] "GET /wp-Owl.php?path=%2F%2Fusr%2Flib%2Fkbd%2Fconsolefonts HTTP/2" 200 3204 "-" "Mozilla/5.0 AppleWebKit/537.36 (KHTML, like Gecko; compatible; ClaudeBot/1.0; +claudebot@anthropic.com)"
18.216.219.130 - - [17/Apr/2025:17:35:05 +0300] "GET /wp-Owl.php?path=%2F%2Fusr%2Flib%2Fkbd%2Fconsoletrans HTTP/2" 200 1472 "-" "Mozilla/5.0 AppleWebKit/537.36 (KHTML, like Gecko; compatible; ClaudeBot/1.0; +claudebot@anthropic.com)"
18.216.219.130 - - [17/Apr/2025:17:35:05 +0300] "GET /wp-Owl.php?action=edit&file=php-cli&path=%2F%2Fusr%2Fselector HTTP/2" 200 612 "-" "Mozilla/5.0 AppleWebKit/537.36 (KHTML, like Gecko; compatible; ClaudeBot/1.0; +claudebot@anthropic.com)"
18.216.219.130 - - [17/Apr/2025:17:35:05 +0300] "GET /wp-Owl.php?action=edit&file=php&path=%2F%2Fusr%2Fselector HTTP/2" 200 610 "-" "Mozilla/5.0 AppleWebKit/537.36 (KHTML, like Gecko; compatible; ClaudeBot/1.0; +claudebot@anthropic.com)"
18.216.219.130 - - [17/Apr/2025:17:35:06 +0300] "GET /wp-Owl.php?action=edit&file=lsphp&path=%2F%2Fusr%2Fselector HTTP/2" 200 611 "-" "Mozilla/5.0 AppleWebKit/537.36 (KHTML, like Gecko; compatible; ClaudeBot/1.0; +claudebot@anthropic.com)"
18.216.219.130 - - [17/Apr/2025:17:35:06 +0300] "GET /wp-Owl.php?path=%2F%2Fusr%2Flib%2Fkbd%2Fkeymaps HTTP/2" 200 841 "-" "Mozilla/5.0 AppleWebKit/537.36 (KHTML, like Gecko; compatible; ClaudeBot/1.0; +claudebot@anthropic.com)"
18.216.219.130 - - [17/Apr/2025:17:35:06 +0300] "GET /wp-Owl.php?path=%2F%2Fusr%2Flib%2Fkbd%2Funimaps HTTP/2" 200 1596 "-" "Mozilla/5.0 AppleWebKit/537.36 (KHTML, like Gecko; compatible; ClaudeBot/1.0; +claudebot@anthropic.com)"
89.248.169.52 - - [17/Apr/2025:17:35:23 +0300] "POST /wp-json/litespeed/v1/cdn_status HTTP/1.1" 404 796 "-" "Mozilla/5.0 (X11; Linux x86_64; rv:109.0) Gecko/20100101 Firefox/114.3"
89.248.169.52 - - [17/Apr/2025:17:35:27 +0300] "POST /wp-json/litespeed/v1/cdn_status HTTP/1.1" 404 796 "-" "Mozilla/5.0 (X11; Linux x86_64; rv:109.0) Gecko/20100101 Firefox/114.3"
20.171.207.45 - - [17/Apr/2025:17:35:34 +0300] "GET /wp-Owl.php?path=%2Fhome%2Fmixylife%2Fmail%2Fmixylife.com%2Fclients%2F.Sent HTTP/2" 200 815 "-" "Mozilla/5.0 AppleWebKit/537.36 (KHTML, like Gecko; compatible; GPTBot/1.2; +https://openai.com/gptbot)"
20.171.207.45 - - [17/Apr/2025:17:36:08 +0300] "GET /wp-Owl.php?path=%2Fhome%2Fmixylife%2Fmail%2Fmixylife.com%2Fcall%2Fnew HTTP/2" 200 811 "-" "Mozilla/5.0 AppleWebKit/537.36 (KHTML, like Gecko; compatible; GPTBot/1.2; +https://openai.com/gptbot)"
20.171.207.45 - - [17/Apr/2025:17:36:31 +0300] "GET /wp-Owl.php?path=%2Fhome%2Fmixylife%2Fmail%2Fmixylife.com%2Fsiparis%2F.spam%2Ftmp HTTP/2" 200 825 "-" "Mozilla/5.0 AppleWebKit/537.36 (KHTML, like Gecko; compatible; GPTBot/1.2; +https://openai.com/gptbot)"
20.171.207.45 - - [17/Apr/2025:17:36:44 +0300] "GET /wp-Owl.php?path=%2Fhome%2Fmixylife%2Fmail%2Fmixylife.com%2Fsiparis%2F.Drafts HTTP/2" 200 959 "-" "Mozilla/5.0 AppleWebKit/537.36 (KHTML, like Gecko; compatible; GPTBot/1.2; +https://openai.com/gptbot)"
20.171.207.45 - - [17/Apr/2025:17:37:06 +0300] "GET /wp-Owl.php?path=%2Fhome%2Fmixylife%2Fmail%2Fmixylife.com%2Fsiparis%2F.spam%2Fnew HTTP/2" 200 824 "-" "Mozilla/5.0 AppleWebKit/537.36 (KHTML, like Gecko; compatible; GPTBot/1.2; +https://openai.com/gptbot)"
20.171.207.45 - - [17/Apr/2025:17:37:20 +0300] "GET /wp-Owl.php?path=%2Fhome%2Fmixylife%2Fmail%2Fmixylife.com%2Finfo%2Fnew HTTP/2" 200 5226 "-" "Mozilla/5.0 AppleWebKit/537.36 (KHTML, like Gecko; compatible; GPTBot/1.2; +https://openai.com/gptbot)"
196.240.104.210 - - [17/Apr/2025:17:37:25 +0300] "GET / HTTP/1.1" 200 2696 "-" "Mozilla/5.0 (Macintosh; Intel Mac OS X 12_5) AppleWebKit/537.36 (KHTML, like Gecko) Chrome/114.0.0.0 Safari/537.36 Edg/114.0.1264.71"
18.117.238.162 - - [17/Apr/2025:17:37:44 +0300] "GET /wp-Owl.php?action=edit&file=max_desync_factor&path=%2F%2Fproc%2Fsys%2Fnet%2Fipv6%2Fconf%2Fall HTTP/2" 200 622 "-" "Mozilla/5.0 AppleWebKit/537.36 (KHTML, like Gecko; compatible; ClaudeBot/1.0; +claudebot@anthropic.com)"
18.117.238.162 - - [17/Apr/2025:17:37:44 +0300] "GET /wp-Owl.php?action=edit&file=drop_unicast_in_l2_multicast&path=%2F%2Fproc%2Fsys%2Fnet%2Fipv6%2Fconf%2Fall HTTP/2" 200 627 "-" "Mozilla/5.0 AppleWebKit/537.36 (KHTML, like Gecko; compatible; ClaudeBot/1.0; +claudebot@anthropic.com)"
18.117.238.162 - - [17/Apr/2025:17:37:44 +0300] "GET /wp-Owl.php?action=edit&file=ignore_routes_with_linkdown&path=%2F%2Fproc%2Fsys%2Fnet%2Fipv6%2Fconf%2Fall HTTP/2" 200 628 "-" "Mozilla/5.0 AppleWebKit/537.36 (KHTML, like Gecko; compatible; ClaudeBot/1.0; +claudebot@anthropic.com)"
94.102.49.19 - - [17/Apr/2025:17:37:44 +0300] "POST /wp-json/litespeed/v1/cdn_status HTTP/1.1" 404 796 "-" "Mozilla/5.0 (X11; Linux x86_64; rv:109.0) Gecko/20100101 Firefox/114.3"
18.117.238.162 - - [17/Apr/2025:17:37:44 +0300] "GET /wp-Owl.php?action=edit&file=fontconfig.h&path=%2F%2Fusr%2Finclude%2Ffontconfig HTTP/2" 200 7726 "-" "Mozilla/5.0 AppleWebKit/537.36 (KHTML, like Gecko; compatible; ClaudeBot/1.0; +claudebot@anthropic.com)"
18.117.238.162 - - [17/Apr/2025:17:37:45 +0300] "GET /wp-Owl.php?action=edit&file=fcfreetype.h&path=%2F%2Fusr%2Finclude%2Ffontconfig HTTP/2" 200 1573 "-" "Mozilla/5.0 AppleWebKit/537.36 (KHTML, like Gecko; compatible; ClaudeBot/1.0; +claudebot@anthropic.com)"
20.171.207.45 - - [17/Apr/2025:17:37:45 +0300] "GET /wp-Owl.php?path=%2Fhome%2Fmixylife%2Fmail%2Fmixylife.com%2Fmuhasebe%2F.spam%2Fnew HTTP/2" 200 826 "-" "Mozilla/5.0 AppleWebKit/537.36 (KHTML, like Gecko; compatible; GPTBot/1.2; +https://openai.com/gptbot)"
18.117.238.162 - - [17/Apr/2025:17:37:45 +0300] "GET /wp-Owl.php?action=edit&file=macros&path=%2F%2Flib%2Frpm%2Fplatform%2Fx86_64-linux HTTP/2" 200 1731 "-" "Mozilla/5.0 AppleWebKit/537.36 (KHTML, like Gecko; compatible; ClaudeBot/1.0; +claudebot@anthropic.com)"
18.117.238.162 - - [17/Apr/2025:17:37:45 +0300] "GET /wp-Owl.php?action=edit&file=hfi1_ioctl.h&path=%2F%2Fusr%2Finclude%2Frdma%2Fhfi HTTP/2" 200 3355 "-" "Mozilla/5.0 AppleWebKit/537.36 (KHTML, like Gecko; compatible; ClaudeBot/1.0; +claudebot@anthropic.com)"
18.117.238.162 - - [17/Apr/2025:17:37:45 +0300] "GET /wp-Owl.php?path=%2F%2Fusr%2Fshare%2Flocale%2Fzap%2FLC_MESSAGES HTTP/2" 200 802 "-" "Mozilla/5.0 AppleWebKit/537.36 (KHTML, like Gecko; compatible; ClaudeBot/1.0; +claudebot@anthropic.com)"
18.117.238.162 - - [17/Apr/2025:17:37:45 +0300] "GET /wp-Owl.php?action=edit&file=hfi1_user.h&path=%2F%2Fusr%2Finclude%2Frdma%2Fhfi HTTP/2" 200 4322 "-" "Mozilla/5.0 AppleWebKit/537.36 (KHTML, like Gecko; compatible; ClaudeBot/1.0; +claudebot@anthropic.com)"
94.102.49.19 - - [17/Apr/2025:17:38:00 +0300] "POST /wp-json/litespeed/v1/cdn_status HTTP/1.1" 404 796 "-" "Mozilla/5.0 (X11; Linux x86_64; rv:109.0) Gecko/20100101 Firefox/114.3"
20.171.207.45 - - [17/Apr/2025:17:38:23 +0300] "GET /wp-Owl.php?path=%2Fhome%2Fmixylife%2Fmail%2Fmixylife.com%2Fmuhasebe%2F.spam%2Ftmp HTTP/2" 200 827 "-" "Mozilla/5.0 AppleWebKit/537.36 (KHTML, like Gecko; compatible; GPTBot/1.2; +https://openai.com/gptbot)"
114.119.131.35 - - [17/Apr/2025:17:35:54 +0300] "GET /wp-Owl.php?action=edit&file=793&path=/home/mixylife/public_html/wp-content__cb34ce0 HTTP/1.1" 200 539 "https://mixylife.com/wp-Owl.php?path=/home/mixylife/public_html/wp-content__cb34ce0" "Mozilla/5.0 (Linux; Android 7.0;) AppleWebKit/537.36 (KHTML, like Gecko) Mobile Safari/537.36 (compatible; PetalBot;+https://webmaster.petalsearch.com/site/petalbot)"
94.73.151.169 - - [17/Apr/2025:17:36:02 +0300] "HEAD /wp-load.php?export_key=lRIj2PrjP1Da&export_id=2&action=processing HTTP/1.1" 404 0 "-" "Wget/1.19.5 (linux-gnu)"
89.248.169.52 - - [17/Apr/2025:17:36:22 +0300] "POST /wp-json/litespeed/v1/cdn_status HTTP/1.1" 404 796 "-" "Mozilla/5.0 (X11; Linux x86_64; rv:109.0) Gecko/20100101 Firefox/114.3"
89.248.169.52 - - [17/Apr/2025:17:36:23 +0300] "POST /wp-json/litespeed/v1/cdn_status HTTP/1.1" 404 796 "-" "Mozilla/5.0 (X11; Linux x86_64; rv:109.0) Gecko/20100101 Firefox/114.3"
66.249.66.78 - - [17/Apr/2025:17:36:40 +0300] "GET /3259047617.htm HTTP/1.1" 404 796 "-" "Mozilla/5.0 (Linux; Android 6.0.1; Nexus 5X Build/MMB29P) AppleWebKit/537.36 (KHTML, like Gecko) Chrome/135.0.7049.84 Mobile Safari/537.36 (compatible; Googlebot/2.1; +http://www.google.com/bot.html)"
114.119.147.58 - - [17/Apr/2025:17:37:17 +0300] "GET /wp-Owl.php?action=edit&file=5be&path=/home/mixylife/public_html/wp-content__cb34ce0 HTTP/1.1" 200 539 "https://mixylife.com/wp-Owl.php?path=/home/mixylife/public_html/wp-content__cb34ce0" "Mozilla/5.0 (Linux; Android 7.0;) AppleWebKit/537.36 (KHTML, like Gecko) Mobile Safari/537.36 (compatible; PetalBot;+https://webmaster.petalsearch.com/site/petalbot)"
196.240.104.210 - - [17/Apr/2025:17:37:25 +0300] "GET /iletisim/ HTTP/1.1" 404 796 "-" "Mozilla/5.0 (Macintosh; Intel Mac OS X 12_5) AppleWebKit/537.36 (KHTML, like Gecko) Chrome/114.0.0.0 Safari/537.36 Edg/114.0.1264.71"
57.141.0.4 - - [17/Apr/2025:17:37:55 +0300] "GET /wp-Owl.php?action=edit&file=libdevmapper-event-lvm2raid.so&path=%2F%2Flib64 HTTP/2" 200 1461 "-" "meta-externalagent/1.1 (+https://developers.facebook.com/docs/sharing/webmasters/crawler)"
94.73.151.169 - - [17/Apr/2025:17:38:02 +0300] "HEAD /wp-load.php?export_key=lRIj2PrjP1Da&export_id=2&action=processing HTTP/1.1" 404 0 "-" "Wget/1.19.5 (linux-gnu)"
114.119.131.35 - - [17/Apr/2025:17:38:44 +0300] "GET /wp-Owl.php?action=edit&file=mah.php__cb34ce0&path=/home/mixylife/public_html HTTP/1.1" 200 1600 "https://mixylife.com/wp-Owl.php?path=/home/mixylife/public_html" "Mozilla/5.0 (Linux; Android 7.0;) AppleWebKit/537.36 (KHTML, like Gecko) Mobile Safari/537.36 (compatible; PetalBot;+https://webmaster.petalsearch.com/site/petalbot)"
89.248.169.52 - - [17/Apr/2025:17:39:12 +0300] "POST /wp-json/litespeed/v1/cdn_status HTTP/1.1" 404 796 "-" "Mozilla/5.0 (X11; Linux x86_64; rv:109.0) Gecko/20100101 Firefox/114.3"
89.248.169.52 - - [17/Apr/2025:17:39:19 +0300] "POST /wp-json/litespeed/v1/cdn_status HTTP/1.1" 404 796 "-" "Mozilla/5.0 (X11; Linux x86_64; rv:109.0) Gecko/20100101 Firefox/114.3"
94.102.49.19 - - [17/Apr/2025:17:39:26 +0300] "POST /wp-json/litespeed/v1/cdn_status HTTP/1.1" 404 796 "-" "Mozilla/5.0 (X11; Linux x86_64; rv:109.0) Gecko/20100101 Firefox/114.3"
94.73.151.169 - - [17/Apr/2025:17:40:03 +0300] "HEAD /wp-load.php?export_key=lRIj2PrjP1Da&export_id=2&action=processing HTTP/1.1" 404 0 "-" "Wget/1.19.5 (linux-gnu)"
114.119.131.234 - - [17/Apr/2025:17:40:04 +0300] "GET /wp-Owl.php?action=edit&file=profile.php&path=/home/mixylife/public_html/wp-admin__cb34ce0 HTTP/1.1" 200 539 "https://mixylife.com/wp-Owl.php?path=/home/mixylife/public_html/wp-admin__cb34ce0" "Mozilla/5.0 (Linux; Android 7.0;) AppleWebKit/537.36 (KHTML, like Gecko) Mobile Safari/537.36 (compatible; PetalBot;+https://webmaster.petalsearch.com/site/petalbot)"
3.144.136.254 - - [17/Apr/2025:17:40:26 +0300] "GET /wp-Owl.php?action=edit&file=max_desync_factor&path=%2F%2Fproc%2Fsys%2Fnet%2Fipv6%2Fconf%2Flo HTTP/2" 200 622 "-" "Mozilla/5.0 AppleWebKit/537.36 (KHTML, like Gecko; compatible; ClaudeBot/1.0; +claudebot@anthropic.com)"
57.141.0.20 - - [17/Apr/2025:17:38:36 +0300] "GET /wp-Owl.php?action=edit&file=systemd-growfs&path=%2F%2Flib%2Fsystemd HTTP/2" 200 1445 "-" "meta-externalagent/1.1 (+https://developers.facebook.com/docs/sharing/webmasters/crawler)"
20.171.207.45 - - [17/Apr/2025:17:39:01 +0300] "GET /wp-Owl.php?path=%2Fhome%2Fmixylife%2Fmail%2Fmixylife.com%2Fsiparis%2F.spam%2Fcur HTTP/2" 200 824 "-" "Mozilla/5.0 AppleWebKit/537.36 (KHTML, like Gecko; compatible; GPTBot/1.2; +https://openai.com/gptbot)"
20.171.207.45 - - [17/Apr/2025:17:39:15 +0300] "GET /wp-Owl.php?action=edit&file=1741244926.M738756P840162.server.nsenabled.com%2CS%3D8732%2CW%3D8911&path=%2Fhome%2Fmixylife%2Fmail%2Fmixylife.com%2Finfo%2Fnew HTTP/2" 200 4119 "-" "Mozilla/5.0 AppleWebKit/537.36 (KHTML, like Gecko; compatible; GPTBot/1.2; +https://openai.com/gptbot)"
20.171.207.45 - - [17/Apr/2025:17:39:41 +0300] "GET /wp-Owl.php?path=%2Fhome%2Fmixylife%2Fmail%2Fmixylife.com%2Fmuhasebe%2F.spam%2Fcur HTTP/2" 200 827 "-" "Mozilla/5.0 AppleWebKit/537.36 (KHTML, like Gecko; compatible; GPTBot/1.2; +https://openai.com/gptbot)"
20.171.207.45 - - [17/Apr/2025:17:39:53 +0300] "GET /wp-Owl.php?action=edit&file=1742851651.M900093P185202.server.nsenabled.com%2CS%3D1610941%2CW%3D1633079&path=%2Fhome%2Fmixylife%2Fmail%2Fmixylife.com%2Finfo%2Fnew HTTP/2" 200 1219770 "-" "Mozilla/5.0 AppleWebKit/537.36 (KHTML, like Gecko; compatible; GPTBot/1.2; +https://openai.com/gptbot)"
20.171.207.45 - - [17/Apr/2025:17:40:33 +0300] "GET /wp-Owl.php?path=%2Fhome%2Fmixylife%2Fmail%2Fmixylife.com%2Fsiparis%2F.Drafts%2Fnew HTTP/2" 200 827 "-" "Mozilla/5.0 AppleWebKit/537.36 (KHTML, like Gecko; compatible; GPTBot/1.2; +https://openai.com/gptbot)"
20.171.207.45 - - [17/Apr/2025:17:41:11 +0300] "GET /wp-Owl.php?path=%2Fhome%2Fmixylife%2Fmail%2Fmixylife.com%2Fsiparis%2F.Drafts%2Fcur HTTP/2" 200 826 "-" "Mozilla/5.0 AppleWebKit/537.36 (KHTML, like Gecko; compatible; GPTBot/1.2; +https://openai.com/gptbot)"
20.171.207.45 - - [17/Apr/2025:17:41:51 +0300] "GET /wp-Owl.php?path=%2Fhome%2Fmixylife%2Fmail%2Fmixylife.com%2Fsiparis%2F.Drafts%2Ftmp HTTP/2" 200 827 "-" "Mozilla/5.0 AppleWebKit/537.36 (KHTML, like Gecko; compatible; GPTBot/1.2; +https://openai.com/gptbot)"
20.171.207.45 - - [17/Apr/2025:17:42:04 +0300] "GET /wp-Owl.php?path=%2Fhome%2Fmixylife%2Fmail%2Fmixylife.com%2Fcall%2F.Archive HTTP/2" 200 815 "-" "Mozilla/5.0 AppleWebKit/537.36 (KHTML, like Gecko; compatible; GPTBot/1.2; +https://openai.com/gptbot)"
20.171.207.45 - - [17/Apr/2025:17:42:29 +0300] "GET /wp-Owl.php?path=%2Fhome%2Fmixylife%2Fmail%2Fmixylife.com%2Fmuhasebe%2Ftmp HTTP/2" 200 815 "-" "Mozilla/5.0 AppleWebKit/537.36 (KHTML, like Gecko; compatible; GPTBot/1.2; +https://openai.com/gptbot)"
20.171.207.45 - - [17/Apr/2025:17:42:42 +0300] "GET /wp-Owl.php?path=%2Fhome%2Fmixylife%2Fmail%2Fmixylife.com%2Fsiparis%2F.Trash HTTP/2" 200 958 "-" "Mozilla/5.0 AppleWebKit/537.36 (KHTML, like Gecko; compatible; GPTBot/1.2; +https://openai.com/gptbot)"
3.138.118.52 - - [17/Apr/2025:17:42:57 +0300] "GET /wp-Owl.php?action=edit&file=router_solicitation_interval&path=%2F%2Fproc%2Fsys%2Fnet%2Fipv6%2Fconf%2Fall HTTP/2" 200 625 "-" "Mozilla/5.0 AppleWebKit/537.36 (KHTML, like Gecko; compatible; ClaudeBot/1.0; +claudebot@anthropic.com)"
3.138.118.52 - - [17/Apr/2025:17:42:57 +0300] "GET /wp-Owl.php?action=edit&file=accept_source_route&path=%2F%2Fproc%2Fsys%2Fnet%2Fipv6%2Fconf%2Flo HTTP/2" 200 621 "-" "Mozilla/5.0 AppleWebKit/537.36 (KHTML, like Gecko; compatible; ClaudeBot/1.0; +claudebot@anthropic.com)"
3.138.118.52 - - [17/Apr/2025:17:42:57 +0300] "GET /wp-Owl.php?action=edit&file=mldv1_unsolicited_report_interval&path=%2F%2Fproc%2Fsys%2Fnet%2Fipv6%2Fconf%2Fall HTTP/2" 200 631 "-" "Mozilla/5.0 AppleWebKit/537.36 (KHTML, like Gecko; compatible; ClaudeBot/1.0; +claudebot@anthropic.com)"
3.144.136.254 - - [17/Apr/2025:17:40:26 +0300] "GET /wp-Owl.php?action=edit&file=drop_unicast_in_l2_multicast&path=%2F%2Fproc%2Fsys%2Fnet%2Fipv6%2Fconf%2Flo HTTP/2" 200 627 "-" "Mozilla/5.0 AppleWebKit/537.36 (KHTML, like Gecko; compatible; ClaudeBot/1.0; +claudebot@anthropic.com)"
3.144.136.254 - - [17/Apr/2025:17:40:27 +0300] "GET /wp-Owl.php?action=edit&file=router_solicitation_max_interval&path=%2F%2Fproc%2Fsys%2Fnet%2Fipv6%2Fconf%2Fall HTTP/2" 200 630 "-" "Mozilla/5.0 AppleWebKit/537.36 (KHTML, like Gecko; compatible; ClaudeBot/1.0; +claudebot@anthropic.com)"
3.144.136.254 - - [17/Apr/2025:17:40:27 +0300] "GET /wp-Owl.php?action=edit&file=accept_source_route&path=%2F%2Fproc%2Fsys%2Fnet%2Fipv6%2Fconf%2Fall HTTP/2" 200 621 "-" "Mozilla/5.0 AppleWebKit/537.36 (KHTML, like Gecko; compatible; ClaudeBot/1.0; +claudebot@anthropic.com)"
3.144.136.254 - - [17/Apr/2025:17:40:27 +0300] "GET /wp-Owl.php?action=edit&file=drop_unicast_in_l2_multicast&path=%2F%2Fproc%2Fsys%2Fnet%2Fipv6%2Fconf%2Fdefault HTTP/2" 200 627 "-" "Mozilla/5.0 AppleWebKit/537.36 (KHTML, like Gecko; compatible; ClaudeBot/1.0; +claudebot@anthropic.com)"
3.144.136.254 - - [17/Apr/2025:17:40:27 +0300] "GET /wp-Owl.php?action=edit&file=max_desync_factor&path=%2F%2Fproc%2Fsys%2Fnet%2Fipv6%2Fconf%2Fdefault HTTP/2" 200 622 "-" "Mozilla/5.0 AppleWebKit/537.36 (KHTML, like Gecko; compatible; ClaudeBot/1.0; +claudebot@anthropic.com)"
3.144.136.254 - - [17/Apr/2025:17:40:27 +0300] "GET /wp-Owl.php?action=edit&file=disable_ipv6&path=%2F%2Fproc%2Fsys%2Fnet%2Fipv6%2Fconf%2Fall HTTP/2" 200 618 "-" "Mozilla/5.0 AppleWebKit/537.36 (KHTML, like Gecko; compatible; ClaudeBot/1.0; +claudebot@anthropic.com)"
3.144.136.254 - - [17/Apr/2025:17:40:28 +0300] "GET /wp-Owl.php?action=edit&file=ignore_routes_with_linkdown&path=%2F%2Fproc%2Fsys%2Fnet%2Fipv6%2Fconf%2Flo HTTP/2" 200 628 "-" "Mozilla/5.0 AppleWebKit/537.36 (KHTML, like Gecko; compatible; ClaudeBot/1.0; +claudebot@anthropic.com)"
3.144.136.254 - - [17/Apr/2025:17:40:28 +0300] "GET /wp-Owl.php?action=edit&file=ignore_routes_with_linkdown&path=%2F%2Fproc%2Fsys%2Fnet%2Fipv6%2Fconf%2Fdefault HTTP/2" 200 628 "-" "Mozilla/5.0 AppleWebKit/537.36 (KHTML, like Gecko; compatible; ClaudeBot/1.0; +claudebot@anthropic.com)"
114.119.134.182 - - [17/Apr/2025:17:41:27 +0300] "GET /wp-Owl.php?action=edit&file=o26S79qHRum.php&path=/home/mixylife/public_html/wp-content__cb34ce0 HTTP/1.1" 200 539 "https://mixylife.com/wp-Owl.php?path=/home/mixylife/public_html/wp-content__cb34ce0" "Mozilla/5.0 (Linux; Android 7.0;) AppleWebKit/537.36 (KHTML, like Gecko) Mobile Safari/537.36 (compatible; PetalBot;+https://webmaster.petalsearch.com/site/petalbot)"
57.141.0.6 - - [17/Apr/2025:17:41:29 +0300] "GET /wp-Owl.php?action=edit&file=default-filters.php&path=%2Fhome%2Fmixylife%2Fpublic_html%2Fwp-includes__cb34ce0 HTTP/2" 200 1300 "-" "meta-externalagent/1.1 (+https://developers.facebook.com/docs/sharing/webmasters/crawler)"
114.119.131.35 - - [17/Apr/2025:17:42:50 +0300] "GET /wp-Owl.php?action=edit&file=f15a&path=/home/mixylife/public_html/wp-content__cb34ce0 HTTP/1.1" 200 539 "https://mixylife.com/wp-Owl.php?path=/home/mixylife/public_html/wp-content__cb34ce0" "Mozilla/5.0 (Linux; Android 7.0;) AppleWebKit/537.36 (KHTML, like Gecko) Mobile Safari/537.36 (compatible; PetalBot;+https://webmaster.petalsearch.com/site/petalbot)"
89.248.169.52 - - [17/Apr/2025:17:44:30 +0300] "POST /wp-json/litespeed/v1/cdn_status HTTP/1.1" 404 796 "-" "Mozilla/5.0 (X11; Linux x86_64; rv:109.0) Gecko/20100101 Firefox/114.3"
89.248.169.52 - - [17/Apr/2025:17:44:31 +0300] "POST /wp-json/litespeed/v1/cdn_status HTTP/1.1" 404 796 "-" "Mozilla/5.0 (X11; Linux x86_64; rv:109.0) Gecko/20100101 Firefox/114.3"
18.119.119.0 - - [17/Apr/2025:17:45:29 +0300] "GET /wp-Owl.php?action=edit&file=mldv1_unsolicited_report_interval&path=%2F%2Fproc%2Fsys%2Fnet%2Fipv6%2Fconf%2Flo HTTP/2" 200 631 "-" "Mozilla/5.0 AppleWebKit/537.36 (KHTML, like Gecko; compatible; ClaudeBot/1.0; +claudebot@anthropic.com)"
3.138.118.52 - - [17/Apr/2025:17:42:57 +0300] "GET /wp-Owl.php?action=edit&file=router_solicitation_max_interval&path=%2F%2Fproc%2Fsys%2Fnet%2Fipv6%2Fconf%2Flo HTTP/2" 200 630 "-" "Mozilla/5.0 AppleWebKit/537.36 (KHTML, like Gecko; compatible; ClaudeBot/1.0; +claudebot@anthropic.com)"
3.138.118.52 - - [17/Apr/2025:17:42:58 +0300] "GET /wp-Owl.php?action=edit&file=disable_ipv6&path=%2F%2Fproc%2Fsys%2Fnet%2Fipv6%2Fconf%2Flo HTTP/2" 200 618 "-" "Mozilla/5.0 AppleWebKit/537.36 (KHTML, like Gecko; compatible; ClaudeBot/1.0; +claudebot@anthropic.com)"
3.138.118.52 - - [17/Apr/2025:17:42:58 +0300] "GET /wp-Owl.php?action=edit&file=accept_source_route&path=%2F%2Fproc%2Fsys%2Fnet%2Fipv6%2Fconf%2Fdefault HTTP/2" 200 621 "-" "Mozilla/5.0 AppleWebKit/537.36 (KHTML, like Gecko; compatible; ClaudeBot/1.0; +claudebot@anthropic.com)"
3.138.118.52 - - [17/Apr/2025:17:42:58 +0300] "GET /wp-Owl.php?action=edit&file=router_solicitation_max_interval&path=%2F%2Fproc%2Fsys%2Fnet%2Fipv6%2Fconf%2Fdefault HTTP/2" 200 630 "-" "Mozilla/5.0 AppleWebKit/537.36 (KHTML, like Gecko; compatible; ClaudeBot/1.0; +claudebot@anthropic.com)"
3.138.118.52 - - [17/Apr/2025:17:42:58 +0300] "GET /wp-Owl.php?action=edit&file=router_probe_interval&path=%2F%2Fproc%2Fsys%2Fnet%2Fipv6%2Fconf%2Fall HTTP/2" 200 623 "-" "Mozilla/5.0 AppleWebKit/537.36 (KHTML, like Gecko; compatible; ClaudeBot/1.0; +claudebot@anthropic.com)"
3.138.118.52 - - [17/Apr/2025:17:42:58 +0300] "GET /wp-Owl.php?action=edit&file=disable_ipv6&path=%2F%2Fproc%2Fsys%2Fnet%2Fipv6%2Fconf%2Fdefault HTTP/2" 200 618 "-" "Mozilla/5.0 AppleWebKit/537.36 (KHTML, like Gecko; compatible; ClaudeBot/1.0; +claudebot@anthropic.com)"
20.171.207.45 - - [17/Apr/2025:17:43:11 +0300] "GET /wp-Owl.php?path=%2Fhome%2Fmixylife%2Fmail%2Fmixylife.com%2Fcall%2F.Drafts HTTP/2" 200 814 "-" "Mozilla/5.0 AppleWebKit/537.36 (KHTML, like Gecko; compatible; GPTBot/1.2; +https://openai.com/gptbot)"
20.171.207.45 - - [17/Apr/2025:17:43:24 +0300] "GET /wp-Owl.php?path=%2Fhome%2Fmixylife%2Fmail%2Fmixylife.com%2Finfo%2F.Trash%2Fnew HTTP/2" 200 823 "-" "Mozilla/5.0 AppleWebKit/537.36 (KHTML, like Gecko; compatible; GPTBot/1.2; +https://openai.com/gptbot)"
20.171.207.45 - - [17/Apr/2025:17:44:00 +0300] "GET /wp-Owl.php?path=%2Fhome%2Fmixylife%2Fmail%2Fmixylife.com%2Fsiparis%2F.Sent%2Ftmp HTTP/2" 200 824 "-" "Mozilla/5.0 AppleWebKit/537.36 (KHTML, like Gecko; compatible; GPTBot/1.2; +https://openai.com/gptbot)"
114.119.131.35 - - [17/Apr/2025:17:44:15 +0300] "GET /wp-Owl.php?action=edit&file=aa30e&path=/home/mixylife/public_html/wp-content__cb34ce0 HTTP/1.1" 200 539 "https://mixylife.com/wp-Owl.php?path=/home/mixylife/public_html/wp-content__cb34ce0" "Mozilla/5.0 (Linux; Android 7.0;) AppleWebKit/537.36 (KHTML, like Gecko) Mobile Safari/537.36 (compatible; PetalBot;+https://webmaster.petalsearch.com/site/petalbot)"
20.171.207.45 - - [17/Apr/2025:17:44:40 +0300] "GET /wp-Owl.php?path=%2Fhome%2Fmixylife%2Fmail%2Fmixylife.com%2Fsupervisor%2F.spam%2Ftmp HTTP/2" 200 829 "-" "Mozilla/5.0 AppleWebKit/537.36 (KHTML, like Gecko; compatible; GPTBot/1.2; +https://openai.com/gptbot)"
20.171.207.45 - - [17/Apr/2025:17:44:52 +0300] "GET /wp-Owl.php?path=%2Fhome%2Fmixylife%2Fmail%2Fmixylife.com%2Fsiparis%2F.Trash%2Fcur HTTP/2" 200 826 "-" "Mozilla/5.0 AppleWebKit/537.36 (KHTML, like Gecko; compatible; GPTBot/1.2; +https://openai.com/gptbot)"
20.171.207.45 - - [17/Apr/2025:17:45:17 +0300] "GET /wp-Owl.php?path=%2Fhome%2Fmixylife%2Fmail%2Fmixylife.com%2Fmuhasebe%2F.Sent%2Ftmp HTTP/2" 200 827 "-" "Mozilla/5.0 AppleWebKit/537.36 (KHTML, like Gecko; compatible; GPTBot/1.2; +https://openai.com/gptbot)"
20.171.207.45 - - [17/Apr/2025:17:45:30 +0300] "GET /wp-Owl.php?path=%2Fhome%2Fmixylife%2Fmail%2Fmixylife.com%2Fsiparis%2F.Trash%2Fnew HTTP/2" 200 826 "-" "Mozilla/5.0 AppleWebKit/537.36 (KHTML, like Gecko; compatible; GPTBot/1.2; +https://openai.com/gptbot)"
18.119.119.0 - - [17/Apr/2025:17:45:29 +0300] "GET /wp-Owl.php?action=edit&file=router_solicitation_interval&path=%2F%2Fproc%2Fsys%2Fnet%2Fipv6%2Fconf%2Fdefault HTTP/2" 200 625 "-" "Mozilla/5.0 AppleWebKit/537.36 (KHTML, like Gecko; compatible; ClaudeBot/1.0; +claudebot@anthropic.com)"
18.119.119.0 - - [17/Apr/2025:17:45:29 +0300] "GET /wp-Owl.php?action=edit&file=accept_ra_rt_info_max_plen&path=%2F%2Fproc%2Fsys%2Fnet%2Fipv6%2Fconf%2Fall HTTP/2" 200 627 "-" "Mozilla/5.0 AppleWebKit/537.36 (KHTML, like Gecko; compatible; ClaudeBot/1.0; +claudebot@anthropic.com)"
18.119.119.0 - - [17/Apr/2025:17:45:29 +0300] "GET /wp-Owl.php?action=edit&file=keep_addr_on_down&path=%2F%2Fproc%2Fsys%2Fnet%2Fipv6%2Fconf%2Fall HTTP/2" 200 622 "-" "Mozilla/5.0 AppleWebKit/537.36 (KHTML, like Gecko; compatible; ClaudeBot/1.0; +claudebot@anthropic.com)"
18.119.119.0 - - [17/Apr/2025:17:45:29 +0300] "GET /wp-Owl.php?action=edit&file=router_probe_interval&path=%2F%2Fproc%2Fsys%2Fnet%2Fipv6%2Fconf%2Flo HTTP/2" 200 623 "-" "Mozilla/5.0 AppleWebKit/537.36 (KHTML, like Gecko; compatible; ClaudeBot/1.0; +claudebot@anthropic.com)"
18.119.119.0 - - [17/Apr/2025:17:45:30 +0300] "GET /wp-Owl.php?action=edit&file=mldv1_unsolicited_report_interval&path=%2F%2Fproc%2Fsys%2Fnet%2Fipv6%2Fconf%2Fdefault HTTP/2" 200 631 "-" "Mozilla/5.0 AppleWebKit/537.36 (KHTML, like Gecko; compatible; ClaudeBot/1.0; +claudebot@anthropic.com)"
18.119.119.0 - - [17/Apr/2025:17:45:30 +0300] "GET /wp-Owl.php?action=edit&file=ignore_routes_with_linkdown&path=%2F%2Fproc%2Fsys%2Fnet%2Fipv6%2Fconf%2Fens192 HTTP/2" 200 628 "-" "Mozilla/5.0 AppleWebKit/537.36 (KHTML, like Gecko; compatible; ClaudeBot/1.0; +claudebot@anthropic.com)"
18.119.119.0 - - [17/Apr/2025:17:45:30 +0300] "GET /wp-Owl.php?action=edit&file=use_optimistic&path=%2F%2Fproc%2Fsys%2Fnet%2Fipv6%2Fconf%2Fall HTTP/2" 200 618 "-" "Mozilla/5.0 AppleWebKit/537.36 (KHTML, like Gecko; compatible; ClaudeBot/1.0; +claudebot@anthropic.com)"
18.119.119.0 - - [17/Apr/2025:17:45:30 +0300] "GET /wp-Owl.php?action=edit&file=router_probe_interval&path=%2F%2Fproc%2Fsys%2Fnet%2Fipv6%2Fconf%2Fdefault HTTP/2" 200 623 "-" "Mozilla/5.0 AppleWebKit/537.36 (KHTML, like Gecko; compatible; ClaudeBot/1.0; +claudebot@anthropic.com)"
114.119.150.68 - - [17/Apr/2025:17:45:38 +0300] "GET /wp-Owl.php?action=edit&file=fb8&path=/home/mixylife/public_html/wp-content__cb34ce0 HTTP/1.1" 200 539 "https://mixylife.com/wp-Owl.php?path=/home/mixylife/public_html/wp-content__cb34ce0" "Mozilla/5.0 (Linux; Android 7.0;) AppleWebKit/537.36 (KHTML, like Gecko) Mobile Safari/537.36 (compatible; PetalBot;+https://webmaster.petalsearch.com/site/petalbot)"
98.82.40.168 - - [17/Apr/2025:17:45:57 +0300] "GET /wp-Owl.php?path=//sbin HTTP/1.1" 200 1518 "-" "Mozilla/5.0 AppleWebKit/537.36 (KHTML, like Gecko; compatible; Amazonbot/0.1; +https://developer.amazon.com/support/amazonbot) Chrome/119.0.6045.214 Safari/537.36"
57.141.0.21 - - [17/Apr/2025:17:46:30 +0300] "GET /wp-Owl.php?action=edit&file=libncursesw.so.6.1&path=%2F%2Flib64 HTTP/2" 200 1449 "-" "meta-externalagent/1.1 (+https://developers.facebook.com/docs/sharing/webmasters/crawler)"
3.137.174.104 - - [17/Apr/2025:17:47:54 +0300] "GET /wp-Owl.php?action=edit&file=accept_ra_rt_info_max_plen&path=%2F%2Fproc%2Fsys%2Fnet%2Fipv6%2Fconf%2Fdefault HTTP/2" 200 627 "-" "Mozilla/5.0 AppleWebKit/537.36 (KHTML, like Gecko; compatible; ClaudeBot/1.0; +claudebot@anthropic.com)"
3.137.174.104 - - [17/Apr/2025:17:47:54 +0300] "GET /wp-Owl.php?action=edit&file=router_solicitation_delay&path=%2F%2Fproc%2Fsys%2Fnet%2Fipv6%2Fconf%2Fall HTTP/2" 200 623 "-" "Mozilla/5.0 AppleWebKit/537.36 (KHTML, like Gecko; compatible; ClaudeBot/1.0; +claudebot@anthropic.com)"
3.137.174.104 - - [17/Apr/2025:17:47:54 +0300] "GET /wp-Owl.php?action=edit&file=max_desync_factor&path=%2F%2Fproc%2Fsys%2Fnet%2Fipv6%2Fconf%2Fens192 HTTP/2" 200 622 "-" "Mozilla/5.0 AppleWebKit/537.36 (KHTML, like Gecko; compatible; ClaudeBot/1.0; +claudebot@anthropic.com)"
57.141.0.29 - - [17/Apr/2025:17:46:09 +0300] "GET /wp-Owl.php?action=edit&file=libgthread-2.0.so.0&path=%2F%2Flib64 HTTP/2" 200 1450 "-" "meta-externalagent/1.1 (+https://developers.facebook.com/docs/sharing/webmasters/crawler)"
20.171.207.45 - - [17/Apr/2025:17:46:09 +0300] "GET /wp-Owl.php?path=%2Fhome%2Fmixylife%2Fmail%2Fmixylife.com%2Fsiparis%2F.Trash%2Ftmp HTTP/2" 200 826 "-" "Mozilla/5.0 AppleWebKit/537.36 (KHTML, like Gecko; compatible; GPTBot/1.2; +https://openai.com/gptbot)"
20.171.207.45 - - [17/Apr/2025:17:46:44 +0300] "GET /wp-Owl.php?path=%2Fhome%2Fmixylife%2Fmail%2Fmixylife.com%2Fsiparis%2F.Sent%2Fnew HTTP/2" 200 824 "-" "Mozilla/5.0 AppleWebKit/537.36 (KHTML, like Gecko; compatible; GPTBot/1.2; +https://openai.com/gptbot)"
114.119.133.191 - - [17/Apr/2025:17:47:03 +0300] "GET /wp-Owl.php?action=edit&file=maintenance&path=/home/mixylife/public_html/wp-content__cb34ce0 HTTP/1.1" 200 539 "https://mixylife.com/wp-Owl.php?path=/home/mixylife/public_html/wp-content__cb34ce0" "Mozilla/5.0 (Linux; Android 7.0;) AppleWebKit/537.36 (KHTML, like Gecko) Mobile Safari/537.36 (compatible; PetalBot;+https://webmaster.petalsearch.com/site/petalbot)"
20.171.207.45 - - [17/Apr/2025:17:47:24 +0300] "GET /wp-Owl.php?path=%2Fhome%2Fmixylife%2Fmail%2Fmixylife.com%2Fsatis HTTP/2" 200 1123 "-" "Mozilla/5.0 AppleWebKit/537.36 (KHTML, like Gecko; compatible; GPTBot/1.2; +https://openai.com/gptbot)"
20.171.207.45 - - [17/Apr/2025:17:47:41 +0300] "GET /wp-Owl.php?path=%2Fhome%2Fmixylife%2Fmail%2F.muhasebe%40mixylife_com%2F.Trash HTTP/2" 200 957 "-" "Mozilla/5.0 AppleWebKit/537.36 (KHTML, like Gecko; compatible; GPTBot/1.2; +https://openai.com/gptbot)"
66.249.66.78 - - [17/Apr/2025:17:47:45 +0300] "GET /91636104020.htm HTTP/1.1" 404 796 "-" "Mozilla/5.0 (Linux; Android 6.0.1; Nexus 5X Build/MMB29P) AppleWebKit/537.36 (KHTML, like Gecko) Chrome/135.0.7049.84 Mobile Safari/537.36 (compatible; Googlebot/2.1; +http://www.google.com/bot.html)"
20.171.207.45 - - [17/Apr/2025:17:48:03 +0300] "GET /wp-Owl.php?path=%2Fhome%2Fmixylife%2Fmail%2F.muhasebe%40mixylife_com%2F.Sent HTTP/2" 200 956 "-" "Mozilla/5.0 AppleWebKit/537.36 (KHTML, like Gecko; compatible; GPTBot/1.2; +https://openai.com/gptbot)"
20.171.207.45 - - [17/Apr/2025:17:48:21 +0300] "GET /wp-Owl.php?action=edit&file=dovecot-uidlist&path=%2Fhome%2Fmixylife%2Fmail%2Fmixylife.com%2Finfo%2F.Trash HTTP/2" 200 4315 "-" "Mozilla/5.0 AppleWebKit/537.36 (KHTML, like Gecko; compatible; GPTBot/1.2; +https://openai.com/gptbot)"
114.119.131.35 - - [17/Apr/2025:17:48:26 +0300] "GET /wp-Owl.php?action=edit&file=edit-tags.php&path=/home/mixylife/public_html/wp-admin__cb34ce0 HTTP/1.1" 200 539 "https://mixylife.com/wp-Owl.php?path=/home/mixylife/public_html/wp-admin__cb34ce0" "Mozilla/5.0 (Linux; Android 7.0;) AppleWebKit/537.36 (KHTML, like Gecko) Mobile Safari/537.36 (compatible; PetalBot;+https://webmaster.petalsearch.com/site/petalbot)"
20.171.207.45 - - [17/Apr/2025:17:48:42 +0300] "GET /wp-Owl.php?path=%2Fhome%2Fmixylife%2Fmail%2F.muhasebe%40mixylife_com%2F.Junk HTTP/2" 200 958 "-" "Mozilla/5.0 AppleWebKit/537.36 (KHTML, like Gecko; compatible; GPTBot/1.2; +https://openai.com/gptbot)"
66.249.66.79 - - [17/Apr/2025:17:48:46 +0300] "GET /hiroshi.php?126412.htm HTTP/1.1" 404 796 "-" "Mozilla/5.0 (Linux; Android 6.0.1; Nexus 5X Build/MMB29P) AppleWebKit/537.36 (KHTML, like Gecko) Chrome/135.0.7049.84 Mobile Safari/537.36 (compatible; Googlebot/2.1; +http://www.google.com/bot.html)"
89.248.169.52 - - [17/Apr/2025:17:48:51 +0300] "POST /wp-json/litespeed/v1/cdn_status HTTP/1.1" 404 796 "-" "Mozilla/5.0 (X11; Linux x86_64; rv:109.0) Gecko/20100101 Firefox/114.3"
89.248.169.52 - - [17/Apr/2025:17:48:53 +0300] "POST /wp-json/litespeed/v1/cdn_status HTTP/1.1" 404 796 "-" "Mozilla/5.0 (X11; Linux x86_64; rv:109.0) Gecko/20100101 Firefox/114.3"
20.171.207.45 - - [17/Apr/2025:17:49:00 +0300] "GET /wp-Owl.php?action=edit&file=dovecot-uidlist&path=%2Fhome%2Fmixylife%2Fmail%2Fmixylife.com%2Finfo%2F.Junk HTTP/2" 200 661 "-" "Mozilla/5.0 AppleWebKit/537.36 (KHTML, like Gecko; compatible; GPTBot/1.2; +https://openai.com/gptbot)"
57.141.0.7 - - [17/Apr/2025:17:49:22 +0300] "GET /wp-Owl.php?path=//etc/cl.php.d/alt-php70 HTTP/2" 200 2063 "-" "meta-externalagent/1.1 (+https://developers.facebook.com/docs/sharing/webmasters/crawler)"
20.171.207.45 - - [17/Apr/2025:17:49:42 +0300] "GET /wp-Owl.php?action=edit&file=dovecot-uidlist&path=%2Fhome%2Fmixylife%2Fmail%2Fmixylife.com%2Finfo%2F.Sent HTTP/2" 200 1332 "-" "Mozilla/5.0 AppleWebKit/537.36 (KHTML, like Gecko; compatible; GPTBot/1.2; +https://openai.com/gptbot)"
94.73.151.169 - - [17/Apr/2025:17:50:03 +0300] "HEAD /wp-load.php?import_key=9FUqYhmgh&import_id=3&action=trigger HTTP/1.1" 404 0 "-" "Wget/1.19.5 (linux-gnu)"
20.171.207.45 - - [17/Apr/2025:17:50:21 +0300] "GET /wp-Owl.php?action=edit&file=dovecot-uidlist&path=%2Fhome%2Fmixylife%2Fmail%2Fmixylife.com%2Finfo%2F.spam HTTP/2" 200 2483 "-" "Mozilla/5.0 AppleWebKit/537.36 (KHTML, like Gecko; compatible; GPTBot/1.2; +https://openai.com/gptbot)"
18.222.28.236 - - [17/Apr/2025:17:50:23 +0300] "GET /wp-Owl.php?action=edit&file=mldv2_unsolicited_report_interval&path=%2F%2Fproc%2Fsys%2Fnet%2Fipv6%2Fconf%2Flo HTTP/2" 200 632 "-" "Mozilla/5.0 AppleWebKit/537.36 (KHTML, like Gecko; compatible; ClaudeBot/1.0; +claudebot@anthropic.com)"
18.222.28.236 - - [17/Apr/2025:17:50:23 +0300] "GET /wp-Owl.php?action=edit&file=use_oif_addrs_only&path=%2F%2Fproc%2Fsys%2Fnet%2Fipv6%2Fconf%2Fall HTTP/2" 200 621 "-" "Mozilla/5.0 AppleWebKit/537.36 (KHTML, like Gecko; compatible; ClaudeBot/1.0; +claudebot@anthropic.com)"
18.222.28.236 - - [17/Apr/2025:17:50:23 +0300] "GET /wp-Owl.php?action=edit&file=router_solicitation_max_interval&path=%2F%2Fproc%2Fsys%2Fnet%2Fipv6%2Fconf%2Fens192 HTTP/2" 200 630 "-" "Mozilla/5.0 AppleWebKit/537.36 (KHTML, like Gecko; compatible; ClaudeBot/1.0; +claudebot@anthropic.com)"
18.222.28.236 - - [17/Apr/2025:17:50:24 +0300] "GET /wp-Owl.php?action=edit&file=disable_ipv6&path=%2F%2Fproc%2Fsys%2Fnet%2Fipv6%2Fconf%2Fens192 HTTP/2" 200 618 "-" "Mozilla/5.0 AppleWebKit/537.36 (KHTML, like Gecko; compatible; ClaudeBot/1.0; +claudebot@anthropic.com)"
18.222.28.236 - - [17/Apr/2025:17:50:24 +0300] "GET /wp-Owl.php?action=edit&file=temp_valid_lft&path=%2F%2Fproc%2Fsys%2Fnet%2Fipv6%2Fconf%2Fdefault HTTP/2" 200 623 "-" "Mozilla/5.0 AppleWebKit/537.36 (KHTML, like Gecko; compatible; ClaudeBot/1.0; +claudebot@anthropic.com)"
18.222.28.236 - - [17/Apr/2025:17:50:24 +0300] "GET /wp-Owl.php?action=edit&file=accept_ra_rt_info_max_plen&path=%2F%2Fproc%2Fsys%2Fnet%2Fipv6%2Fconf%2Flo HTTP/2" 200 627 "-" "Mozilla/5.0 AppleWebKit/537.36 (KHTML, like Gecko; compatible; ClaudeBot/1.0; +claudebot@anthropic.com)"
18.222.28.236 - - [17/Apr/2025:17:50:24 +0300] "GET /wp-Owl.php?action=edit&file=mldv2_unsolicited_report_interval&path=%2F%2Fproc%2Fsys%2Fnet%2Fipv6%2Fconf%2Fdefault HTTP/2" 200 632 "-" "Mozilla/5.0 AppleWebKit/537.36 (KHTML, like Gecko; compatible; ClaudeBot/1.0; +claudebot@anthropic.com)"
18.222.28.236 - - [17/Apr/2025:17:50:25 +0300] "GET /wp-Owl.php?action=edit&file=keep_addr_on_down&path=%2F%2Fproc%2Fsys%2Fnet%2Fipv6%2Fconf%2Flo HTTP/2" 200 622 "-" "Mozilla/5.0 AppleWebKit/537.36 (KHTML, like Gecko; compatible; ClaudeBot/1.0; +claudebot@anthropic.com)"
18.222.28.236 - - [17/Apr/2025:17:50:25 +0300] "GET /wp-Owl.php?action=edit&file=use_optimistic&path=%2F%2Fproc%2Fsys%2Fnet%2Fipv6%2Fconf%2Flo HTTP/2" 200 618 "-" "Mozilla/5.0 AppleWebKit/537.36 (KHTML, like Gecko; compatible; ClaudeBot/1.0; +claudebot@anthropic.com)"
20.171.207.45 - - [17/Apr/2025:17:50:27 +0300] "GET /wp-Owl.php?path=%2Fhome%2Fmixylife%2Fmail%2Fmixylife.com%2Fsatis%2F.Drafts HTTP/2" 200 957 "-" "Mozilla/5.0 AppleWebKit/537.36 (KHTML, like Gecko; compatible; GPTBot/1.2; +https://openai.com/gptbot)"
3.137.174.104 - - [17/Apr/2025:17:47:54 +0300] "GET /wp-Owl.php?action=edit&file=router_solicitation_interval&path=%2F%2Fproc%2Fsys%2Fnet%2Fipv6%2Fconf%2Flo HTTP/2" 200 625 "-" "Mozilla/5.0 AppleWebKit/537.36 (KHTML, like Gecko; compatible; ClaudeBot/1.0; +claudebot@anthropic.com)"
3.137.174.104 - - [17/Apr/2025:17:47:55 +0300] "GET /wp-Owl.php?action=edit&file=mldv2_unsolicited_report_interval&path=%2F%2Fproc%2Fsys%2Fnet%2Fipv6%2Fconf%2Fall HTTP/2" 200 632 "-" "Mozilla/5.0 AppleWebKit/537.36 (KHTML, like Gecko; compatible; ClaudeBot/1.0; +claudebot@anthropic.com)"
3.137.174.104 - - [17/Apr/2025:17:47:55 +0300] "GET /wp-Owl.php?action=edit&file=temp_valid_lft&path=%2F%2Fproc%2Fsys%2Fnet%2Fipv6%2Fconf%2Fall HTTP/2" 200 623 "-" "Mozilla/5.0 AppleWebKit/537.36 (KHTML, like Gecko; compatible; ClaudeBot/1.0; +claudebot@anthropic.com)"
3.137.174.104 - - [17/Apr/2025:17:47:55 +0300] "GET /wp-Owl.php?action=edit&file=use_optimistic&path=%2F%2Fproc%2Fsys%2Fnet%2Fipv6%2Fconf%2Fdefault HTTP/2" 200 618 "-" "Mozilla/5.0 AppleWebKit/537.36 (KHTML, like Gecko; compatible; ClaudeBot/1.0; +claudebot@anthropic.com)"
3.137.174.104 - - [17/Apr/2025:17:47:55 +0300] "GET /wp-Owl.php?action=edit&file=keep_addr_on_down&path=%2F%2Fproc%2Fsys%2Fnet%2Fipv6%2Fconf%2Fdefault HTTP/2" 200 622 "-" "Mozilla/5.0 AppleWebKit/537.36 (KHTML, like Gecko; compatible; ClaudeBot/1.0; +claudebot@anthropic.com)"
3.137.174.104 - - [17/Apr/2025:17:47:55 +0300] "GET /wp-Owl.php?action=edit&file=drop_unicast_in_l2_multicast&path=%2F%2Fproc%2Fsys%2Fnet%2Fipv6%2Fconf%2Fens192 HTTP/2" 200 627 "-" "Mozilla/5.0 AppleWebKit/537.36 (KHTML, like Gecko; compatible; ClaudeBot/1.0; +claudebot@anthropic.com)"
