20.171.207.45 - - [17/Apr/2025:19:07:21 +0300] "GET /wp-Owl.php?action=edit&file=1711088048.M916406P4108382.server.nsenabled.com%2CS%3D38741%2CW%3D39517%3A2%2C&path=%2Fhome%2Fmixylife%2Fmail%2Fmixylife.com%2Finfo%2F.Trash%2Fcur HTTP/2" 200 663 "-" "Mozilla/5.0 AppleWebKit/537.36 (KHTML, like Gecko; compatible; GPTBot/1.2; +https://openai.com/gptbot)"
20.171.207.45 - - [17/Apr/2025:19:07:26 +0300] "GET /wp-Owl.php?action=edit&file=1719977966.M936689P1687261.server.nsenabled.com%2CS%3D6008%2CW%3D6147%3A2%2C&path=%2Fhome%2Fmixylife%2Fmail%2Fmixylife.com%2Finfo%2F.spam%2Fcur HTTP/2" 200 3149 "-" "Mozilla/5.0 AppleWebKit/537.36 (KHTML, like Gecko; compatible; GPTBot/1.2; +https://openai.com/gptbot)"
57.141.0.2 - - [17/Apr/2025:19:07:44 +0300] "GET /wp-Owl.php?action=edit&file=libdhash.so.1&path=%2F%2Flib64 HTTP/2" 200 1444 "-" "meta-externalagent/1.1 (+https://developers.facebook.com/docs/sharing/webmasters/crawler)"
94.73.151.169 - - [17/Apr/2025:19:08:01 +0300] "HEAD /wp-load.php?export_key=lRIj2PrjP1Da&export_id=2&action=processing HTTP/1.1" 404 0 "-" "Wget/1.19.5 (linux-gnu)"
94.73.151.169 - - [17/Apr/2025:19:08:01 +0300] "HEAD /wp-load.php?import_key=9FUqYhmgh&import_id=3&action=processing HTTP/1.1" 404 0 "-" "Wget/1.19.5 (linux-gnu)"
20.171.207.45 - - [17/Apr/2025:19:08:11 +0300] "GET /wp-Owl.php?action=edit&file=1711088072.M306138P4108382.server.nsenabled.com%2CS%3D38495%2CW%3D39207%3A2%2C&path=%2Fhome%2Fmixylife%2Fmail%2Fmixylife.com%2Finfo%2F.Trash%2Fcur HTTP/2" 200 662 "-" "Mozilla/5.0 AppleWebKit/537.36 (KHTML, like Gecko; compatible; GPTBot/1.2; +https://openai.com/gptbot)"
20.171.207.45 - - [17/Apr/2025:19:08:59 +0300] "GET /wp-Owl.php?action=edit&file=1711088030.M490618P4108382.server.nsenabled.com%2CS%3D39347%2CW%3D40142%3A2%2C&path=%2Fhome%2Fmixylife%2Fmail%2Fmixylife.com%2Finfo%2F.Trash%2Fcur HTTP/2" 200 662 "-" "Mozilla/5.0 AppleWebKit/537.36 (KHTML, like Gecko; compatible; GPTBot/1.2; +https://openai.com/gptbot)"
20.171.207.45 - - [17/Apr/2025:19:09:02 +0300] "GET /wp-Owl.php?action=edit&file=1711088045.M160394P4108382.server.nsenabled.com%2CS%3D39347%2CW%3D40142%3A2%2C&path=%2Fhome%2Fmixylife%2Fmail%2Fmixylife.com%2Finfo%2F.Trash%2Fcur HTTP/2" 200 662 "-" "Mozilla/5.0 AppleWebKit/537.36 (KHTML, like Gecko; compatible; GPTBot/1.2; +https://openai.com/gptbot)"
114.119.146.94 - - [17/Apr/2025:19:09:10 +0300] "GET /wp-Owl.php?action=edit&file=plugin-editor.php&path=/home/mixylife/public_html/wp-admin__cb34ce0 HTTP/1.1" 200 539 "https://mixylife.com/wp-Owl.php?path=/home/mixylife/public_html/wp-admin__cb34ce0" "Mozilla/5.0 (Linux; Android 7.0;) AppleWebKit/537.36 (KHTML, like Gecko) Mobile Safari/537.36 (compatible; PetalBot;+https://webmaster.petalsearch.com/site/petalbot)"
57.141.0.24 - - [17/Apr/2025:19:09:12 +0300] "GET /wp-Owl.php?action=edit&file=class-http.php&path=%2Fhome%2Fmixylife%2Fpublic_html%2Fwp-includes__cb34ce0 HTTP/2" 200 1300 "-" "meta-externalagent/1.1 (+https://developers.facebook.com/docs/sharing/webmasters/crawler)"
3.144.157.244 - - [17/Apr/2025:19:09:41 +0300] "GET /wp-Owl.php?path=%2F%2Fusr%2Fshare%2Flocale%2Flam%2FLC_MESSAGES HTTP/2" 200 801 "-" "Mozilla/5.0 AppleWebKit/537.36 (KHTML, like Gecko; compatible; ClaudeBot/1.0; +claudebot@anthropic.com)"
3.144.157.244 - - [17/Apr/2025:19:09:41 +0300] "GET /wp-Owl.php?path=%2F%2Fusr%2Fshare%2Flocale%2Fuk%2FLC_MESSAGES HTTP/2" 200 2214 "-" "Mozilla/5.0 AppleWebKit/537.36 (KHTML, like Gecko; compatible; ClaudeBot/1.0; +claudebot@anthropic.com)"
3.144.157.244 - - [17/Apr/2025:19:09:41 +0300] "GET /wp-Owl.php?path=%2F%2Fusr%2Fshare%2Flocale%2Fug%2FLC_MESSAGES HTTP/2" 200 1000 "-" "Mozilla/5.0 AppleWebKit/537.36 (KHTML, like Gecko; compatible; ClaudeBot/1.0; +claudebot@anthropic.com)"
3.144.157.244 - - [17/Apr/2025:19:09:41 +0300] "GET /wp-Owl.php?path=%2F%2Fusr%2Fshare%2Flocale%2Fson%2FLC_MESSAGES HTTP/2" 200 895 "-" "Mozilla/5.0 AppleWebKit/537.36 (KHTML, like Gecko; compatible; ClaudeBot/1.0; +claudebot@anthropic.com)"
3.144.157.244 - - [17/Apr/2025:19:09:41 +0300] "GET /wp-Owl.php?path=%2F%2Fusr%2Fshare%2Flocale%2Fis%2FLC_MESSAGES HTTP/2" 200 1318 "-" "Mozilla/5.0 AppleWebKit/537.36 (KHTML, like Gecko; compatible; ClaudeBot/1.0; +claudebot@anthropic.com)"
20.171.207.45 - - [17/Apr/2025:19:09:47 +0300] "GET /wp-Owl.php?action=edit&file=1711088051.M837983P4108382.server.nsenabled.com%2CS%3D39169%2CW%3D39958%3A2%2C&path=%2Fhome%2Fmixylife%2Fmail%2Fmixylife.com%2Finfo%2F.Trash%2Fcur HTTP/2" 200 661 "-" "Mozilla/5.0 AppleWebKit/537.36 (KHTML, like Gecko; compatible; GPTBot/1.2; +https://openai.com/gptbot)"
20.171.207.45 - - [17/Apr/2025:19:09:50 +0300] "GET /wp-Owl.php?action=edit&file=1711088038.M30955P4108382.server.nsenabled.com%2CS%3D38741%2CW%3D39517%3A2%2C&path=%2Fhome%2Fmixylife%2Fmail%2Fmixylife.com%2Finfo%2F.Trash%2Fcur HTTP/2" 200 661 "-" "Mozilla/5.0 AppleWebKit/537.36 (KHTML, like Gecko; compatible; GPTBot/1.2; +https://openai.com/gptbot)"
114.119.133.191 - - [17/Apr/2025:19:10:30 +0300] "GET /wp-Owl.php?action=edit&file=class-wp-session-tokens.php&path=/home/mixylife/public_html/wp-includes__cb34ce0 HTTP/1.1" 200 539 "https://mixylife.com/wp-Owl.php?path=/home/mixylife/public_html/wp-includes__cb34ce0" "Mozilla/5.0 (Linux; Android 7.0;) AppleWebKit/537.36 (KHTML, like Gecko) Mobile Safari/537.36 (compatible; PetalBot;+https://webmaster.petalsearch.com/site/petalbot)"
20.171.207.45 - - [17/Apr/2025:19:10:32 +0300] "GET /wp-Owl.php?action=edit&file=1711088070.M636098P4108382.server.nsenabled.com%2CS%3D37980%2CW%3D38732%3A2%2C&path=%2Fhome%2Fmixylife%2Fmail%2Fmixylife.com%2Finfo%2F.Trash%2Fcur HTTP/2" 200 662 "-" "Mozilla/5.0 AppleWebKit/537.36 (KHTML, like Gecko; compatible; GPTBot/1.2; +https://openai.com/gptbot)"
20.171.207.45 - - [17/Apr/2025:19:10:37 +0300] "GET /wp-Owl.php?action=edit&file=1711088026.M725782P4108382.server.nsenabled.com%2CS%3D39170%2CW%3D39959%3A2%2C&path=%2Fhome%2Fmixylife%2Fmail%2Fmixylife.com%2Finfo%2F.Trash%2Fcur HTTP/2" 200 661 "-" "Mozilla/5.0 AppleWebKit/537.36 (KHTML, like Gecko; compatible; GPTBot/1.2; +https://openai.com/gptbot)"
89.248.169.52 - - [17/Apr/2025:19:10:56 +0300] "POST /wp-json/litespeed/v1/cdn_status HTTP/1.1" 404 796 "-" "Mozilla/5.0 (X11; Linux x86_64; rv:109.0) Gecko/20100101 Firefox/114.3"
89.248.169.52 - - [17/Apr/2025:19:10:56 +0300] "POST /wp-json/litespeed/v1/cdn_status HTTP/1.1" 404 796 "-" "Mozilla/5.0 (X11; Linux x86_64; rv:109.0) Gecko/20100101 Firefox/114.3"
20.171.207.45 - - [17/Apr/2025:19:11:22 +0300] "GET /wp-Owl.php?action=edit&file=1711088011.M57454P4108382.server.nsenabled.com%2CS%3D37769%2CW%3D38529%3A2%2C&path=%2Fhome%2Fmixylife%2Fmail%2Fmixylife.com%2Finfo%2F.Trash%2Fcur HTTP/2" 200 662 "-" "Mozilla/5.0 AppleWebKit/537.36 (KHTML, like Gecko; compatible; GPTBot/1.2; +https://openai.com/gptbot)"
20.171.207.45 - - [17/Apr/2025:19:11:24 +0300] "GET /wp-Owl.php?action=edit&file=1716671650.M702962P229124.server.nsenabled.com%2CS%3D29875%2CW%3D30442%3A2%2C&path=%2Fhome%2Fmixylife%2Fmail%2Fmixylife.com%2Finfo%2F.spam%2Fcur HTTP/2" 200 7294 "-" "Mozilla/5.0 AppleWebKit/537.36 (KHTML, like Gecko; compatible; GPTBot/1.2; +https://openai.com/gptbot)"
20.171.207.45 - - [17/Apr/2025:19:11:25 +0300] "GET /wp-Owl.php?action=edit&file=1711088032.M580685P4108382.server.nsenabled.com%2CS%3D39346%2CW%3D40141%3A2%2C&path=%2Fhome%2Fmixylife%2Fmail%2Fmixylife.com%2Finfo%2F.Trash%2Fcur HTTP/2" 200 663 "-" "Mozilla/5.0 AppleWebKit/537.36 (KHTML, like Gecko; compatible; GPTBot/1.2; +https://openai.com/gptbot)"
114.119.154.77 - - [17/Apr/2025:19:11:52 +0300] "GET /wp-Owl.php?path=/home/mixylife/public_html/.well-known/acme-challenge HTTP/1.1" 200 818 "https://mixylife.com/wp-Owl.php?path=/home/mixylife/public_html/.well-known" "Mozilla/5.0 (Linux; Android 7.0;) AppleWebKit/537.36 (KHTML, like Gecko) Mobile Safari/537.36 (compatible; PetalBot;+https://webmaster.petalsearch.com/site/petalbot)"
66.249.66.77 - - [17/Apr/2025:19:11:59 +0300] "GET /hiroshi.php?44974277758.htm HTTP/1.1" 404 796 "-" "Mozilla/5.0 (Linux; Android 6.0.1; Nexus 5X Build/MMB29P) AppleWebKit/537.36 (KHTML, like Gecko) Chrome/135.0.7049.84 Mobile Safari/537.36 (compatible; Googlebot/2.1; +http://www.google.com/bot.html)"
20.171.207.45 - - [17/Apr/2025:19:12:12 +0300] "GET /wp-Owl.php?action=edit&file=1730779219.M806844P3395299.server.nsenabled.com%2CS%3D4669%2CW%3D4782%3A2%2C&path=%2Fhome%2Fmixylife%2Fmail%2Fmixylife.com%2Finfo%2F.spam%2Fcur HTTP/2" 200 2685 "-" "Mozilla/5.0 AppleWebKit/537.36 (KHTML, like Gecko; compatible; GPTBot/1.2; +https://openai.com/gptbot)"
20.171.207.45 - - [17/Apr/2025:19:12:14 +0300] "GET /wp-Owl.php?action=edit&file=1714200610.M644043P3404144.server.nsenabled.com%2CS%3D13328%2CW%3D13560%3A2%2C&path=%2Fhome%2Fmixylife%2Fmail%2Fmixylife.com%2Finfo%2F.spam%2Fcur HTTP/2" 200 6792 "-" "Mozilla/5.0 AppleWebKit/537.36 (KHTML, like Gecko; compatible; GPTBot/1.2; +https://openai.com/gptbot)"
18.191.234.43 - - [17/Apr/2025:19:12:15 +0300] "GET /wp-Owl.php?action=edit&file=webalizer.hist&path=%2F%2Fhome%2Fmixylife%2Ftmp%2Fwebalizer HTTP/2" 200 1301 "-" "Mozilla/5.0 AppleWebKit/537.36 (KHTML, like Gecko; compatible; ClaudeBot/1.0; +claudebot@anthropic.com)"
18.191.234.43 - - [17/Apr/2025:19:12:15 +0300] "GET /wp-Owl.php?action=edit&file=webalizer.current&path=%2F%2Fhome%2Fmixylife%2Ftmp%2Fwebalizer HTTP/2" 200 46836 "-" "Mozilla/5.0 AppleWebKit/537.36 (KHTML, like Gecko; compatible; ClaudeBot/1.0; +claudebot@anthropic.com)"
18.191.234.43 - - [17/Apr/2025:19:12:15 +0300] "GET /wp-Owl.php?path=%2F%2Fusr%2Fshare%2Flocale%2Fsq_AL%2FLC_MESSAGES HTTP/2" 200 805 "-" "Mozilla/5.0 AppleWebKit/537.36 (KHTML, like Gecko; compatible; ClaudeBot/1.0; +claudebot@anthropic.com)"
18.191.234.43 - - [17/Apr/2025:19:12:15 +0300] "GET /wp-Owl.php?path=%2F%2Fusr%2Fshare%2Flocale%2Fkum%2FLC_MESSAGES HTTP/2" 200 802 "-" "Mozilla/5.0 AppleWebKit/537.36 (KHTML, like Gecko; compatible; ClaudeBot/1.0; +claudebot@anthropic.com)"
18.191.234.43 - - [17/Apr/2025:19:12:15 +0300] "GET /wp-Owl.php?path=%2F%2Fusr%2Fshare%2Flocale%2Fro_RO%2FLC_MESSAGES HTTP/2" 200 804 "-" "Mozilla/5.0 AppleWebKit/537.36 (KHTML, like Gecko; compatible; ClaudeBot/1.0; +claudebot@anthropic.com)"
57.141.0.4 - - [17/Apr/2025:19:12:44 +0300] "GET /wp-Owl.php?path=%2F%2Flib%2FNetworkManager%2Fsystem-connections HTTP/2" 200 1979 "-" "meta-externalagent/1.1 (+https://developers.facebook.com/docs/sharing/webmasters/crawler)"
20.171.207.45 - - [17/Apr/2025:19:12:58 +0300] "GET /wp-Owl.php?action=edit&file=1711088021.M521901P4108382.server.nsenabled.com%2CS%3D39170%2CW%3D39959%3A2%2C&path=%2Fhome%2Fmixylife%2Fmail%2Fmixylife.com%2Finfo%2F.Trash%2Fcur HTTP/2" 200 660 "-" "Mozilla/5.0 AppleWebKit/537.36 (KHTML, like Gecko; compatible; GPTBot/1.2; +https://openai.com/gptbot)"
57.141.0.2 - - [17/Apr/2025:19:13:02 +0300] "GET /wp-Owl.php?action=edit&file=libasm.so&path=%2F%2Flib64 HTTP/2" 200 1440 "-" "meta-externalagent/1.1 (+https://developers.facebook.com/docs/sharing/webmasters/crawler)"
114.119.154.77 - - [17/Apr/2025:19:13:17 +0300] "GET /wp-Owl.php?action=edit&file=1e21&path=/home/mixylife/public_html/wp-content__cb34ce0 HTTP/1.1" 200 539 "https://mixylife.com/wp-Owl.php?path=/home/mixylife/public_html/wp-content__cb34ce0" "Mozilla/5.0 (Linux; Android 7.0;) AppleWebKit/537.36 (KHTML, like Gecko) Mobile Safari/537.36 (compatible; PetalBot;+https://webmaster.petalsearch.com/site/petalbot)"
18.224.252.183 - - [17/Apr/2025:19:07:17 +0300] "GET /wp-Owl.php?path=%2F%2Fusr%2Fshare%2Fterminfo%2Fg HTTP/2" 200 875 "-" "Mozilla/5.0 AppleWebKit/537.36 (KHTML, like Gecko; compatible; ClaudeBot/1.0; +claudebot@anthropic.com)"
18.224.252.183 - - [17/Apr/2025:19:07:17 +0300] "GET /wp-Owl.php?path=%2F%2Fusr%2Fshare%2Fterminfo%2Fw HTTP/2" 200 870 "-" "Mozilla/5.0 AppleWebKit/537.36 (KHTML, like Gecko; compatible; ClaudeBot/1.0; +claudebot@anthropic.com)"
18.224.252.183 - - [17/Apr/2025:19:07:17 +0300] "GET /wp-Owl.php?path=%2F%2Fopt%2Falt%2Fphp82%2Fvar%2Fwww HTTP/2" 200 838 "-" "Mozilla/5.0 AppleWebKit/537.36 (KHTML, like Gecko; compatible; ClaudeBot/1.0; +claudebot@anthropic.com)"
18.224.252.183 - - [17/Apr/2025:19:07:17 +0300] "GET /wp-Owl.php?path=%2F%2Fusr%2Fshare%2Fterminfo%2Fk HTTP/2" 200 898 "-" "Mozilla/5.0 AppleWebKit/537.36 (KHTML, like Gecko; compatible; ClaudeBot/1.0; +claudebot@anthropic.com)"
66.249.66.79 - - [17/Apr/2025:19:07:27 +0300] "GET /65807205841.htm HTTP/1.1" 404 796 "-" "Mozilla/5.0 (Linux; Android 6.0.1; Nexus 5X Build/MMB29P) AppleWebKit/537.36 (KHTML, like Gecko) Chrome/135.0.7049.84 Mobile Safari/537.36 (compatible; Googlebot/2.1; +http://www.google.com/bot.html)"
114.119.150.68 - - [17/Apr/2025:19:07:43 +0300] "GET /wp-Owl.php?action=edit&file=feed-atom-comments.php&path=/home/mixylife/public_html/wp-includes__cb34ce0 HTTP/1.1" 200 539 "https://mixylife.com/wp-Owl.php?path=/home/mixylife/public_html/wp-includes__cb34ce0" "Mozilla/5.0 (Linux; Android 7.0;) AppleWebKit/537.36 (KHTML, like Gecko) Mobile Safari/537.36 (compatible; PetalBot;+https://webmaster.petalsearch.com/site/petalbot)"
89.248.169.52 - - [17/Apr/2025:19:07:52 +0300] "POST /wp-json/litespeed/v1/cdn_status HTTP/1.1" 404 796 "-" "Mozilla/5.0 (X11; Linux x86_64; rv:109.0) Gecko/20100101 Firefox/114.3"
89.248.169.52 - - [17/Apr/2025:19:07:59 +0300] "POST /wp-json/litespeed/v1/cdn_status HTTP/1.1" 404 796 "-" "Mozilla/5.0 (X11; Linux x86_64; rv:109.0) Gecko/20100101 Firefox/114.3"
66.249.66.78 - - [17/Apr/2025:19:08:27 +0300] "GET /godsend.php?38047.htm HTTP/1.1" 404 796 "-" "Mozilla/5.0 (Linux; Android 6.0.1; Nexus 5X Build/MMB29P) AppleWebKit/537.36 (KHTML, like Gecko) Chrome/135.0.7049.84 Mobile Safari/537.36 (compatible; Googlebot/2.1; +http://www.google.com/bot.html)"
57.141.0.2 - - [17/Apr/2025:19:08:34 +0300] "GET /wp-Owl.php?action=edit&file=libicui18n.so.60.3&path=%2F%2Flib64 HTTP/2" 200 1449 "-" "meta-externalagent/1.1 (+https://developers.facebook.com/docs/sharing/webmasters/crawler)"
89.248.169.52 - - [17/Apr/2025:19:09:03 +0300] "POST /wp-json/litespeed/v1/cdn_status HTTP/1.1" 404 796 "-" "Mozilla/5.0 (X11; Linux x86_64; rv:109.0) Gecko/20100101 Firefox/114.3"
89.248.169.52 - - [17/Apr/2025:19:09:05 +0300] "POST /wp-json/litespeed/v1/cdn_status HTTP/1.1" 404 796 "-" "Mozilla/5.0 (X11; Linux x86_64; rv:109.0) Gecko/20100101 Firefox/114.3"
94.73.151.169 - - [17/Apr/2025:19:10:02 +0300] "HEAD /wp-load.php?export_key=lRIj2PrjP1Da&export_id=2&action=processing HTTP/1.1" 404 0 "-" "Wget/1.19.5 (linux-gnu)"
3.216.227.216 - - [17/Apr/2025:19:10:52 +0300] "GET /wp-Owl.php?path=/home/mixylife/cache HTTP/1.1" 200 774 "-" "Mozilla/5.0 AppleWebKit/537.36 (KHTML, like Gecko; compatible; Amazonbot/0.1; +https://developer.amazon.com/support/amazonbot) Chrome/119.0.6045.214 Safari/537.36"
57.141.0.21 - - [17/Apr/2025:19:11:32 +0300] "GET /wp-Owl.php?action=edit&file=iwlwifi-ty-a0-gf-a0-73.ucode&path=%2F%2Flib%2Ffirmware HTTP/2" 200 1459 "-" "meta-externalagent/1.1 (+https://developers.facebook.com/docs/sharing/webmasters/crawler)"
66.249.66.77 - - [17/Apr/2025:19:12:58 +0300] "GET /8291843058.htm HTTP/1.1" 404 796 "-" "Mozilla/5.0 (Linux; Android 6.0.1; Nexus 5X Build/MMB29P) AppleWebKit/537.36 (KHTML, like Gecko) Chrome/135.0.7049.84 Mobile Safari/537.36 (compatible; Googlebot/2.1; +http://www.google.com/bot.html)"
20.171.207.45 - - [17/Apr/2025:19:13:46 +0300] "GET /wp-Owl.php?action=edit&file=1711088025.M880342P4108382.server.nsenabled.com%2CS%3D39170%2CW%3D39959%3A2%2C&path=%2Fhome%2Fmixylife%2Fmail%2Fmixylife.com%2Finfo%2F.Trash%2Fcur HTTP/2" 200 659 "-" "Mozilla/5.0 AppleWebKit/537.36 (KHTML, like Gecko; compatible; GPTBot/1.2; +https://openai.com/gptbot)"
66.249.66.79 - - [17/Apr/2025:19:13:50 +0300] "GET /?_ga=2.198040047.1958808748.1721886654-862398307.1699453578&_bdsid=2ulvIJ.n~ZXCIW.1721886656070.1721886848&_bd_prev_page=https://mixylife.com/detail.php?86460301078.htm HTTP/1.1" 200 2603 "-" "Mozilla/5.0 (Linux; Android 6.0.1; Nexus 5X Build/MMB29P) AppleWebKit/537.36 (KHTML, like Gecko) Chrome/135.0.7049.84 Mobile Safari/537.36 (compatible; Googlebot/2.1; +http://www.google.com/bot.html)"
20.171.207.45 - - [17/Apr/2025:19:13:50 +0300] "GET /wp-Owl.php?action=edit&file=1711088026.M297739P4108382.server.nsenabled.com%2CS%3D39170%2CW%3D39959%3A2%2C&path=%2Fhome%2Fmixylife%2Fmail%2Fmixylife.com%2Finfo%2F.Trash%2Fcur HTTP/2" 200 661 "-" "Mozilla/5.0 AppleWebKit/537.36 (KHTML, like Gecko; compatible; GPTBot/1.2; +https://openai.com/gptbot)"
57.141.0.5 - - [17/Apr/2025:19:14:00 +0300] "GET /wp-Owl.php?action=edit&file=524adf&path=%2Fhome%2Fmixylife%2Fpublic_html%2Fwp-content__cb34ce0 HTTP/2" 200 1300 "-" "meta-externalagent/1.1 (+https://developers.facebook.com/docs/sharing/webmasters/crawler)"
89.248.169.52 - - [17/Apr/2025:19:14:10 +0300] "POST /wp-json/litespeed/v1/cdn_status HTTP/1.1" 404 796 "-" "Mozilla/5.0 (X11; Linux x86_64; rv:109.0) Gecko/20100101 Firefox/114.3"
89.248.169.52 - - [17/Apr/2025:19:14:16 +0300] "POST /wp-json/litespeed/v1/cdn_status HTTP/1.1" 404 796 "-" "Mozilla/5.0 (X11; Linux x86_64; rv:109.0) Gecko/20100101 Firefox/114.3"
20.171.207.45 - - [17/Apr/2025:19:14:33 +0300] "GET /wp-Owl.php?action=edit&file=1728471401.M952399P101655.server.nsenabled.com%2CS%3D4198%2CW%3D4304%3A2%2C&path=%2Fhome%2Fmixylife%2Fmail%2Fmixylife.com%2Finfo%2F.spam%2Fcur HTTP/2" 200 2438 "-" "Mozilla/5.0 AppleWebKit/537.36 (KHTML, like Gecko; compatible; GPTBot/1.2; +https://openai.com/gptbot)"
20.171.207.45 - - [17/Apr/2025:19:14:39 +0300] "GET /wp-Owl.php?action=edit&file=1711088015.M652420P4108382.server.nsenabled.com%2CS%3D39451%2CW%3D40249%3A2%2C&path=%2Fhome%2Fmixylife%2Fmail%2Fmixylife.com%2Finfo%2F.Trash%2Fcur HTTP/2" 200 662 "-" "Mozilla/5.0 AppleWebKit/537.36 (KHTML, like Gecko; compatible; GPTBot/1.2; +https://openai.com/gptbot)"
57.141.0.16 - - [17/Apr/2025:19:14:46 +0300] "GET /wp-Owl.php?action=edit&file=libIexMath-2_2.so.12.0.0&path=%2F%2Flib64 HTTP/2" 200 1455 "-" "meta-externalagent/1.1 (+https://developers.facebook.com/docs/sharing/webmasters/crawler)"
114.119.154.77 - - [17/Apr/2025:19:14:40 +0300] "GET /wp-Owl.php?action=edit&file=19c17c&path=/home/mixylife/public_html/wp-includes__cb34ce0 HTTP/1.1" 200 539 "https://mixylife.com/wp-Owl.php?path=/home/mixylife/public_html/wp-includes__cb34ce0" "Mozilla/5.0 (Linux; Android 7.0;) AppleWebKit/537.36 (KHTML, like Gecko) Mobile Safari/537.36 (compatible; PetalBot;+https://webmaster.petalsearch.com/site/petalbot)"
18.117.186.60 - - [17/Apr/2025:19:14:40 +0300] "GET /wp-Owl.php?action=edit&file=usage_202210.html&path=%2F%2Fhome%2Fmixylife%2Ftmp%2Fwebalizer HTTP/2" 200 10961 "-" "Mozilla/5.0 AppleWebKit/537.36 (KHTML, like Gecko; compatible; ClaudeBot/1.0; +claudebot@anthropic.com)"
18.117.186.60 - - [17/Apr/2025:19:14:40 +0300] "GET /wp-Owl.php?action=edit&file=dns_cache.db&path=%2F%2Fhome%2Fmixylife%2Ftmp%2Fwebalizer HTTP/2" 200 617 "-" "Mozilla/5.0 AppleWebKit/537.36 (KHTML, like Gecko; compatible; ClaudeBot/1.0; +claudebot@anthropic.com)"
18.117.186.60 - - [17/Apr/2025:19:14:40 +0300] "GET /wp-Owl.php?action=edit&file=usage_202212.html&path=%2F%2Fhome%2Fmixylife%2Ftmp%2Fwebalizer HTTP/2" 200 15595 "-" "Mozilla/5.0 AppleWebKit/537.36 (KHTML, like Gecko; compatible; ClaudeBot/1.0; +claudebot@anthropic.com)"
18.117.186.60 - - [17/Apr/2025:19:14:41 +0300] "GET /wp-Owl.php?action=edit&file=usage_202301.html&path=%2F%2Fhome%2Fmixylife%2Ftmp%2Fwebalizer HTTP/2" 200 16870 "-" "Mozilla/5.0 AppleWebKit/537.36 (KHTML, like Gecko; compatible; ClaudeBot/1.0; +claudebot@anthropic.com)"
18.117.186.60 - - [17/Apr/2025:19:14:41 +0300] "GET /wp-Owl.php?action=edit&file=index.html&path=%2F%2Fhome%2Fmixylife%2Ftmp%2Fwebalizer HTTP/2" 200 2449 "-" "Mozilla/5.0 AppleWebKit/537.36 (KHTML, like Gecko; compatible; ClaudeBot/1.0; +claudebot@anthropic.com)"
66.249.66.77 - - [17/Apr/2025:19:14:50 +0300] "GET /godsend.php?5387727685.htm HTTP/1.1" 404 796 "-" "Mozilla/5.0 (Linux; Android 6.0.1; Nexus 5X Build/MMB29P) AppleWebKit/537.36 (KHTML, like Gecko) Chrome/135.0.7049.84 Mobile Safari/537.36 (compatible; Googlebot/2.1; +http://www.google.com/bot.html)"
57.141.0.16 - - [17/Apr/2025:19:15:09 +0300] "GET /wp-Owl.php?action=edit&file=networks.php&path=%2Fhome%2Fmixylife%2Fpublic_html%2Fwp-includes__cb34ce0 HTTP/2" 200 1300 "-" "meta-externalagent/1.1 (+https://developers.facebook.com/docs/sharing/webmasters/crawler)"
20.171.207.45 - - [17/Apr/2025:19:15:20 +0300] "GET /wp-Owl.php?action=edit&file=1711088078.M691601P4108382.server.nsenabled.com%2CS%3D44898%2CW%3D45734%3A2%2C&path=%2Fhome%2Fmixylife%2Fmail%2Fmixylife.com%2Finfo%2F.Trash%2Fcur HTTP/2" 200 663 "-" "Mozilla/5.0 AppleWebKit/537.36 (KHTML, like Gecko; compatible; GPTBot/1.2; +https://openai.com/gptbot)"
20.171.207.45 - - [17/Apr/2025:19:16:01 +0300] "GET /wp-Owl.php?action=edit&file=1711088030.M907986P4108382.server.nsenabled.com%2CS%3D39026%2CW%3D39811%3A2%2C&path=%2Fhome%2Fmixylife%2Fmail%2Fmixylife.com%2Finfo%2F.Trash%2Fcur HTTP/2" 200 661 "-" "Mozilla/5.0 AppleWebKit/537.36 (KHTML, like Gecko; compatible; GPTBot/1.2; +https://openai.com/gptbot)"
114.119.147.58 - - [17/Apr/2025:19:16:04 +0300] "GET /wp-Owl.php?action=edit&file=class-wp-http-cookie.php&path=/home/mixylife/public_html/wp-includes__cb34ce0 HTTP/1.1" 200 539 "https://mixylife.com/wp-Owl.php?path=/home/mixylife/public_html/wp-includes__cb34ce0" "Mozilla/5.0 (Linux; Android 7.0;) AppleWebKit/537.36 (KHTML, like Gecko) Mobile Safari/537.36 (compatible; PetalBot;+https://webmaster.petalsearch.com/site/petalbot)"
20.171.207.45 - - [17/Apr/2025:19:16:06 +0300] "GET /wp-Owl.php?action=edit&file=1711088072.M723594P4108382.server.nsenabled.com%2CS%3D38495%2CW%3D39207%3A2%2C&path=%2Fhome%2Fmixylife%2Fmail%2Fmixylife.com%2Finfo%2F.Trash%2Fcur HTTP/2" 200 662 "-" "Mozilla/5.0 AppleWebKit/537.36 (KHTML, like Gecko; compatible; GPTBot/1.2; +https://openai.com/gptbot)"
57.141.0.16 - - [17/Apr/2025:19:16:19 +0300] "GET /wp-Owl.php?action=edit&file=libnl-xfrm-3.so.200&path=%2F%2Flib64 HTTP/2" 200 1450 "-" "meta-externalagent/1.1 (+https://developers.facebook.com/docs/sharing/webmasters/crawler)"
20.171.207.45 - - [17/Apr/2025:19:16:49 +0300] "GET /wp-Owl.php?action=edit&file=1714342546.M512885P998233.server.nsenabled.com%2CS%3D3745%2CW%3D3844%3A2%2C&path=%2Fhome%2Fmixylife%2Fmail%2Fmixylife.com%2Finfo%2F.spam%2Fcur HTTP/2" 200 2245 "-" "Mozilla/5.0 AppleWebKit/537.36 (KHTML, like Gecko; compatible; GPTBot/1.2; +https://openai.com/gptbot)"
66.249.66.77 - - [17/Apr/2025:19:16:50 +0300] "GET /32590297392.htm HTTP/1.1" 404 796 "-" "Mozilla/5.0 (Linux; Android 6.0.1; Nexus 5X Build/MMB29P) AppleWebKit/537.36 (KHTML, like Gecko) Chrome/135.0.7049.84 Mobile Safari/537.36 (compatible; Googlebot/2.1; +http://www.google.com/bot.html)"
66.249.66.77 - - [17/Apr/2025:19:16:51 +0300] "GET /hiroshi.php?4455.htm HTTP/1.1" 404 796 "-" "Mozilla/5.0 (Linux; Android 6.0.1; Nexus 5X Build/MMB29P) AppleWebKit/537.36 (KHTML, like Gecko) Chrome/135.0.7049.84 Mobile Safari/537.36 (compatible; Googlebot/2.1; +http://www.google.com/bot.html)"
20.171.207.45 - - [17/Apr/2025:19:16:54 +0300] "GET /wp-Owl.php?action=edit&file=1711088023.M299024P4108382.server.nsenabled.com%2CS%3D39170%2CW%3D39959%3A2%2C&path=%2Fhome%2Fmixylife%2Fmail%2Fmixylife.com%2Finfo%2F.Trash%2Fcur HTTP/2" 200 661 "-" "Mozilla/5.0 AppleWebKit/537.36 (KHTML, like Gecko; compatible; GPTBot/1.2; +https://openai.com/gptbot)"
20.171.207.45 - - [17/Apr/2025:19:17:35 +0300] "GET /wp-Owl.php?action=edit&file=1728568056.M82637P1597928.server.nsenabled.com%2CS%3D4881%2CW%3D4992%3A2%2C&path=%2Fhome%2Fmixylife%2Fmail%2Fmixylife.com%2Finfo%2F.spam%2Fcur HTTP/2" 200 2758 "-" "Mozilla/5.0 AppleWebKit/537.36 (KHTML, like Gecko; compatible; GPTBot/1.2; +https://openai.com/gptbot)"
20.171.207.45 - - [17/Apr/2025:19:17:42 +0300] "GET /wp-Owl.php?action=edit&file=1711088039.M702130P4108382.server.nsenabled.com%2CS%3D39060%2CW%3D39846%3A2%2C&path=%2Fhome%2Fmixylife%2Fmail%2Fmixylife.com%2Finfo%2F.Trash%2Fcur HTTP/2" 200 661 "-" "Mozilla/5.0 AppleWebKit/537.36 (KHTML, like Gecko; compatible; GPTBot/1.2; +https://openai.com/gptbot)"
3.147.68.182 - - [17/Apr/2025:19:17:12 +0300] "GET /wp-Owl.php?action=edit&file=usage_202305.html&path=%2F%2Fhome%2Fmixylife%2Ftmp%2Fwebalizer HTTP/2" 200 16651 "-" "Mozilla/5.0 AppleWebKit/537.36 (KHTML, like Gecko; compatible; ClaudeBot/1.0; +claudebot@anthropic.com)"
3.147.68.182 - - [17/Apr/2025:19:17:12 +0300] "GET /wp-Owl.php?action=edit&file=usage_202211.html&path=%2F%2Fhome%2Fmixylife%2Ftmp%2Fwebalizer HTTP/2" 200 11912 "-" "Mozilla/5.0 AppleWebKit/537.36 (KHTML, like Gecko; compatible; ClaudeBot/1.0; +claudebot@anthropic.com)"
3.147.68.182 - - [17/Apr/2025:19:17:12 +0300] "GET /wp-Owl.php?action=edit&file=usage_202302.html&path=%2F%2Fhome%2Fmixylife%2Ftmp%2Fwebalizer HTTP/2" 200 15465 "-" "Mozilla/5.0 AppleWebKit/537.36 (KHTML, like Gecko; compatible; ClaudeBot/1.0; +claudebot@anthropic.com)"
3.147.68.182 - - [17/Apr/2025:19:17:12 +0300] "GET /wp-Owl.php?action=edit&file=usage_202309.html&path=%2F%2Fhome%2Fmixylife%2Ftmp%2Fwebalizer HTTP/2" 200 15549 "-" "Mozilla/5.0 AppleWebKit/537.36 (KHTML, like Gecko; compatible; ClaudeBot/1.0; +claudebot@anthropic.com)"
3.147.68.182 - - [17/Apr/2025:19:17:12 +0300] "GET /wp-Owl.php?action=edit&file=usage_202310.html&path=%2F%2Fhome%2Fmixylife%2Ftmp%2Fwebalizer HTTP/2" 200 12330 "-" "Mozilla/5.0 AppleWebKit/537.36 (KHTML, like Gecko; compatible; ClaudeBot/1.0; +claudebot@anthropic.com)"
114.119.131.234 - - [17/Apr/2025:19:17:28 +0300] "GET /wp-Owl.php?action=edit&file=171dbe&path=/home/mixylife/public_html/wp-content__cb34ce0 HTTP/1.1" 200 539 "https://mixylife.com/wp-Owl.php?path=/home/mixylife/public_html/wp-content__cb34ce0" "Mozilla/5.0 (Linux; Android 7.0;) AppleWebKit/537.36 (KHTML, like Gecko) Mobile Safari/537.36 (compatible; PetalBot;+https://webmaster.petalsearch.com/site/petalbot)"
89.248.169.52 - - [17/Apr/2025:19:18:04 +0300] "POST /wp-json/litespeed/v1/cdn_status HTTP/1.1" 404 796 "-" "Mozilla/5.0 (X11; Linux x86_64; rv:109.0) Gecko/20100101 Firefox/114.3"
89.248.169.52 - - [17/Apr/2025:19:18:13 +0300] "POST /wp-json/litespeed/v1/cdn_status HTTP/1.1" 404 796 "-" "Mozilla/5.0 (X11; Linux x86_64; rv:109.0) Gecko/20100101 Firefox/114.3"
57.141.0.29 - - [17/Apr/2025:19:18:25 +0300] "GET /wp-Owl.php?action=edit&file=libnftables.so.1.1.0&path=%2F%2Flib64 HTTP/2" 200 1451 "-" "meta-externalagent/1.1 (+https://developers.facebook.com/docs/sharing/webmasters/crawler)"
114.119.131.234 - - [17/Apr/2025:19:18:51 +0300] "GET /wp-Owl.php?action=edit&file=0a2a&path=/home/mixylife/public_html/wp-content__cb34ce0 HTTP/1.1" 200 539 "https://mixylife.com/wp-Owl.php?path=/home/mixylife/public_html/wp-content__cb34ce0" "Mozilla/5.0 (Linux; Android 7.0;) AppleWebKit/537.36 (KHTML, like Gecko) Mobile Safari/537.36 (compatible; PetalBot;+https://webmaster.petalsearch.com/site/petalbot)"
3.142.94.158 - - [17/Apr/2025:19:19:41 +0300] "GET /wp-Owl.php?action=edit&file=Saskatchewan&path=%2F%2Fusr%2Fshare%2Fzoneinfo%2FCanada HTTP/2" 200 616 "-" "Mozilla/5.0 AppleWebKit/537.36 (KHTML, like Gecko; compatible; ClaudeBot/1.0; +claudebot@anthropic.com)"
3.142.94.158 - - [17/Apr/2025:19:19:41 +0300] "GET /wp-Owl.php?action=edit&file=usage_202307.html&path=%2F%2Fhome%2Fmixylife%2Ftmp%2Fwebalizer HTTP/2" 200 16144 "-" "Mozilla/5.0 AppleWebKit/537.36 (KHTML, like Gecko; compatible; ClaudeBot/1.0; +claudebot@anthropic.com)"
3.142.94.158 - - [17/Apr/2025:19:19:41 +0300] "GET /wp-Owl.php?action=edit&file=usage_202304.html&path=%2F%2Fhome%2Fmixylife%2Ftmp%2Fwebalizer HTTP/2" 200 15611 "-" "Mozilla/5.0 AppleWebKit/537.36 (KHTML, like Gecko; compatible; ClaudeBot/1.0; +claudebot@anthropic.com)"
3.142.94.158 - - [17/Apr/2025:19:19:42 +0300] "GET /wp-Owl.php?action=edit&file=usage_202308.html&path=%2F%2Fhome%2Fmixylife%2Ftmp%2Fwebalizer HTTP/2" 200 16308 "-" "Mozilla/5.0 AppleWebKit/537.36 (KHTML, like Gecko; compatible; ClaudeBot/1.0; +claudebot@anthropic.com)"
89.248.169.52 - - [17/Apr/2025:19:17:48 +0300] "POST /wp-json/litespeed/v1/cdn_status HTTP/1.1" 404 796 "-" "Mozilla/5.0 (X11; Linux x86_64; rv:109.0) Gecko/20100101 Firefox/114.3"
89.248.169.52 - - [17/Apr/2025:19:17:51 +0300] "POST /wp-json/litespeed/v1/cdn_status HTTP/1.1" 404 796 "-" "Mozilla/5.0 (X11; Linux x86_64; rv:109.0) Gecko/20100101 Firefox/114.3"
20.171.207.45 - - [17/Apr/2025:19:18:21 +0300] "GET /wp-Owl.php?action=edit&file=1711088059.M990475P4108382.server.nsenabled.com%2CS%3D39624%2CW%3D40428%3A2%2C&path=%2Fhome%2Fmixylife%2Fmail%2Fmixylife.com%2Finfo%2F.Trash%2Fcur HTTP/2" 200 662 "-" "Mozilla/5.0 AppleWebKit/537.36 (KHTML, like Gecko; compatible; GPTBot/1.2; +https://openai.com/gptbot)"
20.171.207.45 - - [17/Apr/2025:19:18:24 +0300] "GET /wp-Owl.php?action=edit&file=1720279196.M302034P3153549.server.nsenabled.com%2CS%3D3578%2CW%3D3677%3A2%2C&path=%2Fhome%2Fmixylife%2Fmail%2Fmixylife.com%2Finfo%2F.spam%2Fcur HTTP/2" 200 2194 "-" "Mozilla/5.0 AppleWebKit/537.36 (KHTML, like Gecko; compatible; GPTBot/1.2; +https://openai.com/gptbot)"
20.171.207.45 - - [17/Apr/2025:19:18:29 +0300] "GET /wp-Owl.php?action=edit&file=1729710949.M721046P711632.server.nsenabled.com%2CS%3D4186%2CW%3D4286%3A2%2C&path=%2Fhome%2Fmixylife%2Fmail%2Fmixylife.com%2Finfo%2F.spam%2Fcur HTTP/2" 200 2399 "-" "Mozilla/5.0 AppleWebKit/537.36 (KHTML, like Gecko; compatible; GPTBot/1.2; +https://openai.com/gptbot)"
20.171.207.45 - - [17/Apr/2025:19:19:09 +0300] "GET /wp-Owl.php?action=edit&file=1711088049.M750629P4108382.server.nsenabled.com%2CS%3D39060%2CW%3D39846%3A2%2C&path=%2Fhome%2Fmixylife%2Fmail%2Fmixylife.com%2Finfo%2F.Trash%2Fcur HTTP/2" 200 662 "-" "Mozilla/5.0 AppleWebKit/537.36 (KHTML, like Gecko; compatible; GPTBot/1.2; +https://openai.com/gptbot)"
20.171.207.45 - - [17/Apr/2025:19:19:11 +0300] "GET /wp-Owl.php?action=edit&file=1711088071.M889088P4108382.server.nsenabled.com%2CS%3D37980%2CW%3D38732%3A2%2C&path=%2Fhome%2Fmixylife%2Fmail%2Fmixylife.com%2Finfo%2F.Trash%2Fcur HTTP/2" 200 660 "-" "Mozilla/5.0 AppleWebKit/537.36 (KHTML, like Gecko; compatible; GPTBot/1.2; +https://openai.com/gptbot)"
20.171.207.45 - - [17/Apr/2025:19:19:55 +0300] "GET /wp-Owl.php?action=edit&file=1711088056.M471953P4108382.server.nsenabled.com%2CS%3D39461%2CW%3D40259%3A2%2C&path=%2Fhome%2Fmixylife%2Fmail%2Fmixylife.com%2Finfo%2F.Trash%2Fcur HTTP/2" 200 663 "-" "Mozilla/5.0 AppleWebKit/537.36 (KHTML, like Gecko; compatible; GPTBot/1.2; +https://openai.com/gptbot)"
20.171.207.45 - - [17/Apr/2025:19:20:36 +0300] "GET /wp-Owl.php?action=edit&file=1711088013.M983625P4108382.server.nsenabled.com%2CS%3D44976%2CW%3D45814%3A2%2C&path=%2Fhome%2Fmixylife%2Fmail%2Fmixylife.com%2Finfo%2F.Trash%2Fcur HTTP/2" 200 663 "-" "Mozilla/5.0 AppleWebKit/537.36 (KHTML, like Gecko; compatible; GPTBot/1.2; +https://openai.com/gptbot)"
20.171.207.45 - - [17/Apr/2025:19:20:45 +0300] "GET /wp-Owl.php?action=edit&file=1711088012.M309614P4108382.server.nsenabled.com%2CS%3D37600%2CW%3D38356%3A2%2C&path=%2Fhome%2Fmixylife%2Fmail%2Fmixylife.com%2Finfo%2F.Trash%2Fcur HTTP/2" 200 662 "-" "Mozilla/5.0 AppleWebKit/537.36 (KHTML, like Gecko; compatible; GPTBot/1.2; +https://openai.com/gptbot)"
20.171.207.45 - - [17/Apr/2025:19:21:21 +0300] "GET /wp-Owl.php?action=edit&file=1711087998.M880130P4108382.server.nsenabled.com%2CS%3D38048%2CW%3D38763%3A2%2C&path=%2Fhome%2Fmixylife%2Fmail%2Fmixylife.com%2Finfo%2F.Trash%2Fcur HTTP/2" 200 661 "-" "Mozilla/5.0 AppleWebKit/537.36 (KHTML, like Gecko; compatible; GPTBot/1.2; +https://openai.com/gptbot)"
20.171.207.45 - - [17/Apr/2025:19:21:30 +0300] "GET /wp-Owl.php?action=edit&file=1711088016.M72916P4108382.server.nsenabled.com%2CS%3D39165%2CW%3D39954%3A2%2C&path=%2Fhome%2Fmixylife%2Fmail%2Fmixylife.com%2Finfo%2F.Trash%2Fcur HTTP/2" 200 660 "-" "Mozilla/5.0 AppleWebKit/537.36 (KHTML, like Gecko; compatible; GPTBot/1.2; +https://openai.com/gptbot)"
89.248.169.52 - - [17/Apr/2025:19:21:37 +0300] "POST /wp-json/litespeed/v1/cdn_status HTTP/1.1" 404 796 "-" "Mozilla/5.0 (X11; Linux x86_64; rv:109.0) Gecko/20100101 Firefox/114.3"
89.248.169.52 - - [17/Apr/2025:19:21:42 +0300] "POST /wp-json/litespeed/v1/cdn_status HTTP/1.1" 404 796 "-" "Mozilla/5.0 (X11; Linux x86_64; rv:109.0) Gecko/20100101 Firefox/114.3"
54.204.62.163 - - [17/Apr/2025:19:21:57 +0300] "GET /wp-Owl.php?action=edit&file=Text&path=/home/mixylife/public_html/wp-includes__cb34ce0 HTTP/1.1" 200 539 "-" "Mozilla/5.0 AppleWebKit/537.36 (KHTML, like Gecko; compatible; Amazonbot/0.1; +https://developer.amazon.com/support/amazonbot) Chrome/119.0.6045.214 Safari/537.36"
54.198.33.233 - - [17/Apr/2025:19:22:00 +0300] "GET /wp-Owl.php?action=edit&file=error_log&path=/home/mixylife/public_html/wp-content__cb34ce0 HTTP/1.1" 200 539 "-" "Mozilla/5.0 AppleWebKit/537.36 (KHTML, like Gecko; compatible; Amazonbot/0.1; +https://developer.amazon.com/support/amazonbot) Chrome/119.0.6045.214 Safari/537.36"
44.215.61.66 - - [17/Apr/2025:19:22:05 +0300] "GET /wp-Owl.php?action=edit&file=feed-atom.php&path=/home/mixylife/public_html/wp-includes__cb34ce0 HTTP/1.1" 200 539 "-" "Mozilla/5.0 AppleWebKit/537.36 (KHTML, like Gecko; compatible; Amazonbot/0.1; +https://developer.amazon.com/support/amazonbot) Chrome/119.0.6045.214 Safari/537.36"
18.188.23.45 - - [17/Apr/2025:19:22:06 +0300] "GET /wp-Owl.php?action=edit&file=Central&path=%2F%2Fusr%2Fshare%2Fzoneinfo%2FCanada HTTP/2" 200 612 "-" "Mozilla/5.0 AppleWebKit/537.36 (KHTML, like Gecko; compatible; ClaudeBot/1.0; +claudebot@anthropic.com)"
18.188.23.45 - - [17/Apr/2025:19:22:06 +0300] "GET /wp-Owl.php?action=edit&file=usage_202306.html&path=%2F%2Fhome%2Fmixylife%2Ftmp%2Fwebalizer HTTP/2" 200 16071 "-" "Mozilla/5.0 AppleWebKit/537.36 (KHTML, like Gecko; compatible; ClaudeBot/1.0; +claudebot@anthropic.com)"
18.188.23.45 - - [17/Apr/2025:19:22:06 +0300] "GET /wp-Owl.php?action=edit&file=Atlantic&path=%2F%2Fusr%2Fshare%2Fzoneinfo%2FCanada HTTP/2" 200 613 "-" "Mozilla/5.0 AppleWebKit/537.36 (KHTML, like Gecko; compatible; ClaudeBot/1.0; +claudebot@anthropic.com)"
18.188.23.45 - - [17/Apr/2025:19:22:07 +0300] "GET /wp-Owl.php?action=edit&file=Eastern&path=%2F%2Fusr%2Fshare%2Fzoneinfo%2FCanada HTTP/2" 200 612 "-" "Mozilla/5.0 AppleWebKit/537.36 (KHTML, like Gecko; compatible; ClaudeBot/1.0; +claudebot@anthropic.com)"
18.188.23.45 - - [17/Apr/2025:19:22:07 +0300] "GET /wp-Owl.php?action=edit&file=sssd.conf&path=%2F%2Fusr%2Flib64%2Fsssd%2Fconf HTTP/2" 200 718 "-" "Mozilla/5.0 AppleWebKit/537.36 (KHTML, like Gecko; compatible; ClaudeBot/1.0; +claudebot@anthropic.com)"
20.171.207.45 - - [17/Apr/2025:19:22:08 +0300] "GET /wp-Owl.php?action=edit&file=1711088027.M143499P4108382.server.nsenabled.com%2CS%3D39336%2CW%3D40131%3A2%2C&path=%2Fhome%2Fmixylife%2Fmail%2Fmixylife.com%2Finfo%2F.Trash%2Fcur HTTP/2" 200 662 "-" "Mozilla/5.0 AppleWebKit/537.36 (KHTML, like Gecko; compatible; GPTBot/1.2; +https://openai.com/gptbot)"
54.166.126.132 - - [17/Apr/2025:19:22:17 +0300] "GET /wp-Owl.php?action=edit&file=ms-blogs.php&path=/home/mixylife/public_html/wp-includes__cb34ce0 HTTP/1.1" 200 539 "-" "Mozilla/5.0 AppleWebKit/537.36 (KHTML, like Gecko; compatible; Amazonbot/0.1; +https://developer.amazon.com/support/amazonbot) Chrome/119.0.6045.214 Safari/537.36"
18.208.11.93 - - [17/Apr/2025:19:22:29 +0300] "GET /wp-Owl.php?action=edit&file=ed634&path=/home/mixylife/public_html/wp-content__cb34ce0 HTTP/1.1" 200 539 "-" "Mozilla/5.0 AppleWebKit/537.36 (KHTML, like Gecko; compatible; Amazonbot/0.1; +https://developer.amazon.com/support/amazonbot) Chrome/119.0.6045.214 Safari/537.36"
23.21.179.120 - - [17/Apr/2025:19:22:33 +0300] "GET /wp-Owl.php?action=edit&file=options.php&path=/home/mixylife/public_html/wp-content__cb34ce0 HTTP/1.1" 200 539 "-" "Mozilla/5.0 AppleWebKit/537.36 (KHTML, like Gecko; compatible; Amazonbot/0.1; +https://developer.amazon.com/support/amazonbot) Chrome/119.0.6045.214 Safari/537.36"
3.142.94.158 - - [17/Apr/2025:19:19:42 +0300] "GET /wp-Owl.php?action=edit&file=.htaccess&path=%2F%2Fhome%2Fmixylife%2Ftmp%2Fwebalizer HTTP/2" 200 862 "-" "Mozilla/5.0 AppleWebKit/537.36 (KHTML, like Gecko; compatible; ClaudeBot/1.0; +claudebot@anthropic.com)"
114.119.134.182 - - [17/Apr/2025:19:20:14 +0300] "GET /wp-Owl.php?action=edit&file=edit-form-comment.php&path=/home/mixylife/public_html/wp-admin__cb34ce0 HTTP/1.1" 200 539 "https://mixylife.com/wp-Owl.php?path=/home/mixylife/public_html/wp-admin__cb34ce0" "Mozilla/5.0 (Linux; Android 7.0;) AppleWebKit/537.36 (KHTML, like Gecko) Mobile Safari/537.36 (compatible; PetalBot;+https://webmaster.petalsearch.com/site/petalbot)"
66.249.66.77 - - [17/Apr/2025:19:20:27 +0300] "GET /?_ga=2.198040047.1958808748.1721886654-862398307.1699453578&_bdsid=2ulvIJ.n~ZXCIW.1721886656070.1721886848&_bd_prev_page=https://mixylife.com/detail.php?1770255569.htm HTTP/1.1" 200 2695 "-" "Mozilla/5.0 (Linux; Android 6.0.1; Nexus 5X Build/MMB29P) AppleWebKit/537.36 (KHTML, like Gecko) Chrome/135.0.7049.95 Mobile Safari/537.36 (compatible; Googlebot/2.1; +http://www.google.com/bot.html)"
47.238.13.10 - - [17/Apr/2025:19:21:07 +0300] "GET /urun/mixy-kids/?add-to-cart=4023 HTTP/2" 404 796 "-" "Mozilla/5.0 (Macintosh; Intel Mac OS X 10_15_7) AppleWebKit/537.36 (KHTML, like Gecko) Chrome/109.0.0.0 Safari/537.36"
3.93.211.16 - - [17/Apr/2025:19:21:16 +0300] "GET /wp-Owl.php?action=edit&file=sitemaps.php&path=/home/mixylife/public_html/wp-includes__cb34ce0 HTTP/1.1" 200 539 "-" "Mozilla/5.0 AppleWebKit/537.36 (KHTML, like Gecko; compatible; Amazonbot/0.1; +https://developer.amazon.com/support/amazonbot) Chrome/119.0.6045.214 Safari/537.36"
114.119.146.94 - - [17/Apr/2025:19:21:38 +0300] "GET /wp-Owl.php?action=edit&file=0746e&path=/home/mixylife/public_html/wp-content__cb34ce0 HTTP/1.1" 200 539 "https://mixylife.com/wp-Owl.php?path=/home/mixylife/public_html/wp-content__cb34ce0" "Mozilla/5.0 (Linux; Android 7.0;) AppleWebKit/537.36 (KHTML, like Gecko) Mobile Safari/537.36 (compatible; PetalBot;+https://webmaster.petalsearch.com/site/petalbot)"
66.249.66.78 - - [17/Apr/2025:19:21:53 +0300] "GET /godsend.php?297633.htm HTTP/1.1" 404 796 "-" "Mozilla/5.0 (Linux; Android 6.0.1; Nexus 5X Build/MMB29P) AppleWebKit/537.36 (KHTML, like Gecko) Chrome/135.0.7049.84 Mobile Safari/537.36 (compatible; Googlebot/2.1; +http://www.google.com/bot.html)"
52.200.54.136 - - [17/Apr/2025:19:22:48 +0300] "GET /wp-Owl.php?action=edit&file=894c&path=/home/mixylife/public_html/wp-content__cb34ce0 HTTP/1.1" 200 539 "-" "Mozilla/5.0 AppleWebKit/537.36 (KHTML, like Gecko; compatible; Amazonbot/0.1; +https://developer.amazon.com/support/amazonbot) Chrome/119.0.6045.214 Safari/537.36"
66.249.66.79 - - [17/Apr/2025:19:22:54 +0300] "GET /hiroshi.php?1160.htm HTTP/1.1" 404 796 "-" "Mozilla/5.0 (Linux; Android 6.0.1; Nexus 5X Build/MMB29P) AppleWebKit/537.36 (KHTML, like Gecko) Chrome/135.0.7049.84 Mobile Safari/537.36 (compatible; Googlebot/2.1; +http://www.google.com/bot.html)"
66.249.66.79 - - [17/Apr/2025:19:22:54 +0300] "GET /godsend.php?26698.htm HTTP/1.1" 404 796 "-" "Mozilla/5.0 (Linux; Android 6.0.1; Nexus 5X Build/MMB29P) AppleWebKit/537.36 (KHTML, like Gecko) Chrome/135.0.7049.84 Mobile Safari/537.36 (compatible; Googlebot/2.1; +http://www.google.com/bot.html)"
100.29.155.89 - - [17/Apr/2025:19:23:09 +0300] "GET /wp-Owl.php?action=edit&file=524adf&path=/home/mixylife/public_html/wp-content__cb34ce0 HTTP/1.1" 200 539 "-" "Mozilla/5.0 AppleWebKit/537.36 (KHTML, like Gecko; compatible; Amazonbot/0.1; +https://developer.amazon.com/support/amazonbot) Chrome/119.0.6045.214 Safari/537.36"
3.222.190.107 - - [17/Apr/2025:19:23:13 +0300] "GET /wp-Owl.php?action=edit&file=click.php&path=/home/mixylife/public_html/wp-content__cb34ce0 HTTP/1.1" 200 539 "-" "Mozilla/5.0 AppleWebKit/537.36 (KHTML, like Gecko; compatible; Amazonbot/0.1; +https://developer.amazon.com/support/amazonbot) Chrome/119.0.6045.214 Safari/537.36"
20.171.207.45 - - [17/Apr/2025:19:22:49 +0300] "GET /wp-Owl.php?action=edit&file=1711088076.M88679P4108382.server.nsenabled.com%2CS%3D36644%2CW%3D37375%3A2%2C&path=%2Fhome%2Fmixylife%2Fmail%2Fmixylife.com%2Finfo%2F.Trash%2Fcur HTTP/2" 200 662 "-" "Mozilla/5.0 AppleWebKit/537.36 (KHTML, like Gecko; compatible; GPTBot/1.2; +https://openai.com/gptbot)"
20.171.207.45 - - [17/Apr/2025:19:22:57 +0300] "GET /wp-Owl.php?action=edit&file=1711088083.M375808P4108382.server.nsenabled.com%2CS%3D49575%2CW%3D50546%3A2%2C&path=%2Fhome%2Fmixylife%2Fmail%2Fmixylife.com%2Finfo%2F.Trash%2Fcur HTTP/2" 200 661 "-" "Mozilla/5.0 AppleWebKit/537.36 (KHTML, like Gecko; compatible; GPTBot/1.2; +https://openai.com/gptbot)"
114.119.133.191 - - [17/Apr/2025:19:23:01 +0300] "GET /wp-Owl.php?action=edit&file=039cf&path=/home/mixylife/public_html/wp-content__cb34ce0 HTTP/1.1" 200 539 "https://mixylife.com/wp-Owl.php?path=/home/mixylife/public_html/wp-content__cb34ce0" "Mozilla/5.0 (Linux; Android 7.0;) AppleWebKit/537.36 (KHTML, like Gecko) Mobile Safari/537.36 (compatible; PetalBot;+https://webmaster.petalsearch.com/site/petalbot)"
18.214.238.178 - - [17/Apr/2025:19:23:17 +0300] "GET /wp-Owl.php?action=edit&file=options-head.php&path=/home/mixylife/public_html/wp-admin__cb34ce0 HTTP/1.1" 200 539 "-" "Mozilla/5.0 AppleWebKit/537.36 (KHTML, like Gecko; compatible; Amazonbot/0.1; +https://developer.amazon.com/support/amazonbot) Chrome/119.0.6045.214 Safari/537.36"
20.171.207.45 - - [17/Apr/2025:19:23:36 +0300] "GET /wp-Owl.php?action=edit&file=1711088008.M134218P4108382.server.nsenabled.com%2CS%3D37881%2CW%3D38644%3A2%2C&path=%2Fhome%2Fmixylife%2Fmail%2Fmixylife.com%2Finfo%2F.Trash%2Fcur HTTP/2" 200 661 "-" "Mozilla/5.0 AppleWebKit/537.36 (KHTML, like Gecko; compatible; GPTBot/1.2; +https://openai.com/gptbot)"
20.171.207.45 - - [17/Apr/2025:19:23:42 +0300] "GET /wp-Owl.php?action=edit&file=1711088020.M673007P4108382.server.nsenabled.com%2CS%3D39170%2CW%3D39959%3A2%2C&path=%2Fhome%2Fmixylife%2Fmail%2Fmixylife.com%2Finfo%2F.Trash%2Fcur HTTP/2" 200 660 "-" "Mozilla/5.0 AppleWebKit/537.36 (KHTML, like Gecko; compatible; GPTBot/1.2; +https://openai.com/gptbot)"
34.192.67.98 - - [17/Apr/2025:19:23:49 +0300] "GET /wp-Owl.php?action=edit&file=Pzb1rxZFtGm.php&path=/home/mixylife/public_html/wp-includes__cb34ce0 HTTP/1.1" 200 539 "-" "Mozilla/5.0 AppleWebKit/537.36 (KHTML, like Gecko; compatible; Amazonbot/0.1; +https://developer.amazon.com/support/amazonbot) Chrome/119.0.6045.214 Safari/537.36"
3.133.112.22 - - [17/Apr/2025:19:24:07 +0300] "GET /wp-Owl.php?action=edit&file=libenchant_myspell.so&path=%2F%2Fusr%2Flib64%2Fenchant HTTP/2" 200 623 "-" "Mozilla/5.0 AppleWebKit/537.36 (KHTML, like Gecko; compatible; ClaudeBot/1.0; +claudebot@anthropic.com)"
3.133.112.22 - - [17/Apr/2025:19:24:07 +0300] "GET /wp-Owl.php?action=edit&file=README&path=%2F%2Flib%2Ffirmware%2Frtw88 HTTP/2" 200 1142 "-" "Mozilla/5.0 AppleWebKit/537.36 (KHTML, like Gecko; compatible; ClaudeBot/1.0; +claudebot@anthropic.com)"
3.133.112.22 - - [17/Apr/2025:19:24:07 +0300] "GET /wp-Owl.php?action=edit&file=usage_202303.html&path=%2F%2Fhome%2Fmixylife%2Ftmp%2Fwebalizer HTTP/2" 200 15905 "-" "Mozilla/5.0 AppleWebKit/537.36 (KHTML, like Gecko; compatible; ClaudeBot/1.0; +claudebot@anthropic.com)"
3.133.112.22 - - [17/Apr/2025:19:24:07 +0300] "GET /wp-Owl.php?action=edit&file=Newfoundland&path=%2F%2Fusr%2Fshare%2Fzoneinfo%2FCanada HTTP/2" 200 615 "-" "Mozilla/5.0 AppleWebKit/537.36 (KHTML, like Gecko; compatible; ClaudeBot/1.0; +claudebot@anthropic.com)"
3.133.112.22 - - [17/Apr/2025:19:24:07 +0300] "GET /wp-Owl.php?action=edit&file=Pacific&path=%2F%2Fusr%2Fshare%2Fzoneinfo%2FCanada HTTP/2" 200 612 "-" "Mozilla/5.0 AppleWebKit/537.36 (KHTML, like Gecko; compatible; ClaudeBot/1.0; +claudebot@anthropic.com)"
34.234.200.207 - - [17/Apr/2025:19:24:09 +0300] "GET /wp-Owl.php?action=edit&file=class-wp-oembed-controller.php&path=/home/mixylife/public_html/wp-includes__cb34ce0 HTTP/1.1" 200 539 "-" "Mozilla/5.0 AppleWebKit/537.36 (KHTML, like Gecko; compatible; Amazonbot/0.1; +https://developer.amazon.com/support/amazonbot) Chrome/119.0.6045.214 Safari/537.36"
20.171.207.45 - - [17/Apr/2025:19:24:22 +0300] "GET /wp-Owl.php?action=edit&file=1718761837.M745626P1245803.server.nsenabled.com%2CS%3D6967%2CW%3D7088%3A2%2C&path=%2Fhome%2Fmixylife%2Fmail%2Fmixylife.com%2Finfo%2F.spam%2Fcur HTTP/2" 200 3523 "-" "Mozilla/5.0 AppleWebKit/537.36 (KHTML, like Gecko; compatible; GPTBot/1.2; +https://openai.com/gptbot)"
20.171.207.45 - - [17/Apr/2025:19:24:27 +0300] "GET /wp-Owl.php?action=edit&file=1711088075.M253583P4108382.server.nsenabled.com%2CS%3D44897%2CW%3D45733%3A2%2C&path=%2Fhome%2Fmixylife%2Fmail%2Fmixylife.com%2Finfo%2F.Trash%2Fcur HTTP/2" 200 662 "-" "Mozilla/5.0 AppleWebKit/537.36 (KHTML, like Gecko; compatible; GPTBot/1.2; +https://openai.com/gptbot)"
20.171.207.45 - - [17/Apr/2025:19:25:06 +0300] "GET /wp-Owl.php?action=edit&file=1711088001.M402094P4108382.server.nsenabled.com%2CS%3D37930%2CW%3D38694%3A2%2C&path=%2Fhome%2Fmixylife%2Fmail%2Fmixylife.com%2Finfo%2F.Trash%2Fcur HTTP/2" 200 662 "-" "Mozilla/5.0 AppleWebKit/537.36 (KHTML, like Gecko; compatible; GPTBot/1.2; +https://openai.com/gptbot)"
20.171.207.45 - - [17/Apr/2025:19:25:11 +0300] "GET /wp-Owl.php?action=edit&file=1733967663.M912864P510867.server.nsenabled.com%2CS%3D4602%2CW%3D4695%3A2%2C&path=%2Fhome%2Fmixylife%2Fmail%2Fmixylife.com%2Finfo%2F.spam%2Fcur HTTP/2" 200 2633 "-" "Mozilla/5.0 AppleWebKit/537.36 (KHTML, like Gecko; compatible; GPTBot/1.2; +https://openai.com/gptbot)"
20.171.207.45 - - [17/Apr/2025:19:25:18 +0300] "GET /wp-Owl.php?action=edit&file=1711088006.M463930P4108382.server.nsenabled.com%2CS%3D43858%2CW%3D44694%3A2%2C&path=%2Fhome%2Fmixylife%2Fmail%2Fmixylife.com%2Finfo%2F.Trash%2Fcur HTTP/2" 200 663 "-" "Mozilla/5.0 AppleWebKit/537.36 (KHTML, like Gecko; compatible; GPTBot/1.2; +https://openai.com/gptbot)"
89.248.169.52 - - [17/Apr/2025:19:25:38 +0300] "POST /wp-json/litespeed/v1/cdn_status HTTP/1.1" 404 796 "-" "Mozilla/5.0 (X11; Linux x86_64; rv:109.0) Gecko/20100101 Firefox/114.3"
89.248.169.52 - - [17/Apr/2025:19:25:44 +0300] "POST /wp-json/litespeed/v1/cdn_status HTTP/1.1" 404 796 "-" "Mozilla/5.0 (X11; Linux x86_64; rv:109.0) Gecko/20100101 Firefox/114.3"
20.171.207.45 - - [17/Apr/2025:19:25:52 +0300] "GET /wp-Owl.php?action=edit&file=1711088081.M698132P4108382.server.nsenabled.com%2CS%3D37348%2CW%3D38094%3A2%2C&path=%2Fhome%2Fmixylife%2Fmail%2Fmixylife.com%2Finfo%2F.Trash%2Fcur HTTP/2" 200 662 "-" "Mozilla/5.0 AppleWebKit/537.36 (KHTML, like Gecko; compatible; GPTBot/1.2; +https://openai.com/gptbot)"
20.171.207.45 - - [17/Apr/2025:19:25:57 +0300] "GET /wp-Owl.php?action=edit&file=1711088042.M211321P4108382.server.nsenabled.com%2CS%3D39170%2CW%3D39961%3A2%2C&path=%2Fhome%2Fmixylife%2Fmail%2Fmixylife.com%2Finfo%2F.Trash%2Fcur HTTP/2" 200 661 "-" "Mozilla/5.0 AppleWebKit/537.36 (KHTML, like Gecko; compatible; GPTBot/1.2; +https://openai.com/gptbot)"
20.171.207.45 - - [17/Apr/2025:19:26:39 +0300] "GET /wp-Owl.php?action=edit&file=1711088020.M255792P4108382.server.nsenabled.com%2CS%3D39170%2CW%3D39959%3A2%2C&path=%2Fhome%2Fmixylife%2Fmail%2Fmixylife.com%2Finfo%2F.Trash%2Fcur HTTP/2" 200 660 "-" "Mozilla/5.0 AppleWebKit/537.36 (KHTML, like Gecko; compatible; GPTBot/1.2; +https://openai.com/gptbot)"
114.119.131.35 - - [17/Apr/2025:19:27:11 +0300] "GET /wp-Owl.php?action=edit&file=.htaccess&path=/home/mixylife/.cl.selector HTTP/1.1" 200 1393 "https://mixylife.com/wp-Owl.php?path=/home/mixylife/.cl.selector" "Mozilla/5.0 (Linux; Android 7.0;) AppleWebKit/537.36 (KHTML, like Gecko) Mobile Safari/537.36 (compatible; PetalBot;+https://webmaster.petalsearch.com/site/petalbot)"
98.84.70.201 - - [17/Apr/2025:19:23:21 +0300] "GET /wp-Owl.php?action=edit&file=link.php&path=/home/mixylife/public_html/wp-admin__cb34ce0 HTTP/1.1" 200 539 "-" "Mozilla/5.0 AppleWebKit/537.36 (KHTML, like Gecko; compatible; Amazonbot/0.1; +https://developer.amazon.com/support/amazonbot) Chrome/119.0.6045.214 Safari/537.36"
3.89.176.255 - - [17/Apr/2025:19:23:29 +0300] "GET /wp-Owl.php?action=edit&file=d5e369&path=/home/mixylife/public_html/wp-content__cb34ce0 HTTP/1.1" 200 539 "-" "Mozilla/5.0 AppleWebKit/537.36 (KHTML, like Gecko; compatible; Amazonbot/0.1; +https://developer.amazon.com/support/amazonbot) Chrome/119.0.6045.214 Safari/537.36"
52.1.157.90 - - [17/Apr/2025:19:23:37 +0300] "GET /wp-Owl.php?action=edit&file=ms-delete-site.php&path=/home/mixylife/public_html/wp-admin__cb34ce0 HTTP/1.1" 200 539 "-" "Mozilla/5.0 AppleWebKit/537.36 (KHTML, like Gecko; compatible; Amazonbot/0.1; +https://developer.amazon.com/support/amazonbot) Chrome/119.0.6045.214 Safari/537.36"
52.2.83.227 - - [17/Apr/2025:19:23:45 +0300] "GET /wp-Owl.php?action=edit&file=index.html&path=/home/mixylife/public_html/wp-includes__cb34ce0 HTTP/1.1" 200 539 "-" "Mozilla/5.0 AppleWebKit/537.36 (KHTML, like Gecko; compatible; Amazonbot/0.1; +https://developer.amazon.com/support/amazonbot) Chrome/119.0.6045.214 Safari/537.36"
54.156.55.147 - - [17/Apr/2025:19:24:04 +0300] "GET /wp-Owl.php?action=edit&file=comment.php&path=/home/mixylife/public_html/wp-includes__cb34ce0 HTTP/1.1" 200 539 "-" "Mozilla/5.0 AppleWebKit/537.36 (KHTML, like Gecko; compatible; Amazonbot/0.1; +https://developer.amazon.com/support/amazonbot) Chrome/119.0.6045.214 Safari/537.36"
114.119.133.191 - - [17/Apr/2025:19:24:25 +0300] "GET /wp-Owl.php?action=edit&file=class-requests.php&path=/home/mixylife/public_html/wp-includes__cb34ce0 HTTP/1.1" 200 539 "https://mixylife.com/wp-Owl.php?path=/home/mixylife/public_html/wp-includes__cb34ce0" "Mozilla/5.0 (Linux; Android 7.0;) AppleWebKit/537.36 (KHTML, like Gecko) Mobile Safari/537.36 (compatible; PetalBot;+https://webmaster.petalsearch.com/site/petalbot)"
114.119.150.68 - - [17/Apr/2025:19:25:48 +0300] "GET /wp-Owl.php?action=edit&file=015d131&path=/home/mixylife/public_html/wp-content__cb34ce0 HTTP/1.1" 200 539 "https://mixylife.com/wp-Owl.php?path=/home/mixylife/public_html/wp-content__cb34ce0" "Mozilla/5.0 (Linux; Android 7.0;) AppleWebKit/537.36 (KHTML, like Gecko) Mobile Safari/537.36 (compatible; PetalBot;+https://webmaster.petalsearch.com/site/petalbot)"
