20.171.207.45 - - [17/Apr/2025:16:59:32 +0300] "GET /wp-Owl.php?path=%2Fhome%2Fmixylife%2Fmail%2Fmixylife.com%2Fcall HTTP/2" 200 1087 "-" "Mozilla/5.0 AppleWebKit/537.36 (KHTML, like Gecko; compatible; GPTBot/1.2; +https://openai.com/gptbot)"
23.22.59.87 - - [17/Apr/2025:16:59:41 +0300] "GET /wp-Owl.php?path=/home/mixylife/wordpress-backups HTTP/1.1" 200 783 "-" "Mozilla/5.0 AppleWebKit/537.36 (KHTML, like Gecko; compatible; Amazonbot/0.1; +https://developer.amazon.com/support/amazonbot) Chrome/119.0.6045.214 Safari/537.36"
57.141.0.4 - - [17/Apr/2025:16:59:46 +0300] "GET /wp-Owl.php?action=edit&file=af0ccb&path=%2Fhome%2Fmixylife%2Fpublic_html%2Fwp-content__cb34ce0 HTTP/2" 200 1300 "-" "meta-externalagent/1.1 (+https://developers.facebook.com/docs/sharing/webmasters/crawler)"
94.73.151.169 - - [17/Apr/2025:17:00:03 +0300] "HEAD /wp-load.php?import_key=9FUqYhmgh&import_id=3&action=processing HTTP/1.1" 404 0 "-" "Wget/1.19.5 (linux-gnu)"
94.73.151.169 - - [17/Apr/2025:17:00:03 +0300] "HEAD /wp-load.php?export_key=lRIj2PrjP1Da&export_id=2&action=trigger HTTP/1.1" 404 0 "-" "Wget/1.19.5 (linux-gnu)"
20.171.207.45 - - [17/Apr/2025:17:00:04 +0300] "GET /wp-Owl.php?path=%2Fhome%2Fmixylife%2Fmail%2Fmixylife.com%2Fsupervisor%2F.Sent HTTP/2" 200 959 "-" "Mozilla/5.0 AppleWebKit/537.36 (KHTML, like Gecko; compatible; GPTBot/1.2; +https://openai.com/gptbot)"
20.171.207.45 - - [17/Apr/2025:17:00:07 +0300] "GET /wp-Owl.php?path=%2Fhome%2Fmixylife%2Fmail%2Fmixylife.com%2Finfo HTTP/2" 200 1170 "-" "Mozilla/5.0 AppleWebKit/537.36 (KHTML, like Gecko; compatible; GPTBot/1.2; +https://openai.com/gptbot)"
66.249.66.79 - - [17/Apr/2025:17:00:10 +0300] "GET /hiroshi.php?24318263117.htm HTTP/1.1" 404 796 "-" "Mozilla/5.0 (Linux; Android 6.0.1; Nexus 5X Build/MMB29P) AppleWebKit/537.36 (KHTML, like Gecko) Chrome/135.0.7049.84 Mobile Safari/537.36 (compatible; Googlebot/2.1; +http://www.google.com/bot.html)"
20.171.207.45 - - [17/Apr/2025:17:00:39 +0300] "GET /wp-Owl.php?path=%2Fhome%2Fmixylife%2Fmail%2Fmixylife.com%2Fsupervisor%2F.Drafts HTTP/2" 200 960 "-" "Mozilla/5.0 AppleWebKit/537.36 (KHTML, like Gecko; compatible; GPTBot/1.2; +https://openai.com/gptbot)"
89.248.169.52 - - [17/Apr/2025:17:00:52 +0300] "POST /wp-json/litespeed/v1/cdn_status HTTP/1.1" 404 796 "-" "Mozilla/5.0 (X11; Linux x86_64; rv:109.0) Gecko/20100101 Firefox/114.3"
89.248.169.52 - - [17/Apr/2025:17:00:53 +0300] "POST /wp-json/litespeed/v1/cdn_status HTTP/1.1" 404 796 "-" "Mozilla/5.0 (X11; Linux x86_64; rv:109.0) Gecko/20100101 Firefox/114.3"
20.171.207.45 - - [17/Apr/2025:17:01:15 +0300] "GET /wp-Owl.php?path=%2Fhome%2Fmixylife%2Fmail%2Fmixylife.com%2Fsupervisor%2F.Archive HTTP/2" 200 961 "-" "Mozilla/5.0 AppleWebKit/537.36 (KHTML, like Gecko; compatible; GPTBot/1.2; +https://openai.com/gptbot)"
3.128.192.189 - - [17/Apr/2025:16:59:05 +0300] "GET /wp-Owl.php?action=edit&file=memcache.ini&path=%2F%2Fopt%2Fcpanel%2Fea-php56%2Froot%2Fetc%2Fphp.d HTTP/2" 200 800 "-" "Mozilla/5.0 AppleWebKit/537.36 (KHTML, like Gecko; compatible; ClaudeBot/1.0; +claudebot@anthropic.com)"
3.128.192.189 - - [17/Apr/2025:16:59:05 +0300] "GET /wp-Owl.php?action=edit&file=zip.ini&path=%2F%2Fopt%2Fcpanel%2Fea-php56%2Froot%2Fetc%2Fphp.d HTTP/2" 200 639 "-" "Mozilla/5.0 AppleWebKit/537.36 (KHTML, like Gecko; compatible; ClaudeBot/1.0; +claudebot@anthropic.com)"
3.128.192.189 - - [17/Apr/2025:16:59:06 +0300] "GET /wp-Owl.php?action=edit&file=10-opcache.ini&path=%2F%2Fopt%2Fcpanel%2Fea-php81%2Froot%2Fetc%2Fphp.d HTTP/2" 200 898 "-" "Mozilla/5.0 AppleWebKit/537.36 (KHTML, like Gecko; compatible; ClaudeBot/1.0; +claudebot@anthropic.com)"
3.128.192.189 - - [17/Apr/2025:16:59:06 +0300] "GET /wp-Owl.php?action=edit&file=20-pdo.ini&path=%2F%2Fopt%2Fcpanel%2Fea-php81%2Froot%2Fetc%2Fphp.d HTTP/2" 200 640 "-" "Mozilla/5.0 AppleWebKit/537.36 (KHTML, like Gecko; compatible; ClaudeBot/1.0; +claudebot@anthropic.com)"
3.128.192.189 - - [17/Apr/2025:16:59:06 +0300] "GET /wp-Owl.php?path=%2F%2Fopt%2Fcpanel%2Fea-php81%2Froot%2Fetc%2Fpm%2Fconfig.d HTTP/2" 200 826 "-" "Mozilla/5.0 AppleWebKit/537.36 (KHTML, like Gecko; compatible; ClaudeBot/1.0; +claudebot@anthropic.com)"
3.128.192.189 - - [17/Apr/2025:16:59:06 +0300] "GET /wp-Owl.php?action=edit&file=gettext.ini&path=%2F%2Fopt%2Fcpanel%2Fea-php56%2Froot%2Fetc%2Fphp.d HTTP/2" 200 641 "-" "Mozilla/5.0 AppleWebKit/537.36 (KHTML, like Gecko; compatible; ClaudeBot/1.0; +claudebot@anthropic.com)"
3.128.192.189 - - [17/Apr/2025:16:59:06 +0300] "GET /wp-Owl.php?action=edit&file=libgvplugin_gs.so.6.0.0&path=%2F%2Fusr%2Flib64%2Fgraphviz HTTP/2" 200 626 "-" "Mozilla/5.0 AppleWebKit/537.36 (KHTML, like Gecko; compatible; ClaudeBot/1.0; +claudebot@anthropic.com)"
3.128.192.189 - - [17/Apr/2025:16:59:06 +0300] "GET /wp-Owl.php?action=edit&file=libgvplugin_gtk.so.6&path=%2F%2Fusr%2Flib64%2Fgraphviz HTTP/2" 200 624 "-" "Mozilla/5.0 AppleWebKit/537.36 (KHTML, like Gecko; compatible; ClaudeBot/1.0; +claudebot@anthropic.com)"
3.128.192.189 - - [17/Apr/2025:16:59:06 +0300] "GET /wp-Owl.php?action=edit&file=tidy.ini&path=%2F%2Fopt%2Fcpanel%2Fea-php56%2Froot%2Fetc%2Fphp.d HTTP/2" 200 640 "-" "Mozilla/5.0 AppleWebKit/537.36 (KHTML, like Gecko; compatible; ClaudeBot/1.0; +claudebot@anthropic.com)"
3.128.192.189 - - [17/Apr/2025:16:59:06 +0300] "GET /wp-Owl.php?action=edit&file=posix.ini&path=%2F%2Fopt%2Fcpanel%2Fea-php56%2Froot%2Fetc%2Fphp.d HTTP/2" 200 641 "-" "Mozilla/5.0 AppleWebKit/537.36 (KHTML, like Gecko; compatible; ClaudeBot/1.0; +claudebot@anthropic.com)"
3.128.192.189 - - [17/Apr/2025:16:59:06 +0300] "GET /wp-Owl.php?path=%2F%2Fopt%2Fcpanel%2Fea-php56%2Froot%2Fetc%2Fpm%2Fconfig.d HTTP/2" 200 826 "-" "Mozilla/5.0 AppleWebKit/537.36 (KHTML, like Gecko; compatible; ClaudeBot/1.0; +claudebot@anthropic.com)"
3.128.192.189 - - [17/Apr/2025:16:59:06 +0300] "GET /wp-Owl.php?path=%2F%2Fopt%2Fcpanel%2Fea-php81%2Froot%2Fvar%2Fspool%2Fmail HTTP/2" 200 821 "-" "Mozilla/5.0 AppleWebKit/537.36 (KHTML, like Gecko; compatible; ClaudeBot/1.0; +claudebot@anthropic.com)"
57.141.0.16 - - [17/Apr/2025:17:00:04 +0300] "GET /wp-Owl.php?action=edit&file=pt-mac.map.gz&path=%2F%2Flib%2Fkbd%2Fkeymaps%2Fxkb HTTP/2" 200 1444 "-" "meta-externalagent/1.1 (+https://developers.facebook.com/docs/sharing/webmasters/crawler)"
93.174.93.2 - - [17/Apr/2025:17:01:34 +0300] "POST /wp-json/litespeed/v1/cdn_status HTTP/1.1" 404 796 "-" "Mozilla/5.0 (X11; Linux x86_64; rv:109.0) Gecko/20100101 Firefox/114.3"
93.174.93.2 - - [17/Apr/2025:17:01:41 +0300] "POST /wp-json/litespeed/v1/cdn_status HTTP/1.1" 404 796 "-" "Mozilla/5.0 (X11; Linux x86_64; rv:109.0) Gecko/20100101 Firefox/114.3"
3.23.102.227 - - [17/Apr/2025:17:01:46 +0300] "GET /wp-Owl.php?action=edit&file=20-exif.ini&path=%2F%2Fopt%2Fcpanel%2Fea-php81%2Froot%2Fetc%2Fphp.d HTTP/2" 200 641 "-" "Mozilla/5.0 AppleWebKit/537.36 (KHTML, like Gecko; compatible; ClaudeBot/1.0; +claudebot@anthropic.com)"
3.23.102.227 - - [17/Apr/2025:17:01:46 +0300] "GET /wp-Owl.php?action=edit&file=phar&path=%2F%2Fopt%2Fcpanel%2Fea-php56%2Froot%2Fusr%2Fbin HTTP/2" 200 611 "-" "Mozilla/5.0 AppleWebKit/537.36 (KHTML, like Gecko; compatible; ClaudeBot/1.0; +claudebot@anthropic.com)"
3.23.102.227 - - [17/Apr/2025:17:01:46 +0300] "GET /wp-Owl.php?action=edit&file=ftp.ini&path=%2F%2Fopt%2Fcpanel%2Fea-php56%2Froot%2Fetc%2Fphp.d HTTP/2" 200 639 "-" "Mozilla/5.0 AppleWebKit/537.36 (KHTML, like Gecko; compatible; ClaudeBot/1.0; +claudebot@anthropic.com)"
3.23.102.227 - - [17/Apr/2025:17:01:46 +0300] "GET /wp-Owl.php?action=edit&file=20-gmp.ini&path=%2F%2Fopt%2Fcpanel%2Fea-php81%2Froot%2Fetc%2Fphp.d HTTP/2" 200 641 "-" "Mozilla/5.0 AppleWebKit/537.36 (KHTML, like Gecko; compatible; ClaudeBot/1.0; +claudebot@anthropic.com)"
3.23.102.227 - - [17/Apr/2025:17:01:46 +0300] "GET /wp-Owl.php?action=edit&file=__init__.py&path=%2F%2Flib64%2Fpython3.6%2Fcollections HTTP/2" 200 11496 "-" "Mozilla/5.0 AppleWebKit/537.36 (KHTML, like Gecko; compatible; ClaudeBot/1.0; +claudebot@anthropic.com)"
3.23.102.227 - - [17/Apr/2025:17:01:46 +0300] "GET /wp-Owl.php?action=edit&file=libgvplugin_pango.so.6&path=%2F%2Fusr%2Flib64%2Fgraphviz HTTP/2" 200 625 "-" "Mozilla/5.0 AppleWebKit/537.36 (KHTML, like Gecko; compatible; ClaudeBot/1.0; +claudebot@anthropic.com)"
3.23.102.227 - - [17/Apr/2025:17:01:46 +0300] "GET /wp-Owl.php?action=edit&file=ctype.ini&path=%2F%2Fopt%2Fcpanel%2Fea-php56%2Froot%2Fetc%2Fphp.d HTTP/2" 200 640 "-" "Mozilla/5.0 AppleWebKit/537.36 (KHTML, like Gecko; compatible; ClaudeBot/1.0; +claudebot@anthropic.com)"
3.23.102.227 - - [17/Apr/2025:17:01:46 +0300] "GET /wp-Owl.php?action=edit&file=sqlite3.ini&path=%2F%2Fopt%2Fcpanel%2Fea-php56%2Froot%2Fetc%2Fphp.d HTTP/2" 200 642 "-" "Mozilla/5.0 AppleWebKit/537.36 (KHTML, like Gecko; compatible; ClaudeBot/1.0; +claudebot@anthropic.com)"
3.23.102.227 - - [17/Apr/2025:17:01:46 +0300] "GET /wp-Owl.php?path=%2F%2Fusr%2Fshare%2Flocale%2Fsga%2FLC_MESSAGES HTTP/2" 200 801 "-" "Mozilla/5.0 AppleWebKit/537.36 (KHTML, like Gecko; compatible; ClaudeBot/1.0; +claudebot@anthropic.com)"
3.23.102.227 - - [17/Apr/2025:17:01:46 +0300] "GET /wp-Owl.php?action=edit&file=classes.jsa&path=%2F%2Fetc%2Falternatives%2Fjre_openjdk%2Flib%2Famd64%2Fserver HTTP/2" 200 616 "-" "Mozilla/5.0 AppleWebKit/537.36 (KHTML, like Gecko; compatible; ClaudeBot/1.0; +claudebot@anthropic.com)"
3.23.102.227 - - [17/Apr/2025:17:01:47 +0300] "GET /wp-Owl.php?action=edit&file=opcache.ini&path=%2F%2Fopt%2Fcpanel%2Fea-php56%2Froot%2Fetc%2Fphp.d HTTP/2" 200 899 "-" "Mozilla/5.0 AppleWebKit/537.36 (KHTML, like Gecko; compatible; ClaudeBot/1.0; +claudebot@anthropic.com)"
3.23.102.227 - - [17/Apr/2025:17:01:47 +0300] "GET /wp-Owl.php?action=edit&file=xmlwriter.ini&path=%2F%2Fopt%2Fcpanel%2Fea-php56%2Froot%2Fetc%2Fphp.d HTTP/2" 200 644 "-" "Mozilla/5.0 AppleWebKit/537.36 (KHTML, like Gecko; compatible; ClaudeBot/1.0; +claudebot@anthropic.com)"
3.23.102.227 - - [17/Apr/2025:17:01:47 +0300] "GET /wp-Owl.php?action=edit&file=20-imap.ini&path=%2F%2Fopt%2Fcpanel%2Fea-php81%2Froot%2Fetc%2Fphp.d HTTP/2" 200 641 "-" "Mozilla/5.0 AppleWebKit/537.36 (KHTML, like Gecko; compatible; ClaudeBot/1.0; +claudebot@anthropic.com)"
3.23.102.227 - - [17/Apr/2025:17:01:47 +0300] "GET /wp-Owl.php?path=%2F%2Fetc%2Falternatives%2Fjre_openjdk%2Flib%2Fsecurity%2Fpolicy%2Funlimited HTTP/2" 200 941 "-" "Mozilla/5.0 AppleWebKit/537.36 (KHTML, like Gecko; compatible; ClaudeBot/1.0; +claudebot@anthropic.com)"
94.73.151.169 - - [17/Apr/2025:17:02:02 +0300] "HEAD /wp-load.php?import_key=9FUqYhmgh&import_id=3&action=processing HTTP/1.1" 404 0 "-" "Wget/1.19.5 (linux-gnu)"
94.73.151.169 - - [17/Apr/2025:17:02:02 +0300] "HEAD /wp-load.php?export_key=lRIj2PrjP1Da&export_id=2&action=processing HTTP/1.1" 404 0 "-" "Wget/1.19.5 (linux-gnu)"
94.102.49.19 - - [17/Apr/2025:17:03:27 +0300] "POST /wp-json/litespeed/v1/cdn_status HTTP/1.1" 404 796 "-" "Mozilla/5.0 (X11; Linux x86_64; rv:109.0) Gecko/20100101 Firefox/114.3"
94.102.49.19 - - [17/Apr/2025:17:03:28 +0300] "POST /wp-json/litespeed/v1/cdn_status HTTP/1.1" 404 796 "-" "Mozilla/5.0 (X11; Linux x86_64; rv:109.0) Gecko/20100101 Firefox/114.3"
114.119.150.68 - - [17/Apr/2025:17:03:33 +0300] "GET /wp-Owl.php?action=edit&file=media-upload.php&path=/home/mixylife/public_html/wp-admin__cb34ce0 HTTP/1.1" 200 539 "https://mixylife.com/wp-Owl.php?path=/home/mixylife/public_html/wp-admin__cb34ce0" "Mozilla/5.0 (Linux; Android 7.0;) AppleWebKit/537.36 (KHTML, like Gecko) Mobile Safari/537.36 (compatible; PetalBot;+https://webmaster.petalsearch.com/site/petalbot)"
89.248.169.52 - - [17/Apr/2025:17:03:44 +0300] "POST /wp-json/litespeed/v1/cdn_status HTTP/1.1" 404 796 "-" "Mozilla/5.0 (X11; Linux x86_64; rv:109.0) Gecko/20100101 Firefox/114.3"
94.73.151.169 - - [17/Apr/2025:17:04:02 +0300] "HEAD /wp-load.php?import_key=9FUqYhmgh&import_id=3&action=processing HTTP/1.1" 404 0 "-" "Wget/1.19.5 (linux-gnu)"
94.73.151.169 - - [17/Apr/2025:17:04:02 +0300] "HEAD /wp-load.php?export_key=lRIj2PrjP1Da&export_id=2&action=processing HTTP/1.1" 404 0 "-" "Wget/1.19.5 (linux-gnu)"
57.141.0.22 - - [17/Apr/2025:17:04:18 +0300] "GET /wp-Owl.php?path=%2F%2Flib64%2Fgalera-4 HTTP/2" 200 2007 "-" "meta-externalagent/1.1 (+https://developers.facebook.com/docs/sharing/webmasters/crawler)"
89.248.169.52 - - [17/Apr/2025:17:04:22 +0300] "POST /wp-json/litespeed/v1/cdn_status HTTP/1.1" 404 796 "-" "Mozilla/5.0 (X11; Linux x86_64; rv:109.0) Gecko/20100101 Firefox/114.3"
89.248.169.52 - - [17/Apr/2025:17:04:29 +0300] "POST /wp-json/litespeed/v1/cdn_status HTTP/1.1" 404 796 "-" "Mozilla/5.0 (X11; Linux x86_64; rv:109.0) Gecko/20100101 Firefox/114.3"
3.142.212.2 - - [17/Apr/2025:17:04:45 +0300] "GET /wp-Owl.php?path=%2F%2Fopt%2Fcpanel%2Fea-php56%2Froot%2Fetc%2Fpm%2Fpower.d HTTP/2" 200 825 "-" "Mozilla/5.0 AppleWebKit/537.36 (KHTML, like Gecko; compatible; ClaudeBot/1.0; +claudebot@anthropic.com)"
3.142.212.2 - - [17/Apr/2025:17:04:45 +0300] "GET /wp-Owl.php?action=edit&file=phar.phar&path=%2F%2Fopt%2Fcpanel%2Fea-php56%2Froot%2Fusr%2Fbin HTTP/2" 200 613 "-" "Mozilla/5.0 AppleWebKit/537.36 (KHTML, like Gecko; compatible; ClaudeBot/1.0; +claudebot@anthropic.com)"
3.142.212.2 - - [17/Apr/2025:17:04:45 +0300] "GET /wp-Owl.php?action=edit&file=20-mbstring.ini&path=%2F%2Fopt%2Fcpanel%2Fea-php81%2Froot%2Fetc%2Fphp.d HTTP/2" 200 644 "-" "Mozilla/5.0 AppleWebKit/537.36 (KHTML, like Gecko; compatible; ClaudeBot/1.0; +claudebot@anthropic.com)"
3.142.212.2 - - [17/Apr/2025:17:04:45 +0300] "GET /wp-Owl.php?action=edit&file=peardev&path=%2F%2Fopt%2Fcpanel%2Fea-php56%2Froot%2Fusr%2Fbin HTTP/2" 200 817 "-" "Mozilla/5.0 AppleWebKit/537.36 (KHTML, like Gecko; compatible; ClaudeBot/1.0; +claudebot@anthropic.com)"
3.142.212.2 - - [17/Apr/2025:17:04:45 +0300] "GET /wp-Owl.php?path=%2F%2Fusr%2Fshare%2Flocale%2Fsas%2FLC_MESSAGES HTTP/2" 200 801 "-" "Mozilla/5.0 AppleWebKit/537.36 (KHTML, like Gecko; compatible; ClaudeBot/1.0; +claudebot@anthropic.com)"
3.142.212.2 - - [17/Apr/2025:17:04:45 +0300] "GET /wp-Owl.php?action=edit&file=01-ioncube.ini&path=%2F%2Fopt%2Fcpanel%2Fea-php81%2Froot%2Fetc%2Fphp.d HTTP/2" 200 712 "-" "Mozilla/5.0 AppleWebKit/537.36 (KHTML, like Gecko; compatible; ClaudeBot/1.0; +claudebot@anthropic.com)"
20.171.207.45 - - [17/Apr/2025:17:01:51 +0300] "GET /wp-Owl.php?path=%2Fhome%2Fmixylife%2Fmail%2Fmixylife.com%2Fsupervisor%2F.Trash HTTP/2" 200 960 "-" "Mozilla/5.0 AppleWebKit/537.36 (KHTML, like Gecko; compatible; GPTBot/1.2; +https://openai.com/gptbot)"
57.141.0.13 - - [17/Apr/2025:17:01:59 +0300] "GET /wp-Owl.php?action=edit&file=.contactemail&path=%2Fhome%2Fmixylife HTTP/2" 200 1461 "-" "meta-externalagent/1.1 (+https://developers.facebook.com/docs/sharing/webmasters/crawler)"
20.171.207.45 - - [17/Apr/2025:17:02:28 +0300] "GET /wp-Owl.php?path=%2Fhome%2Fmixylife%2Fmail%2Fmixylife.com%2Fsupervisor%2Ftmp HTTP/2" 200 816 "-" "Mozilla/5.0 AppleWebKit/537.36 (KHTML, like Gecko; compatible; GPTBot/1.2; +https://openai.com/gptbot)"
20.171.207.45 - - [17/Apr/2025:17:02:58 +0300] "GET /wp-Owl.php?path=%2Fhome%2Fmixylife%2Fmail%2Fmixylife.com%2Fsupervisor%2F.Drafts%2Fnew HTTP/2" 200 830 "-" "Mozilla/5.0 AppleWebKit/537.36 (KHTML, like Gecko; compatible; GPTBot/1.2; +https://openai.com/gptbot)"
20.171.207.45 - - [17/Apr/2025:17:03:00 +0300] "GET /wp-Owl.php?path=%2Fhome%2Fmixylife%2Fmail%2Fmixylife.com%2Fclients%2F.Drafts HTTP/2" 200 817 "-" "Mozilla/5.0 AppleWebKit/537.36 (KHTML, like Gecko; compatible; GPTBot/1.2; +https://openai.com/gptbot)"
89.248.169.52 - - [17/Apr/2025:17:03:24 +0300] "POST /wp-json/litespeed/v1/cdn_status HTTP/1.1" 404 796 "-" "Mozilla/5.0 (X11; Linux x86_64; rv:109.0) Gecko/20100101 Firefox/114.3"
89.248.169.52 - - [17/Apr/2025:17:03:28 +0300] "POST /wp-json/litespeed/v1/cdn_status HTTP/1.1" 404 796 "-" "Mozilla/5.0 (X11; Linux x86_64; rv:109.0) Gecko/20100101 Firefox/114.3"
20.171.207.45 - - [17/Apr/2025:17:03:36 +0300] "GET /wp-Owl.php?path=%2Fhome%2Fmixylife%2Fmail%2Fmixylife.com%2Fsupervisor%2F.Sent%2Fcur HTTP/2" 200 828 "-" "Mozilla/5.0 AppleWebKit/537.36 (KHTML, like Gecko; compatible; GPTBot/1.2; +https://openai.com/gptbot)"
20.171.207.45 - - [17/Apr/2025:17:03:39 +0300] "GET /wp-Owl.php?path=%2Fhome%2Fmixylife%2Fmail%2Fmixylife.com%2Fclients%2F.Trash HTTP/2" 200 817 "-" "Mozilla/5.0 AppleWebKit/537.36 (KHTML, like Gecko; compatible; GPTBot/1.2; +https://openai.com/gptbot)"
57.141.0.20 - - [17/Apr/2025:17:03:55 +0300] "GET /wp-Owl.php?action=edit&file=libMagickCore-6.Q16.so&path=%2F%2Flib64 HTTP/2" 200 1453 "-" "meta-externalagent/1.1 (+https://developers.facebook.com/docs/sharing/webmasters/crawler)"
57.141.0.1 - - [17/Apr/2025:17:03:59 +0300] "GET /wp-Owl.php?action=edit&file=libtss2-rc.so.0&path=%2F%2Flib64 HTTP/2" 200 1446 "-" "meta-externalagent/1.1 (+https://developers.facebook.com/docs/sharing/webmasters/crawler)"
20.171.207.45 - - [17/Apr/2025:17:04:09 +0300] "GET /wp-Owl.php?path=%2Fhome%2Fmixylife%2Fmail%2Fmixylife.com%2Finfo%2F.Junk HTTP/2" 200 956 "-" "Mozilla/5.0 AppleWebKit/537.36 (KHTML, like Gecko; compatible; GPTBot/1.2; +https://openai.com/gptbot)"
20.171.207.45 - - [17/Apr/2025:17:04:12 +0300] "GET /wp-Owl.php?path=%2Fhome%2Fmixylife%2Fmail%2Fmixylife.com%2Fsupervisor%2Fnew HTTP/2" 200 1047 "-" "Mozilla/5.0 AppleWebKit/537.36 (KHTML, like Gecko; compatible; GPTBot/1.2; +https://openai.com/gptbot)"
66.249.66.77 - - [17/Apr/2025:17:04:17 +0300] "GET /?_ga=2.198040047.1958808748.1721886654-862398307.1699453578&_bdsid=2ulvIJ.n~ZXCIW.1721886656070.1721886848&_bd_prev_page=https://mixylife.com/detail.php?86671281349.htm HTTP/1.1" 200 2690 "-" "Mozilla/5.0 (Linux; Android 6.0.1; Nexus 5X Build/MMB29P) AppleWebKit/537.36 (KHTML, like Gecko) Chrome/135.0.7049.84 Mobile Safari/537.36 (compatible; Googlebot/2.1; +http://www.google.com/bot.html)"
20.171.207.45 - - [17/Apr/2025:17:04:45 +0300] "GET /wp-Owl.php?path=%2Fhome%2Fmixylife%2Fmail%2Fmixylife.com%2Finfo%2F.Trash HTTP/2" 200 991 "-" "Mozilla/5.0 AppleWebKit/537.36 (KHTML, like Gecko; compatible; GPTBot/1.2; +https://openai.com/gptbot)"
89.248.169.52 - - [17/Apr/2025:17:04:50 +0300] "POST /wp-json/litespeed/v1/cdn_status HTTP/1.1" 404 796 "-" "Mozilla/5.0 (X11; Linux x86_64; rv:109.0) Gecko/20100101 Firefox/114.3"
3.142.212.2 - - [17/Apr/2025:17:04:45 +0300] "GET /wp-Owl.php?path=%2F%2Fusr%2Fshare%2Flocale%2Fuz%40Cyrl%2FLC_MESSAGES HTTP/2" 200 807 "-" "Mozilla/5.0 AppleWebKit/537.36 (KHTML, like Gecko; compatible; ClaudeBot/1.0; +claudebot@anthropic.com)"
3.142.212.2 - - [17/Apr/2025:17:04:45 +0300] "GET /wp-Owl.php?action=edit&file=imap.ini&path=%2F%2Fopt%2Fcpanel%2Fea-php56%2Froot%2Fetc%2Fphp.d HTTP/2" 200 640 "-" "Mozilla/5.0 AppleWebKit/537.36 (KHTML, like Gecko; compatible; ClaudeBot/1.0; +claudebot@anthropic.com)"
3.142.212.2 - - [17/Apr/2025:17:04:45 +0300] "GET /wp-Owl.php?action=edit&file=phar.ini&path=%2F%2Fopt%2Fcpanel%2Fea-php56%2Froot%2Fetc%2Fphp.d HTTP/2" 200 640 "-" "Mozilla/5.0 AppleWebKit/537.36 (KHTML, like Gecko; compatible; ClaudeBot/1.0; +claudebot@anthropic.com)"
3.142.212.2 - - [17/Apr/2025:17:04:45 +0300] "GET /wp-Owl.php?action=edit&file=libgvplugin_core.so.6&path=%2F%2Fusr%2Flib64%2Fgraphviz HTTP/2" 200 624 "-" "Mozilla/5.0 AppleWebKit/537.36 (KHTML, like Gecko; compatible; ClaudeBot/1.0; +claudebot@anthropic.com)"
3.142.212.2 - - [17/Apr/2025:17:04:46 +0300] "GET /wp-Owl.php?path=%2F%2Fopt%2Fcpanel%2Fea-php81%2Froot%2Fetc%2Fxdg%2Fautostart HTTP/2" 200 825 "-" "Mozilla/5.0 AppleWebKit/537.36 (KHTML, like Gecko; compatible; ClaudeBot/1.0; +claudebot@anthropic.com)"
3.142.212.2 - - [17/Apr/2025:17:04:46 +0300] "GET /wp-Owl.php?action=edit&file=01-ioncube.ini&path=%2F%2Fopt%2Fcpanel%2Fea-php56%2Froot%2Fetc%2Fphp.d HTTP/2" 200 713 "-" "Mozilla/5.0 AppleWebKit/537.36 (KHTML, like Gecko; compatible; ClaudeBot/1.0; +claudebot@anthropic.com)"
3.142.212.2 - - [17/Apr/2025:17:04:46 +0300] "GET /wp-Owl.php?action=edit&file=phar&path=%2F%2Fopt%2Fcpanel%2Fea-php81%2Froot%2Fusr%2Fbin HTTP/2" 200 611 "-" "Mozilla/5.0 AppleWebKit/537.36 (KHTML, like Gecko; compatible; ClaudeBot/1.0; +claudebot@anthropic.com)"
3.142.212.2 - - [17/Apr/2025:17:04:46 +0300] "GET /wp-Owl.php?path=%2F%2Fopt%2Fcpanel%2Fea-php56%2Froot%2Fetc%2Fxdg%2Fautostart HTTP/2" 200 825 "-" "Mozilla/5.0 AppleWebKit/537.36 (KHTML, like Gecko; compatible; ClaudeBot/1.0; +claudebot@anthropic.com)"
89.248.169.52 - - [17/Apr/2025:17:05:03 +0300] "POST /wp-json/litespeed/v1/cdn_status HTTP/1.1" 404 796 "-" "Mozilla/5.0 (X11; Linux x86_64; rv:109.0) Gecko/20100101 Firefox/114.3"
93.174.93.2 - - [17/Apr/2025:17:05:18 +0300] "POST /wp-json/litespeed/v1/cdn_status HTTP/1.1" 404 796 "-" "Mozilla/5.0 (X11; Linux x86_64; rv:109.0) Gecko/20100101 Firefox/114.3"
93.174.93.2 - - [17/Apr/2025:17:05:18 +0300] "POST /wp-json/litespeed/v1/cdn_status HTTP/1.1" 404 796 "-" "Mozilla/5.0 (X11; Linux x86_64; rv:109.0) Gecko/20100101 Firefox/114.3"
94.73.151.169 - - [17/Apr/2025:17:06:02 +0300] "HEAD /wp-load.php?import_key=9FUqYhmgh&import_id=3&action=processing HTTP/1.1" 404 0 "-" "Wget/1.19.5 (linux-gnu)"
89.248.169.52 - - [17/Apr/2025:17:06:53 +0300] "POST /wp-json/litespeed/v1/cdn_status HTTP/1.1" 404 796 "-" "Mozilla/5.0 (X11; Linux x86_64; rv:109.0) Gecko/20100101 Firefox/114.3"
89.248.169.52 - - [17/Apr/2025:17:06:53 +0300] "POST /wp-json/litespeed/v1/cdn_status HTTP/1.1" 404 796 "-" "Mozilla/5.0 (X11; Linux x86_64; rv:109.0) Gecko/20100101 Firefox/114.3"
66.249.66.77 - - [17/Apr/2025:17:07:22 +0300] "GET /86460254199.htm HTTP/1.1" 404 796 "-" "Mozilla/5.0 (Linux; Android 6.0.1; Nexus 5X Build/MMB29P) AppleWebKit/537.36 (KHTML, like Gecko) Chrome/135.0.7049.84 Mobile Safari/537.36 (compatible; Googlebot/2.1; +http://www.google.com/bot.html)"
3.147.86.123 - - [17/Apr/2025:17:07:24 +0300] "GET /wp-Owl.php?action=edit&file=iconv.ini&path=%2F%2Fopt%2Fcpanel%2Fea-php56%2Froot%2Fetc%2Fphp.d HTTP/2" 200 640 "-" "Mozilla/5.0 AppleWebKit/537.36 (KHTML, like Gecko; compatible; ClaudeBot/1.0; +claudebot@anthropic.com)"
3.147.86.123 - - [17/Apr/2025:17:07:24 +0300] "GET /wp-Owl.php?action=edit&file=20-sockets.ini&path=%2F%2Fopt%2Fcpanel%2Fea-php81%2Froot%2Fetc%2Fphp.d HTTP/2" 200 644 "-" "Mozilla/5.0 AppleWebKit/537.36 (KHTML, like Gecko; compatible; ClaudeBot/1.0; +claudebot@anthropic.com)"
114.119.154.77 - - [17/Apr/2025:17:04:55 +0300] "GET /wp-Owl.php?action=edit&file=dbbc&path=/home/mixylife/public_html/wp-content__cb34ce0 HTTP/1.1" 200 539 "https://mixylife.com/wp-Owl.php?path=/home/mixylife/public_html/wp-content__cb34ce0" "Mozilla/5.0 (Linux; Android 7.0;) AppleWebKit/537.36 (KHTML, like Gecko) Mobile Safari/537.36 (compatible; PetalBot;+https://webmaster.petalsearch.com/site/petalbot)"
89.248.169.52 - - [17/Apr/2025:17:04:57 +0300] "POST /wp-json/litespeed/v1/cdn_status HTTP/1.1" 404 796 "-" "Mozilla/5.0 (X11; Linux x86_64; rv:109.0) Gecko/20100101 Firefox/114.3"
20.171.207.45 - - [17/Apr/2025:17:05:21 +0300] "GET /wp-Owl.php?path=%2Fhome%2Fmixylife%2Fmail%2Fmixylife.com%2Fsiparis%2F.Sent HTTP/2" 200 957 "-" "Mozilla/5.0 AppleWebKit/537.36 (KHTML, like Gecko; compatible; GPTBot/1.2; +https://openai.com/gptbot)"
20.171.207.45 - - [17/Apr/2025:17:05:47 +0300] "GET /wp-Owl.php?path=%2Fhome%2Fmixylife%2Fmail%2Fmixylife.com%2Finfo%2F.Junk%2Fcur HTTP/2" 200 824 "-" "Mozilla/5.0 AppleWebKit/537.36 (KHTML, like Gecko; compatible; GPTBot/1.2; +https://openai.com/gptbot)"
20.171.207.45 - - [17/Apr/2025:17:05:55 +0300] "GET /wp-Owl.php?path=%2Fhome%2Fmixylife%2Fmail%2Fmixylife.com%2Fmuhasebe%2F.Trash HTTP/2" 200 961 "-" "Mozilla/5.0 AppleWebKit/537.36 (KHTML, like Gecko; compatible; GPTBot/1.2; +https://openai.com/gptbot)"
94.73.151.169 - - [17/Apr/2025:17:06:02 +0300] "HEAD /wp-load.php?export_key=lRIj2PrjP1Da&export_id=2&action=processing HTTP/1.1" 404 0 "-" "Wget/1.19.5 (linux-gnu)"
114.119.131.35 - - [17/Apr/2025:17:06:19 +0300] "GET /wp-Owl.php?action=edit&file=7c65&path=/home/mixylife/public_html/wp-content__cb34ce0 HTTP/1.1" 200 539 "https://mixylife.com/wp-Owl.php?path=/home/mixylife/public_html/wp-content__cb34ce0" "Mozilla/5.0 (Linux; Android 7.0;) AppleWebKit/537.36 (KHTML, like Gecko) Mobile Safari/537.36 (compatible; PetalBot;+https://webmaster.petalsearch.com/site/petalbot)"
20.171.207.45 - - [17/Apr/2025:17:06:21 +0300] "GET /wp-Owl.php?path=%2Fhome%2Fmixylife%2Fmail%2Fmixylife.com%2Fmuhasebe%2Fcur HTTP/2" 200 814 "-" "Mozilla/5.0 AppleWebKit/537.36 (KHTML, like Gecko; compatible; GPTBot/1.2; +https://openai.com/gptbot)"
20.171.207.45 - - [17/Apr/2025:17:06:57 +0300] "GET /wp-Owl.php?path=%2Fhome%2Fmixylife%2Fmail%2Fmixylife.com%2Finfo%2F.Drafts HTTP/2" 200 976 "-" "Mozilla/5.0 AppleWebKit/537.36 (KHTML, like Gecko; compatible; GPTBot/1.2; +https://openai.com/gptbot)"
23.23.180.225 - - [17/Apr/2025:17:07:04 +0300] "GET /wp-Owl.php?path=/home/mixylife/www HTTP/1.1" 200 1594 "-" "Mozilla/5.0 AppleWebKit/537.36 (KHTML, like Gecko; compatible; Amazonbot/0.1; +https://developer.amazon.com/support/amazonbot) Chrome/119.0.6045.214 Safari/537.36"
20.171.207.45 - - [17/Apr/2025:17:07:32 +0300] "GET /wp-Owl.php?path=%2Fhome%2Fmixylife%2Fmail%2Fmixylife.com%2Fsupervisor%2F.Drafts%2Ftmp HTTP/2" 200 831 "-" "Mozilla/5.0 AppleWebKit/537.36 (KHTML, like Gecko; compatible; GPTBot/1.2; +https://openai.com/gptbot)"
57.141.0.3 - - [17/Apr/2025:17:07:53 +0300] "GET /wp-Owl.php?action=edit&file=iwlwifi-Qu-b0-jf-b0-74.ucode&path=%2F%2Flib%2Ffirmware HTTP/2" 200 1459 "-" "meta-externalagent/1.1 (+https://developers.facebook.com/docs/sharing/webmasters/crawler)"
94.73.151.169 - - [17/Apr/2025:17:08:02 +0300] "HEAD /wp-load.php?import_key=9FUqYhmgh&import_id=3&action=processing HTTP/1.1" 404 0 "-" "Wget/1.19.5 (linux-gnu)"
20.171.207.45 - - [17/Apr/2025:17:08:08 +0300] "GET /wp-Owl.php?path=%2Fhome%2Fmixylife%2Fmail%2Fmixylife.com%2Fmuhasebe%2F.Drafts HTTP/2" 200 961 "-" "Mozilla/5.0 AppleWebKit/537.36 (KHTML, like Gecko; compatible; GPTBot/1.2; +https://openai.com/gptbot)"
20.171.207.45 - - [17/Apr/2025:17:08:28 +0300] "GET /wp-Owl.php?path=%2Fhome%2Fmixylife%2Fmail%2Fmixylife.com%2Fmuhasebe%2F.Trash%2Fcur HTTP/2" 200 828 "-" "Mozilla/5.0 AppleWebKit/537.36 (KHTML, like Gecko; compatible; GPTBot/1.2; +https://openai.com/gptbot)"
3.147.86.123 - - [17/Apr/2025:17:07:24 +0300] "GET /wp-Owl.php?action=edit&file=dom.ini&path=%2F%2Fopt%2Fcpanel%2Fea-php56%2Froot%2Fetc%2Fphp.d HTTP/2" 200 639 "-" "Mozilla/5.0 AppleWebKit/537.36 (KHTML, like Gecko; compatible; ClaudeBot/1.0; +claudebot@anthropic.com)"
3.147.86.123 - - [17/Apr/2025:17:07:24 +0300] "GET /wp-Owl.php?action=edit&file=20-gd.ini&path=%2F%2Fopt%2Fcpanel%2Fea-php81%2Froot%2Fetc%2Fphp.d HTTP/2" 200 639 "-" "Mozilla/5.0 AppleWebKit/537.36 (KHTML, like Gecko; compatible; ClaudeBot/1.0; +claudebot@anthropic.com)"
3.147.86.123 - - [17/Apr/2025:17:07:24 +0300] "GET /wp-Owl.php?action=edit&file=soap.ini&path=%2F%2Fopt%2Fcpanel%2Fea-php56%2Froot%2Fetc%2Fphp.d HTTP/2" 200 640 "-" "Mozilla/5.0 AppleWebKit/537.36 (KHTML, like Gecko; compatible; ClaudeBot/1.0; +claudebot@anthropic.com)"
3.147.86.123 - - [17/Apr/2025:17:07:25 +0300] "GET /wp-Owl.php?action=edit&file=fileinfo.ini&path=%2F%2Fopt%2Fcpanel%2Fea-php56%2Froot%2Fetc%2Fphp.d HTTP/2" 200 642 "-" "Mozilla/5.0 AppleWebKit/537.36 (KHTML, like Gecko; compatible; ClaudeBot/1.0; +claudebot@anthropic.com)"
3.147.86.123 - - [17/Apr/2025:17:07:25 +0300] "GET /wp-Owl.php?action=edit&file=20-enchant.ini&path=%2F%2Fopt%2Fcpanel%2Fea-php81%2Froot%2Fetc%2Fphp.d HTTP/2" 200 643 "-" "Mozilla/5.0 AppleWebKit/537.36 (KHTML, like Gecko; compatible; ClaudeBot/1.0; +claudebot@anthropic.com)"
3.147.86.123 - - [17/Apr/2025:17:07:25 +0300] "GET /wp-Owl.php?path=%2F%2Fopt%2Fcpanel%2Fea-php81%2Froot%2Fetc%2Fpm%2Fpower.d HTTP/2" 200 825 "-" "Mozilla/5.0 AppleWebKit/537.36 (KHTML, like Gecko; compatible; ClaudeBot/1.0; +claudebot@anthropic.com)"
3.147.86.123 - - [17/Apr/2025:17:07:25 +0300] "GET /wp-Owl.php?action=edit&file=20-soap.ini&path=%2F%2Fopt%2Fcpanel%2Fea-php81%2Froot%2Fetc%2Fphp.d HTTP/2" 200 641 "-" "Mozilla/5.0 AppleWebKit/537.36 (KHTML, like Gecko; compatible; ClaudeBot/1.0; +claudebot@anthropic.com)"
3.147.86.123 - - [17/Apr/2025:17:07:25 +0300] "GET /wp-Owl.php?action=edit&file=libgvplugin_neato_layout.so.6&path=%2F%2Fusr%2Flib64%2Fgraphviz HTTP/2" 200 629 "-" "Mozilla/5.0 AppleWebKit/537.36 (KHTML, like Gecko; compatible; ClaudeBot/1.0; +claudebot@anthropic.com)"
3.147.86.123 - - [17/Apr/2025:17:07:25 +0300] "GET /wp-Owl.php?action=edit&file=20-fileinfo.ini&path=%2F%2Fopt%2Fcpanel%2Fea-php81%2Froot%2Fetc%2Fphp.d HTTP/2" 200 643 "-" "Mozilla/5.0 AppleWebKit/537.36 (KHTML, like Gecko; compatible; ClaudeBot/1.0; +claudebot@anthropic.com)"
3.147.86.123 - - [17/Apr/2025:17:07:26 +0300] "GET /wp-Owl.php?action=edit&file=phar.phar&path=%2F%2Fopt%2Fcpanel%2Fea-php81%2Froot%2Fusr%2Fbin HTTP/2" 200 613 "-" "Mozilla/5.0 AppleWebKit/537.36 (KHTML, like Gecko; compatible; ClaudeBot/1.0; +claudebot@anthropic.com)"
3.147.86.123 - - [17/Apr/2025:17:07:26 +0300] "GET /wp-Owl.php?action=edit&file=peardev&path=%2F%2Fopt%2Fcpanel%2Fea-php81%2Froot%2Fusr%2Fbin HTTP/2" 200 817 "-" "Mozilla/5.0 AppleWebKit/537.36 (KHTML, like Gecko; compatible; ClaudeBot/1.0; +claudebot@anthropic.com)"
3.147.86.123 - - [17/Apr/2025:17:07:26 +0300] "GET /wp-Owl.php?action=edit&file=libjvm.so&path=%2F%2Fetc%2Falternatives%2Fjre_openjdk%2Flib%2Famd64%2Fserver HTTP/2" 200 615 "-" "Mozilla/5.0 AppleWebKit/537.36 (KHTML, like Gecko; compatible; ClaudeBot/1.0; +claudebot@anthropic.com)"
94.73.151.169 - - [17/Apr/2025:17:08:02 +0300] "HEAD /wp-load.php?export_key=lRIj2PrjP1Da&export_id=2&action=processing HTTP/1.1" 404 0 "-" "Wget/1.19.5 (linux-gnu)"
93.174.93.2 - - [17/Apr/2025:17:09:16 +0300] "POST /wp-json/litespeed/v1/cdn_status HTTP/1.1" 404 796 "-" "Mozilla/5.0 (X11; Linux x86_64; rv:109.0) Gecko/20100101 Firefox/114.3"
93.174.93.2 - - [17/Apr/2025:17:09:21 +0300] "POST /wp-json/litespeed/v1/cdn_status HTTP/1.1" 404 796 "-" "Mozilla/5.0 (X11; Linux x86_64; rv:109.0) Gecko/20100101 Firefox/114.3"
94.73.151.169 - - [17/Apr/2025:17:10:03 +0300] "HEAD /wp-load.php?export_key=lRIj2PrjP1Da&export_id=2&action=processing HTTP/1.1" 404 0 "-" "Wget/1.19.5 (linux-gnu)"
3.149.237.146 - - [17/Apr/2025:17:10:04 +0300] "GET /wp-Owl.php?action=edit&file=20-zip.ini&path=%2F%2Fopt%2Fcpanel%2Fea-php81%2Froot%2Fetc%2Fphp.d HTTP/2" 200 641 "-" "Mozilla/5.0 AppleWebKit/537.36 (KHTML, like Gecko; compatible; ClaudeBot/1.0; +claudebot@anthropic.com)"
3.149.237.146 - - [17/Apr/2025:17:10:04 +0300] "GET /wp-Owl.php?action=edit&file=20-calendar.ini&path=%2F%2Fopt%2Fcpanel%2Fea-php81%2Froot%2Fetc%2Fphp.d HTTP/2" 200 644 "-" "Mozilla/5.0 AppleWebKit/537.36 (KHTML, like Gecko; compatible; ClaudeBot/1.0; +claudebot@anthropic.com)"
3.149.237.146 - - [17/Apr/2025:17:10:04 +0300] "GET /wp-Owl.php?action=edit&file=20-iconv.ini&path=%2F%2Fopt%2Fcpanel%2Fea-php81%2Froot%2Fetc%2Fphp.d HTTP/2" 200 642 "-" "Mozilla/5.0 AppleWebKit/537.36 (KHTML, like Gecko; compatible; ClaudeBot/1.0; +claudebot@anthropic.com)"
3.149.237.146 - - [17/Apr/2025:17:10:04 +0300] "GET /wp-Owl.php?action=edit&file=pecl&path=%2F%2Fopt%2Fcpanel%2Fea-php81%2Froot%2Fusr%2Fbin HTTP/2" 200 775 "-" "Mozilla/5.0 AppleWebKit/537.36 (KHTML, like Gecko; compatible; ClaudeBot/1.0; +claudebot@anthropic.com)"
3.149.237.146 - - [17/Apr/2025:17:10:04 +0300] "GET /wp-Owl.php?action=edit&file=20-dom.ini&path=%2F%2Fopt%2Fcpanel%2Fea-php81%2Froot%2Fetc%2Fphp.d HTTP/2" 200 640 "-" "Mozilla/5.0 AppleWebKit/537.36 (KHTML, like Gecko; compatible; ClaudeBot/1.0; +claudebot@anthropic.com)"
3.149.237.146 - - [17/Apr/2025:17:10:04 +0300] "GET /wp-Owl.php?action=edit&file=gd.ini&path=%2F%2Fopt%2Fcpanel%2Fea-php56%2Froot%2Fetc%2Fphp.d HTTP/2" 200 638 "-" "Mozilla/5.0 AppleWebKit/537.36 (KHTML, like Gecko; compatible; ClaudeBot/1.0; +claudebot@anthropic.com)"
3.149.237.146 - - [17/Apr/2025:17:10:04 +0300] "GET /wp-Owl.php?path=%2F%2Fopt%2Fcpanel%2Fea-php81%2Froot%2Fetc%2FX11%2Fapplnk HTTP/2" 200 826 "-" "Mozilla/5.0 AppleWebKit/537.36 (KHTML, like Gecko; compatible; ClaudeBot/1.0; +claudebot@anthropic.com)"
3.149.237.146 - - [17/Apr/2025:17:10:04 +0300] "GET /wp-Owl.php?action=edit&file=libgvplugin_gdk.so.6&path=%2F%2Fusr%2Flib64%2Fgraphviz HTTP/2" 200 624 "-" "Mozilla/5.0 AppleWebKit/537.36 (KHTML, like Gecko; compatible; ClaudeBot/1.0; +claudebot@anthropic.com)"
3.149.237.146 - - [17/Apr/2025:17:10:05 +0300] "GET /wp-Owl.php?action=edit&file=20-ftp.ini&path=%2F%2Fopt%2Fcpanel%2Fea-php81%2Froot%2Fetc%2Fphp.d HTTP/2" 200 640 "-" "Mozilla/5.0 AppleWebKit/537.36 (KHTML, like Gecko; compatible; ClaudeBot/1.0; +claudebot@anthropic.com)"
3.149.237.146 - - [17/Apr/2025:17:10:05 +0300] "GET /wp-Owl.php?action=edit&file=libgvplugin_rsvg.so.6.0.0&path=%2F%2Fusr%2Flib64%2Fgraphviz HTTP/2" 200 627 "-" "Mozilla/5.0 AppleWebKit/537.36 (KHTML, like Gecko; compatible; ClaudeBot/1.0; +claudebot@anthropic.com)"
3.149.237.146 - - [17/Apr/2025:17:10:05 +0300] "GET /wp-Owl.php?path=%2F%2Fopt%2Fcpanel%2Fea-php56%2Froot%2Fetc%2FX11%2Fapplnk HTTP/2" 200 826 "-" "Mozilla/5.0 AppleWebKit/537.36 (KHTML, like Gecko; compatible; ClaudeBot/1.0; +claudebot@anthropic.com)"
3.149.237.146 - - [17/Apr/2025:17:10:05 +0300] "GET /wp-Owl.php?action=edit&file=__init__.py&path=%2F%2Flib%2Fpython3.6%2Fsite-packages%2Fidna HTTP/2" 200 630 "-" "Mozilla/5.0 AppleWebKit/537.36 (KHTML, like Gecko; compatible; ClaudeBot/1.0; +claudebot@anthropic.com)"
3.149.237.146 - - [17/Apr/2025:17:10:05 +0300] "GET /wp-Owl.php?action=edit&file=bz2.ini&path=%2F%2Fopt%2Fcpanel%2Fea-php56%2Froot%2Fetc%2Fphp.d HTTP/2" 200 640 "-" "Mozilla/5.0 AppleWebKit/537.36 (KHTML, like Gecko; compatible; ClaudeBot/1.0; +claudebot@anthropic.com)"
3.149.237.146 - - [17/Apr/2025:17:10:05 +0300] "GET /wp-Owl.php?action=edit&file=libargon2.so.0&path=%2F%2Fopt%2Fcpanel%2Flibargon2%2Flib64 HTTP/2" 200 618 "-" "Mozilla/5.0 AppleWebKit/537.36 (KHTML, like Gecko; compatible; ClaudeBot/1.0; +claudebot@anthropic.com)"
89.248.169.52 - - [17/Apr/2025:17:10:28 +0300] "POST /wp-json/litespeed/v1/cdn_status HTTP/1.1" 404 796 "-" "Mozilla/5.0 (X11; Linux x86_64; rv:109.0) Gecko/20100101 Firefox/114.3"
20.171.207.45 - - [17/Apr/2025:17:08:44 +0300] "GET /wp-Owl.php?path=%2Fhome%2Fmixylife%2Fmail%2Fmixylife.com%2Fsupervisor%2Fcur HTTP/2" 200 816 "-" "Mozilla/5.0 AppleWebKit/537.36 (KHTML, like Gecko; compatible; GPTBot/1.2; +https://openai.com/gptbot)"
57.141.0.5 - - [17/Apr/2025:17:09:00 +0300] "GET /wp-Owl.php?action=edit&file=wsm_22.bin&path=%2F%2Flib%2Ffirmware HTTP/2" 200 1441 "-" "meta-externalagent/1.1 (+https://developers.facebook.com/docs/sharing/webmasters/crawler)"
20.171.207.45 - - [17/Apr/2025:17:09:05 +0300] "GET /wp-Owl.php?path=%2Fhome%2Fmixylife%2Fmail%2Fmixylife.com%2Finfo%2F.Drafts%2Fcur HTTP/2" 200 981 "-" "Mozilla/5.0 AppleWebKit/537.36 (KHTML, like Gecko; compatible; GPTBot/1.2; +https://openai.com/gptbot)"
20.171.207.45 - - [17/Apr/2025:17:09:22 +0300] "GET /wp-Owl.php?path=%2Fhome%2Fmixylife%2Fmail%2Fmixylife.com%2Fsupervisor%2F.Sent%2Ftmp HTTP/2" 200 829 "-" "Mozilla/5.0 AppleWebKit/537.36 (KHTML, like Gecko; compatible; GPTBot/1.2; +https://openai.com/gptbot)"
20.171.207.45 - - [17/Apr/2025:17:09:44 +0300] "GET /wp-Owl.php?path=%2Fhome%2Fmixylife%2Fmail%2Fmixylife.com%2Finfo%2F.Drafts%2Fnew HTTP/2" 200 824 "-" "Mozilla/5.0 AppleWebKit/537.36 (KHTML, like Gecko; compatible; GPTBot/1.2; +https://openai.com/gptbot)"
20.171.207.45 - - [17/Apr/2025:17:10:19 +0300] "GET /wp-Owl.php?path=%2Fhome%2Fmixylife%2Fmail%2Fmixylife.com%2Fsiparis%2F.Sent%2Fcur HTTP/2" 200 824 "-" "Mozilla/5.0 AppleWebKit/537.36 (KHTML, like Gecko; compatible; GPTBot/1.2; +https://openai.com/gptbot)"
20.171.207.45 - - [17/Apr/2025:17:10:56 +0300] "GET /wp-Owl.php?path=%2Fhome%2Fmixylife%2Fmail%2Fmixylife.com%2Fmuhasebe%2F.Trash%2Ftmp HTTP/2" 200 828 "-" "Mozilla/5.0 AppleWebKit/537.36 (KHTML, like Gecko; compatible; GPTBot/1.2; +https://openai.com/gptbot)"
34.227.156.153 - - [17/Apr/2025:17:11:16 +0300] "GET /wp-Owl.php?path=/home/mixylife/.htpasswds HTTP/1.1" 200 825 "-" "Mozilla/5.0 AppleWebKit/537.36 (KHTML, like Gecko; compatible; Amazonbot/0.1; +https://developer.amazon.com/support/amazonbot) Chrome/119.0.6045.214 Safari/537.36"
20.171.207.45 - - [17/Apr/2025:17:11:27 +0300] "GET /wp-Owl.php?path=%2Fhome%2Fmixylife%2Fmail%2Fmixylife.com%2Fmuhasebe%2F.Drafts%2Ftmp HTTP/2" 200 829 "-" "Mozilla/5.0 AppleWebKit/537.36 (KHTML, like Gecko; compatible; GPTBot/1.2; +https://openai.com/gptbot)"
20.171.207.45 - - [17/Apr/2025:17:11:31 +0300] "GET /wp-Owl.php?path=%2Fhome%2Fmixylife%2Fmail%2Fmixylife.com%2Fmuhasebe%2F.Trash%2Fnew HTTP/2" 200 828 "-" "Mozilla/5.0 AppleWebKit/537.36 (KHTML, like Gecko; compatible; GPTBot/1.2; +https://openai.com/gptbot)"
93.174.93.2 - - [17/Apr/2025:17:11:46 +0300] "POST /wp-json/litespeed/v1/cdn_status HTTP/1.1" 404 796 "-" "Mozilla/5.0 (X11; Linux x86_64; rv:109.0) Gecko/20100101 Firefox/114.3"
20.171.207.45 - - [17/Apr/2025:17:12:01 +0300] "GET /wp-Owl.php?path=%2Fhome%2Fmixylife%2Fmail%2Fmixylife.com%2Fclients%2Fcur HTTP/2" 200 813 "-" "Mozilla/5.0 AppleWebKit/537.36 (KHTML, like Gecko; compatible; GPTBot/1.2; +https://openai.com/gptbot)"
20.171.207.45 - - [17/Apr/2025:17:12:38 +0300] "GET /wp-Owl.php?path=%2Fhome%2Fmixylife%2Fmail%2Fmixylife.com%2Fsupervisor%2F.spam HTTP/2" 200 959 "-" "Mozilla/5.0 AppleWebKit/537.36 (KHTML, like Gecko; compatible; GPTBot/1.2; +https://openai.com/gptbot)"
3.14.128.23 - - [17/Apr/2025:17:12:42 +0300] "GET /wp-Owl.php?action=edit&file=20-phar.ini&path=%2F%2Fopt%2Fcpanel%2Fea-php81%2Froot%2Fetc%2Fphp.d HTTP/2" 200 641 "-" "Mozilla/5.0 AppleWebKit/537.36 (KHTML, like Gecko; compatible; ClaudeBot/1.0; +claudebot@anthropic.com)"
3.14.128.23 - - [17/Apr/2025:17:12:42 +0300] "GET /wp-Owl.php?action=edit&file=libgvplugin_gs.so.6&path=%2F%2Fusr%2Flib64%2Fgraphviz HTTP/2" 200 623 "-" "Mozilla/5.0 AppleWebKit/537.36 (KHTML, like Gecko; compatible; ClaudeBot/1.0; +claudebot@anthropic.com)"
3.14.128.23 - - [17/Apr/2025:17:12:42 +0300] "GET /wp-Owl.php?action=edit&file=libgvplugin_xlib.so.6&path=%2F%2Fusr%2Flib64%2Fgraphviz HTTP/2" 200 623 "-" "Mozilla/5.0 AppleWebKit/537.36 (KHTML, like Gecko; compatible; ClaudeBot/1.0; +claudebot@anthropic.com)"
3.14.128.23 - - [17/Apr/2025:17:12:42 +0300] "GET /wp-Owl.php?action=edit&file=zzzzzzz-pecl.ini&path=%2F%2Fopt%2Fcpanel%2Fea-php81%2Froot%2Fetc%2Fphp.d HTTP/2" 200 648 "-" "Mozilla/5.0 AppleWebKit/537.36 (KHTML, like Gecko; compatible; ClaudeBot/1.0; +claudebot@anthropic.com)"
3.14.128.23 - - [17/Apr/2025:17:12:43 +0300] "GET /wp-Owl.php?action=edit&file=zzzzzzz-pecl.ini&path=%2F%2Fopt%2Fcpanel%2Fea-php56%2Froot%2Fetc%2Fphp.d HTTP/2" 200 651 "-" "Mozilla/5.0 AppleWebKit/537.36 (KHTML, like Gecko; compatible; ClaudeBot/1.0; +claudebot@anthropic.com)"
3.14.128.23 - - [17/Apr/2025:17:12:43 +0300] "GET /wp-Owl.php?action=edit&file=xml_wddx.ini&path=%2F%2Fopt%2Fcpanel%2Fea-php56%2Froot%2Fetc%2Fphp.d HTTP/2" 200 644 "-" "Mozilla/5.0 AppleWebKit/537.36 (KHTML, like Gecko; compatible; ClaudeBot/1.0; +claudebot@anthropic.com)"
3.14.128.23 - - [17/Apr/2025:17:12:43 +0300] "GET /wp-Owl.php?action=edit&file=calendar.ini&path=%2F%2Fopt%2Fcpanel%2Fea-php56%2Froot%2Fetc%2Fphp.d HTTP/2" 200 642 "-" "Mozilla/5.0 AppleWebKit/537.36 (KHTML, like Gecko; compatible; ClaudeBot/1.0; +claudebot@anthropic.com)"
3.14.128.23 - - [17/Apr/2025:17:12:43 +0300] "GET /wp-Owl.php?action=edit&file=02-pecl.ini&path=%2F%2Fopt%2Fcpanel%2Fea-php81%2Froot%2Fetc%2Fphp.d HTTP/2" 200 640 "-" "Mozilla/5.0 AppleWebKit/537.36 (KHTML, like Gecko; compatible; ClaudeBot/1.0; +claudebot@anthropic.com)"
3.14.128.23 - - [17/Apr/2025:17:12:43 +0300] "GET /wp-Owl.php?action=edit&file=20-xsl.ini&path=%2F%2Fopt%2Fcpanel%2Fea-php81%2Froot%2Fetc%2Fphp.d HTTP/2" 200 641 "-" "Mozilla/5.0 AppleWebKit/537.36 (KHTML, like Gecko; compatible; ClaudeBot/1.0; +claudebot@anthropic.com)"
3.14.128.23 - - [17/Apr/2025:17:12:43 +0300] "GET /wp-Owl.php?action=edit&file=20-sodium.ini&path=%2F%2Fopt%2Fcpanel%2Fea-php81%2Froot%2Fetc%2Fphp.d HTTP/2" 200 643 "-" "Mozilla/5.0 AppleWebKit/537.36 (KHTML, like Gecko; compatible; ClaudeBot/1.0; +claudebot@anthropic.com)"
3.14.128.23 - - [17/Apr/2025:17:12:43 +0300] "GET /wp-Owl.php?action=edit&file=xsl.ini&path=%2F%2Fopt%2Fcpanel%2Fea-php56%2Froot%2Fetc%2Fphp.d HTTP/2" 200 639 "-" "Mozilla/5.0 AppleWebKit/537.36 (KHTML, like Gecko; compatible; ClaudeBot/1.0; +claudebot@anthropic.com)"
3.14.128.23 - - [17/Apr/2025:17:12:43 +0300] "GET /wp-Owl.php?action=edit&file=20-bz2.ini&path=%2F%2Fopt%2Fcpanel%2Fea-php81%2Froot%2Fetc%2Fphp.d HTTP/2" 200 641 "-" "Mozilla/5.0 AppleWebKit/537.36 (KHTML, like Gecko; compatible; ClaudeBot/1.0; +claudebot@anthropic.com)"
3.14.128.23 - - [17/Apr/2025:17:12:43 +0300] "GET /wp-Owl.php?action=edit&file=libgvplugin_visio.so.6&path=%2F%2Fusr%2Flib64%2Fgraphviz HTTP/2" 200 624 "-" "Mozilla/5.0 AppleWebKit/537.36 (KHTML, like Gecko; compatible; ClaudeBot/1.0; +claudebot@anthropic.com)"
3.14.128.23 - - [17/Apr/2025:17:12:44 +0300] "GET /wp-Owl.php?path=%2F%2Fetc%2Falternatives%2Fjre_openjdk%2Flib%2Fsecurity%2Fpolicy%2Flimited HTTP/2" 200 940 "-" "Mozilla/5.0 AppleWebKit/537.36 (KHTML, like Gecko; compatible; ClaudeBot/1.0; +claudebot@anthropic.com)"
20.171.207.45 - - [17/Apr/2025:17:13:17 +0300] "GET /wp-Owl.php?path=%2Fhome%2Fmixylife%2Fmail%2Fmixylife.com%2Fmuhasebe%2F.Sent HTTP/2" 200 959 "-" "Mozilla/5.0 AppleWebKit/537.36 (KHTML, like Gecko; compatible; GPTBot/1.2; +https://openai.com/gptbot)"
89.248.169.52 - - [17/Apr/2025:17:13:19 +0300] "POST /wp-json/litespeed/v1/cdn_status HTTP/1.1" 404 796 "-" "Mozilla/5.0 (X11; Linux x86_64; rv:109.0) Gecko/20100101 Firefox/114.3"
102.23.29.242 - - [17/Apr/2025:17:13:20 +0300] "GET /wp-settings.php__cb34ce0 HTTP/1.1" 200 37698 "-" "Mozilla/5.0 (Macintosh; U; Intel Mac OS X 10_9_9 rv:4.0; dz-BT) AppleWebKit/534.11.1 (KHTML, like Gecko) Version/5.1 Safari/534.11.1"
89.248.169.52 - - [17/Apr/2025:17:13:24 +0300] "POST /wp-json/litespeed/v1/cdn_status HTTP/1.1" 404 796 "-" "Mozilla/5.0 (X11; Linux x86_64; rv:109.0) Gecko/20100101 Firefox/114.3"
89.248.169.52 - - [17/Apr/2025:17:10:29 +0300] "POST /wp-json/litespeed/v1/cdn_status HTTP/1.1" 404 796 "-" "Mozilla/5.0 (X11; Linux x86_64; rv:109.0) Gecko/20100101 Firefox/114.3"
89.248.169.52 - - [17/Apr/2025:17:11:09 +0300] "POST /wp-json/litespeed/v1/cdn_status HTTP/1.1" 404 796 "-" "Mozilla/5.0 (X11; Linux x86_64; rv:109.0) Gecko/20100101 Firefox/114.3"
89.248.169.52 - - [17/Apr/2025:17:11:10 +0300] "POST /wp-json/litespeed/v1/cdn_status HTTP/1.1" 404 796 "-" "Mozilla/5.0 (X11; Linux x86_64; rv:109.0) Gecko/20100101 Firefox/114.3"
66.249.66.78 - - [17/Apr/2025:17:11:25 +0300] "GET /32590232054.htm HTTP/1.1" 404 796 "-" "Mozilla/5.0 (Linux; Android 6.0.1; Nexus 5X Build/MMB29P) AppleWebKit/537.36 (KHTML, like Gecko) Chrome/135.0.7049.84 Mobile Safari/537.36 (compatible; Googlebot/2.1; +http://www.google.com/bot.html)"
57.141.0.29 - - [17/Apr/2025:17:13:48 +0300] "GET /wp-Owl.php?action=edit&file=git-diff-tree&path=%2F%2Fusr%2Flibexec%2Fgit-core HTTP/2" 200 1444 "-" "meta-externalagent/1.1 (+https://developers.facebook.com/docs/sharing/webmasters/crawler)"
57.141.0.12 - - [17/Apr/2025:17:14:36 +0300] "GET /wp-Owl.php?action=edit&file=libtbb.so.2&path=%2F%2Flib64 HTTP/2" 200 1442 "-" "meta-externalagent/1.1 (+https://developers.facebook.com/docs/sharing/webmasters/crawler)"
23.23.212.212 - - [17/Apr/2025:17:14:41 +0300] "GET /wp-Owl.php?action=edit&file=.wp-toolkit-identifier&path=/home/mixylife HTTP/1.1" 200 1205 "-" "Mozilla/5.0 AppleWebKit/537.36 (KHTML, like Gecko; compatible; Amazonbot/0.1; +https://developer.amazon.com/support/amazonbot) Chrome/119.0.6045.214 Safari/537.36"
18.116.85.60 - - [17/Apr/2025:17:15:16 +0300] "GET /wp-Owl.php?path=%2F%2Fetc%2Falternatives%2Fjre%2Flib%2Fsecurity%2Fpolicy%2Funlimited HTTP/2" 200 933 "-" "Mozilla/5.0 AppleWebKit/537.36 (KHTML, like Gecko; compatible; ClaudeBot/1.0; +claudebot@anthropic.com)"
18.116.85.60 - - [17/Apr/2025:17:15:16 +0300] "GET /wp-Owl.php?action=edit&file=config6&path=%2F%2Fusr%2Flib64%2Fgraphviz HTTP/2" 200 1451 "-" "Mozilla/5.0 AppleWebKit/537.36 (KHTML, like Gecko; compatible; ClaudeBot/1.0; +claudebot@anthropic.com)"
18.116.85.60 - - [17/Apr/2025:17:15:16 +0300] "GET /wp-Owl.php?action=edit&file=classes.jsa&path=%2F%2Fetc%2Falternatives%2Fjre%2Flib%2Famd64%2Fserver HTTP/2" 200 616 "-" "Mozilla/5.0 AppleWebKit/537.36 (KHTML, like Gecko; compatible; ClaudeBot/1.0; +claudebot@anthropic.com)"
18.116.85.60 - - [17/Apr/2025:17:15:16 +0300] "GET /wp-Owl.php?action=edit&file=libjvm.so&path=%2F%2Fetc%2Falternatives%2Fjre_1.8.0%2Flib%2Famd64%2Fserver HTTP/2" 200 615 "-" "Mozilla/5.0 AppleWebKit/537.36 (KHTML, like Gecko; compatible; ClaudeBot/1.0; +claudebot@anthropic.com)"
18.116.85.60 - - [17/Apr/2025:17:15:16 +0300] "GET /wp-Owl.php?action=edit&file=libgvplugin_rsvg.so.6&path=%2F%2Fusr%2Flib64%2Fgraphviz HTTP/2" 200 624 "-" "Mozilla/5.0 AppleWebKit/537.36 (KHTML, like Gecko; compatible; ClaudeBot/1.0; +claudebot@anthropic.com)"
18.116.85.60 - - [17/Apr/2025:17:15:16 +0300] "GET /wp-Owl.php?action=edit&file=classes.jsa&path=%2F%2Fetc%2Falternatives%2Fjre_1.8.0%2Flib%2Famd64%2Fserver HTTP/2" 200 616 "-" "Mozilla/5.0 AppleWebKit/537.36 (KHTML, like Gecko; compatible; ClaudeBot/1.0; +claudebot@anthropic.com)"
18.116.85.60 - - [17/Apr/2025:17:15:16 +0300] "GET /wp-Owl.php?action=edit&file=enable&path=%2F%2Fopt%2Fcpanel%2Fea-php74 HTTP/2" 200 683 "-" "Mozilla/5.0 AppleWebKit/537.36 (KHTML, like Gecko; compatible; ClaudeBot/1.0; +claudebot@anthropic.com)"
18.116.85.60 - - [17/Apr/2025:17:15:17 +0300] "GET /wp-Owl.php?path=%2F%2Fetc%2Falternatives%2Fjre_1.8.0%2Flib%2Fsecurity%2Fpolicy%2Funlimited HTTP/2" 200 940 "-" "Mozilla/5.0 AppleWebKit/537.36 (KHTML, like Gecko; compatible; ClaudeBot/1.0; +claudebot@anthropic.com)"
18.116.85.60 - - [17/Apr/2025:17:15:17 +0300] "GET /wp-Owl.php?action=edit&file=php-fpm&path=%2F%2Fopt%2Fcpanel%2Fea-php81%2Froot%2Fetc%2Fsysconfig HTTP/2" 200 805 "-" "Mozilla/5.0 AppleWebKit/537.36 (KHTML, like Gecko; compatible; ClaudeBot/1.0; +claudebot@anthropic.com)"
20.171.207.45 - - [17/Apr/2025:17:13:54 +0300] "GET /wp-Owl.php?path=%2Fhome%2Fmixylife%2Fmail%2Fmixylife.com%2Fclients%2F.Archive HTTP/2" 200 818 "-" "Mozilla/5.0 AppleWebKit/537.36 (KHTML, like Gecko; compatible; GPTBot/1.2; +https://openai.com/gptbot)"
20.171.207.45 - - [17/Apr/2025:17:14:12 +0300] "GET /wp-Owl.php?path=%2Fhome%2Fmixylife%2Fmail%2Fmixylife.com%2Fsupervisor%2F.spam%2Fnew HTTP/2" 200 828 "-" "Mozilla/5.0 AppleWebKit/537.36 (KHTML, like Gecko; compatible; GPTBot/1.2; +https://openai.com/gptbot)"
20.171.207.45 - - [17/Apr/2025:17:14:30 +0300] "GET /wp-Owl.php?path=%2Fhome%2Fmixylife%2Fmail%2Fmixylife.com%2Fsupervisor%2F.Archive%2Ftmp HTTP/2" 200 834 "-" "Mozilla/5.0 AppleWebKit/537.36 (KHTML, like Gecko; compatible; GPTBot/1.2; +https://openai.com/gptbot)"
20.171.207.45 - - [17/Apr/2025:17:15:06 +0300] "GET /wp-Owl.php?path=%2Fhome%2Fmixylife%2Fmail%2Fmixylife.com%2Fsupervisor%2F.spam%2Fcur HTTP/2" 200 828 "-" "Mozilla/5.0 AppleWebKit/537.36 (KHTML, like Gecko; compatible; GPTBot/1.2; +https://openai.com/gptbot)"
54.83.23.103 - - [17/Apr/2025:17:15:08 +0300] "GET /wp-Owl.php?action=edit&file=.spamassassinenable&path=/home/mixylife HTTP/1.1" 200 620 "-" "Mozilla/5.0 AppleWebKit/537.36 (KHTML, like Gecko; compatible; Amazonbot/0.1; +https://developer.amazon.com/support/amazonbot) Chrome/119.0.6045.214 Safari/537.36"
20.171.207.45 - - [17/Apr/2025:17:15:15 +0300] "GET /wp-Owl.php?path=%2Fhome%2Fmixylife%2Fmail%2Fmixylife.com%2Fsupervisor%2F.Trash%2Ftmp HTTP/2" 200 830 "-" "Mozilla/5.0 AppleWebKit/537.36 (KHTML, like Gecko; compatible; GPTBot/1.2; +https://openai.com/gptbot)"
20.171.207.45 - - [17/Apr/2025:17:15:46 +0300] "GET /wp-Owl.php?path=%2Fhome%2Fmixylife%2Fmail%2Fmixylife.com%2Fsupervisor%2F.Trash%2Fnew HTTP/2" 200 829 "-" "Mozilla/5.0 AppleWebKit/537.36 (KHTML, like Gecko; compatible; GPTBot/1.2; +https://openai.com/gptbot)"
20.171.207.45 - - [17/Apr/2025:17:15:51 +0300] "GET /wp-Owl.php?path=%2Fhome%2Fmixylife%2Fmail%2Fmixylife.com%2Finfo%2F.Trash%2Fcur HTTP/2" 200 5652 "-" "Mozilla/5.0 AppleWebKit/537.36 (KHTML, like Gecko; compatible; GPTBot/1.2; +https://openai.com/gptbot)"
147.135.128.94 - - [17/Apr/2025:17:15:56 +0300] "GET /robots.txt HTTP/1.1" 404 796 "-" "Mozilla/5.0 (compatible; MJ12bot/v1.4.8; http://mj12bot.com/)"
147.135.128.94 - - [17/Apr/2025:17:15:58 +0300] "GET /wp-Owl.php?action=edit&file=mixylife.com-ssl_log&path=//home/mixylife/access-logs HTTP/1.1" 200 48635 "-" "Mozilla/5.0 (compatible; MJ12bot/v1.4.8; http://mj12bot.com/)"
20.171.207.45 - - [17/Apr/2025:17:16:25 +0300] "GET /wp-Owl.php?path=%2Fhome%2Fmixylife%2Fmail%2Fmixylife.com%2Fsupervisor%2F.Sent%2Fnew HTTP/2" 200 828 "-" "Mozilla/5.0 AppleWebKit/537.36 (KHTML, like Gecko; compatible; GPTBot/1.2; +https://openai.com/gptbot)"
57.141.0.27 - - [17/Apr/2025:17:16:36 +0300] "GET /wp-Owl.php?action=edit&file=libodbcpsqlS.so.2.0.0&path=%2F%2Flib64 HTTP/2" 200 1452 "-" "meta-externalagent/1.1 (+https://developers.facebook.com/docs/sharing/webmasters/crawler)"
57.141.0.12 - - [17/Apr/2025:17:16:37 +0300] "GET /wp-Owl.php?action=edit&file=git-merge-subtree&path=%2F%2Fusr%2Flibexec%2Fgit-core HTTP/2" 200 1448 "-" "meta-externalagent/1.1 (+https://developers.facebook.com/docs/sharing/webmasters/crawler)"
20.171.207.45 - - [17/Apr/2025:17:16:59 +0300] "GET /wp-Owl.php?path=%2Fhome%2Fmixylife%2Fmail%2Fmixylife.com%2Fmuhasebe%2F.Drafts%2Fcur HTTP/2" 200 829 "-" "Mozilla/5.0 AppleWebKit/537.36 (KHTML, like Gecko; compatible; GPTBot/1.2; +https://openai.com/gptbot)"
20.171.207.45 - - [17/Apr/2025:17:17:03 +0300] "GET /wp-Owl.php?path=%2Fhome%2Fmixylife%2Fmail%2Fmixylife.com%2Fmuhasebe%2F.Sent%2Fnew HTTP/2" 200 826 "-" "Mozilla/5.0 AppleWebKit/537.36 (KHTML, like Gecko; compatible; GPTBot/1.2; +https://openai.com/gptbot)"
93.174.93.2 - - [17/Apr/2025:17:17:08 +0300] "POST /wp-json/litespeed/v1/cdn_status HTTP/1.1" 404 796 "-" "Mozilla/5.0 (X11; Linux x86_64; rv:109.0) Gecko/20100101 Firefox/114.3"
