18.117.82.179 - - [17/Apr/2025:16:01:14 +0300] "GET /wp-Owl.php?action=edit&file=KR.so&path=%2F%2Flib64%2Fperl5%2Fvendor_perl%2Fauto%2FEncode%2FKR HTTP/2" 200 613 "-" "Mozilla/5.0 AppleWebKit/537.36 (KHTML, like Gecko; compatible; ClaudeBot/1.0; +claudebot@anthropic.com)"
18.117.82.179 - - [17/Apr/2025:16:01:14 +0300] "GET /wp-Owl.php?path=%2F%2Fusr%2Flib%2Fmodules%2F4.18.0-513.24.1.el8_9.x86_64%2Fkernel%2Fdrivers%2Fvdpa HTTP/2" 200 995 "-" "Mozilla/5.0 AppleWebKit/537.36 (KHTML, like Gecko; compatible; ClaudeBot/1.0; +claudebot@anthropic.com)"
18.117.82.179 - - [17/Apr/2025:16:01:14 +0300] "GET /wp-Owl.php?path=%2F%2Fusr%2Flib%2Fmodules%2F4.18.0-513.24.1.el8_9.x86_64%2Fkernel%2Fdrivers%2Fisdn HTTP/2" 200 983 "-" "Mozilla/5.0 AppleWebKit/537.36 (KHTML, like Gecko; compatible; ClaudeBot/1.0; +claudebot@anthropic.com)"
18.117.82.179 - - [17/Apr/2025:16:01:14 +0300] "GET /wp-Owl.php?path=%2F%2Fusr%2Flib%2Fmodules%2F4.18.0-513.24.1.el8_9.x86_64%2Fkernel%2Fdrivers%2Fhwmon HTTP/2" 200 2508 "-" "Mozilla/5.0 AppleWebKit/537.36 (KHTML, like Gecko; compatible; ClaudeBot/1.0; +claudebot@anthropic.com)"
18.117.82.179 - - [17/Apr/2025:16:01:14 +0300] "GET /wp-Owl.php?path=%2F%2Fusr%2Flib%2Fmodules%2F4.18.0-513.24.1.el8_9.x86_64%2Fkernel%2Fsound%2Fhda HTTP/2" 200 1003 "-" "Mozilla/5.0 AppleWebKit/537.36 (KHTML, like Gecko; compatible; ClaudeBot/1.0; +claudebot@anthropic.com)"
89.248.169.52 - - [17/Apr/2025:16:01:20 +0300] "POST /wp-json/litespeed/v1/cdn_status HTTP/1.1" 404 796 "-" "Mozilla/5.0 (X11; Linux x86_64; rv:109.0) Gecko/20100101 Firefox/114.3"
217.113.194.239 - - [17/Apr/2025:16:01:23 +0300] "GET /?action=edit&file=product.php__cb34ce0&path=%2Fhome%2Fmixylife%2Fpublic_html HTTP/1.1" 200 2611 "-" "Mozilla/5.0 (compatible; Barkrowler/0.9; +https://babbar.tech/crawler)"
57.141.0.11 - - [17/Apr/2025:16:01:25 +0300] "GET /wp-Owl.php?action=edit&file=post-template.php&path=%2Fhome%2Fmixylife%2Fpublic_html%2Fwp-includes__cb34ce0 HTTP/2" 200 1300 "-" "meta-externalagent/1.1 (+https://developers.facebook.com/docs/sharing/webmasters/crawler)"
57.141.0.3 - - [17/Apr/2025:16:01:36 +0300] "GET /wp-Owl.php?action=edit&file=libsemanage.so.1&path=%2F%2Flib64 HTTP/2" 200 1447 "-" "meta-externalagent/1.1 (+https://developers.facebook.com/docs/sharing/webmasters/crawler)"
217.113.194.235 - - [17/Apr/2025:16:01:43 +0300] "GET /?action=edit&file=item.php__cb34ce0&path=%2Fhome%2Fmixylife%2Fpublic_html HTTP/1.1" 200 2611 "-" "Mozilla/5.0 (compatible; Barkrowler/0.9; +https://babbar.tech/crawler)"
94.73.151.169 - - [17/Apr/2025:16:02:02 +0300] "HEAD /wp-load.php?import_key=9FUqYhmgh&import_id=3&action=processing HTTP/1.1" 404 0 "-" "Wget/1.19.5 (linux-gnu)"
94.73.151.169 - - [17/Apr/2025:16:02:02 +0300] "HEAD /wp-load.php?export_key=lRIj2PrjP1Da&export_id=2&action=processing HTTP/1.1" 404 0 "-" "Wget/1.19.5 (linux-gnu)"
217.113.194.237 - - [17/Apr/2025:16:02:23 +0300] "GET /?action=edit&file=click.php__cb34ce0&path=%2Fhome%2Fmixylife%2Fpublic_html HTTP/1.1" 200 2613 "-" "Mozilla/5.0 (compatible; Barkrowler/0.9; +https://babbar.tech/crawler)"
154.54.249.218 - - [17/Apr/2025:16:02:43 +0300] "GET /?action=edit&file=index.php__cb34ce0&path=%2Fhome%2Fmixylife%2Fpublic_html HTTP/1.1" 200 2614 "-" "Mozilla/5.0 (compatible; Barkrowler/0.9; +https://babbar.tech/crawler)"
52.71.216.196 - - [17/Apr/2025:16:03:08 +0300] "GET /wp-Owl.php?action=edit&file=atomlib.php&path=/home/mixylife/public_html/wp-includes__cb34ce0 HTTP/1.1" 200 539 "-" "Mozilla/5.0 AppleWebKit/537.36 (KHTML, like Gecko; compatible; Amazonbot/0.1; +https://developer.amazon.com/support/amazonbot) Chrome/119.0.6045.214 Safari/537.36"
57.141.0.10 - - [17/Apr/2025:16:03:15 +0300] "GET /wp-Owl.php?action=edit&file=qat_4xxx_mmp.bin&path=%2F%2Flib%2Ffirmware HTTP/2" 200 1447 "-" "meta-externalagent/1.1 (+https://developers.facebook.com/docs/sharing/webmasters/crawler)"
217.113.194.254 - - [17/Apr/2025:16:03:18 +0300] "GET /?action=edit&file=mah.php__cb34ce0&path=%2Fhome%2Fmixylife%2Fpublic_html HTTP/1.1" 200 2610 "-" "Mozilla/5.0 (compatible; Barkrowler/0.9; +https://babbar.tech/crawler)"
20.171.207.45 - - [17/Apr/2025:16:03:26 +0300] "GET /wp-Owl.php?action=edit&file=default-widgets.php&path=%2Fhome%2Fmixylife%2Fpublic_html%2Fwp-includes__cb34ce0 HTTP/2" 200 539 "-" "Mozilla/5.0 AppleWebKit/537.36 (KHTML, like Gecko; compatible; GPTBot/1.2; +https://openai.com/gptbot)"
44.207.69.106 - - [17/Apr/2025:16:03:32 +0300] "GET /wp-Owl.php?action=edit&file=mah.php&path=/home/mixylife/public_html/wp-includes__cb34ce0 HTTP/1.1" 200 539 "-" "Mozilla/5.0 AppleWebKit/537.36 (KHTML, like Gecko; compatible; Amazonbot/0.1; +https://developer.amazon.com/support/amazonbot) Chrome/119.0.6045.214 Safari/537.36"
57.141.0.30 - - [17/Apr/2025:16:03:33 +0300] "GET /wp-Owl.php?action=edit&file=libidn2.so.0.3.6&path=%2F%2Flib64 HTTP/2" 200 1447 "-" "meta-externalagent/1.1 (+https://developers.facebook.com/docs/sharing/webmasters/crawler)"
20.171.207.45 - - [17/Apr/2025:16:03:35 +0300] "GET /wp-Owl.php?path=%2Fhome%2Fmixylife%2Fpublic_html%2Findex__cb34ce0 HTTP/2" 200 800 "-" "Mozilla/5.0 AppleWebKit/537.36 (KHTML, like Gecko; compatible; GPTBot/1.2; +https://openai.com/gptbot)"
3.144.118.174 - - [17/Apr/2025:16:03:36 +0300] "GET /wp-Owl.php?action=edit&file=HI&path=%2F%2Fusr%2Fshare%2Fgroff%2Fcurrent%2Ffont%2Fdevps HTTP/2" 200 7946 "-" "Mozilla/5.0 AppleWebKit/537.36 (KHTML, like Gecko; compatible; ClaudeBot/1.0; +claudebot@anthropic.com)"
3.144.118.174 - - [17/Apr/2025:16:03:36 +0300] "GET /wp-Owl.php?action=edit&file=PI&path=%2F%2Fusr%2Fshare%2Fgroff%2F1.22.3%2Ffont%2Fdevps HTTP/2" 200 5813 "-" "Mozilla/5.0 AppleWebKit/537.36 (KHTML, like Gecko; compatible; ClaudeBot/1.0; +claudebot@anthropic.com)"
3.144.118.174 - - [17/Apr/2025:16:03:36 +0300] "GET /wp-Owl.php?action=edit&file=r4rs.go&path=%2F%2Fusr%2Flib64%2Fguile%2F2.0%2Fccache%2Fice-9 HTTP/2" 200 613 "-" "Mozilla/5.0 AppleWebKit/537.36 (KHTML, like Gecko; compatible; ClaudeBot/1.0; +claudebot@anthropic.com)"
3.144.118.174 - - [17/Apr/2025:16:03:36 +0300] "GET /wp-Owl.php?action=edit&file=kheaders.ko.xz&path=%2F%2Fusr%2Flib%2Fmodules%2F4.18.0-513.5.1.el8_9.x86_64%2Fkernel%2Fkernel HTTP/2" 200 618 "-" "Mozilla/5.0 AppleWebKit/537.36 (KHTML, like Gecko; compatible; ClaudeBot/1.0; +claudebot@anthropic.com)"
3.144.118.174 - - [17/Apr/2025:16:03:36 +0300] "GET /wp-Owl.php?action=edit&file=x-sjis-cp932.enc&path=%2F%2Flib64%2Fperl5%2Fvendor_perl%2FXML%2FParser%2FEncodings HTTP/2" 200 620 "-" "Mozilla/5.0 AppleWebKit/537.36 (KHTML, like Gecko; compatible; ClaudeBot/1.0; +claudebot@anthropic.com)"
3.144.118.174 - - [17/Apr/2025:16:03:36 +0300] "GET /wp-Owl.php?action=edit&file=get_http4.al&path=%2F%2Flib64%2Fperl5%2Fvendor_perl%2Fauto%2FNet%2FSSLeay HTTP/2" 200 799 "-" "Mozilla/5.0 AppleWebKit/537.36 (KHTML, like Gecko; compatible; ClaudeBot/1.0; +claudebot@anthropic.com)"
3.144.118.174 - - [17/Apr/2025:16:03:36 +0300] "GET /wp-Owl.php?action=edit&file=networking.go&path=%2F%2Fusr%2Flib64%2Fguile%2F2.0%2Fccache%2Fice-9 HTTP/2" 200 617 "-" "Mozilla/5.0 AppleWebKit/537.36 (KHTML, like Gecko; compatible; ClaudeBot/1.0; +claudebot@anthropic.com)"
3.144.118.174 - - [17/Apr/2025:16:03:36 +0300] "GET /wp-Owl.php?action=edit&file=t10-pi.ko.xz&path=%2F%2Fusr%2Flib%2Fmodules%2F4.18.0-513.5.1.el8_9.x86_64%2Fkernel%2Fblock HTTP/2" 200 618 "-" "Mozilla/5.0 AppleWebKit/537.36 (KHTML, like Gecko; compatible; ClaudeBot/1.0; +claudebot@anthropic.com)"
3.144.118.174 - - [17/Apr/2025:16:03:36 +0300] "GET /wp-Owl.php?action=edit&file=PBI&path=%2F%2Fusr%2Fshare%2Fgroff%2Fcurrent%2Ffont%2Fdevps HTTP/2" 200 5886 "-" "Mozilla/5.0 AppleWebKit/537.36 (KHTML, like Gecko; compatible; ClaudeBot/1.0; +claudebot@anthropic.com)"
3.144.118.174 - - [17/Apr/2025:16:03:36 +0300] "GET /wp-Owl.php?action=edit&file=HiRes.so&path=%2F%2Flib64%2Fperl5%2Fvendor_perl%2Fauto%2FTime%2FHiRes HTTP/2" 200 614 "-" "Mozilla/5.0 AppleWebKit/537.36 (KHTML, like Gecko; compatible; ClaudeBot/1.0; +claudebot@anthropic.com)"
3.144.118.174 - - [17/Apr/2025:16:03:36 +0300] "GET /wp-Owl.php?action=edit&file=unicode.go&path=%2F%2Fusr%2Flib64%2Fguile%2F2.0%2Fccache%2Fice-9 HTTP/2" 200 614 "-" "Mozilla/5.0 AppleWebKit/537.36 (KHTML, like Gecko; compatible; ClaudeBot/1.0; +claudebot@anthropic.com)"
3.144.118.174 - - [17/Apr/2025:16:03:36 +0300] "GET /wp-Owl.php?action=edit&file=SSLeay.so&path=%2F%2Flib64%2Fperl5%2Fvendor_perl%2Fauto%2FNet%2FSSLeay HTTP/2" 200 615 "-" "Mozilla/5.0 AppleWebKit/537.36 (KHTML, like Gecko; compatible; ClaudeBot/1.0; +claudebot@anthropic.com)"
3.144.118.174 - - [17/Apr/2025:16:03:37 +0300] "GET /wp-Owl.php?action=edit&file=BI&path=%2F%2Fusr%2Fshare%2Fgroff%2F1.22.3%2Ffont%2Fdevhtml HTTP/2" 200 5553 "-" "Mozilla/5.0 AppleWebKit/537.36 (KHTML, like Gecko; compatible; ClaudeBot/1.0; +claudebot@anthropic.com)"
3.144.118.174 - - [17/Apr/2025:16:03:37 +0300] "GET /wp-Owl.php?action=edit&file=DESC&path=%2F%2Fusr%2Fshare%2Fgroff%2Fcurrent%2Ffont%2Fdevutf8 HTTP/2" 200 677 "-" "Mozilla/5.0 AppleWebKit/537.36 (KHTML, like Gecko; compatible; ClaudeBot/1.0; +claudebot@anthropic.com)"
3.144.118.174 - - [17/Apr/2025:16:03:37 +0300] "GET /wp-Owl.php?action=edit&file=I&path=%2F%2Fusr%2Fshare%2Fgroff%2F1.22.3%2Ffont%2Fdevascii HTTP/2" 200 1288 "-" "Mozilla/5.0 AppleWebKit/537.36 (KHTML, like Gecko; compatible; ClaudeBot/1.0; +claudebot@anthropic.com)"
3.144.118.174 - - [17/Apr/2025:16:03:37 +0300] "GET /wp-Owl.php?action=edit&file=XS.so&path=%2F%2Flib64%2Fperl5%2Fvendor_perl%2Fauto%2FJSON%2FXS HTTP/2" 200 613 "-" "Mozilla/5.0 AppleWebKit/537.36 (KHTML, like Gecko; compatible; ClaudeBot/1.0; +claudebot@anthropic.com)"
3.144.118.174 - - [17/Apr/2025:16:03:37 +0300] "GET /wp-Owl.php?action=edit&file=ssax.go&path=%2F%2Fusr%2Flib64%2Fguile%2F2.0%2Fccache%2Fsxml HTTP/2" 200 613 "-" "Mozilla/5.0 AppleWebKit/537.36 (KHTML, like Gecko; compatible; ClaudeBot/1.0; +claudebot@anthropic.com)"
3.144.118.174 - - [17/Apr/2025:16:03:37 +0300] "GET /wp-Owl.php?action=edit&file=BMB&path=%2F%2Fusr%2Fshare%2Fgroff%2Fcurrent%2Ffont%2Fdevps HTTP/2" 200 4865 "-" "Mozilla/5.0 AppleWebKit/537.36 (KHTML, like Gecko; compatible; ClaudeBot/1.0; +claudebot@anthropic.com)"
3.144.118.174 - - [17/Apr/2025:16:03:37 +0300] "GET /wp-Owl.php?action=edit&file=put_http.al&path=%2F%2Flib64%2Fperl5%2Fvendor_perl%2Fauto%2FNet%2FSSLeay HTTP/2" 200 795 "-" "Mozilla/5.0 AppleWebKit/537.36 (KHTML, like Gecko; compatible; ClaudeBot/1.0; +claudebot@anthropic.com)"
3.144.118.174 - - [17/Apr/2025:16:03:37 +0300] "GET /wp-Owl.php?action=edit&file=objagg.ko.xz&path=%2F%2Fusr%2Flib%2Fmodules%2F4.18.0-513.5.1.el8_9.x86_64%2Fkernel%2Flib HTTP/2" 200 618 "-" "Mozilla/5.0 AppleWebKit/537.36 (KHTML, like Gecko; compatible; ClaudeBot/1.0; +claudebot@anthropic.com)"
3.144.118.174 - - [17/Apr/2025:16:03:37 +0300] "GET /wp-Owl.php?action=edit&file=B&path=%2F%2Fusr%2Fshare%2Fgroff%2F1.22.3%2Ffont%2Fdevascii HTTP/2" 200 1288 "-" "Mozilla/5.0 AppleWebKit/537.36 (KHTML, like Gecko; compatible; ClaudeBot/1.0; +claudebot@anthropic.com)"
3.144.118.174 - - [17/Apr/2025:16:03:37 +0300] "GET /wp-Owl.php?action=edit&file=hash-table.go&path=%2F%2Fusr%2Flib64%2Fguile%2F2.0%2Fccache%2Fice-9 HTTP/2" 200 617 "-" "Mozilla/5.0 AppleWebKit/537.36 (KHTML, like Gecko; compatible; ClaudeBot/1.0; +claudebot@anthropic.com)"
3.144.118.174 - - [17/Apr/2025:16:03:37 +0300] "GET /wp-Owl.php?action=edit&file=streams.go&path=%2F%2Fusr%2Flib64%2Fguile%2F2.0%2Fccache%2Fice-9 HTTP/2" 200 615 "-" "Mozilla/5.0 AppleWebKit/537.36 (KHTML, like Gecko; compatible; ClaudeBot/1.0; +claudebot@anthropic.com)"
3.144.118.174 - - [17/Apr/2025:16:03:38 +0300] "GET /wp-Owl.php?action=edit&file=R&path=%2F%2Fusr%2Fshare%2Fgroff%2F1.22.3%2Ffont%2Fdevhtml HTTP/2" 200 5540 "-" "Mozilla/5.0 AppleWebKit/537.36 (KHTML, like Gecko; compatible; ClaudeBot/1.0; +claudebot@anthropic.com)"
3.144.118.174 - - [17/Apr/2025:16:03:38 +0300] "GET /wp-Owl.php?action=edit&file=MD5.so&path=%2F%2Flib64%2Fperl5%2Fvendor_perl%2Fauto%2FDigest%2FMD5 HTTP/2" 200 614 "-" "Mozilla/5.0 AppleWebKit/537.36 (KHTML, like Gecko; compatible; ClaudeBot/1.0; +claudebot@anthropic.com)"
3.144.118.174 - - [17/Apr/2025:16:03:38 +0300] "GET /wp-Owl.php?action=edit&file=libcrc32c.ko.xz&path=%2F%2Fusr%2Flib%2Fmodules%2F4.18.0-513.5.1.el8_9.x86_64%2Fkernel%2Flib HTTP/2" 200 620 "-" "Mozilla/5.0 AppleWebKit/537.36 (KHTML, like Gecko; compatible; ClaudeBot/1.0; +claudebot@anthropic.com)"
3.144.118.174 - - [17/Apr/2025:16:03:38 +0300] "GET /wp-Owl.php?action=edit&file=S&path=%2F%2Fusr%2Fshare%2Fgroff%2Fcurrent%2Ffont%2Fdevps HTTP/2" 200 3512 "-" "Mozilla/5.0 AppleWebKit/537.36 (KHTML, like Gecko; compatible; ClaudeBot/1.0; +claudebot@anthropic.com)"
3.144.118.174 - - [17/Apr/2025:16:03:38 +0300] "GET /wp-Owl.php?action=edit&file=TBI&path=%2F%2Fusr%2Fshare%2Fgroff%2Fcurrent%2Ffont%2Fdevps HTTP/2" 200 5366 "-" "Mozilla/5.0 AppleWebKit/537.36 (KHTML, like Gecko; compatible; ClaudeBot/1.0; +claudebot@anthropic.com)"
3.144.118.174 - - [17/Apr/2025:16:03:38 +0300] "GET /wp-Owl.php?action=edit&file=CB&path=%2F%2Fusr%2Fshare%2Fgroff%2F1.22.3%2Ffont%2Fdevhtml HTTP/2" 200 5540 "-" "Mozilla/5.0 AppleWebKit/537.36 (KHTML, like Gecko; compatible; ClaudeBot/1.0; +claudebot@anthropic.com)"
3.144.118.174 - - [17/Apr/2025:16:03:38 +0300] "GET /wp-Owl.php?action=edit&file=NBI&path=%2F%2Fusr%2Fshare%2Fgroff%2Fcurrent%2Ffont%2Fdevps HTTP/2" 200 7913 "-" "Mozilla/5.0 AppleWebKit/537.36 (KHTML, like Gecko; compatible; ClaudeBot/1.0; +claudebot@anthropic.com)"
3.144.118.174 - - [17/Apr/2025:16:03:38 +0300] "GET /wp-Owl.php?action=edit&file=tree-il.go&path=%2F%2Fusr%2Flib64%2Fguile%2F2.0%2Fccache%2Flanguage HTTP/2" 200 614 "-" "Mozilla/5.0 AppleWebKit/537.36 (KHTML, like Gecko; compatible; ClaudeBot/1.0; +claudebot@anthropic.com)"
3.144.118.174 - - [17/Apr/2025:16:03:38 +0300] "GET /wp-Owl.php?action=edit&file=TB&path=%2F%2Fusr%2Fshare%2Fgroff%2Fcurrent%2Ffont%2Fdevps HTTP/2" 200 4545 "-" "Mozilla/5.0 AppleWebKit/537.36 (KHTML, like Gecko; compatible; ClaudeBot/1.0; +claudebot@anthropic.com)"
3.144.118.174 - - [17/Apr/2025:16:03:38 +0300] "GET /wp-Owl.php?action=edit&file=head_http4.al&path=%2F%2Flib64%2Fperl5%2Fvendor_perl%2Fauto%2FNet%2FSSLeay HTTP/2" 200 811 "-" "Mozilla/5.0 AppleWebKit/537.36 (KHTML, like Gecko; compatible; ClaudeBot/1.0; +claudebot@anthropic.com)"
3.144.118.174 - - [17/Apr/2025:16:03:38 +0300] "GET /wp-Owl.php?action=edit&file=BMR&path=%2F%2Fusr%2Fshare%2Fgroff%2Fcurrent%2Ffont%2Fdevps HTTP/2" 200 4786 "-" "Mozilla/5.0 AppleWebKit/537.36 (KHTML, like Gecko; compatible; ClaudeBot/1.0; +claudebot@anthropic.com)"
217.113.194.241 - - [17/Apr/2025:16:03:38 +0300] "GET /?action=edit&file=networks.php__cb34ce0&path=%2Fhome%2Fmixylife%2Fpublic_html HTTP/1.1" 200 2610 "-" "Mozilla/5.0 (compatible; Barkrowler/0.9; +https://babbar.tech/crawler)"
3.144.118.174 - - [17/Apr/2025:16:03:39 +0300] "GET /wp-Owl.php?action=edit&file=simple.go&path=%2F%2Fusr%2Flib64%2Fguile%2F2.0%2Fccache%2Fsxml HTTP/2" 200 614 "-" "Mozilla/5.0 AppleWebKit/537.36 (KHTML, like Gecko; compatible; ClaudeBot/1.0; +claudebot@anthropic.com)"
3.144.118.174 - - [17/Apr/2025:16:03:39 +0300] "GET /wp-Owl.php?action=edit&file=ZDR&path=%2F%2Fusr%2Fshare%2Fgroff%2Fcurrent%2Ffont%2Fdevps HTTP/2" 200 2535 "-" "Mozilla/5.0 AppleWebKit/537.36 (KHTML, like Gecko; compatible; ClaudeBot/1.0; +claudebot@anthropic.com)"
3.144.118.174 - - [17/Apr/2025:16:03:39 +0300] "GET /wp-Owl.php?action=edit&file=autosplit.ix&path=%2F%2Flib64%2Fperl5%2Fvendor_perl%2Fauto%2FCompress%2FBzip2 HTTP/2" 200 682 "-" "Mozilla/5.0 AppleWebKit/537.36 (KHTML, like Gecko; compatible; ClaudeBot/1.0; +claudebot@anthropic.com)"
3.144.118.174 - - [17/Apr/2025:16:03:39 +0300] "GET /wp-Owl.php?action=edit&file=NI&path=%2F%2Fusr%2Fshare%2Fgroff%2Fcurrent%2Ffont%2Fdevps HTTP/2" 200 6709 "-" "Mozilla/5.0 AppleWebKit/537.36 (KHTML, like Gecko; compatible; ClaudeBot/1.0; +claudebot@anthropic.com)"
3.144.118.174 - - [17/Apr/2025:16:03:39 +0300] "GET /wp-Owl.php?action=edit&file=CBI&path=%2F%2Fusr%2Fshare%2Fgroff%2F1.22.3%2Ffont%2Fdevhtml HTTP/2" 200 5543 "-" "Mozilla/5.0 AppleWebKit/537.36 (KHTML, like Gecko; compatible; ClaudeBot/1.0; +claudebot@anthropic.com)"
3.144.118.174 - - [17/Apr/2025:16:03:39 +0300] "GET /wp-Owl.php?action=edit&file=Dumper.so&path=%2F%2Flib64%2Fperl5%2Fvendor_perl%2Fauto%2FData%2FDumper HTTP/2" 200 615 "-" "Mozilla/5.0 AppleWebKit/537.36 (KHTML, like Gecko; compatible; ClaudeBot/1.0; +claudebot@anthropic.com)"
3.144.118.174 - - [17/Apr/2025:16:03:39 +0300] "GET /wp-Owl.php?action=edit&file=HNB&path=%2F%2Fusr%2Fshare%2Fgroff%2Fcurrent%2Ffont%2Fdevps HTTP/2" 200 6788 "-" "Mozilla/5.0 AppleWebKit/537.36 (KHTML, like Gecko; compatible; ClaudeBot/1.0; +claudebot@anthropic.com)"
3.144.118.174 - - [17/Apr/2025:16:03:39 +0300] "GET /wp-Owl.php?action=edit&file=command-line.go&path=%2F%2Fusr%2Flib64%2Fguile%2F2.0%2Fccache%2Fice-9 HTTP/2" 200 617 "-" "Mozilla/5.0 AppleWebKit/537.36 (KHTML, like Gecko; compatible; ClaudeBot/1.0; +claudebot@anthropic.com)"
3.144.118.174 - - [17/Apr/2025:16:03:39 +0300] "GET /wp-Owl.php?action=edit&file=doc-syms&path=%2F%2Fusr%2Fshare%2Fgroff%2Fcurrent%2Ftmac%2Fmdoc HTTP/2" 200 5490 "-" "Mozilla/5.0 AppleWebKit/537.36 (KHTML, like Gecko; compatible; ClaudeBot/1.0; +claudebot@anthropic.com)"
3.144.118.174 - - [17/Apr/2025:16:03:39 +0300] "GET /wp-Owl.php?action=edit&file=http_cat.al&path=%2F%2Flib64%2Fperl5%2Fvendor_perl%2Fauto%2FNet%2FSSLeay HTTP/2" 200 1152 "-" "Mozilla/5.0 AppleWebKit/537.36 (KHTML, like Gecko; compatible; ClaudeBot/1.0; +claudebot@anthropic.com)"
3.144.118.174 - - [17/Apr/2025:16:03:39 +0300] "GET /wp-Owl.php?action=edit&file=set_proxy.al&path=%2F%2Flib64%2Fperl5%2Fvendor_perl%2Fauto%2FNet%2FSSLeay HTTP/2" 200 907 "-" "Mozilla/5.0 AppleWebKit/537.36 (KHTML, like Gecko; compatible; ClaudeBot/1.0; +claudebot@anthropic.com)"
3.144.118.174 - - [17/Apr/2025:16:03:39 +0300] "GET /wp-Owl.php?action=edit&file=AR&path=%2F%2Fusr%2Fshare%2Fgroff%2Fcurrent%2Ffont%2Fdevps HTTP/2" 200 4861 "-" "Mozilla/5.0 AppleWebKit/537.36 (KHTML, like Gecko; compatible; ClaudeBot/1.0; +claudebot@anthropic.com)"
3.144.118.174 - - [17/Apr/2025:16:03:40 +0300] "GET /wp-Owl.php?action=edit&file=get_http.al&path=%2F%2Flib64%2Fperl5%2Fvendor_perl%2Fauto%2FNet%2FSSLeay HTTP/2" 200 794 "-" "Mozilla/5.0 AppleWebKit/537.36 (KHTML, like Gecko; compatible; ClaudeBot/1.0; +claudebot@anthropic.com)"
3.144.118.174 - - [17/Apr/2025:16:03:40 +0300] "GET /wp-Owl.php?action=edit&file=binfmt_misc.ko.xz&path=%2F%2Fusr%2Flib%2Fmodules%2F4.18.0-513.5.1.el8_9.x86_64%2Fkernel%2Ffs HTTP/2" 200 622 "-" "Mozilla/5.0 AppleWebKit/537.36 (KHTML, like Gecko; compatible; ClaudeBot/1.0; +claudebot@anthropic.com)"
3.144.118.174 - - [17/Apr/2025:16:03:40 +0300] "GET /wp-Owl.php?action=edit&file=top-repl.go&path=%2F%2Fusr%2Flib64%2Fguile%2F2.0%2Fccache%2Fice-9 HTTP/2" 200 615 "-" "Mozilla/5.0 AppleWebKit/537.36 (KHTML, like Gecko; compatible; ClaudeBot/1.0; +claudebot@anthropic.com)"
3.144.118.174 - - [17/Apr/2025:16:03:40 +0300] "GET /wp-Owl.php?action=edit&file=TI&path=%2F%2Fusr%2Fshare%2Fgroff%2Fcurrent%2Ffont%2Fdevps HTTP/2" 200 5357 "-" "Mozilla/5.0 AppleWebKit/537.36 (KHTML, like Gecko; compatible; ClaudeBot/1.0; +claudebot@anthropic.com)"
3.144.118.174 - - [17/Apr/2025:16:03:40 +0300] "GET /wp-Owl.php?action=edit&file=download&path=%2F%2Fusr%2Fshare%2Fgroff%2Fcurrent%2Ffont%2Fdevps HTTP/2" 200 704 "-" "Mozilla/5.0 AppleWebKit/537.36 (KHTML, like Gecko; compatible; ClaudeBot/1.0; +claudebot@anthropic.com)"
3.144.118.174 - - [17/Apr/2025:16:03:40 +0300] "GET /wp-Owl.php?action=edit&file=mapping.go&path=%2F%2Fusr%2Flib64%2Fguile%2F2.0%2Fccache%2Fice-9 HTTP/2" 200 615 "-" "Mozilla/5.0 AppleWebKit/537.36 (KHTML, like Gecko; compatible; ClaudeBot/1.0; +claudebot@anthropic.com)"
3.144.118.174 - - [17/Apr/2025:16:03:40 +0300] "GET /wp-Owl.php?action=edit&file=parman.ko.xz&path=%2F%2Fusr%2Flib%2Fmodules%2F4.18.0-513.5.1.el8_9.x86_64%2Fkernel%2Flib HTTP/2" 200 618 "-" "Mozilla/5.0 AppleWebKit/537.36 (KHTML, like Gecko; compatible; ClaudeBot/1.0; +claudebot@anthropic.com)"
3.144.118.174 - - [17/Apr/2025:16:03:40 +0300] "GET /wp-Owl.php?action=edit&file=BI&path=%2F%2Fusr%2Fshare%2Fgroff%2F1.22.3%2Ffont%2Fdevascii HTTP/2" 200 1289 "-" "Mozilla/5.0 AppleWebKit/537.36 (KHTML, like Gecko; compatible; ClaudeBot/1.0; +claudebot@anthropic.com)"
3.144.118.174 - - [17/Apr/2025:16:03:40 +0300] "GET /wp-Owl.php?action=edit&file=I&path=%2F%2Fusr%2Fshare%2Fgroff%2Fcurrent%2Ffont%2Fdevutf8 HTTP/2" 200 5521 "-" "Mozilla/5.0 AppleWebKit/537.36 (KHTML, like Gecko; compatible; ClaudeBot/1.0; +claudebot@anthropic.com)"
3.144.118.174 - - [17/Apr/2025:16:03:40 +0300] "GET /wp-Owl.php?action=edit&file=HR&path=%2F%2Fusr%2Fshare%2Fgroff%2Fcurrent%2Ffont%2Fdevps HTTP/2" 200 6982 "-" "Mozilla/5.0 AppleWebKit/537.36 (KHTML, like Gecko; compatible; ClaudeBot/1.0; +claudebot@anthropic.com)"
217.113.194.237 - - [17/Apr/2025:16:03:58 +0300] "GET /?action=edit&file=index.php0__cb34ce0&path=%2Fhome%2Fmixylife%2Fpublic_html HTTP/1.1" 200 2610 "-" "Mozilla/5.0 (compatible; Barkrowler/0.9; +https://babbar.tech/crawler)"
20.171.207.45 - - [17/Apr/2025:16:04:03 +0300] "GET /wp-Owl.php?path=%2Fhome%2Fmixylife%2Fpublic_html%2F.well-known HTTP/2" 200 851 "-" "Mozilla/5.0 AppleWebKit/537.36 (KHTML, like Gecko; compatible; GPTBot/1.2; +https://openai.com/gptbot)"
52.1.157.90 - - [17/Apr/2025:16:04:04 +0300] "GET /wp-Owl.php?action=edit&file=85b62&path=/home/mixylife/public_html/wp-content__cb34ce0 HTTP/1.1" 200 539 "-" "Mozilla/5.0 AppleWebKit/537.36 (KHTML, like Gecko; compatible; Amazonbot/0.1; +https://developer.amazon.com/support/amazonbot) Chrome/119.0.6045.214 Safari/537.36"
20.171.207.45 - - [17/Apr/2025:16:04:11 +0300] "GET /wp-Owl.php?path=%2Fhome%2Fmixylife%2Fpublic_html%2Fimages__cb34ce0 HTTP/2" 200 889 "-" "Mozilla/5.0 AppleWebKit/537.36 (KHTML, like Gecko; compatible; GPTBot/1.2; +https://openai.com/gptbot)"
44.221.37.41 - - [17/Apr/2025:16:04:12 +0300] "GET /wp-Owl.php?action=edit&file=0e9&path=/home/mixylife/public_html/wp-content__cb34ce0 HTTP/1.1" 200 539 "-" "Mozilla/5.0 AppleWebKit/537.36 (KHTML, like Gecko; compatible; Amazonbot/0.1; +https://developer.amazon.com/support/amazonbot) Chrome/119.0.6045.214 Safari/537.36"
20.171.207.45 - - [17/Apr/2025:16:04:35 +0300] "GET /wp-Owl.php?path=%2Fhome%2Fmixylife%2Fpublic_html%2Fcer HTTP/2" 200 860 "-" "Mozilla/5.0 AppleWebKit/537.36 (KHTML, like Gecko; compatible; GPTBot/1.2; +https://openai.com/gptbot)"
20.171.207.45 - - [17/Apr/2025:16:04:43 +0300] "GET /wp-Owl.php?path=%2Fhome%2Fmixylife%2Fpublic_html HTTP/2" 200 1602 "-" "Mozilla/5.0 AppleWebKit/537.36 (KHTML, like Gecko; compatible; GPTBot/1.2; +https://openai.com/gptbot)"
69.197.135.226 - - [17/Apr/2025:16:04:49 +0300] "GET /wp-includes/install.php HTTP/1.1" 404 796 "https://mixylife.com/wp-includes/install.php" "Mozilla/5.0 (Windows NT 10.0; Win64; x64) AppleWebKit/537.36 (KHTML, like Gecko) Chrome/58.0.3029.110 Safari/537.3"
89.248.169.52 - - [17/Apr/2025:16:05:22 +0300] "POST /wp-json/litespeed/v1/cdn_status HTTP/1.1" 404 796 "-" "Mozilla/5.0 (X11; Linux x86_64; rv:109.0) Gecko/20100101 Firefox/114.3"
20.171.207.45 - - [17/Apr/2025:16:05:56 +0300] "GET /wp-Owl.php?path=%2Fhome%2Fmixylife%2Fpublic_html%2F.well-known%2Facme-challenge HTTP/2" 200 818 "-" "Mozilla/5.0 AppleWebKit/537.36 (KHTML, like Gecko; compatible; GPTBot/1.2; +https://openai.com/gptbot)"
3.137.211.1 - - [17/Apr/2025:16:05:59 +0300] "GET /wp-Owl.php?action=edit&file=PR&path=%2F%2Fusr%2Fshare%2Fgroff%2F1.22.3%2Ffont%2Fdevps HTTP/2" 200 5057 "-" "Mozilla/5.0 AppleWebKit/537.36 (KHTML, like Gecko; compatible; ClaudeBot/1.0; +claudebot@anthropic.com)"
3.137.211.1 - - [17/Apr/2025:16:05:59 +0300] "GET /wp-Owl.php?action=edit&file=NR&path=%2F%2Fusr%2Fshare%2Fgroff%2Fcurrent%2Ffont%2Fdevps HTTP/2" 200 5818 "-" "Mozilla/5.0 AppleWebKit/537.36 (KHTML, like Gecko; compatible; ClaudeBot/1.0; +claudebot@anthropic.com)"
3.137.211.1 - - [17/Apr/2025:16:05:59 +0300] "GET /wp-Owl.php?action=edit&file=DESC&path=%2F%2Fusr%2Fshare%2Fgroff%2Fcurrent%2Ffont%2Fdevps HTTP/2" 200 718 "-" "Mozilla/5.0 AppleWebKit/537.36 (KHTML, like Gecko; compatible; ClaudeBot/1.0; +claudebot@anthropic.com)"
3.137.211.1 - - [17/Apr/2025:16:05:59 +0300] "GET /wp-Owl.php?action=edit&file=CR&path=%2F%2Fusr%2Fshare%2Fgroff%2F1.22.3%2Ffont%2Fdevps HTTP/2" 200 3302 "-" "Mozilla/5.0 AppleWebKit/537.36 (KHTML, like Gecko; compatible; ClaudeBot/1.0; +claudebot@anthropic.com)"
3.137.211.1 - - [17/Apr/2025:16:06:00 +0300] "GET /wp-Owl.php?action=edit&file=http.go&path=%2F%2Fusr%2Flib64%2Fguile%2F2.0%2Fccache%2Fweb HTTP/2" 200 613 "-" "Mozilla/5.0 AppleWebKit/537.36 (KHTML, like Gecko; compatible; ClaudeBot/1.0; +claudebot@anthropic.com)"
3.137.211.1 - - [17/Apr/2025:16:06:00 +0300] "GET /wp-Owl.php?action=edit&file=want_write.al&path=%2F%2Flib64%2Fperl5%2Fvendor_perl%2Fauto%2FNet%2FSSLeay HTTP/2" 200 784 "-" "Mozilla/5.0 AppleWebKit/537.36 (KHTML, like Gecko; compatible; ClaudeBot/1.0; +claudebot@anthropic.com)"
3.137.211.1 - - [17/Apr/2025:16:06:00 +0300] "GET /wp-Owl.php?action=edit&file=get_http3.al&path=%2F%2Flib64%2Fperl5%2Fvendor_perl%2Fauto%2FNet%2FSSLeay HTTP/2" 200 798 "-" "Mozilla/5.0 AppleWebKit/537.36 (KHTML, like Gecko; compatible; ClaudeBot/1.0; +claudebot@anthropic.com)"
3.137.211.1 - - [17/Apr/2025:16:06:00 +0300] "GET /wp-Owl.php?action=edit&file=HNBI&path=%2F%2Fusr%2Fshare%2Fgroff%2Fcurrent%2Ffont%2Fdevps HTTP/2" 200 7734 "-" "Mozilla/5.0 AppleWebKit/537.36 (KHTML, like Gecko; compatible; ClaudeBot/1.0; +claudebot@anthropic.com)"
3.137.211.1 - - [17/Apr/2025:16:06:00 +0300] "GET /wp-Owl.php?action=edit&file=R&path=%2F%2Fusr%2Fshare%2Fgroff%2F1.22.3%2Ffont%2Fdevutf8 HTTP/2" 200 5508 "-" "Mozilla/5.0 AppleWebKit/537.36 (KHTML, like Gecko; compatible; ClaudeBot/1.0; +claudebot@anthropic.com)"
3.137.211.1 - - [17/Apr/2025:16:06:01 +0300] "GET /wp-Owl.php?action=edit&file=doc-common&path=%2F%2Fusr%2Fshare%2Fgroff%2F1.22.3%2Ftmac%2Fmdoc HTTP/2" 200 7687 "-" "Mozilla/5.0 AppleWebKit/537.36 (KHTML, like Gecko; compatible; ClaudeBot/1.0; +claudebot@anthropic.com)"
3.137.211.1 - - [17/Apr/2025:16:06:01 +0300] "GET /wp-Owl.php?action=edit&file=ZCMI&path=%2F%2Fusr%2Fshare%2Fgroff%2Fcurrent%2Ffont%2Fdevps HTTP/2" 200 6278 "-" "Mozilla/5.0 AppleWebKit/537.36 (KHTML, like Gecko; compatible; ClaudeBot/1.0; +claudebot@anthropic.com)"
3.137.211.1 - - [17/Apr/2025:16:06:01 +0300] "GET /wp-Owl.php?action=edit&file=crc7.ko.xz&path=%2F%2Fusr%2Flib%2Fmodules%2F4.18.0-513.5.1.el8_9.x86_64%2Fkernel%2Flib HTTP/2" 200 617 "-" "Mozilla/5.0 AppleWebKit/537.36 (KHTML, like Gecko; compatible; ClaudeBot/1.0; +claudebot@anthropic.com)"
3.137.211.1 - - [17/Apr/2025:16:06:01 +0300] "GET /wp-Owl.php?action=edit&file=serialize.go&path=%2F%2Fusr%2Flib64%2Fguile%2F2.0%2Fccache%2Fice-9 HTTP/2" 200 616 "-" "Mozilla/5.0 AppleWebKit/537.36 (KHTML, like Gecko; compatible; ClaudeBot/1.0; +claudebot@anthropic.com)"
3.137.211.1 - - [17/Apr/2025:16:06:01 +0300] "GET /wp-Owl.php?action=edit&file=SS&path=%2F%2Fusr%2Fshare%2Fgroff%2F1.22.3%2Ffont%2Fdevps HTTP/2" 200 3944 "-" "Mozilla/5.0 AppleWebKit/537.36 (KHTML, like Gecko; compatible; ClaudeBot/1.0; +claudebot@anthropic.com)"
3.137.211.1 - - [17/Apr/2025:16:06:01 +0300] "GET /wp-Owl.php?action=edit&file=null.go&path=%2F%2Fusr%2Flib64%2Fguile%2F2.0%2Fccache%2Fice-9 HTTP/2" 200 613 "-" "Mozilla/5.0 AppleWebKit/537.36 (KHTML, like Gecko; compatible; ClaudeBot/1.0; +claudebot@anthropic.com)"
3.137.211.1 - - [17/Apr/2025:16:06:01 +0300] "GET /wp-Owl.php?action=edit&file=uri.go&path=%2F%2Fusr%2Flib64%2Fguile%2F2.0%2Fccache%2Fweb HTTP/2" 200 612 "-" "Mozilla/5.0 AppleWebKit/537.36 (KHTML, like Gecko; compatible; ClaudeBot/1.0; +claudebot@anthropic.com)"
3.137.211.1 - - [17/Apr/2025:16:06:02 +0300] "GET /wp-Owl.php?action=edit&file=indexing.go&path=%2F%2Fusr%2Flib64%2Fguile%2F2.0%2Fccache%2Ftexinfo HTTP/2" 200 615 "-" "Mozilla/5.0 AppleWebKit/537.36 (KHTML, like Gecko; compatible; ClaudeBot/1.0; +claudebot@anthropic.com)"
3.137.211.1 - - [17/Apr/2025:16:06:02 +0300] "GET /wp-Owl.php?action=edit&file=doc-nroff&path=%2F%2Fusr%2Fshare%2Fgroff%2F1.22.3%2Ftmac%2Fmdoc HTTP/2" 200 2344 "-" "Mozilla/5.0 AppleWebKit/537.36 (KHTML, like Gecko; compatible; ClaudeBot/1.0; +claudebot@anthropic.com)"
3.137.211.1 - - [17/Apr/2025:16:06:02 +0300] "GET /wp-Owl.php?action=edit&file=get_httpx3.al&path=%2F%2Flib64%2Fperl5%2Fvendor_perl%2Fauto%2FNet%2FSSLeay HTTP/2" 200 796 "-" "Mozilla/5.0 AppleWebKit/537.36 (KHTML, like Gecko; compatible; ClaudeBot/1.0; +claudebot@anthropic.com)"
94.73.151.169 - - [17/Apr/2025:16:06:02 +0300] "HEAD /wp-load.php?export_key=lRIj2PrjP1Da&export_id=2&action=processing HTTP/1.1" 404 0 "-" "Wget/1.19.5 (linux-gnu)"
3.137.211.1 - - [17/Apr/2025:16:06:02 +0300] "GET /wp-Owl.php?action=edit&file=ssl_read_CRLF.al&path=%2F%2Flib64%2Fperl5%2Fvendor_perl%2Fauto%2FNet%2FSSLeay HTTP/2" 200 826 "-" "Mozilla/5.0 AppleWebKit/537.36 (KHTML, like Gecko; compatible; ClaudeBot/1.0; +claudebot@anthropic.com)"
3.137.211.1 - - [17/Apr/2025:16:06:02 +0300] "GET /wp-Owl.php?action=edit&file=rdelim.go&path=%2F%2Fusr%2Flib64%2Fguile%2F2.0%2Fccache%2Fice-9 HTTP/2" 200 614 "-" "Mozilla/5.0 AppleWebKit/537.36 (KHTML, like Gecko; compatible; ClaudeBot/1.0; +claudebot@anthropic.com)"
3.137.211.1 - - [17/Apr/2025:16:06:02 +0300] "GET /wp-Owl.php?action=edit&file=match.go&path=%2F%2Fusr%2Flib64%2Fguile%2F2.0%2Fccache%2Fsxml HTTP/2" 200 613 "-" "Mozilla/5.0 AppleWebKit/537.36 (KHTML, like Gecko; compatible; ClaudeBot/1.0; +claudebot@anthropic.com)"
3.137.211.1 - - [17/Apr/2025:16:06:02 +0300] "GET /wp-Owl.php?action=edit&file=I&path=%2F%2Fusr%2Fshare%2Fgroff%2F1.22.3%2Ffont%2Fdevhtml HTTP/2" 200 5552 "-" "Mozilla/5.0 AppleWebKit/537.36 (KHTML, like Gecko; compatible; ClaudeBot/1.0; +claudebot@anthropic.com)"
3.137.211.1 - - [17/Apr/2025:16:06:02 +0300] "GET /wp-Owl.php?action=edit&file=docbook.go&path=%2F%2Fusr%2Flib64%2Fguile%2F2.0%2Fccache%2Ftexinfo HTTP/2" 200 615 "-" "Mozilla/5.0 AppleWebKit/537.36 (KHTML, like Gecko; compatible; ClaudeBot/1.0; +claudebot@anthropic.com)"
3.137.211.1 - - [17/Apr/2025:16:06:02 +0300] "GET /wp-Owl.php?action=edit&file=PPPort.so&path=%2F%2Flib64%2Fperl5%2Fvendor_perl%2Fauto%2FDevel%2FPPPort HTTP/2" 200 615 "-" "Mozilla/5.0 AppleWebKit/537.36 (KHTML, like Gecko; compatible; ClaudeBot/1.0; +claudebot@anthropic.com)"
3.137.211.1 - - [17/Apr/2025:16:06:03 +0300] "GET /wp-Owl.php?action=edit&file=safe.go&path=%2F%2Fusr%2Flib64%2Fguile%2F2.0%2Fccache%2Fice-9 HTTP/2" 200 613 "-" "Mozilla/5.0 AppleWebKit/537.36 (KHTML, like Gecko; compatible; ClaudeBot/1.0; +claudebot@anthropic.com)"
3.137.211.1 - - [17/Apr/2025:16:06:03 +0300] "GET /wp-Owl.php?action=edit&file=DESC&path=%2F%2Fusr%2Fshare%2Fgroff%2F1.22.3%2Ffont%2Fdevascii HTTP/2" 200 673 "-" "Mozilla/5.0 AppleWebKit/537.36 (KHTML, like Gecko; compatible; ClaudeBot/1.0; +claudebot@anthropic.com)"
3.137.211.1 - - [17/Apr/2025:16:06:03 +0300] "GET /wp-Owl.php?action=edit&file=deprecated.go&path=%2F%2Fusr%2Flib64%2Fguile%2F2.0%2Fccache%2Fice-9 HTTP/2" 200 616 "-" "Mozilla/5.0 AppleWebKit/537.36 (KHTML, like Gecko; compatible; ClaudeBot/1.0; +claudebot@anthropic.com)"
3.137.211.1 - - [17/Apr/2025:16:06:03 +0300] "GET /wp-Owl.php?action=edit&file=do_httpx2.al&path=%2F%2Flib64%2Fperl5%2Fvendor_perl%2Fauto%2FNet%2FSSLeay HTTP/2" 200 923 "-" "Mozilla/5.0 AppleWebKit/537.36 (KHTML, like Gecko; compatible; ClaudeBot/1.0; +claudebot@anthropic.com)"
3.137.211.1 - - [17/Apr/2025:16:06:03 +0300] "GET /wp-Owl.php?action=edit&file=BMI&path=%2F%2Fusr%2Fshare%2Fgroff%2Fcurrent%2Ffont%2Fdevps HTTP/2" 200 5468 "-" "Mozilla/5.0 AppleWebKit/537.36 (KHTML, like Gecko; compatible; ClaudeBot/1.0; +claudebot@anthropic.com)"
3.137.211.1 - - [17/Apr/2025:16:06:03 +0300] "GET /wp-Owl.php?action=edit&file=put_http4.al&path=%2F%2Flib64%2Fperl5%2Fvendor_perl%2Fauto%2FNet%2FSSLeay HTTP/2" 200 798 "-" "Mozilla/5.0 AppleWebKit/537.36 (KHTML, like Gecko; compatible; ClaudeBot/1.0; +claudebot@anthropic.com)"
3.137.211.1 - - [17/Apr/2025:16:06:03 +0300] "GET /wp-Owl.php?action=edit&file=CI&path=%2F%2Fusr%2Fshare%2Fgroff%2F1.22.3%2Ffont%2Fdevps HTTP/2" 200 4306 "-" "Mozilla/5.0 AppleWebKit/537.36 (KHTML, like Gecko; compatible; ClaudeBot/1.0; +claudebot@anthropic.com)"
3.137.211.1 - - [17/Apr/2025:16:06:03 +0300] "GET /wp-Owl.php?action=edit&file=doc-ditroff&path=%2F%2Fusr%2Fshare%2Fgroff%2F1.22.3%2Ftmac%2Fmdoc HTTP/2" 200 2574 "-" "Mozilla/5.0 AppleWebKit/537.36 (KHTML, like Gecko; compatible; ClaudeBot/1.0; +claudebot@anthropic.com)"
3.137.211.1 - - [17/Apr/2025:16:06:03 +0300] "GET /wp-Owl.php?action=edit&file=common-list.go&path=%2F%2Fusr%2Flib64%2Fguile%2F2.0%2Fccache%2Fice-9 HTTP/2" 200 617 "-" "Mozilla/5.0 AppleWebKit/537.36 (KHTML, like Gecko; compatible; ClaudeBot/1.0; +claudebot@anthropic.com)"
3.137.211.1 - - [17/Apr/2025:16:06:03 +0300] "GET /wp-Owl.php?action=edit&file=BMBI&path=%2F%2Fusr%2Fshare%2Fgroff%2Fcurrent%2Ffont%2Fdevps HTTP/2" 200 5644 "-" "Mozilla/5.0 AppleWebKit/537.36 (KHTML, like Gecko; compatible; ClaudeBot/1.0; +claudebot@anthropic.com)"
3.137.211.1 - - [17/Apr/2025:16:06:04 +0300] "GET /wp-Owl.php?action=edit&file=tee.so&path=%2F%2Flib64%2Fperl5%2Fvendor_perl%2Fauto%2FFilter%2Ftee HTTP/2" 200 612 "-" "Mozilla/5.0 AppleWebKit/537.36 (KHTML, like Gecko; compatible; ClaudeBot/1.0; +claudebot@anthropic.com)"
3.137.211.1 - - [17/Apr/2025:16:06:04 +0300] "GET /wp-Owl.php?action=edit&file=HNI&path=%2F%2Fusr%2Fshare%2Fgroff%2Fcurrent%2Ffont%2Fdevps HTTP/2" 200 7960 "-" "Mozilla/5.0 AppleWebKit/537.36 (KHTML, like Gecko; compatible; ClaudeBot/1.0; +claudebot@anthropic.com)"
3.137.211.1 - - [17/Apr/2025:16:06:04 +0300] "GET /wp-Owl.php?action=edit&file=head_http3.al&path=%2F%2Flib64%2Fperl5%2Fvendor_perl%2Fauto%2FNet%2FSSLeay HTTP/2" 200 799 "-" "Mozilla/5.0 AppleWebKit/537.36 (KHTML, like Gecko; compatible; ClaudeBot/1.0; +claudebot@anthropic.com)"
3.137.211.1 - - [17/Apr/2025:16:06:04 +0300] "GET /wp-Owl.php?action=edit&file=put_httpx.al&path=%2F%2Flib64%2Fperl5%2Fvendor_perl%2Fauto%2FNet%2FSSLeay HTTP/2" 200 796 "-" "Mozilla/5.0 AppleWebKit/537.36 (KHTML, like Gecko; compatible; ClaudeBot/1.0; +claudebot@anthropic.com)"
3.137.211.1 - - [17/Apr/2025:16:06:04 +0300] "GET /wp-Owl.php?action=edit&file=B&path=%2F%2Fusr%2Fshare%2Fgroff%2F1.22.3%2Ffont%2Fdevhtml HTTP/2" 200 5550 "-" "Mozilla/5.0 AppleWebKit/537.36 (KHTML, like Gecko; compatible; ClaudeBot/1.0; +claudebot@anthropic.com)"
3.137.211.1 - - [17/Apr/2025:16:06:04 +0300] "GET /wp-Owl.php?action=edit&file=apply-templates.go&path=%2F%2Fusr%2Flib64%2Fguile%2F2.0%2Fccache%2Fsxml HTTP/2" 200 620 "-" "Mozilla/5.0 AppleWebKit/537.36 (KHTML, like Gecko; compatible; ClaudeBot/1.0; +claudebot@anthropic.com)"
3.137.211.1 - - [17/Apr/2025:16:06:04 +0300] "GET /wp-Owl.php?action=edit&file=ssl_write_CRLF.al&path=%2F%2Flib64%2Fperl5%2Fvendor_perl%2Fauto%2FNet%2FSSLeay HTTP/2" 200 1006 "-" "Mozilla/5.0 AppleWebKit/537.36 (KHTML, like Gecko; compatible; ClaudeBot/1.0; +claudebot@anthropic.com)"
3.137.211.1 - - [17/Apr/2025:16:06:04 +0300] "GET /wp-Owl.php?action=edit&file=AI&path=%2F%2Fusr%2Fshare%2Fgroff%2F1.22.3%2Ffont%2Fdevps HTTP/2" 200 5784 "-" "Mozilla/5.0 AppleWebKit/537.36 (KHTML, like Gecko; compatible; ClaudeBot/1.0; +claudebot@anthropic.com)"
3.137.211.1 - - [17/Apr/2025:16:06:04 +0300] "GET /wp-Owl.php?action=edit&file=foreign.go&path=%2F%2Fusr%2Flib64%2Fguile%2F2.0%2Fccache%2Fsystem HTTP/2" 200 614 "-" "Mozilla/5.0 AppleWebKit/537.36 (KHTML, like Gecko; compatible; ClaudeBot/1.0; +claudebot@anthropic.com)"
3.137.211.1 - - [17/Apr/2025:16:06:04 +0300] "GET /wp-Owl.php?action=edit&file=HBI&path=%2F%2Fusr%2Fshare%2Fgroff%2Fcurrent%2Ffont%2Fdevps HTTP/2" 200 7714 "-" "Mozilla/5.0 AppleWebKit/537.36 (KHTML, like Gecko; compatible; ClaudeBot/1.0; +claudebot@anthropic.com)"
3.137.211.1 - - [17/Apr/2025:16:06:04 +0300] "GET /wp-Owl.php?action=edit&file=history.go&path=%2F%2Fusr%2Flib64%2Fguile%2F2.0%2Fccache%2Fice-9 HTTP/2" 200 615 "-" "Mozilla/5.0 AppleWebKit/537.36 (KHTML, like Gecko; compatible; ClaudeBot/1.0; +claudebot@anthropic.com)"
3.137.211.1 - - [17/Apr/2025:16:06:05 +0300] "GET /wp-Owl.php?action=edit&file=libjli.so&path=%2F%2Flib%2Fjvm%2Fjre%2Flib%2Famd64%2Fjli HTTP/2" 200 615 "-" "Mozilla/5.0 AppleWebKit/537.36 (KHTML, like Gecko; compatible; ClaudeBot/1.0; +claudebot@anthropic.com)"
3.137.211.1 - - [17/Apr/2025:16:06:05 +0300] "GET /wp-Owl.php?action=edit&file=response.go&path=%2F%2Fusr%2Flib64%2Fguile%2F2.0%2Fccache%2Fweb HTTP/2" 200 615 "-" "Mozilla/5.0 AppleWebKit/537.36 (KHTML, like Gecko; compatible; ClaudeBot/1.0; +claudebot@anthropic.com)"
3.137.211.1 - - [17/Apr/2025:16:06:05 +0300] "GET /wp-Owl.php?action=edit&file=tcpxcat.al&path=%2F%2Flib64%2Fperl5%2Fvendor_perl%2Fauto%2FNet%2FSSLeay HTTP/2" 200 853 "-" "Mozilla/5.0 AppleWebKit/537.36 (KHTML, like Gecko; compatible; ClaudeBot/1.0; +claudebot@anthropic.com)"
3.137.211.1 - - [17/Apr/2025:16:06:05 +0300] "GET /wp-Owl.php?action=edit&file=az.pl&path=%2F%2Flib64%2Fperl5%2Fvendor_perl%2FUnicode%2FCollate%2FLocale HTTP/2" 200 1248 "-" "Mozilla/5.0 AppleWebKit/537.36 (KHTML, like Gecko; compatible; ClaudeBot/1.0; +claudebot@anthropic.com)"
3.137.211.1 - - [17/Apr/2025:16:06:05 +0300] "GET /wp-Owl.php?action=edit&file=kheaders.ko.xz&path=%2F%2Fusr%2Flib%2Fmodules%2F4.18.0-513.24.1.el8_9.x86_64%2Fkernel%2Fkernel HTTP/2" 200 618 "-" "Mozilla/5.0 AppleWebKit/537.36 (KHTML, like Gecko; compatible; ClaudeBot/1.0; +claudebot@anthropic.com)"
3.137.211.1 - - [17/Apr/2025:16:06:05 +0300] "GET /wp-Owl.php?action=edit&file=eval.go&path=%2F%2Fusr%2Flib64%2Fguile%2F2.0%2Fccache%2Fice-9 HTTP/2" 200 612 "-" "Mozilla/5.0 AppleWebKit/537.36 (KHTML, like Gecko; compatible; ClaudeBot/1.0; +claudebot@anthropic.com)"
3.137.211.1 - - [17/Apr/2025:16:06:05 +0300] "GET /wp-Owl.php?action=edit&file=t10-pi.ko.xz&path=%2F%2Fusr%2Flib%2Fmodules%2F4.18.0-513.24.1.el8_9.x86_64%2Fkernel%2Fblock HTTP/2" 200 618 "-" "Mozilla/5.0 AppleWebKit/537.36 (KHTML, like Gecko; compatible; ClaudeBot/1.0; +claudebot@anthropic.com)"
3.137.211.1 - - [17/Apr/2025:16:06:05 +0300] "GET /wp-Owl.php?action=edit&file=SysV.so&path=%2F%2Flib64%2Fperl5%2Fvendor_perl%2Fauto%2FIPC%2FSysV HTTP/2" 200 614 "-" "Mozilla/5.0 AppleWebKit/537.36 (KHTML, like Gecko; compatible; ClaudeBot/1.0; +claudebot@anthropic.com)"
3.137.211.1 - - [17/Apr/2025:16:06:05 +0300] "GET /wp-Owl.php?action=edit&file=popen.go&path=%2F%2Fusr%2Flib64%2Fguile%2F2.0%2Fccache%2Fice-9 HTTP/2" 200 613 "-" "Mozilla/5.0 AppleWebKit/537.36 (KHTML, like Gecko; compatible; ClaudeBot/1.0; +claudebot@anthropic.com)"
66.249.66.78 - - [17/Apr/2025:16:03:09 +0300] "GET /godsend.php?59687139306.htm HTTP/1.1" 404 796 "-" "Mozilla/5.0 (Linux; Android 6.0.1; Nexus 5X Build/MMB29P) AppleWebKit/537.36 (KHTML, like Gecko) Chrome/135.0.7049.84 Mobile Safari/537.36 (compatible; Googlebot/2.1; +http://www.google.com/bot.html)"
89.248.169.52 - - [17/Apr/2025:16:03:39 +0300] "POST /wp-json/litespeed/v1/cdn_status HTTP/1.1" 404 796 "-" "Mozilla/5.0 (X11; Linux x86_64; rv:109.0) Gecko/20100101 Firefox/114.3"
89.248.169.52 - - [17/Apr/2025:16:03:43 +0300] "POST /wp-json/litespeed/v1/cdn_status HTTP/1.1" 404 796 "-" "Mozilla/5.0 (X11; Linux x86_64; rv:109.0) Gecko/20100101 Firefox/114.3"
100.29.164.178 - - [17/Apr/2025:16:03:48 +0300] "GET /wp-Owl.php?action=edit&file=cf7&path=/home/mixylife/public_html/wp-content__cb34ce0 HTTP/1.1" 200 539 "-" "Mozilla/5.0 AppleWebKit/537.36 (KHTML, like Gecko; compatible; Amazonbot/0.1; +https://developer.amazon.com/support/amazonbot) Chrome/119.0.6045.214 Safari/537.36"
94.73.151.169 - - [17/Apr/2025:16:04:02 +0300] "HEAD /wp-load.php?import_key=9FUqYhmgh&import_id=3&action=processing HTTP/1.1" 404 0 "-" "Wget/1.19.5 (linux-gnu)"
94.73.151.169 - - [17/Apr/2025:16:04:02 +0300] "HEAD /wp-load.php?export_key=lRIj2PrjP1Da&export_id=2&action=processing HTTP/1.1" 404 0 "-" "Wget/1.19.5 (linux-gnu)"
217.113.194.254 - - [17/Apr/2025:16:04:17 +0300] "GET /?action=edit&file=php.ini__cb34ce0&path=%2Fhome%2Fmixylife%2Fpublic_html HTTP/1.1" 200 2605 "-" "Mozilla/5.0 (compatible; Barkrowler/0.9; +https://babbar.tech/crawler)"
52.21.62.139 - - [17/Apr/2025:16:04:20 +0300] "GET /wp-Owl.php?action=edit&file=73453a&path=/home/mixylife/public_html/wp-content__cb34ce0 HTTP/1.1" 200 539 "-" "Mozilla/5.0 AppleWebKit/537.36 (KHTML, like Gecko; compatible; Amazonbot/0.1; +https://developer.amazon.com/support/amazonbot) Chrome/119.0.6045.214 Safari/537.36"
217.113.194.236 - - [17/Apr/2025:16:04:37 +0300] "GET /?action=edit&file=options.php__cb34ce0&path=%2Fhome%2Fmixylife%2Fpublic_html HTTP/1.1" 200 2570 "-" "Mozilla/5.0 (compatible; Barkrowler/0.9; +https://babbar.tech/crawler)"
184.73.167.217 - - [17/Apr/2025:16:04:40 +0300] "GET /wp-Owl.php?action=edit&file=class-json.php&path=/home/mixylife/public_html/wp-includes__cb34ce0 HTTP/1.1" 200 539 "-" "Mozilla/5.0 AppleWebKit/537.36 (KHTML, like Gecko; compatible; Amazonbot/0.1; +https://developer.amazon.com/support/amazonbot) Chrome/119.0.6045.214 Safari/537.36"
154.54.249.218 - - [17/Apr/2025:16:04:54 +0300] "GET /?action=edit&file=plugins.php__cb34ce0&path=%2Fhome%2Fmixylife%2Fpublic_html HTTP/1.1" 200 2605 "-" "Mozilla/5.0 (compatible; Barkrowler/0.9; +https://babbar.tech/crawler)"
217.113.194.234 - - [17/Apr/2025:16:05:13 +0300] "GET /?action=edit&file=license.txt__cb34ce0&path=%2Fhome%2Fmixylife%2Fpublic_html HTTP/1.1" 200 2605 "-" "Mozilla/5.0 (compatible; Barkrowler/0.9; +https://babbar.tech/crawler)"
217.113.194.232 - - [17/Apr/2025:16:05:33 +0300] "GET /?action=edit&file=robots.txt__cb34ce0&path=%2Fhome%2Fmixylife%2Fpublic_html HTTP/1.1" 200 2605 "-" "Mozilla/5.0 (compatible; Barkrowler/0.9; +https://babbar.tech/crawler)"
217.113.194.238 - - [17/Apr/2025:16:05:54 +0300] "GET /?action=edit&file=readme.html__cb34ce0&path=%2Fhome%2Fmixylife%2Fpublic_html HTTP/1.1" 200 2605 "-" "Mozilla/5.0 (compatible; Barkrowler/0.9; +https://babbar.tech/crawler)"
94.73.151.169 - - [17/Apr/2025:16:06:02 +0300] "HEAD /wp-load.php?import_key=9FUqYhmgh&import_id=3&action=processing HTTP/1.1" 404 0 "-" "Wget/1.19.5 (linux-gnu)"
217.113.194.241 - - [17/Apr/2025:16:06:30 +0300] "GET /?action=edit&file=wp-login.php__cb34ce0&path=%2Fhome%2Fmixylife%2Fpublic_html HTTP/1.1" 200 2570 "-" "Mozilla/5.0 (compatible; Barkrowler/0.9; +https://babbar.tech/crawler)"
57.141.0.3 - - [17/Apr/2025:16:06:34 +0300] "GET /wp-Owl.php?action=edit&file=shortcodes.php&path=%2Fhome%2Fmixylife%2Fpublic_html%2Fwp-includes__cb34ce0 HTTP/2" 200 1300 "-" "meta-externalagent/1.1 (+https://developers.facebook.com/docs/sharing/webmasters/crawler)"
89.248.169.52 - - [17/Apr/2025:16:06:43 +0300] "POST /wp-json/litespeed/v1/cdn_status HTTP/1.1" 404 796 "-" "Mozilla/5.0 (X11; Linux x86_64; rv:109.0) Gecko/20100101 Firefox/114.3"
217.113.194.237 - - [17/Apr/2025:16:06:48 +0300] "GET /?action=edit&file=wp-load.php__cb34ce0&path=%2Fhome%2Fmixylife%2Fpublic_html HTTP/1.1" 200 2605 "-" "Mozilla/5.0 (compatible; Barkrowler/0.9; +https://babbar.tech/crawler)"
89.248.169.52 - - [17/Apr/2025:16:06:49 +0300] "POST /wp-json/litespeed/v1/cdn_status HTTP/1.1" 404 796 "-" "Mozilla/5.0 (X11; Linux x86_64; rv:109.0) Gecko/20100101 Firefox/114.3"
94.73.151.169 - - [17/Apr/2025:16:08:01 +0300] "HEAD /wp-load.php?export_key=lRIj2PrjP1Da&export_id=2&action=processing HTTP/1.1" 404 0 "-" "Wget/1.19.5 (linux-gnu)"
18.119.143.234 - - [17/Apr/2025:16:08:19 +0300] "GET /wp-Owl.php?action=edit&file=CB&path=%2F%2Fusr%2Fshare%2Fgroff%2F1.22.3%2Ffont%2Fdevps HTTP/2" 200 3373 "-" "Mozilla/5.0 AppleWebKit/537.36 (KHTML, like Gecko; compatible; ClaudeBot/1.0; +claudebot@anthropic.com)"
18.119.143.234 - - [17/Apr/2025:16:08:19 +0300] "GET /wp-Owl.php?action=edit&file=syncase.go&path=%2F%2Fusr%2Flib64%2Fguile%2F2.0%2Fccache%2Fice-9 HTTP/2" 200 615 "-" "Mozilla/5.0 AppleWebKit/537.36 (KHTML, like Gecko; compatible; ClaudeBot/1.0; +claudebot@anthropic.com)"
18.119.143.234 - - [17/Apr/2025:16:08:19 +0300] "GET /wp-Owl.php?action=edit&file=crc32_generic.ko.xz&path=%2F%2Fusr%2Flib%2Fmodules%2F4.18.0-513.24.1.el8_9.x86_64%2Fkernel%2Fcrypto HTTP/2" 200 623 "-" "Mozilla/5.0 AppleWebKit/537.36 (KHTML, like Gecko; compatible; ClaudeBot/1.0; +claudebot@anthropic.com)"
18.119.143.234 - - [17/Apr/2025:16:08:19 +0300] "GET /wp-Owl.php?action=edit&file=sha3_generic.ko.xz&path=%2F%2Fusr%2Flib%2Fmodules%2F4.18.0-513.5.1.el8_9.x86_64%2Fkernel%2Fcrypto HTTP/2" 200 622 "-" "Mozilla/5.0 AppleWebKit/537.36 (KHTML, like Gecko; compatible; ClaudeBot/1.0; +claudebot@anthropic.com)"
18.119.143.234 - - [17/Apr/2025:16:08:20 +0300] "GET /wp-Owl.php?action=edit&file=seed.ko.xz&path=%2F%2Fusr%2Flib%2Fmodules%2F4.18.0-513.24.1.el8_9.x86_64%2Fkernel%2Fcrypto HTTP/2" 200 616 "-" "Mozilla/5.0 AppleWebKit/537.36 (KHTML, like Gecko; compatible; ClaudeBot/1.0; +claudebot@anthropic.com)"
18.119.143.234 - - [17/Apr/2025:16:08:20 +0300] "GET /wp-Owl.php?action=edit&file=crc-itu-t.ko.xz&path=%2F%2Fusr%2Flib%2Fmodules%2F4.18.0-513.5.1.el8_9.x86_64%2Fkernel%2Flib HTTP/2" 200 620 "-" "Mozilla/5.0 AppleWebKit/537.36 (KHTML, like Gecko; compatible; ClaudeBot/1.0; +claudebot@anthropic.com)"
18.119.143.234 - - [17/Apr/2025:16:08:20 +0300] "GET /wp-Owl.php?action=edit&file=HB&path=%2F%2Fusr%2Fshare%2Fgroff%2F1.22.3%2Ffont%2Fdevps HTTP/2" 200 6778 "-" "Mozilla/5.0 AppleWebKit/537.36 (KHTML, like Gecko; compatible; ClaudeBot/1.0; +claudebot@anthropic.com)"
18.119.143.234 - - [17/Apr/2025:16:08:20 +0300] "GET /wp-Owl.php?action=edit&file=serialize.go&path=%2F%2Fusr%2Flib64%2Fguile%2F2.0%2Fccache%2Ftexinfo HTTP/2" 200 616 "-" "Mozilla/5.0 AppleWebKit/537.36 (KHTML, like Gecko; compatible; ClaudeBot/1.0; +claudebot@anthropic.com)"
18.119.143.234 - - [17/Apr/2025:16:08:20 +0300] "GET /wp-Owl.php?action=edit&file=boot-9.go&path=%2F%2Fusr%2Flib64%2Fguile%2F2.0%2Fccache%2Fice-9 HTTP/2" 200 614 "-" "Mozilla/5.0 AppleWebKit/537.36 (KHTML, like Gecko; compatible; ClaudeBot/1.0; +claudebot@anthropic.com)"
18.119.143.234 - - [17/Apr/2025:16:08:20 +0300] "GET /wp-Owl.php?action=edit&file=pcrypt.ko.xz&path=%2F%2Fusr%2Flib%2Fmodules%2F4.18.0-513.5.1.el8_9.x86_64%2Fkernel%2Fcrypto HTTP/2" 200 618 "-" "Mozilla/5.0 AppleWebKit/537.36 (KHTML, like Gecko; compatible; ClaudeBot/1.0; +claudebot@anthropic.com)"
18.119.143.234 - - [17/Apr/2025:16:08:20 +0300] "GET /wp-Owl.php?action=edit&file=mcryptd.ko.xz&path=%2F%2Fusr%2Flib%2Fmodules%2F4.18.0-513.24.1.el8_9.x86_64%2Fkernel%2Fcrypto HTTP/2" 200 618 "-" "Mozilla/5.0 AppleWebKit/537.36 (KHTML, like Gecko; compatible; ClaudeBot/1.0; +claudebot@anthropic.com)"
18.119.143.234 - - [17/Apr/2025:16:08:20 +0300] "GET /wp-Owl.php?action=edit&file=cast_common.ko.xz&path=%2F%2Fusr%2Flib%2Fmodules%2F4.18.0-513.5.1.el8_9.x86_64%2Fkernel%2Fcrypto HTTP/2" 200 622 "-" "Mozilla/5.0 AppleWebKit/537.36 (KHTML, like Gecko; compatible; ClaudeBot/1.0; +claudebot@anthropic.com)"
18.119.143.234 - - [17/Apr/2025:16:08:20 +0300] "GET /wp-Owl.php?action=edit&file=want_read.al&path=%2F%2Flib64%2Fperl5%2Fvendor_perl%2Fauto%2FNet%2FSSLeay HTTP/2" 200 783 "-" "Mozilla/5.0 AppleWebKit/537.36 (KHTML, like Gecko; compatible; ClaudeBot/1.0; +claudebot@anthropic.com)"
18.119.143.234 - - [17/Apr/2025:16:08:20 +0300] "GET /wp-Owl.php?action=edit&file=Tty.so&path=%2F%2Flib64%2Fperl5%2Fvendor_perl%2Fauto%2FIO%2FTty HTTP/2" 200 613 "-" "Mozilla/5.0 AppleWebKit/537.36 (KHTML, like Gecko; compatible; ClaudeBot/1.0; +claudebot@anthropic.com)"
18.119.143.234 - - [17/Apr/2025:16:08:20 +0300] "GET /wp-Owl.php?action=edit&file=CBI&path=%2F%2Fusr%2Fshare%2Fgroff%2F1.22.3%2Ffont%2Fdevps HTTP/2" 200 4355 "-" "Mozilla/5.0 AppleWebKit/537.36 (KHTML, like Gecko; compatible; ClaudeBot/1.0; +claudebot@anthropic.com)"
18.119.143.234 - - [17/Apr/2025:16:08:21 +0300] "GET /wp-Owl.php?action=edit&file=expect.go&path=%2F%2Fusr%2Flib64%2Fguile%2F2.0%2Fccache%2Fice-9 HTTP/2" 200 614 "-" "Mozilla/5.0 AppleWebKit/537.36 (KHTML, like Gecko; compatible; ClaudeBot/1.0; +claudebot@anthropic.com)"
18.119.143.234 - - [17/Apr/2025:16:08:21 +0300] "GET /wp-Owl.php?action=edit&file=AB&path=%2F%2Fusr%2Fshare%2Fgroff%2F1.22.3%2Ffont%2Fdevps HTTP/2" 200 4824 "-" "Mozilla/5.0 AppleWebKit/537.36 (KHTML, like Gecko; compatible; ClaudeBot/1.0; +claudebot@anthropic.com)"
18.119.143.234 - - [17/Apr/2025:16:08:21 +0300] "GET /wp-Owl.php?action=edit&file=seed.ko.xz&path=%2F%2Fusr%2Flib%2Fmodules%2F4.18.0-513.5.1.el8_9.x86_64%2Fkernel%2Fcrypto HTTP/2" 200 616 "-" "Mozilla/5.0 AppleWebKit/537.36 (KHTML, like Gecko; compatible; ClaudeBot/1.0; +claudebot@anthropic.com)"
18.119.143.234 - - [17/Apr/2025:16:08:21 +0300] "GET /wp-Owl.php?action=edit&file=control.go&path=%2F%2Fusr%2Flib64%2Fguile%2F2.0%2Fccache%2Fice-9 HTTP/2" 200 614 "-" "Mozilla/5.0 AppleWebKit/537.36 (KHTML, like Gecko; compatible; ClaudeBot/1.0; +claudebot@anthropic.com)"
18.119.143.234 - - [17/Apr/2025:16:08:21 +0300] "GET /wp-Owl.php?action=edit&file=Bzip2.so&path=%2F%2Flib64%2Fperl5%2Fvendor_perl%2Fauto%2FCompress%2FBzip2 HTTP/2" 200 614 "-" "Mozilla/5.0 AppleWebKit/537.36 (KHTML, like Gecko; compatible; ClaudeBot/1.0; +claudebot@anthropic.com)"
18.119.143.234 - - [17/Apr/2025:16:08:21 +0300] "GET /wp-Owl.php?action=edit&file=mcryptd.ko.xz&path=%2F%2Fusr%2Flib%2Fmodules%2F4.18.0-513.5.1.el8_9.x86_64%2Fkernel%2Fcrypto HTTP/2" 200 618 "-" "Mozilla/5.0 AppleWebKit/537.36 (KHTML, like Gecko; compatible; ClaudeBot/1.0; +claudebot@anthropic.com)"
18.119.143.234 - - [17/Apr/2025:16:08:21 +0300] "GET /wp-Owl.php?action=edit&file=getopt-long.go&path=%2F%2Fusr%2Flib64%2Fguile%2F2.0%2Fccache%2Fice-9 HTTP/2" 200 617 "-" "Mozilla/5.0 AppleWebKit/537.36 (KHTML, like Gecko; compatible; ClaudeBot/1.0; +claudebot@anthropic.com)"
18.119.143.234 - - [17/Apr/2025:16:08:21 +0300] "GET /wp-Owl.php?action=edit&file=DESC&path=%2F%2Fusr%2Fshare%2Fgroff%2F1.22.3%2Ffont%2Fdevhtml HTTP/2" 200 747 "-" "Mozilla/5.0 AppleWebKit/537.36 (KHTML, like Gecko; compatible; ClaudeBot/1.0; +claudebot@anthropic.com)"
