20.171.207.45 - - [17/Apr/2025:18:26:36 +0300] "GET /wp-Owl.php?action=edit&file=1711088068.M515335P4108382.server.nsenabled.com%2CS%3D37972%2CW%3D38724%3A2%2C&path=%2Fhome%2Fmixylife%2Fmail%2Fmixylife.com%2Finfo%2F.Trash%2Fcur HTTP/2" 200 662 "-" "Mozilla/5.0 AppleWebKit/537.36 (KHTML, like Gecko; compatible; GPTBot/1.2; +https://openai.com/gptbot)"
66.249.66.79 - - [17/Apr/2025:18:26:53 +0300] "GET /?_ga=2.198040047.1958808748.1721886654-862398307.1699453578&_bdsid=2ulvIJ.n~ZXCIW.1721886656070.1721886848&_bd_prev_page=https://mixylife.com/detail.php?65807183801.htm HTTP/1.1" 200 2690 "-" "Mozilla/5.0 (Linux; Android 6.0.1; Nexus 5X Build/MMB29P) AppleWebKit/537.36 (KHTML, like Gecko) Chrome/135.0.7049.84 Mobile Safari/537.36 (compatible; Googlebot/2.1; +http://www.google.com/bot.html)"
52.200.58.199 - - [17/Apr/2025:18:26:56 +0300] "GET /wp-Owl.php?action=edit&file=class-oembed.php&path=/home/mixylife/public_html/wp-includes__cb34ce0 HTTP/1.1" 200 539 "-" "Mozilla/5.0 AppleWebKit/537.36 (KHTML, like Gecko; compatible; Amazonbot/0.1; +https://developer.amazon.com/support/amazonbot) Chrome/119.0.6045.214 Safari/537.36"
20.171.207.45 - - [17/Apr/2025:18:27:08 +0300] "GET /wp-Owl.php?path=%2Fhome%2Fmixylife%2F.cagefs%2Fvar%2Fspool HTTP/2" 200 849 "-" "Mozilla/5.0 AppleWebKit/537.36 (KHTML, like Gecko; compatible; GPTBot/1.2; +https://openai.com/gptbot)"
20.171.207.45 - - [17/Apr/2025:18:27:18 +0300] "GET /wp-Owl.php?action=edit&file=1711088048.M499260P4108382.server.nsenabled.com%2CS%3D44975%2CW%3D45813%3A2%2C&path=%2Fhome%2Fmixylife%2Fmail%2Fmixylife.com%2Finfo%2F.Trash%2Fcur HTTP/2" 200 662 "-" "Mozilla/5.0 AppleWebKit/537.36 (KHTML, like Gecko; compatible; GPTBot/1.2; +https://openai.com/gptbot)"
114.119.150.68 - - [17/Apr/2025:18:27:23 +0300] "GET /wp-Owl.php?action=edit&file=f012&path=/home/mixylife/public_html/wp-content__cb34ce0 HTTP/1.1" 200 539 "https://mixylife.com/wp-Owl.php?path=/home/mixylife/public_html/wp-content__cb34ce0" "Mozilla/5.0 (Linux; Android 7.0;) AppleWebKit/537.36 (KHTML, like Gecko) Mobile Safari/537.36 (compatible; PetalBot;+https://webmaster.petalsearch.com/site/petalbot)"
20.171.207.45 - - [17/Apr/2025:18:27:53 +0300] "GET /wp-Owl.php?path=%2Fhome%2Fmixylife%2F.cagefs%2Fvar%2Fcpanel HTTP/2" 200 849 "-" "Mozilla/5.0 AppleWebKit/537.36 (KHTML, like Gecko; compatible; GPTBot/1.2; +https://openai.com/gptbot)"
20.171.207.45 - - [17/Apr/2025:18:28:04 +0300] "GET /wp-Owl.php?action=edit&file=1711088003.M92807P4108382.server.nsenabled.com%2CS%3D37881%2CW%3D38644%3A2%2C&path=%2Fhome%2Fmixylife%2Fmail%2Fmixylife.com%2Finfo%2F.Trash%2Fcur HTTP/2" 200 661 "-" "Mozilla/5.0 AppleWebKit/537.36 (KHTML, like Gecko; compatible; GPTBot/1.2; +https://openai.com/gptbot)"
66.249.66.77 - - [17/Apr/2025:18:28:14 +0300] "GET /godsend.php?_gl=1*1ix4f11*_gcl_au*MTYxMTI1OTI3MS4xNzIxODg2NjU0*_ga*ODYyMzk4MzA3LjE2OTk0NTM1Nzg.*_ga_7H42SVMQ0V*MTcyMTg4NjY1NS4xMjEuMS4xNzIxODg2NjY5LjQ2LjAuMA..&_ga=2.198040047.1958808748.1721886654-862398307.1699453578&_bdsid=2ulvIJ.n~ZXCIW.1721886656070.1721886848&_bd_prev_page=https://mixylife.com/godsend.php?85802179601.htm HTTP/1.1" 404 796 "-" "Mozilla/5.0 (Linux; Android 6.0.1; Nexus 5X Build/MMB29P) AppleWebKit/537.36 (KHTML, like Gecko) Chrome/135.0.7049.84 Mobile Safari/537.36 (compatible; Googlebot/2.1; +http://www.google.com/bot.html)"
89.248.169.52 - - [17/Apr/2025:18:28:22 +0300] "POST /wp-json/litespeed/v1/cdn_status HTTP/1.1" 404 796 "-" "Mozilla/5.0 (X11; Linux x86_64; rv:109.0) Gecko/20100101 Firefox/114.3"
89.248.169.52 - - [17/Apr/2025:18:28:29 +0300] "POST /wp-json/litespeed/v1/cdn_status HTTP/1.1" 404 796 "-" "Mozilla/5.0 (X11; Linux x86_64; rv:109.0) Gecko/20100101 Firefox/114.3"
20.171.207.45 - - [17/Apr/2025:18:28:37 +0300] "GET /wp-Owl.php?path=%2Fhome%2Fmixylife%2Fmail%2F.mailbox_format.cpanel%2Fcur HTTP/2" 200 809 "-" "Mozilla/5.0 AppleWebKit/537.36 (KHTML, like Gecko; compatible; GPTBot/1.2; +https://openai.com/gptbot)"
3.142.151.216 - - [17/Apr/2025:18:28:39 +0300] "GET /wp-Owl.php?action=edit&file=force_tllao&path=%2F%2Fproc%2Fsys%2Fnet%2Fipv6%2Fconf%2Fdefault HTTP/2" 200 615 "-" "Mozilla/5.0 AppleWebKit/537.36 (KHTML, like Gecko; compatible; ClaudeBot/1.0; +claudebot@anthropic.com)"
3.142.151.216 - - [17/Apr/2025:18:28:39 +0300] "GET /wp-Owl.php?action=edit&file=mtu&path=%2F%2Fproc%2Fsys%2Fnet%2Fipv6%2Fconf%2Flo HTTP/2" 200 615 "-" "Mozilla/5.0 AppleWebKit/537.36 (KHTML, like Gecko; compatible; ClaudeBot/1.0; +claudebot@anthropic.com)"
3.142.151.216 - - [17/Apr/2025:18:28:39 +0300] "GET /wp-Owl.php?action=edit&file=ndisc_tclass&path=%2F%2Fproc%2Fsys%2Fnet%2Fipv6%2Fconf%2Fens192 HTTP/2" 200 617 "-" "Mozilla/5.0 AppleWebKit/537.36 (KHTML, like Gecko; compatible; ClaudeBot/1.0; +claudebot@anthropic.com)"
3.142.151.216 - - [17/Apr/2025:18:28:39 +0300] "GET /wp-Owl.php?action=edit&file=accept_ra&path=%2F%2Fproc%2Fsys%2Fnet%2Fipv6%2Fconf%2Flo HTTP/2" 200 615 "-" "Mozilla/5.0 AppleWebKit/537.36 (KHTML, like Gecko; compatible; ClaudeBot/1.0; +claudebot@anthropic.com)"
3.142.151.216 - - [17/Apr/2025:18:28:40 +0300] "GET /wp-Owl.php?action=edit&file=accept_ra_mtu&path=%2F%2Fproc%2Fsys%2Fnet%2Fipv6%2Fconf%2Flo HTTP/2" 200 618 "-" "Mozilla/5.0 AppleWebKit/537.36 (KHTML, like Gecko; compatible; ClaudeBot/1.0; +claudebot@anthropic.com)"
3.147.73.112 - - [17/Apr/2025:18:26:21 +0300] "GET /wp-Owl.php?action=edit&file=mtu&path=%2F%2Fproc%2Fsys%2Fnet%2Fipv6%2Fconf%2Fdefault HTTP/2" 200 613 "-" "Mozilla/5.0 AppleWebKit/537.36 (KHTML, like Gecko; compatible; ClaudeBot/1.0; +claudebot@anthropic.com)"
52.204.89.12 - - [17/Apr/2025:18:26:25 +0300] "GET /wp-Owl.php?action=edit&file=temp-write-test-652bf46972a2c8-62431479&path=/home/mixylife/public_html/wp-content__cb34ce0 HTTP/1.1" 200 539 "-" "Mozilla/5.0 AppleWebKit/537.36 (KHTML, like Gecko; compatible; Amazonbot/0.1; +https://developer.amazon.com/support/amazonbot) Chrome/119.0.6045.214 Safari/537.36"
34.206.249.188 - - [17/Apr/2025:18:26:32 +0300] "GET /wp-Owl.php?action=edit&file=admin-ajax.php&path=/home/mixylife/public_html/wp-admin__cb34ce0 HTTP/1.1" 200 539 "-" "Mozilla/5.0 AppleWebKit/537.36 (KHTML, like Gecko; compatible; Amazonbot/0.1; +https://developer.amazon.com/support/amazonbot) Chrome/119.0.6045.214 Safari/537.36"
89.248.169.52 - - [17/Apr/2025:18:27:04 +0300] "POST /wp-json/litespeed/v1/cdn_status HTTP/1.1" 404 796 "-" "Mozilla/5.0 (X11; Linux x86_64; rv:109.0) Gecko/20100101 Firefox/114.3"
57.141.0.6 - - [17/Apr/2025:18:27:52 +0300] "GET /wp-Owl.php?action=edit&file=navy_flounder_ta.bin&path=%2F%2Flib%2Ffirmware%2Famdgpu HTTP/2" 200 1451 "-" "meta-externalagent/1.1 (+https://developers.facebook.com/docs/sharing/webmasters/crawler)"
66.249.66.78 - - [17/Apr/2025:18:28:14 +0300] "GET /godsend.php?2345.htm HTTP/1.1" 404 796 "-" "Mozilla/5.0 (Linux; Android 6.0.1; Nexus 5X Build/MMB29P) AppleWebKit/537.36 (KHTML, like Gecko) Chrome/135.0.7049.84 Mobile Safari/537.36 (compatible; Googlebot/2.1; +http://www.google.com/bot.html)"
18.188.84.250 - - [17/Apr/2025:18:31:03 +0300] "GET /wp-Owl.php?action=edit&file=stable_secret&path=%2F%2Fproc%2Fsys%2Fnet%2Fipv6%2Fconf%2Fall HTTP/2" 200 616 "-" "Mozilla/5.0 AppleWebKit/537.36 (KHTML, like Gecko; compatible; ClaudeBot/1.0; +claudebot@anthropic.com)"
18.188.84.250 - - [17/Apr/2025:18:31:03 +0300] "GET /wp-Owl.php?action=edit&file=force_tllao&path=%2F%2Fproc%2Fsys%2Fnet%2Fipv6%2Fconf%2Flo HTTP/2" 200 615 "-" "Mozilla/5.0 AppleWebKit/537.36 (KHTML, like Gecko; compatible; ClaudeBot/1.0; +claudebot@anthropic.com)"
18.188.84.250 - - [17/Apr/2025:18:31:03 +0300] "GET /wp-Owl.php?action=edit&file=accept_ra_defrtr&path=%2F%2Fproc%2Fsys%2Fnet%2Fipv6%2Fconf%2Fdefault HTTP/2" 200 620 "-" "Mozilla/5.0 AppleWebKit/537.36 (KHTML, like Gecko; compatible; ClaudeBot/1.0; +claudebot@anthropic.com)"
18.188.84.250 - - [17/Apr/2025:18:31:04 +0300] "GET /wp-Owl.php?action=edit&file=regen_max_retry&path=%2F%2Fproc%2Fsys%2Fnet%2Fipv6%2Fconf%2Fens192 HTTP/2" 200 619 "-" "Mozilla/5.0 AppleWebKit/537.36 (KHTML, like Gecko; compatible; ClaudeBot/1.0; +claudebot@anthropic.com)"
18.188.84.250 - - [17/Apr/2025:18:31:04 +0300] "GET /wp-Owl.php?action=edit&file=flags&path=%2F%2Fproc%2Fsys%2Fkernel%2Fsched_domain%2Fcpu5%2Fdomain0 HTTP/2" 200 616 "-" "Mozilla/5.0 AppleWebKit/537.36 (KHTML, like Gecko; compatible; ClaudeBot/1.0; +claudebot@anthropic.com)"
18.188.84.250 - - [17/Apr/2025:18:31:04 +0300] "GET /wp-Owl.php?action=edit&file=accept_ra_from_local&path=%2F%2Fproc%2Fsys%2Fnet%2Fipv6%2Fconf%2Fens192 HTTP/2" 200 623 "-" "Mozilla/5.0 AppleWebKit/537.36 (KHTML, like Gecko; compatible; ClaudeBot/1.0; +claudebot@anthropic.com)"
18.188.84.250 - - [17/Apr/2025:18:31:04 +0300] "GET /wp-Owl.php?action=edit&file=accept_dad&path=%2F%2Fproc%2Fsys%2Fnet%2Fipv6%2Fconf%2Fens192 HTTP/2" 200 616 "-" "Mozilla/5.0 AppleWebKit/537.36 (KHTML, like Gecko; compatible; ClaudeBot/1.0; +claudebot@anthropic.com)"
18.188.84.250 - - [17/Apr/2025:18:31:04 +0300] "GET /wp-Owl.php?action=edit&file=name&path=%2F%2Fproc%2Fsys%2Fkernel%2Fsched_domain%2Fcpu3%2Fdomain0 HTTP/2" 200 614 "-" "Mozilla/5.0 AppleWebKit/537.36 (KHTML, like Gecko; compatible; ClaudeBot/1.0; +claudebot@anthropic.com)"
3.142.151.216 - - [17/Apr/2025:18:28:40 +0300] "GET /wp-Owl.php?action=edit&file=addr_gen_mode&path=%2F%2Fproc%2Fsys%2Fnet%2Fipv6%2Fconf%2Fens192 HTTP/2" 200 618 "-" "Mozilla/5.0 AppleWebKit/537.36 (KHTML, like Gecko; compatible; ClaudeBot/1.0; +claudebot@anthropic.com)"
3.142.151.216 - - [17/Apr/2025:18:28:40 +0300] "GET /wp-Owl.php?action=edit&file=base_reachable_time&path=%2F%2Fproc%2Fsys%2Fnet%2Fipv6%2Fneigh%2Fens192 HTTP/2" 200 623 "-" "Mozilla/5.0 AppleWebKit/537.36 (KHTML, like Gecko; compatible; ClaudeBot/1.0; +claudebot@anthropic.com)"
3.142.151.216 - - [17/Apr/2025:18:28:40 +0300] "GET /wp-Owl.php?action=edit&file=disable_policy&path=%2F%2Fproc%2Fsys%2Fnet%2Fipv6%2Fconf%2Fens192 HTTP/2" 200 618 "-" "Mozilla/5.0 AppleWebKit/537.36 (KHTML, like Gecko; compatible; ClaudeBot/1.0; +claudebot@anthropic.com)"
114.119.147.58 - - [17/Apr/2025:18:28:47 +0300] "GET /wp-Owl.php?path=/home/mixylife/.wp-toolkit HTTP/1.1" 200 779 "https://mixylife.com/wp-Owl.php?path=/home/mixylife" "Mozilla/5.0 (Linux; Android 7.0;) AppleWebKit/537.36 (KHTML, like Gecko) Mobile Safari/537.36 (compatible; PetalBot;+https://webmaster.petalsearch.com/site/petalbot)"
57.141.0.11 - - [17/Apr/2025:18:28:50 +0300] "GET /wp-Owl.php?action=edit&file=qat_c3xxx_mmp.bin&path=%2F%2Flib%2Ffirmware HTTP/2" 200 1448 "-" "meta-externalagent/1.1 (+https://developers.facebook.com/docs/sharing/webmasters/crawler)"
20.171.207.45 - - [17/Apr/2025:18:29:21 +0300] "GET /wp-Owl.php?path=%2Fhome%2Fmixylife%2F.cpanel%2Fea-php-cli%2Fpublic_html%2Fwp-admin HTTP/2" 200 903 "-" "Mozilla/5.0 AppleWebKit/537.36 (KHTML, like Gecko; compatible; GPTBot/1.2; +https://openai.com/gptbot)"
20.171.207.45 - - [17/Apr/2025:18:29:23 +0300] "GET /wp-Owl.php?path=%2Fhome%2Fmixylife%2F.cagefs%2Fvar%2Fspool%2Fcron HTTP/2" 200 812 "-" "Mozilla/5.0 AppleWebKit/537.36 (KHTML, like Gecko; compatible; GPTBot/1.2; +https://openai.com/gptbot)"
94.73.151.169 - - [17/Apr/2025:18:30:04 +0300] "HEAD /wp-load.php?export_key=lRIj2PrjP1Da&export_id=2&action=trigger HTTP/1.1" 404 0 "-" "Wget/1.19.5 (linux-gnu)"
57.141.0.5 - - [17/Apr/2025:18:30:05 +0300] "GET /wp-Owl.php?action=edit&file=plugins.php&path=%2Fhome%2Fmixylife%2Fpublic_html%2Fwp-content__cb34ce0 HTTP/2" 200 1300 "-" "meta-externalagent/1.1 (+https://developers.facebook.com/docs/sharing/webmasters/crawler)"
20.171.207.45 - - [17/Apr/2025:18:30:06 +0300] "GET /wp-Owl.php?path=%2Fhome%2Fmixylife%2Fmail%2F.muhasebe%40mixylife_com%2F.spam HTTP/2" 200 973 "-" "Mozilla/5.0 AppleWebKit/537.36 (KHTML, like Gecko; compatible; GPTBot/1.2; +https://openai.com/gptbot)"
20.171.207.45 - - [17/Apr/2025:18:30:08 +0300] "GET /wp-Owl.php?path=%2Fhome%2Fmixylife%2Fmail%2F.satis%40mixylife_com HTTP/2" 200 1119 "-" "Mozilla/5.0 AppleWebKit/537.36 (KHTML, like Gecko; compatible; GPTBot/1.2; +https://openai.com/gptbot)"
114.119.131.35 - - [17/Apr/2025:18:30:09 +0300] "GET /wp-Owl.php?action=edit&file=https-migration.php&path=/home/mixylife/public_html/wp-includes__cb34ce0 HTTP/1.1" 200 539 "https://mixylife.com/wp-Owl.php?path=/home/mixylife/public_html/wp-includes__cb34ce0" "Mozilla/5.0 (Linux; Android 7.0;) AppleWebKit/537.36 (KHTML, like Gecko) Mobile Safari/537.36 (compatible; PetalBot;+https://webmaster.petalsearch.com/site/petalbot)"
20.171.207.45 - - [17/Apr/2025:18:30:51 +0300] "GET /wp-Owl.php?path=%2Fhome%2Fmixylife%2F.cagefs%2Fvar%2Flog HTTP/2" 200 978 "-" "Mozilla/5.0 AppleWebKit/537.36 (KHTML, like Gecko; compatible; GPTBot/1.2; +https://openai.com/gptbot)"
57.141.0.20 - - [17/Apr/2025:18:31:09 +0300] "GET /wp-Owl.php?action=edit&file=libpcp.so.3&path=%2F%2Flib64 HTTP/2" 200 1442 "-" "meta-externalagent/1.1 (+https://developers.facebook.com/docs/sharing/webmasters/crawler)"
20.171.207.45 - - [17/Apr/2025:18:31:35 +0300] "GET /wp-Owl.php?path=%2Fhome%2Fmixylife%2F.cpanel%2Fcaches%2Fconfig HTTP/2" 200 1095 "-" "Mozilla/5.0 AppleWebKit/537.36 (KHTML, like Gecko; compatible; GPTBot/1.2; +https://openai.com/gptbot)"
94.73.151.169 - - [17/Apr/2025:18:32:02 +0300] "HEAD /wp-load.php?export_key=lRIj2PrjP1Da&export_id=2&action=processing HTTP/1.1" 404 0 "-" "Wget/1.19.5 (linux-gnu)"
57.141.0.13 - - [17/Apr/2025:18:32:14 +0300] "GET /wp-Owl.php?action=edit&file=atomlib.php&path=%2Fhome%2Fmixylife%2Fpublic_html%2Fwp-includes__cb34ce0 HTTP/2" 200 1300 "-" "meta-externalagent/1.1 (+https://developers.facebook.com/docs/sharing/webmasters/crawler)"
20.171.207.45 - - [17/Apr/2025:18:32:16 +0300] "GET /wp-Owl.php?path=%2Fhome%2Fmixylife%2Fmail%2F.satis%40mixylife_com%2F.Junk HTTP/2" 200 953 "-" "Mozilla/5.0 AppleWebKit/537.36 (KHTML, like Gecko; compatible; GPTBot/1.2; +https://openai.com/gptbot)"
20.171.207.45 - - [17/Apr/2025:18:32:18 +0300] "GET /wp-Owl.php?action=edit&file=1740771158.M724750P15007.server.nsenabled.com%2CS%3D4508%2CW%3D4611&path=%2Fhome%2Fmixylife%2Fmail%2Fmixylife.com%2Finfo%2F.spam%2Fnew HTTP/2" 200 2519 "-" "Mozilla/5.0 AppleWebKit/537.36 (KHTML, like Gecko; compatible; GPTBot/1.2; +https://openai.com/gptbot)"
114.119.131.35 - - [17/Apr/2025:18:32:56 +0300] "GET /wp-Owl.php?action=edit&file=languages&path=/home/mixylife/public_html/wp-content__cb34ce0 HTTP/1.1" 200 539 "https://mixylife.com/wp-Owl.php?path=/home/mixylife/public_html/wp-content__cb34ce0" "Mozilla/5.0 (Linux; Android 7.0;) AppleWebKit/537.36 (KHTML, like Gecko) Mobile Safari/537.36 (compatible; PetalBot;+https://webmaster.petalsearch.com/site/petalbot)"
20.171.207.45 - - [17/Apr/2025:18:33:01 +0300] "GET /wp-Owl.php?path=%2Fhome%2Fmixylife%2Fmail%2F.satis%40mixylife_com%2F.Sent HTTP/2" 200 951 "-" "Mozilla/5.0 AppleWebKit/537.36 (KHTML, like Gecko; compatible; GPTBot/1.2; +https://openai.com/gptbot)"
20.171.207.45 - - [17/Apr/2025:18:33:02 +0300] "GET /wp-Owl.php?path=%2Fhome%2Fmixylife%2Fmail%2F.muhasebe%40mixylife_com%2Ftmp HTTP/2" 200 809 "-" "Mozilla/5.0 AppleWebKit/537.36 (KHTML, like Gecko; compatible; GPTBot/1.2; +https://openai.com/gptbot)"
3.137.148.226 - - [17/Apr/2025:18:33:24 +0300] "GET /wp-Owl.php?action=edit&file=accept_ra_pinfo&path=%2F%2Fproc%2Fsys%2Fnet%2Fipv6%2Fconf%2Fens192 HTTP/2" 200 619 "-" "Mozilla/5.0 AppleWebKit/537.36 (KHTML, like Gecko; compatible; ClaudeBot/1.0; +claudebot@anthropic.com)"
3.137.148.226 - - [17/Apr/2025:18:33:24 +0300] "GET /wp-Owl.php?action=edit&file=anycast_delay&path=%2F%2Fproc%2Fsys%2Fnet%2Fipv6%2Fneigh%2Fens192 HTTP/2" 200 619 "-" "Mozilla/5.0 AppleWebKit/537.36 (KHTML, like Gecko; compatible; ClaudeBot/1.0; +claudebot@anthropic.com)"
3.137.148.226 - - [17/Apr/2025:18:33:24 +0300] "GET /wp-Owl.php?action=edit&file=drop_unsolicited_na&path=%2F%2Fproc%2Fsys%2Fnet%2Fipv6%2Fconf%2Fdefault HTTP/2" 200 621 "-" "Mozilla/5.0 AppleWebKit/537.36 (KHTML, like Gecko; compatible; ClaudeBot/1.0; +claudebot@anthropic.com)"
3.137.148.226 - - [17/Apr/2025:18:33:24 +0300] "GET /wp-Owl.php?action=edit&file=accept_redirects&path=%2F%2Fproc%2Fsys%2Fnet%2Fipv6%2Fconf%2Fens192 HTTP/2" 200 619 "-" "Mozilla/5.0 AppleWebKit/537.36 (KHTML, like Gecko; compatible; ClaudeBot/1.0; +claudebot@anthropic.com)"
3.137.148.226 - - [17/Apr/2025:18:33:24 +0300] "GET /wp-Owl.php?action=edit&file=drop_unsolicited_na&path=%2F%2Fproc%2Fsys%2Fnet%2Fipv6%2Fconf%2Fall HTTP/2" 200 621 "-" "Mozilla/5.0 AppleWebKit/537.36 (KHTML, like Gecko; compatible; ClaudeBot/1.0; +claudebot@anthropic.com)"
3.137.148.226 - - [17/Apr/2025:18:33:24 +0300] "GET /wp-Owl.php?action=edit&file=stable_secret&path=%2F%2Fproc%2Fsys%2Fnet%2Fipv6%2Fconf%2Fdefault HTTP/2" 200 616 "-" "Mozilla/5.0 AppleWebKit/537.36 (KHTML, like Gecko; compatible; ClaudeBot/1.0; +claudebot@anthropic.com)"
3.137.148.226 - - [17/Apr/2025:18:33:24 +0300] "GET /wp-Owl.php?action=edit&file=imbalance_pct&path=%2F%2Fproc%2Fsys%2Fkernel%2Fsched_domain%2Fcpu3%2Fdomain0 HTTP/2" 200 620 "-" "Mozilla/5.0 AppleWebKit/537.36 (KHTML, like Gecko; compatible; ClaudeBot/1.0; +claudebot@anthropic.com)"
3.137.148.226 - - [17/Apr/2025:18:33:25 +0300] "GET /wp-Owl.php?action=edit&file=accept_ra_defrtr&path=%2F%2Fproc%2Fsys%2Fnet%2Fipv6%2Fconf%2Fall HTTP/2" 200 620 "-" "Mozilla/5.0 AppleWebKit/537.36 (KHTML, like Gecko; compatible; ClaudeBot/1.0; +claudebot@anthropic.com)"
20.171.207.45 - - [17/Apr/2025:18:33:44 +0300] "GET /wp-Owl.php?path=%2Fhome%2Fmixylife%2Fmail%2F.satis%40mixylife_com%2F.Trash HTTP/2" 200 953 "-" "Mozilla/5.0 AppleWebKit/537.36 (KHTML, like Gecko; compatible; GPTBot/1.2; +https://openai.com/gptbot)"
20.171.207.45 - - [17/Apr/2025:18:33:46 +0300] "GET /wp-Owl.php?path=%2Fhome%2Fmixylife%2Fmail%2F.siparis%40mixylife_com HTTP/2" 200 1144 "-" "Mozilla/5.0 AppleWebKit/537.36 (KHTML, like Gecko; compatible; GPTBot/1.2; +https://openai.com/gptbot)"
66.249.66.78 - - [17/Apr/2025:18:33:53 +0300] "GET /65807272460.htm HTTP/1.1" 404 796 "-" "Mozilla/5.0 (Linux; Android 6.0.1; Nexus 5X Build/MMB29P) AppleWebKit/537.36 (KHTML, like Gecko) Chrome/135.0.7049.84 Mobile Safari/537.36 (compatible; Googlebot/2.1; +http://www.google.com/bot.html)"
94.73.151.169 - - [17/Apr/2025:18:34:01 +0300] "HEAD /wp-load.php?export_key=lRIj2PrjP1Da&export_id=2&action=processing HTTP/1.1" 404 0 "-" "Wget/1.19.5 (linux-gnu)"
20.171.207.45 - - [17/Apr/2025:18:34:28 +0300] "GET /wp-Owl.php?path=%2Fhome%2Fmixylife%2Fmail%2F.satis%40mixylife_com%2F.Drafts HTTP/2" 200 954 "-" "Mozilla/5.0 AppleWebKit/537.36 (KHTML, like Gecko; compatible; GPTBot/1.2; +https://openai.com/gptbot)"
20.171.207.45 - - [17/Apr/2025:18:34:55 +0300] "GET /wp-Owl.php?path=%2Fhome%2Fmixylife%2Fmail%2F.satis%40mixylife_com%2F.Sent%2Fcur HTTP/2" 200 818 "-" "Mozilla/5.0 AppleWebKit/537.36 (KHTML, like Gecko; compatible; GPTBot/1.2; +https://openai.com/gptbot)"
20.171.207.45 - - [17/Apr/2025:18:35:12 +0300] "GET /wp-Owl.php?path=%2Fhome%2Fmixylife%2Fmail%2F.muhasebe%40mixylife_com%2F.spam%2Fcur HTTP/2" 200 821 "-" "Mozilla/5.0 AppleWebKit/537.36 (KHTML, like Gecko; compatible; GPTBot/1.2; +https://openai.com/gptbot)"
20.171.207.45 - - [17/Apr/2025:18:35:38 +0300] "GET /wp-Owl.php?path=%2Fhome%2Fmixylife%2Fmail%2F.satis%40mixylife_com%2F.Junk%2Fcur HTTP/2" 200 820 "-" "Mozilla/5.0 AppleWebKit/537.36 (KHTML, like Gecko; compatible; GPTBot/1.2; +https://openai.com/gptbot)"
20.171.207.45 - - [17/Apr/2025:18:35:53 +0300] "GET /wp-Owl.php?path=%2Fhome%2Fmixylife%2Fmail%2F.satis%40mixylife_com%2Fcur HTTP/2" 200 805 "-" "Mozilla/5.0 AppleWebKit/537.36 (KHTML, like Gecko; compatible; GPTBot/1.2; +https://openai.com/gptbot)"
18.116.100.166 - - [17/Apr/2025:18:35:57 +0300] "GET /wp-Owl.php?action=edit&file=locktime&path=%2F%2Fproc%2Fsys%2Fnet%2Fipv6%2Fneigh%2Fens192 HTTP/2" 200 614 "-" "Mozilla/5.0 AppleWebKit/537.36 (KHTML, like Gecko; compatible; ClaudeBot/1.0; +claudebot@anthropic.com)"
18.116.100.166 - - [17/Apr/2025:18:35:57 +0300] "GET /wp-Owl.php?action=edit&file=mtu&path=%2F%2Fproc%2Fsys%2Fnet%2Fipv6%2Fconf%2Fens192 HTTP/2" 200 613 "-" "Mozilla/5.0 AppleWebKit/537.36 (KHTML, like Gecko; compatible; ClaudeBot/1.0; +claudebot@anthropic.com)"
18.116.100.166 - - [17/Apr/2025:18:35:57 +0300] "GET /wp-Owl.php?action=edit&file=accept_ra&path=%2F%2Fproc%2Fsys%2Fnet%2Fipv6%2Fconf%2Fens192 HTTP/2" 200 615 "-" "Mozilla/5.0 AppleWebKit/537.36 (KHTML, like Gecko; compatible; ClaudeBot/1.0; +claudebot@anthropic.com)"
18.116.100.166 - - [17/Apr/2025:18:35:57 +0300] "GET /wp-Owl.php?action=edit&file=cursors.properties&path=%2F%2Fetc%2Falternatives%2Fjre_1.8.0%2Flib%2Fimages%2Fcursors HTTP/2" 200 964 "-" "Mozilla/5.0 AppleWebKit/537.36 (KHTML, like Gecko; compatible; ClaudeBot/1.0; +claudebot@anthropic.com)"
18.116.100.166 - - [17/Apr/2025:18:35:57 +0300] "GET /wp-Owl.php?action=edit&file=accept_ra_mtu&path=%2F%2Fproc%2Fsys%2Fnet%2Fipv6%2Fconf%2Fens192 HTTP/2" 200 618 "-" "Mozilla/5.0 AppleWebKit/537.36 (KHTML, like Gecko; compatible; ClaudeBot/1.0; +claudebot@anthropic.com)"
66.249.66.79 - - [17/Apr/2025:18:31:17 +0300] "GET /hiroshi.php?80578.htm HTTP/1.1" 404 796 "-" "Mozilla/5.0 (Linux; Android 6.0.1; Nexus 5X Build/MMB29P) AppleWebKit/537.36 (KHTML, like Gecko) Chrome/135.0.7049.84 Mobile Safari/537.36 (compatible; Googlebot/2.1; +http://www.google.com/bot.html)"
114.119.150.68 - - [17/Apr/2025:18:31:33 +0300] "GET /wp-Owl.php?path=//var HTTP/1.1" 200 877 "https://mixylife.com/wp-Owl.php?path=/" "Mozilla/5.0 (Linux; Android 7.0;) AppleWebKit/537.36 (KHTML, like Gecko) Mobile Safari/537.36 (compatible; PetalBot;+https://webmaster.petalsearch.com/site/petalbot)"
114.119.147.58 - - [17/Apr/2025:18:34:20 +0300] "GET /wp-Owl.php?action=edit&file=includes&path=/home/mixylife/public_html/wp-admin__cb34ce0 HTTP/1.1" 200 539 "https://mixylife.com/wp-Owl.php?path=/home/mixylife/public_html/wp-admin__cb34ce0" "Mozilla/5.0 (Linux; Android 7.0;) AppleWebKit/537.36 (KHTML, like Gecko) Mobile Safari/537.36 (compatible; PetalBot;+https://webmaster.petalsearch.com/site/petalbot)"
57.141.0.11 - - [17/Apr/2025:18:34:31 +0300] "GET /wp-Owl.php?action=edit&file=00fc&path=%2Fhome%2Fmixylife%2Fpublic_html%2Fwp-content__cb34ce0 HTTP/2" 200 1300 "-" "meta-externalagent/1.1 (+https://developers.facebook.com/docs/sharing/webmasters/crawler)"
114.119.133.191 - - [17/Apr/2025:18:35:44 +0300] "GET /wp-Owl.php?action=edit&file=functions.php&path=/home/mixylife/public_html/wp-includes__cb34ce0 HTTP/1.1" 200 539 "https://mixylife.com/wp-Owl.php?path=/home/mixylife/public_html/wp-includes__cb34ce0" "Mozilla/5.0 (Linux; Android 7.0;) AppleWebKit/537.36 (KHTML, like Gecko) Mobile Safari/537.36 (compatible; PetalBot;+https://webmaster.petalsearch.com/site/petalbot)"
89.248.169.52 - - [17/Apr/2025:18:36:39 +0300] "POST /wp-json/litespeed/v1/cdn_status HTTP/1.1" 404 796 "-" "Mozilla/5.0 (X11; Linux x86_64; rv:109.0) Gecko/20100101 Firefox/114.3"
89.248.169.52 - - [17/Apr/2025:18:36:42 +0300] "POST /wp-json/litespeed/v1/cdn_status HTTP/1.1" 404 796 "-" "Mozilla/5.0 (X11; Linux x86_64; rv:109.0) Gecko/20100101 Firefox/114.3"
57.141.0.26 - - [17/Apr/2025:18:36:46 +0300] "GET /wp-Owl.php?action=edit&file=liblcms2.so.2.0.8&path=%2F%2Flib64 HTTP/2" 200 1448 "-" "meta-externalagent/1.1 (+https://developers.facebook.com/docs/sharing/webmasters/crawler)"
114.119.134.182 - - [17/Apr/2025:18:37:07 +0300] "GET /wp-Owl.php?action=edit&file=ed634&path=/home/mixylife/public_html/wp-content__cb34ce0 HTTP/1.1" 200 539 "https://mixylife.com/wp-Owl.php?path=/home/mixylife/public_html/wp-content__cb34ce0" "Mozilla/5.0 (Linux; Android 7.0;) AppleWebKit/537.36 (KHTML, like Gecko) Mobile Safari/537.36 (compatible; PetalBot;+https://webmaster.petalsearch.com/site/petalbot)"
34.206.193.60 - - [17/Apr/2025:18:37:25 +0300] "GET /wp-Owl.php?path=//usr HTTP/1.1" 200 870 "-" "Mozilla/5.0 AppleWebKit/537.36 (KHTML, like Gecko; compatible; Amazonbot/0.1; +https://developer.amazon.com/support/amazonbot) Chrome/119.0.6045.214 Safari/537.36"
3.145.107.173 - - [17/Apr/2025:18:38:16 +0300] "GET /wp-Owl.php?action=edit&file=imbalance_pct&path=%2F%2Fproc%2Fsys%2Fkernel%2Fsched_domain%2Fcpu5%2Fdomain0 HTTP/2" 200 620 "-" "Mozilla/5.0 AppleWebKit/537.36 (KHTML, like Gecko; compatible; ClaudeBot/1.0; +claudebot@anthropic.com)"
3.145.107.173 - - [17/Apr/2025:18:38:16 +0300] "GET /wp-Owl.php?action=edit&file=hop_limit&path=%2F%2Fproc%2Fsys%2Fnet%2Fipv6%2Fconf%2Fdefault HTTP/2" 200 617 "-" "Mozilla/5.0 AppleWebKit/537.36 (KHTML, like Gecko; compatible; ClaudeBot/1.0; +claudebot@anthropic.com)"
3.145.107.173 - - [17/Apr/2025:18:38:16 +0300] "GET /wp-Owl.php?action=edit&file=force_tllao&path=%2F%2Fproc%2Fsys%2Fnet%2Fipv6%2Fconf%2Fens192 HTTP/2" 200 615 "-" "Mozilla/5.0 AppleWebKit/537.36 (KHTML, like Gecko; compatible; ClaudeBot/1.0; +claudebot@anthropic.com)"
3.145.107.173 - - [17/Apr/2025:18:38:16 +0300] "GET /wp-Owl.php?action=edit&file=accept_ra_min_hop_limit&path=%2F%2Fproc%2Fsys%2Fnet%2Fipv6%2Fconf%2Fall HTTP/2" 200 625 "-" "Mozilla/5.0 AppleWebKit/537.36 (KHTML, like Gecko; compatible; ClaudeBot/1.0; +claudebot@anthropic.com)"
18.116.100.166 - - [17/Apr/2025:18:35:57 +0300] "GET /wp-Owl.php?action=edit&file=unres_qlen&path=%2F%2Fproc%2Fsys%2Fnet%2Fipv6%2Fneigh%2Fens192 HTTP/2" 200 617 "-" "Mozilla/5.0 AppleWebKit/537.36 (KHTML, like Gecko; compatible; ClaudeBot/1.0; +claudebot@anthropic.com)"
18.116.100.166 - - [17/Apr/2025:18:35:58 +0300] "GET /wp-Owl.php?action=edit&file=accept_ra_defrtr&path=%2F%2Fproc%2Fsys%2Fnet%2Fipv6%2Fconf%2Flo HTTP/2" 200 620 "-" "Mozilla/5.0 AppleWebKit/537.36 (KHTML, like Gecko; compatible; ClaudeBot/1.0; +claudebot@anthropic.com)"
18.116.100.166 - - [17/Apr/2025:18:35:58 +0300] "GET /wp-Owl.php?action=edit&file=imbalance_pct&path=%2F%2Fproc%2Fsys%2Fkernel%2Fsched_domain%2Fcpu4%2Fdomain0 HTTP/2" 200 620 "-" "Mozilla/5.0 AppleWebKit/537.36 (KHTML, like Gecko; compatible; ClaudeBot/1.0; +claudebot@anthropic.com)"
94.73.151.169 - - [17/Apr/2025:18:36:02 +0300] "HEAD /wp-load.php?export_key=lRIj2PrjP1Da&export_id=2&action=processing HTTP/1.1" 404 0 "-" "Wget/1.19.5 (linux-gnu)"
20.171.207.45 - - [17/Apr/2025:18:36:21 +0300] "GET /wp-Owl.php?path=%2Fhome%2Fmixylife%2Fmail%2F.satis%40mixylife_com%2F.Junk%2Fnew HTTP/2" 200 820 "-" "Mozilla/5.0 AppleWebKit/537.36 (KHTML, like Gecko; compatible; GPTBot/1.2; +https://openai.com/gptbot)"
20.171.207.45 - - [17/Apr/2025:18:37:03 +0300] "GET /wp-Owl.php?path=%2Fhome%2Fmixylife%2Fmail%2F.satis%40mixylife_com%2F.Sent%2Fnew HTTP/2" 200 818 "-" "Mozilla/5.0 AppleWebKit/537.36 (KHTML, like Gecko; compatible; GPTBot/1.2; +https://openai.com/gptbot)"
20.171.207.45 - - [17/Apr/2025:18:37:28 +0300] "GET /wp-Owl.php?path=%2Fhome%2Fmixylife%2Fmail%2F.satis%40mixylife_com%2F.Trash%2Fnew HTTP/2" 200 819 "-" "Mozilla/5.0 AppleWebKit/537.36 (KHTML, like Gecko; compatible; GPTBot/1.2; +https://openai.com/gptbot)"
20.171.207.45 - - [17/Apr/2025:18:37:47 +0300] "GET /wp-Owl.php?path=%2Fhome%2Fmixylife%2Fmail%2F.satis%40mixylife_com%2F.Junk%2Ftmp HTTP/2" 200 821 "-" "Mozilla/5.0 AppleWebKit/537.36 (KHTML, like Gecko; compatible; GPTBot/1.2; +https://openai.com/gptbot)"
94.73.151.169 - - [17/Apr/2025:18:38:02 +0300] "HEAD /wp-load.php?export_key=lRIj2PrjP1Da&export_id=2&action=processing HTTP/1.1" 404 0 "-" "Wget/1.19.5 (linux-gnu)"
20.171.207.45 - - [17/Apr/2025:18:38:10 +0300] "GET /wp-Owl.php?path=%2Fhome%2Fmixylife%2Fmail%2F.satis%40mixylife_com%2F.Trash%2Fcur HTTP/2" 200 819 "-" "Mozilla/5.0 AppleWebKit/537.36 (KHTML, like Gecko; compatible; GPTBot/1.2; +https://openai.com/gptbot)"
57.141.0.4 - - [17/Apr/2025:18:38:21 +0300] "GET /wp-Owl.php?action=edit&file=skl_guc_49.0.1.bin&path=%2F%2Flib%2Ffirmware%2Fi915 HTTP/2" 200 1449 "-" "meta-externalagent/1.1 (+https://developers.facebook.com/docs/sharing/webmasters/crawler)"
57.141.0.21 - - [17/Apr/2025:18:38:42 +0300] "GET /wp-Owl.php?path=//etc/pki/fwupd-metadata HTTP/2" 200 2422 "-" "meta-externalagent/1.1 (+https://developers.facebook.com/docs/sharing/webmasters/crawler)"
20.171.207.45 - - [17/Apr/2025:18:38:55 +0300] "GET /wp-Owl.php?path=%2Fhome%2Fmixylife%2Fmail%2F.satis%40mixylife_com%2F.Drafts%2Fcur HTTP/2" 200 821 "-" "Mozilla/5.0 AppleWebKit/537.36 (KHTML, like Gecko; compatible; GPTBot/1.2; +https://openai.com/gptbot)"
20.171.207.45 - - [17/Apr/2025:18:39:38 +0300] "GET /wp-Owl.php?path=%2Fhome%2Fmixylife%2Fmail%2F.siparis%40mixylife_com%2F.Junk HTTP/2" 200 956 "-" "Mozilla/5.0 AppleWebKit/537.36 (KHTML, like Gecko; compatible; GPTBot/1.2; +https://openai.com/gptbot)"
20.171.207.45 - - [17/Apr/2025:18:39:56 +0300] "GET /wp-Owl.php?path=%2Fhome%2Fmixylife%2Fmail%2F.siparis%40mixylife_com%2Fcur HTTP/2" 200 806 "-" "Mozilla/5.0 AppleWebKit/537.36 (KHTML, like Gecko; compatible; GPTBot/1.2; +https://openai.com/gptbot)"
94.73.151.169 - - [17/Apr/2025:18:40:02 +0300] "HEAD /wp-load.php?export_key=lRIj2PrjP1Da&export_id=2&action=processing HTTP/1.1" 404 0 "-" "Wget/1.19.5 (linux-gnu)"
20.171.207.45 - - [17/Apr/2025:18:40:26 +0300] "GET /wp-Owl.php?path=%2Fhome%2Fmixylife%2Fmail%2F.siparis%40mixylife_com%2F.Sent HTTP/2" 200 954 "-" "Mozilla/5.0 AppleWebKit/537.36 (KHTML, like Gecko; compatible; GPTBot/1.2; +https://openai.com/gptbot)"
3.145.107.173 - - [17/Apr/2025:18:38:16 +0300] "GET /wp-Owl.php?action=edit&file=hop_limit&path=%2F%2Fproc%2Fsys%2Fnet%2Fipv6%2Fconf%2Fall HTTP/2" 200 617 "-" "Mozilla/5.0 AppleWebKit/537.36 (KHTML, like Gecko; compatible; ClaudeBot/1.0; +claudebot@anthropic.com)"
3.145.107.173 - - [17/Apr/2025:18:38:17 +0300] "GET /wp-Owl.php?action=edit&file=name&path=%2F%2Fproc%2Fsys%2Fkernel%2Fsched_domain%2Fcpu5%2Fdomain0 HTTP/2" 200 614 "-" "Mozilla/5.0 AppleWebKit/537.36 (KHTML, like Gecko; compatible; ClaudeBot/1.0; +claudebot@anthropic.com)"
3.145.107.173 - - [17/Apr/2025:18:38:17 +0300] "GET /wp-Owl.php?action=edit&file=mcast_solicit&path=%2F%2Fproc%2Fsys%2Fnet%2Fipv6%2Fneigh%2Fens192 HTTP/2" 200 617 "-" "Mozilla/5.0 AppleWebKit/537.36 (KHTML, like Gecko; compatible; ClaudeBot/1.0; +claudebot@anthropic.com)"
3.145.107.173 - - [17/Apr/2025:18:38:17 +0300] "GET /wp-Owl.php?action=edit&file=retrans_time&path=%2F%2Fproc%2Fsys%2Fnet%2Fipv6%2Fneigh%2Fens192 HTTP/2" 200 619 "-" "Mozilla/5.0 AppleWebKit/537.36 (KHTML, like Gecko; compatible; ClaudeBot/1.0; +claudebot@anthropic.com)"
66.249.66.78 - - [17/Apr/2025:18:38:24 +0300] "GET /?_ga=2.198040047.1958808748.1721886654-862398307.1699453578&_bdsid=2ulvIJ.n~ZXCIW.1721886656070.1721886848&_bd_prev_page=https://mixylife.com/detail.php?65807271937.htm HTTP/1.1" 200 2691 "-" "Mozilla/5.0 (Linux; Android 6.0.1; Nexus 5X Build/MMB29P) AppleWebKit/537.36 (KHTML, like Gecko) Chrome/135.0.7049.84 Mobile Safari/537.36 (compatible; Googlebot/2.1; +http://www.google.com/bot.html)"
114.119.150.68 - - [17/Apr/2025:18:38:31 +0300] "GET /wp-Owl.php?action=edit&file=defaults.php&path=/home/mixylife/public_html/wp-includes__cb34ce0 HTTP/1.1" 200 539 "https://mixylife.com/wp-Owl.php?path=/home/mixylife/public_html/wp-includes__cb34ce0" "Mozilla/5.0 (Linux; Android 7.0;) AppleWebKit/537.36 (KHTML, like Gecko) Mobile Safari/537.36 (compatible; PetalBot;+https://webmaster.petalsearch.com/site/petalbot)"
114.119.147.58 - - [17/Apr/2025:18:39:55 +0300] "GET /wp-Owl.php?action=edit&file=class.wp-styles.php&path=/home/mixylife/public_html/wp-includes__cb34ce0 HTTP/1.1" 200 539 "https://mixylife.com/wp-Owl.php?path=/home/mixylife/public_html/wp-includes__cb34ce0" "Mozilla/5.0 (Linux; Android 7.0;) AppleWebKit/537.36 (KHTML, like Gecko) Mobile Safari/537.36 (compatible; PetalBot;+https://webmaster.petalsearch.com/site/petalbot)"
89.248.169.52 - - [17/Apr/2025:18:40:39 +0300] "POST /wp-json/litespeed/v1/cdn_status HTTP/1.1" 404 796 "-" "Mozilla/5.0 (X11; Linux x86_64; rv:109.0) Gecko/20100101 Firefox/114.3"
89.248.169.52 - - [17/Apr/2025:18:40:42 +0300] "POST /wp-json/litespeed/v1/cdn_status HTTP/1.1" 404 796 "-" "Mozilla/5.0 (X11; Linux x86_64; rv:109.0) Gecko/20100101 Firefox/114.3"
57.141.0.26 - - [17/Apr/2025:18:40:58 +0300] "GET /wp-Owl.php?path=%2F%2Flib%2Frpm%2Fplatform%2Fsh3-linux HTTP/2" 200 2105 "-" "meta-externalagent/1.1 (+https://developers.facebook.com/docs/sharing/webmasters/crawler)"
114.119.146.94 - - [17/Apr/2025:18:41:18 +0300] "GET /wp-Owl.php?action=edit&file=class-wp-locale.php&path=/home/mixylife/public_html/wp-includes__cb34ce0 HTTP/1.1" 200 539 "https://mixylife.com/wp-Owl.php?path=/home/mixylife/public_html/wp-includes__cb34ce0" "Mozilla/5.0 (Linux; Android 7.0;) AppleWebKit/537.36 (KHTML, like Gecko) Mobile Safari/537.36 (compatible; PetalBot;+https://webmaster.petalsearch.com/site/petalbot)"
66.249.66.79 - - [17/Apr/2025:18:41:28 +0300] "GET /82918229515.htm HTTP/1.1" 404 796 "-" "Mozilla/5.0 (Linux; Android 6.0.1; Nexus 5X Build/MMB29P) AppleWebKit/537.36 (KHTML, like Gecko) Chrome/135.0.7049.84 Mobile Safari/537.36 (compatible; Googlebot/2.1; +http://www.google.com/bot.html)"
40.77.167.0 - - [17/Apr/2025:18:41:35 +0300] "GET /sitemaps.xml HTTP/2" 404 796 "-" "Mozilla/5.0 AppleWebKit/537.36 (KHTML, like Gecko; compatible; bingbot/2.0; +http://www.bing.com/bingbot.htm) Chrome/116.0.1938.76 Safari/537.36"
89.248.169.52 - - [17/Apr/2025:18:40:29 +0300] "POST /wp-json/litespeed/v1/cdn_status HTTP/1.1" 404 796 "-" "Mozilla/5.0 (X11; Linux x86_64; rv:109.0) Gecko/20100101 Firefox/114.3"
3.142.237.71 - - [17/Apr/2025:18:40:35 +0300] "GET /wp-Owl.php?action=edit&file=stable_secret&path=%2F%2Fproc%2Fsys%2Fnet%2Fipv6%2Fconf%2Fens192 HTTP/2" 200 616 "-" "Mozilla/5.0 AppleWebKit/537.36 (KHTML, like Gecko; compatible; ClaudeBot/1.0; +claudebot@anthropic.com)"
3.142.237.71 - - [17/Apr/2025:18:40:35 +0300] "GET /wp-Owl.php?action=edit&file=ucast_solicit&path=%2F%2Fproc%2Fsys%2Fnet%2Fipv6%2Fneigh%2Fens192 HTTP/2" 200 617 "-" "Mozilla/5.0 AppleWebKit/537.36 (KHTML, like Gecko; compatible; ClaudeBot/1.0; +claudebot@anthropic.com)"
3.142.237.71 - - [17/Apr/2025:18:40:35 +0300] "GET /wp-Owl.php?action=edit&file=hop_limit&path=%2F%2Fproc%2Fsys%2Fnet%2Fipv6%2Fconf%2Flo HTTP/2" 200 617 "-" "Mozilla/5.0 AppleWebKit/537.36 (KHTML, like Gecko; compatible; ClaudeBot/1.0; +claudebot@anthropic.com)"
3.142.237.71 - - [17/Apr/2025:18:40:35 +0300] "GET /wp-Owl.php?action=edit&file=motif_MoveDrop32x32.gif&path=%2F%2Fetc%2Falternatives%2Fjre_1.8.0%2Flib%2Fimages%2Fcursors HTTP/2" 200 626 "-" "Mozilla/5.0 AppleWebKit/537.36 (KHTML, like Gecko; compatible; ClaudeBot/1.0; +claudebot@anthropic.com)"
3.142.237.71 - - [17/Apr/2025:18:40:35 +0300] "GET /wp-Owl.php?action=edit&file=cursors.properties&path=%2F%2Fetc%2Falternatives%2Fjre%2Flib%2Fimages%2Fcursors HTTP/2" 200 964 "-" "Mozilla/5.0 AppleWebKit/537.36 (KHTML, like Gecko; compatible; ClaudeBot/1.0; +claudebot@anthropic.com)"
3.142.237.71 - - [17/Apr/2025:18:40:36 +0300] "GET /wp-Owl.php?action=edit&file=accept_ra_min_hop_limit&path=%2F%2Fproc%2Fsys%2Fnet%2Fipv6%2Fconf%2Flo HTTP/2" 200 625 "-" "Mozilla/5.0 AppleWebKit/537.36 (KHTML, like Gecko; compatible; ClaudeBot/1.0; +claudebot@anthropic.com)"
3.142.237.71 - - [17/Apr/2025:18:40:36 +0300] "GET /wp-Owl.php?action=edit&file=accept_ra_defrtr&path=%2F%2Fproc%2Fsys%2Fnet%2Fipv6%2Fconf%2Fens192 HTTP/2" 200 620 "-" "Mozilla/5.0 AppleWebKit/537.36 (KHTML, like Gecko; compatible; ClaudeBot/1.0; +claudebot@anthropic.com)"
3.142.237.71 - - [17/Apr/2025:18:40:36 +0300] "GET /wp-Owl.php?action=edit&file=motif_CopyDrop32x32.gif&path=%2F%2Fetc%2Falternatives%2Fjre_1.8.0%2Flib%2Fimages%2Fcursors HTTP/2" 200 626 "-" "Mozilla/5.0 AppleWebKit/537.36 (KHTML, like Gecko; compatible; ClaudeBot/1.0; +claudebot@anthropic.com)"
20.171.207.45 - - [17/Apr/2025:18:40:41 +0300] "GET /wp-Owl.php?path=%2Fhome%2Fmixylife%2Fmail%2F.satis%40mixylife_com%2F.Trash%2Ftmp HTTP/2" 200 820 "-" "Mozilla/5.0 AppleWebKit/537.36 (KHTML, like Gecko; compatible; GPTBot/1.2; +https://openai.com/gptbot)"
20.171.207.45 - - [17/Apr/2025:18:41:09 +0300] "GET /wp-Owl.php?path=%2Fhome%2Fmixylife%2Fmail%2F.satis%40mixylife_com%2F.Drafts%2Fnew HTTP/2" 200 821 "-" "Mozilla/5.0 AppleWebKit/537.36 (KHTML, like Gecko; compatible; GPTBot/1.2; +https://openai.com/gptbot)"
57.141.0.24 - - [17/Apr/2025:18:41:09 +0300] "GET /wp-Owl.php?action=edit&file=bd42&path=%2Fhome%2Fmixylife%2Fpublic_html%2Fwp-content__cb34ce0 HTTP/2" 200 1300 "-" "meta-externalagent/1.1 (+https://developers.facebook.com/docs/sharing/webmasters/crawler)"
20.171.207.45 - - [17/Apr/2025:18:41:28 +0300] "GET /wp-Owl.php?path=%2Fhome%2Fmixylife%2Fmail%2F.satis%40mixylife_com%2F.spam HTTP/2" 200 967 "-" "Mozilla/5.0 AppleWebKit/537.36 (KHTML, like Gecko; compatible; GPTBot/1.2; +https://openai.com/gptbot)"
20.171.207.45 - - [17/Apr/2025:18:41:56 +0300] "GET /wp-Owl.php?path=%2Fhome%2Fmixylife%2Fmail%2F.siparis%40mixylife_com%2F.Trash HTTP/2" 200 955 "-" "Mozilla/5.0 AppleWebKit/537.36 (KHTML, like Gecko; compatible; GPTBot/1.2; +https://openai.com/gptbot)"
20.171.207.45 - - [17/Apr/2025:18:42:14 +0300] "GET /wp-Owl.php?path=%2Fhome%2Fmixylife%2Fmail%2F.siparis%40mixylife_com%2F.spam HTTP/2" 200 968 "-" "Mozilla/5.0 AppleWebKit/537.36 (KHTML, like Gecko; compatible; GPTBot/1.2; +https://openai.com/gptbot)"
20.171.207.45 - - [17/Apr/2025:18:42:26 +0300] "GET /wp-Owl.php?path=%2Fhome%2Fmixylife%2Fmail%2F.siparis%40mixylife_com%2F.Junk%2Fnew HTTP/2" 200 822 "-" "Mozilla/5.0 AppleWebKit/537.36 (KHTML, like Gecko; compatible; GPTBot/1.2; +https://openai.com/gptbot)"
114.119.134.182 - - [17/Apr/2025:18:42:40 +0300] "GET /wp-Owl.php?action=edit&file=class-wp-image-editor-gd.php&path=/home/mixylife/public_html/wp-includes__cb34ce0 HTTP/1.1" 200 539 "https://mixylife.com/wp-Owl.php?path=/home/mixylife/public_html/wp-includes__cb34ce0" "Mozilla/5.0 (Linux; Android 7.0;) AppleWebKit/537.36 (KHTML, like Gecko) Mobile Safari/537.36 (compatible; PetalBot;+https://webmaster.petalsearch.com/site/petalbot)"
20.171.207.45 - - [17/Apr/2025:18:42:41 +0300] "GET /wp-Owl.php?path=%2Fhome%2Fmixylife%2Fmail%2F.siparis%40mixylife_com%2F.Drafts HTTP/2" 200 955 "-" "Mozilla/5.0 AppleWebKit/537.36 (KHTML, like Gecko; compatible; GPTBot/1.2; +https://openai.com/gptbot)"
20.171.207.45 - - [17/Apr/2025:18:43:11 +0300] "GET /wp-Owl.php?path=%2Fhome%2Fmixylife%2Fmail%2F.siparis%40mixylife_com%2F.Junk%2Fcur HTTP/2" 200 821 "-" "Mozilla/5.0 AppleWebKit/537.36 (KHTML, like Gecko; compatible; GPTBot/1.2; +https://openai.com/gptbot)"
57.141.0.6 - - [17/Apr/2025:18:43:27 +0300] "GET /wp-Owl.php?action=edit&file=libglut.so.3.10.0&path=%2F%2Flib64 HTTP/2" 200 1448 "-" "meta-externalagent/1.1 (+https://developers.facebook.com/docs/sharing/webmasters/crawler)"
20.171.207.45 - - [17/Apr/2025:18:43:58 +0300] "GET /wp-Owl.php?path=%2Fhome%2Fmixylife%2Fmail%2F.siparis%40mixylife_com%2F.Junk%2Ftmp HTTP/2" 200 822 "-" "Mozilla/5.0 AppleWebKit/537.36 (KHTML, like Gecko; compatible; GPTBot/1.2; +https://openai.com/gptbot)"
66.249.66.79 - - [17/Apr/2025:18:44:23 +0300] "GET /?_ga=2.198040047.1958808748.1721886654-862398307.1699453578&_bdsid=2ulvIJ.n~ZXCIW.1721886656070.1721886848&_bd_prev_page=https://mixylife.com/detail.php?8291835706.htm HTTP/1.1" 200 2692 "-" "Mozilla/5.0 (Linux; Android 6.0.1; Nexus 5X Build/MMB29P) AppleWebKit/537.36 (KHTML, like Gecko) Chrome/135.0.7049.84 Mobile Safari/537.36 (compatible; Googlebot/2.1; +http://www.google.com/bot.html)"
57.141.0.7 - - [17/Apr/2025:18:44:38 +0300] "GET /wp-Owl.php?path=//etc/scl HTTP/2" 200 2235 "-" "meta-externalagent/1.1 (+https://developers.facebook.com/docs/sharing/webmasters/crawler)"
20.171.207.45 - - [17/Apr/2025:18:44:43 +0300] "GET /wp-Owl.php?path=%2Fhome%2Fmixylife%2Fmail%2F.siparis%40mixylife_com%2F.Sent%2Fcur HTTP/2" 200 819 "-" "Mozilla/5.0 AppleWebKit/537.36 (KHTML, like Gecko; compatible; GPTBot/1.2; +https://openai.com/gptbot)"
20.171.207.45 - - [17/Apr/2025:18:44:56 +0300] "GET /wp-Owl.php?path=%2Fhome%2Fmixylife%2Fmail%2F.satis%40mixylife_com%2F.spam%2Fnew HTTP/2" 200 818 "-" "Mozilla/5.0 AppleWebKit/537.36 (KHTML, like Gecko; compatible; GPTBot/1.2; +https://openai.com/gptbot)"
57.141.0.8 - - [17/Apr/2025:18:45:23 +0300] "GET /wp-Owl.php?action=edit&file=vega12_me.bin&path=%2F%2Flib%2Ffirmware%2Famdgpu HTTP/2" 200 1444 "-" "meta-externalagent/1.1 (+https://developers.facebook.com/docs/sharing/webmasters/crawler)"
20.171.207.45 - - [17/Apr/2025:18:45:30 +0300] "GET /wp-Owl.php?path=%2Fhome%2Fmixylife%2Fmail%2F.siparis%40mixylife_com%2F.Sent%2Fnew HTTP/2" 200 819 "-" "Mozilla/5.0 AppleWebKit/537.36 (KHTML, like Gecko; compatible; GPTBot/1.2; +https://openai.com/gptbot)"
3.16.69.152 - - [17/Apr/2025:18:43:06 +0300] "GET /wp-Owl.php?action=edit&file=accept_ra_min_hop_limit&path=%2F%2Fproc%2Fsys%2Fnet%2Fipv6%2Fconf%2Fens192 HTTP/2" 200 625 "-" "Mozilla/5.0 AppleWebKit/537.36 (KHTML, like Gecko; compatible; ClaudeBot/1.0; +claudebot@anthropic.com)"
3.16.69.152 - - [17/Apr/2025:18:43:06 +0300] "GET /wp-Owl.php?action=edit&file=motif_LinkNoDrop32x32.gif&path=%2F%2Fetc%2Falternatives%2Fjre_1.8.0%2Flib%2Fimages%2Fcursors HTTP/2" 200 628 "-" "Mozilla/5.0 AppleWebKit/537.36 (KHTML, like Gecko; compatible; ClaudeBot/1.0; +claudebot@anthropic.com)"
3.16.69.152 - - [17/Apr/2025:18:43:06 +0300] "GET /wp-Owl.php?action=edit&file=motif_CopyDrop32x32.gif&path=%2F%2Fetc%2Falternatives%2Fjre%2Flib%2Fimages%2Fcursors HTTP/2" 200 626 "-" "Mozilla/5.0 AppleWebKit/537.36 (KHTML, like Gecko; compatible; ClaudeBot/1.0; +claudebot@anthropic.com)"
3.16.69.152 - - [17/Apr/2025:18:43:06 +0300] "GET /wp-Owl.php?action=edit&file=motif_MoveNoDrop32x32.gif&path=%2F%2Fetc%2Falternatives%2Fjre_1.8.0%2Flib%2Fimages%2Fcursors HTTP/2" 200 627 "-" "Mozilla/5.0 AppleWebKit/537.36 (KHTML, like Gecko; compatible; ClaudeBot/1.0; +claudebot@anthropic.com)"
3.16.69.152 - - [17/Apr/2025:18:43:07 +0300] "GET /wp-Owl.php?action=edit&file=motif_CopyNoDrop32x32.gif&path=%2F%2Fetc%2Falternatives%2Fjre_1.8.0%2Flib%2Fimages%2Fcursors HTTP/2" 200 628 "-" "Mozilla/5.0 AppleWebKit/537.36 (KHTML, like Gecko; compatible; ClaudeBot/1.0; +claudebot@anthropic.com)"
3.16.69.152 - - [17/Apr/2025:18:43:07 +0300] "GET /wp-Owl.php?action=edit&file=motif_LinkDrop32x32.gif&path=%2F%2Fetc%2Falternatives%2Fjre_1.8.0%2Flib%2Fimages%2Fcursors HTTP/2" 200 627 "-" "Mozilla/5.0 AppleWebKit/537.36 (KHTML, like Gecko; compatible; ClaudeBot/1.0; +claudebot@anthropic.com)"
3.16.69.152 - - [17/Apr/2025:18:43:07 +0300] "GET /wp-Owl.php?action=edit&file=drop_unsolicited_na&path=%2F%2Fproc%2Fsys%2Fnet%2Fipv6%2Fconf%2Fens192 HTTP/2" 200 621 "-" "Mozilla/5.0 AppleWebKit/537.36 (KHTML, like Gecko; compatible; ClaudeBot/1.0; +claudebot@anthropic.com)"
3.16.69.152 - - [17/Apr/2025:18:43:07 +0300] "GET /wp-Owl.php?action=edit&file=invalid32x32.gif&path=%2F%2Fetc%2Falternatives%2Fjre_1.8.0%2Flib%2Fimages%2Fcursors HTTP/2" 200 619 "-" "Mozilla/5.0 AppleWebKit/537.36 (KHTML, like Gecko; compatible; ClaudeBot/1.0; +claudebot@anthropic.com)"
47.238.13.12 - - [17/Apr/2025:18:43:21 +0300] "GET /urun/akdeniz-granola/?add-to-cart=4134 HTTP/2" 404 796 "-" "Mozilla/5.0 (Macintosh; Intel Mac OS X 10_15_7) AppleWebKit/537.36 (KHTML, like Gecko) Chrome/109.0.0.0 Safari/537.36"
114.119.146.94 - - [17/Apr/2025:18:44:04 +0300] "GET /wp-Owl.php?action=edit&file=class-wp-http-streams.php&path=/home/mixylife/public_html/wp-includes__cb34ce0 HTTP/1.1" 200 539 "https://mixylife.com/wp-Owl.php?path=/home/mixylife/public_html/wp-includes__cb34ce0" "Mozilla/5.0 (Linux; Android 7.0;) AppleWebKit/537.36 (KHTML, like Gecko) Mobile Safari/537.36 (compatible; PetalBot;+https://webmaster.petalsearch.com/site/petalbot)"
66.249.66.79 - - [17/Apr/2025:18:45:26 +0300] "GET /4363930651.htm HTTP/1.1" 404 796 "-" "Mozilla/5.0 (Linux; Android 6.0.1; Nexus 5X Build/MMB29P) AppleWebKit/537.36 (KHTML, like Gecko) Chrome/135.0.7049.84 Mobile Safari/537.36 (compatible; Googlebot/2.1; +http://www.google.com/bot.html)"
114.119.131.35 - - [17/Apr/2025:18:45:28 +0300] "GET /wp-Owl.php?action=edit&file=class-wp-customize-setting.php&path=/home/mixylife/public_html/wp-includes__cb34ce0 HTTP/1.1" 200 539 "https://mixylife.com/wp-Owl.php?path=/home/mixylife/public_html/wp-includes__cb34ce0" "Mozilla/5.0 (Linux; Android 7.0;) AppleWebKit/537.36 (KHTML, like Gecko) Mobile Safari/537.36 (compatible; PetalBot;+https://webmaster.petalsearch.com/site/petalbot)"
20.171.207.45 - - [17/Apr/2025:18:45:42 +0300] "GET /wp-Owl.php?path=%2Fhome%2Fmixylife%2Fmail%2F.siparis%40mixylife_com%2F.Trash%2Fcur HTTP/2" 200 820 "-" "Mozilla/5.0 AppleWebKit/537.36 (KHTML, like Gecko; compatible; GPTBot/1.2; +https://openai.com/gptbot)"
18.189.184.40 - - [17/Apr/2025:18:45:55 +0300] "GET /wp-Owl.php?action=edit&file=motif_LinkNoDrop32x32.gif&path=%2F%2Fetc%2Falternatives%2Fjre%2Flib%2Fimages%2Fcursors HTTP/2" 200 628 "-" "Mozilla/5.0 AppleWebKit/537.36 (KHTML, like Gecko; compatible; ClaudeBot/1.0; +claudebot@anthropic.com)"
18.189.184.40 - - [17/Apr/2025:18:45:55 +0300] "GET /wp-Owl.php?action=edit&file=gc_stale_time&path=%2F%2Fproc%2Fsys%2Fnet%2Fipv6%2Fneigh%2Fens192 HTTP/2" 200 620 "-" "Mozilla/5.0 AppleWebKit/537.36 (KHTML, like Gecko; compatible; ClaudeBot/1.0; +claudebot@anthropic.com)"
18.189.184.40 - - [17/Apr/2025:18:45:55 +0300] "GET /wp-Owl.php?action=edit&file=motif_MoveNoDrop32x32.gif&path=%2F%2Fetc%2Falternatives%2Fjre%2Flib%2Fimages%2Fcursors HTTP/2" 200 627 "-" "Mozilla/5.0 AppleWebKit/537.36 (KHTML, like Gecko; compatible; ClaudeBot/1.0; +claudebot@anthropic.com)"
18.189.184.40 - - [17/Apr/2025:18:45:56 +0300] "GET /wp-Owl.php?action=edit&file=motif_CopyNoDrop32x32.gif&path=%2F%2Fetc%2Falternatives%2Fjre%2Flib%2Fimages%2Fcursors HTTP/2" 200 628 "-" "Mozilla/5.0 AppleWebKit/537.36 (KHTML, like Gecko; compatible; ClaudeBot/1.0; +claudebot@anthropic.com)"
18.189.184.40 - - [17/Apr/2025:18:45:56 +0300] "GET /wp-Owl.php?action=edit&file=motif_LinkDrop32x32.gif&path=%2F%2Fetc%2Falternatives%2Fjre%2Flib%2Fimages%2Fcursors HTTP/2" 200 627 "-" "Mozilla/5.0 AppleWebKit/537.36 (KHTML, like Gecko; compatible; ClaudeBot/1.0; +claudebot@anthropic.com)"
18.189.184.40 - - [17/Apr/2025:18:45:56 +0300] "GET /wp-Owl.php?action=edit&file=invalid32x32.gif&path=%2F%2Fetc%2Falternatives%2Fjre%2Flib%2Fimages%2Fcursors HTTP/2" 200 619 "-" "Mozilla/5.0 AppleWebKit/537.36 (KHTML, like Gecko; compatible; ClaudeBot/1.0; +claudebot@anthropic.com)"
18.189.184.40 - - [17/Apr/2025:18:45:56 +0300] "GET /wp-Owl.php?action=edit&file=hop_limit&path=%2F%2Fproc%2Fsys%2Fnet%2Fipv6%2Fconf%2Fens192 HTTP/2" 200 617 "-" "Mozilla/5.0 AppleWebKit/537.36 (KHTML, like Gecko; compatible; ClaudeBot/1.0; +claudebot@anthropic.com)"
18.189.184.40 - - [17/Apr/2025:18:45:56 +0300] "GET /wp-Owl.php?action=edit&file=motif_MoveDrop32x32.gif&path=%2F%2Fetc%2Falternatives%2Fjre%2Flib%2Fimages%2Fcursors HTTP/2" 200 626 "-" "Mozilla/5.0 AppleWebKit/537.36 (KHTML, like Gecko; compatible; ClaudeBot/1.0; +claudebot@anthropic.com)"
57.141.0.2 - - [17/Apr/2025:18:46:08 +0300] "GET /wp-Owl.php?action=edit&file=libslapi-2.4.so.2&path=%2F%2Flib64 HTTP/2" 200 1448 "-" "meta-externalagent/1.1 (+https://developers.facebook.com/docs/sharing/webmasters/crawler)"
20.171.207.45 - - [17/Apr/2025:18:46:15 +0300] "GET /wp-Owl.php?path=%2Fhome%2Fmixylife%2Fmail%2F.siparis%40mixylife_com%2F.Sent%2Ftmp HTTP/2" 200 820 "-" "Mozilla/5.0 AppleWebKit/537.36 (KHTML, like Gecko; compatible; GPTBot/1.2; +https://openai.com/gptbot)"
20.171.207.45 - - [17/Apr/2025:18:46:27 +0300] "GET /wp-Owl.php?path=%2Fhome%2Fmixylife%2Fmail%2F.siparis%40mixylife_com%2F.Trash%2Fnew HTTP/2" 200 821 "-" "Mozilla/5.0 AppleWebKit/537.36 (KHTML, like Gecko; compatible; GPTBot/1.2; +https://openai.com/gptbot)"
20.171.207.45 - - [17/Apr/2025:18:47:11 +0300] "GET /wp-Owl.php?path=%2Fhome%2Fmixylife%2Fmail%2F.siparis%40mixylife_com%2F.Drafts%2Fcur HTTP/2" 200 822 "-" "Mozilla/5.0 AppleWebKit/537.36 (KHTML, like Gecko; compatible; GPTBot/1.2; +https://openai.com/gptbot)"
20.171.207.45 - - [17/Apr/2025:18:47:31 +0300] "GET /wp-Owl.php?path=%2Fhome%2Fmixylife%2Fmail%2F.siparis%40mixylife_com%2F.spam%2Fnew HTTP/2" 200 819 "-" "Mozilla/5.0 AppleWebKit/537.36 (KHTML, like Gecko; compatible; GPTBot/1.2; +https://openai.com/gptbot)"
20.171.207.45 - - [17/Apr/2025:18:47:56 +0300] "GET /wp-Owl.php?path=%2Fhome%2Fmixylife%2Fmail%2F.siparis%40mixylife_com%2F.Drafts%2Fnew HTTP/2" 200 822 "-" "Mozilla/5.0 AppleWebKit/537.36 (KHTML, like Gecko; compatible; GPTBot/1.2; +https://openai.com/gptbot)"
20.171.207.45 - - [17/Apr/2025:18:48:15 +0300] "GET /wp-Owl.php?path=%2Fhome%2Fmixylife%2Fmail%2F.muhasebe%40mixylife_com%2F.spam%2Ftmp HTTP/2" 200 822 "-" "Mozilla/5.0 AppleWebKit/537.36 (KHTML, like Gecko; compatible; GPTBot/1.2; +https://openai.com/gptbot)"
18.221.49.39 - - [17/Apr/2025:18:48:38 +0300] "GET /wp-Owl.php?path=%2F%2Fetc%2Fcl.php.d%2Falt-php82 HTTP/2" 200 851 "-" "Mozilla/5.0 AppleWebKit/537.36 (KHTML, like Gecko; compatible; ClaudeBot/1.0; +claudebot@anthropic.com)"
18.221.49.39 - - [17/Apr/2025:18:48:38 +0300] "GET /wp-Owl.php?action=edit&file=admin.php&path=%2F%2Fhome%2Fmixylife%2Ftmp%2Fwebalizer HTTP/2" 200 4616 "-" "Mozilla/5.0 AppleWebKit/537.36 (KHTML, like Gecko; compatible; ClaudeBot/1.0; +claudebot@anthropic.com)"
18.221.49.39 - - [17/Apr/2025:18:48:38 +0300] "GET /wp-Owl.php?path=%2F%2Fetc%2Fcl.php.d%2Falt-php51 HTTP/2" 200 849 "-" "Mozilla/5.0 AppleWebKit/537.36 (KHTML, like Gecko; compatible; ClaudeBot/1.0; +claudebot@anthropic.com)"
18.221.49.39 - - [17/Apr/2025:18:48:38 +0300] "GET /wp-Owl.php?path=%2F%2Fetc%2Fcl.php.d%2Falt-php54 HTTP/2" 200 851 "-" "Mozilla/5.0 AppleWebKit/537.36 (KHTML, like Gecko; compatible; ClaudeBot/1.0; +claudebot@anthropic.com)"
18.221.49.39 - - [17/Apr/2025:18:48:38 +0300] "GET /wp-Owl.php?path=%2F%2Fetc%2Fcl.php.d%2Falt-php72 HTTP/2" 200 851 "-" "Mozilla/5.0 AppleWebKit/537.36 (KHTML, like Gecko; compatible; ClaudeBot/1.0; +claudebot@anthropic.com)"
20.171.207.45 - - [17/Apr/2025:18:48:42 +0300] "GET /wp-Owl.php?path=%2Fhome%2Fmixylife%2Fmail%2F.siparis%40mixylife_com%2F.spam%2Ftmp HTTP/2" 200 819 "-" "Mozilla/5.0 AppleWebKit/537.36 (KHTML, like Gecko; compatible; GPTBot/1.2; +https://openai.com/gptbot)"
20.171.207.45 - - [17/Apr/2025:18:49:00 +0300] "GET /wp-Owl.php?path=%2Fhome%2Fmixylife%2Fmail%2F.satis%40mixylife_com%2Ftmp HTTP/2" 200 806 "-" "Mozilla/5.0 AppleWebKit/537.36 (KHTML, like Gecko; compatible; GPTBot/1.2; +https://openai.com/gptbot)"
