20.171.207.45 - - [17/Apr/2025:16:41:35 +0300] "GET /wp-Owl.php?path=%2Fhome%2Fmixylife%2F.cpaddons HTTP/2" 200 821 "-" "Mozilla/5.0 AppleWebKit/537.36 (KHTML, like Gecko; compatible; GPTBot/1.2; +https://openai.com/gptbot)"
20.171.207.45 - - [17/Apr/2025:16:41:41 +0300] "GET /wp-Owl.php?path=%2Fhome%2Fmixylife%2F.sitepad HTTP/2" 200 845 "-" "Mozilla/5.0 AppleWebKit/537.36 (KHTML, like Gecko; compatible; GPTBot/1.2; +https://openai.com/gptbot)"
93.174.93.2 - - [17/Apr/2025:16:42:06 +0300] "POST /wp-json/litespeed/v1/cdn_status HTTP/1.1" 404 796 "-" "Mozilla/5.0 (X11; Linux x86_64; rv:109.0) Gecko/20100101 Firefox/114.3"
20.171.207.45 - - [17/Apr/2025:16:42:18 +0300] "GET /wp-Owl.php?path=%2Fhome%2Fmixylife%2F.clwpos HTTP/2" 200 837 "-" "Mozilla/5.0 AppleWebKit/537.36 (KHTML, like Gecko; compatible; GPTBot/1.2; +https://openai.com/gptbot)"
57.141.0.19 - - [17/Apr/2025:16:42:22 +0300] "GET /wp-Owl.php?action=edit&file=lat9v-12.psfu.gz&path=%2F%2Flib%2Fkbd%2Fconsolefonts HTTP/2" 200 1447 "-" "meta-externalagent/1.1 (+https://developers.facebook.com/docs/sharing/webmasters/crawler)"
20.171.207.45 - - [17/Apr/2025:16:42:49 +0300] "GET /wp-Owl.php?action=edit&file=mixylife.com-ssl_log&path=%2Fhome%2Fmixylife%2Faccess-logs HTTP/2" 200 41690 "-" "Mozilla/5.0 AppleWebKit/537.36 (KHTML, like Gecko; compatible; GPTBot/1.2; +https://openai.com/gptbot)"
57.141.0.25 - - [17/Apr/2025:16:42:50 +0300] "GET /wp-Owl.php?action=edit&file=git-init-db&path=%2F%2Fusr%2Flibexec%2Fgit-core HTTP/2" 200 1442 "-" "meta-externalagent/1.1 (+https://developers.facebook.com/docs/sharing/webmasters/crawler)"
20.171.207.45 - - [17/Apr/2025:16:43:26 +0300] "GET /wp-Owl.php?action=edit&file=mixylife.com&path=%2Fhome%2Fmixylife%2Faccess-logs HTTP/2" 200 23498 "-" "Mozilla/5.0 AppleWebKit/537.36 (KHTML, like Gecko; compatible; GPTBot/1.2; +https://openai.com/gptbot)"
57.141.0.10 - - [17/Apr/2025:16:43:49 +0300] "GET /wp-Owl.php?action=edit&file=libXaw.so.7&path=%2F%2Flib64 HTTP/2" 200 1442 "-" "meta-externalagent/1.1 (+https://developers.facebook.com/docs/sharing/webmasters/crawler)"
66.249.66.78 - - [17/Apr/2025:16:44:01 +0300] "GET /65807108834.htm HTTP/1.1" 404 796 "-" "Mozilla/5.0 (Linux; Android 6.0.1; Nexus 5X Build/MMB29P) AppleWebKit/537.36 (KHTML, like Gecko) Chrome/135.0.7049.84 Mobile Safari/537.36 (compatible; Googlebot/2.1; +http://www.google.com/bot.html)"
18.188.46.93 - - [17/Apr/2025:16:44:03 +0300] "GET /wp-Owl.php?action=edit&file=php-config&path=%2F%2Fopt%2Fcpanel%2Fea-php56%2Froot%2Fusr%2Fbin HTTP/2" 200 2576 "-" "Mozilla/5.0 AppleWebKit/537.36 (KHTML, like Gecko; compatible; ClaudeBot/1.0; +claudebot@anthropic.com)"
18.222.179.192 - - [17/Apr/2025:16:41:34 +0300] "GET /wp-Owl.php?path=%2F%2Fopt%2Fplesk%2Fphp%2F5.6%2Flib64%2Fphp%2Fmodules HTTP/2" 200 916 "-" "Mozilla/5.0 AppleWebKit/537.36 (KHTML, like Gecko; compatible; ClaudeBot/1.0; +claudebot@anthropic.com)"
18.222.179.192 - - [17/Apr/2025:16:41:34 +0300] "GET /wp-Owl.php?action=edit&file=intranges.py&path=%2F%2Flib%2Fpython3.6%2Fsite-packages%2Fidna HTTP/2" 200 1353 "-" "Mozilla/5.0 AppleWebKit/537.36 (KHTML, like Gecko; compatible; ClaudeBot/1.0; +claudebot@anthropic.com)"
18.222.179.192 - - [17/Apr/2025:16:41:34 +0300] "GET /wp-Owl.php?path=%2F%2Fopt%2Fcpanel%2Fea-php81%2Froot%2Fvar%2Flib%2Fmisc HTTP/2" 200 823 "-" "Mozilla/5.0 AppleWebKit/537.36 (KHTML, like Gecko; compatible; ClaudeBot/1.0; +claudebot@anthropic.com)"
18.222.179.192 - - [17/Apr/2025:16:41:34 +0300] "GET /wp-Owl.php?path=%2F%2Fopt%2Fcpanel%2Fea-php56%2Froot%2Fusr%2Flib64%2Fgames HTTP/2" 200 822 "-" "Mozilla/5.0 AppleWebKit/537.36 (KHTML, like Gecko; compatible; ClaudeBot/1.0; +claudebot@anthropic.com)"
18.222.179.192 - - [17/Apr/2025:16:41:34 +0300] "GET /wp-Owl.php?path=%2F%2Fopt%2Fcpanel%2Fea-php81%2Froot%2Flib64%2Fphp%2Fmodules HTTP/2" 200 1581 "-" "Mozilla/5.0 AppleWebKit/537.36 (KHTML, like Gecko; compatible; ClaudeBot/1.0; +claudebot@anthropic.com)"
93.174.93.2 - - [17/Apr/2025:16:41:35 +0300] "POST /wp-json/litespeed/v1/cdn_status HTTP/1.1" 404 796 "-" "Mozilla/5.0 (X11; Linux x86_64; rv:109.0) Gecko/20100101 Firefox/114.3"
18.222.179.192 - - [17/Apr/2025:16:41:35 +0300] "GET /wp-Owl.php?path=%2F%2Fopt%2Fcpanel%2Fea-php56%2Froot%2Flib64%2Fphp%2Fmodules HTTP/2" 200 1777 "-" "Mozilla/5.0 AppleWebKit/537.36 (KHTML, like Gecko; compatible; ClaudeBot/1.0; +claudebot@anthropic.com)"
18.222.179.192 - - [17/Apr/2025:16:41:35 +0300] "GET /wp-Owl.php?path=%2F%2Fopt%2Fcpanel%2Fea-php56%2Froot%2Fvar%2Flib%2Fmisc HTTP/2" 200 823 "-" "Mozilla/5.0 AppleWebKit/537.36 (KHTML, like Gecko; compatible; ClaudeBot/1.0; +claudebot@anthropic.com)"
18.222.179.192 - - [17/Apr/2025:16:41:35 +0300] "GET /wp-Owl.php?path=%2F%2Fopt%2Fcpanel%2Fea-php81%2Froot%2Fusr%2Fshare%2Fman HTTP/2" 200 895 "-" "Mozilla/5.0 AppleWebKit/537.36 (KHTML, like Gecko; compatible; ClaudeBot/1.0; +claudebot@anthropic.com)"
18.222.179.192 - - [17/Apr/2025:16:41:35 +0300] "GET /wp-Owl.php?action=edit&file=mysqlnd_mysqli.ini&path=%2F%2Fopt%2Fcpanel%2Fea-php56%2Froot%2Fetc%2Fphp.d HTTP/2" 200 646 "-" "Mozilla/5.0 AppleWebKit/537.36 (KHTML, like Gecko; compatible; ClaudeBot/1.0; +claudebot@anthropic.com)"
18.222.179.192 - - [17/Apr/2025:16:41:35 +0300] "GET /wp-Owl.php?action=edit&file=20-xml.ini&path=%2F%2Fopt%2Fcpanel%2Fea-php81%2Froot%2Fetc%2Fphp.d HTTP/2" 200 641 "-" "Mozilla/5.0 AppleWebKit/537.36 (KHTML, like Gecko; compatible; ClaudeBot/1.0; +claudebot@anthropic.com)"
57.141.0.12 - - [17/Apr/2025:16:42:39 +0300] "GET /wp-Owl.php?action=edit&file=iwlwifi-so-a0-gf4-a0-72.ucode&path=%2F%2Flib%2Ffirmware HTTP/2" 200 1460 "-" "meta-externalagent/1.1 (+https://developers.facebook.com/docs/sharing/webmasters/crawler)"
89.248.169.52 - - [17/Apr/2025:16:42:39 +0300] "POST /wp-json/litespeed/v1/cdn_status HTTP/1.1" 404 796 "-" "Mozilla/5.0 (X11; Linux x86_64; rv:109.0) Gecko/20100101 Firefox/114.3"
89.248.169.52 - - [17/Apr/2025:16:42:42 +0300] "POST /wp-json/litespeed/v1/cdn_status HTTP/1.1" 404 796 "-" "Mozilla/5.0 (X11; Linux x86_64; rv:109.0) Gecko/20100101 Firefox/114.3"
57.141.0.28 - - [17/Apr/2025:16:43:44 +0300] "GET /wp-Owl.php?action=edit&file=iwlwifi-so-a0-jf-b0-74.ucode&path=%2F%2Flib%2Ffirmware HTTP/2" 200 1459 "-" "meta-externalagent/1.1 (+https://developers.facebook.com/docs/sharing/webmasters/crawler)"
89.248.169.52 - - [17/Apr/2025:16:44:01 +0300] "POST /wp-json/litespeed/v1/cdn_status HTTP/1.1" 404 796 "-" "Mozilla/5.0 (X11; Linux x86_64; rv:109.0) Gecko/20100101 Firefox/114.3"
89.248.169.52 - - [17/Apr/2025:16:44:08 +0300] "POST /wp-json/litespeed/v1/cdn_status HTTP/1.1" 404 796 "-" "Mozilla/5.0 (X11; Linux x86_64; rv:109.0) Gecko/20100101 Firefox/114.3"
18.188.46.93 - - [17/Apr/2025:16:44:03 +0300] "GET /wp-Owl.php?action=edit&file=core.py&path=%2F%2Flib%2Fpython3.6%2Fsite-packages%2Fidna HTTP/2" 200 3364 "-" "Mozilla/5.0 AppleWebKit/537.36 (KHTML, like Gecko; compatible; ClaudeBot/1.0; +claudebot@anthropic.com)"
18.188.46.93 - - [17/Apr/2025:16:44:03 +0300] "GET /wp-Owl.php?path=%2F%2Fopt%2Fplesk%2Fphp%2F5.5%2Flib64%2Fphp%2Fmodules HTTP/2" 200 916 "-" "Mozilla/5.0 AppleWebKit/537.36 (KHTML, like Gecko; compatible; ClaudeBot/1.0; +claudebot@anthropic.com)"
18.188.46.93 - - [17/Apr/2025:16:44:03 +0300] "GET /wp-Owl.php?path=%2F%2Fopt%2Fcpanel%2Fea-php81%2Froot%2Fvar%2Ftmp%2Fphp-pear HTTP/2" 200 882 "-" "Mozilla/5.0 AppleWebKit/537.36 (KHTML, like Gecko; compatible; ClaudeBot/1.0; +claudebot@anthropic.com)"
18.188.46.93 - - [17/Apr/2025:16:44:03 +0300] "GET /wp-Owl.php?path=%2F%2Fopt%2Fplesk%2Fphp%2F8.2%2Flib64%2Fphp%2Fmodules HTTP/2" 200 918 "-" "Mozilla/5.0 AppleWebKit/537.36 (KHTML, like Gecko; compatible; ClaudeBot/1.0; +claudebot@anthropic.com)"
18.188.46.93 - - [17/Apr/2025:16:44:03 +0300] "GET /wp-Owl.php?path=%2F%2Fopt%2Fcpanel%2Fea-php56%2Froot%2Fvar%2Ftmp%2Fphp-pear HTTP/2" 200 882 "-" "Mozilla/5.0 AppleWebKit/537.36 (KHTML, like Gecko; compatible; ClaudeBot/1.0; +claudebot@anthropic.com)"
18.188.46.93 - - [17/Apr/2025:16:44:03 +0300] "GET /wp-Owl.php?path=%2F%2Fproc%2F3460%2Froot%2Fusr%2Flib64%2Fc++-plesk-10.3.0 HTTP/2" 200 818 "-" "Mozilla/5.0 AppleWebKit/537.36 (KHTML, like Gecko; compatible; ClaudeBot/1.0; +claudebot@anthropic.com)"
18.188.46.93 - - [17/Apr/2025:16:44:03 +0300] "GET /wp-Owl.php?path=%2F%2Fopt%2Fcpanel%2Fea-php81%2Froot%2Flib64%2Fpm-utils%2Fsleep.d HTTP/2" 200 829 "-" "Mozilla/5.0 AppleWebKit/537.36 (KHTML, like Gecko; compatible; ClaudeBot/1.0; +claudebot@anthropic.com)"
18.188.46.93 - - [17/Apr/2025:16:44:03 +0300] "GET /wp-Owl.php?path=%2F%2Fopt%2Fcpanel%2Fea-php56%2Froot%2Flib64%2Fpm-utils%2Fsleep.d HTTP/2" 200 829 "-" "Mozilla/5.0 AppleWebKit/537.36 (KHTML, like Gecko; compatible; ClaudeBot/1.0; +claudebot@anthropic.com)"
18.188.46.93 - - [17/Apr/2025:16:44:03 +0300] "GET /wp-Owl.php?action=edit&file=libc-client.so.2007&path=%2F%2Fopt%2Fcpanel%2Fea-php81%2Froot%2Fusr%2Flib64 HTTP/2" 200 621 "-" "Mozilla/5.0 AppleWebKit/537.36 (KHTML, like Gecko; compatible; ClaudeBot/1.0; +claudebot@anthropic.com)"
18.188.46.93 - - [17/Apr/2025:16:44:03 +0300] "GET /wp-Owl.php?action=edit&file=abc.py&path=%2F%2Flib64%2Fpython3.6%2Fcollections HTTP/2" 200 642 "-" "Mozilla/5.0 AppleWebKit/537.36 (KHTML, like Gecko; compatible; ClaudeBot/1.0; +claudebot@anthropic.com)"
18.188.46.93 - - [17/Apr/2025:16:44:04 +0300] "GET /wp-Owl.php?path=%2F%2Fopt%2Fcpanel%2Fea-php81%2Froot%2Fvar%2Flog%2Fphp-fpm HTTP/2" 200 971 "-" "Mozilla/5.0 AppleWebKit/537.36 (KHTML, like Gecko; compatible; ClaudeBot/1.0; +claudebot@anthropic.com)"
18.188.46.93 - - [17/Apr/2025:16:44:04 +0300] "GET /wp-Owl.php?action=edit&file=uts46data.py&path=%2F%2Flib%2Fpython3.6%2Fsite-packages%2Fidna HTTP/2" 200 36674 "-" "Mozilla/5.0 AppleWebKit/537.36 (KHTML, like Gecko; compatible; ClaudeBot/1.0; +claudebot@anthropic.com)"
18.188.46.93 - - [17/Apr/2025:16:44:04 +0300] "GET /wp-Owl.php?path=%2F%2Fproc%2F3460%2Froot%2Fusr%2Flib64%2Fc++-plesk-12.2.0 HTTP/2" 200 818 "-" "Mozilla/5.0 AppleWebKit/537.36 (KHTML, like Gecko; compatible; ClaudeBot/1.0; +claudebot@anthropic.com)"
20.171.207.45 - - [17/Apr/2025:16:44:04 +0300] "GET /wp-Owl.php?path=%2Fhome%2Fmixylife%2F.softaculous%2Fstatus HTTP/2" 200 794 "-" "Mozilla/5.0 AppleWebKit/537.36 (KHTML, like Gecko; compatible; GPTBot/1.2; +https://openai.com/gptbot)"
89.248.169.52 - - [17/Apr/2025:16:44:22 +0300] "POST /wp-json/litespeed/v1/cdn_status HTTP/1.1" 404 796 "-" "Mozilla/5.0 (X11; Linux x86_64; rv:109.0) Gecko/20100101 Firefox/114.3"
89.248.169.52 - - [17/Apr/2025:16:44:29 +0300] "POST /wp-json/litespeed/v1/cdn_status HTTP/1.1" 404 796 "-" "Mozilla/5.0 (X11; Linux x86_64; rv:109.0) Gecko/20100101 Firefox/114.3"
20.171.207.45 - - [17/Apr/2025:16:44:38 +0300] "GET /wp-Owl.php?path=%2Fhome%2Fmixylife%2F.softaculous%2Ftmp HTTP/2" 200 792 "-" "Mozilla/5.0 AppleWebKit/537.36 (KHTML, like Gecko; compatible; GPTBot/1.2; +https://openai.com/gptbot)"
89.248.169.52 - - [17/Apr/2025:16:44:10 +0300] "POST /wp-json/litespeed/v1/cdn_status HTTP/1.1" 404 796 "-" "Mozilla/5.0 (X11; Linux x86_64; rv:109.0) Gecko/20100101 Firefox/114.3"
89.248.169.52 - - [17/Apr/2025:16:44:16 +0300] "POST /wp-json/litespeed/v1/cdn_status HTTP/1.1" 404 796 "-" "Mozilla/5.0 (X11; Linux x86_64; rv:109.0) Gecko/20100101 Firefox/114.3"
57.141.0.7 - - [17/Apr/2025:16:46:09 +0300] "GET /wp-Owl.php?path=//lib/firmware/ath11k/IPQ5018 HTTP/2" 200 2092 "-" "meta-externalagent/1.1 (+https://developers.facebook.com/docs/sharing/webmasters/crawler)"
18.188.3.200 - - [17/Apr/2025:16:46:33 +0300] "GET /wp-Owl.php?path=%2F%2Fopt%2Fcpanel%2Fea-php56%2Froot%2Fvar%2Fspool%2Flpd HTTP/2" 200 824 "-" "Mozilla/5.0 AppleWebKit/537.36 (KHTML, like Gecko; compatible; ClaudeBot/1.0; +claudebot@anthropic.com)"
18.188.3.200 - - [17/Apr/2025:16:46:33 +0300] "GET /wp-Owl.php?path=%2F%2Fopt%2Fcpanel%2Fea-php81%2Froot%2Flib64%2Fphp%2Fbuild HTTP/2" 200 1172 "-" "Mozilla/5.0 AppleWebKit/537.36 (KHTML, like Gecko; compatible; ClaudeBot/1.0; +claudebot@anthropic.com)"
18.188.3.200 - - [17/Apr/2025:16:46:33 +0300] "GET /wp-Owl.php?action=edit&file=mysqlnd.ini&path=%2F%2Fopt%2Fcpanel%2Fea-php56%2Froot%2Fetc%2Fphp.d HTTP/2" 200 642 "-" "Mozilla/5.0 AppleWebKit/537.36 (KHTML, like Gecko; compatible; ClaudeBot/1.0; +claudebot@anthropic.com)"
18.188.3.200 - - [17/Apr/2025:16:46:34 +0300] "GET /wp-Owl.php?path=%2F%2Fopt%2Fcpanel%2Fea-php56%2Froot%2Flib64%2Fphp%2Fbuild HTTP/2" 200 1108 "-" "Mozilla/5.0 AppleWebKit/537.36 (KHTML, like Gecko; compatible; ClaudeBot/1.0; +claudebot@anthropic.com)"
18.188.3.200 - - [17/Apr/2025:16:46:34 +0300] "GET /wp-Owl.php?path=%2F%2Fopt%2Fcpanel%2Fea-php81%2Froot%2Fvar%2Frun%2Fphp-fpm HTTP/2" 200 1072 "-" "Mozilla/5.0 AppleWebKit/537.36 (KHTML, like Gecko; compatible; ClaudeBot/1.0; +claudebot@anthropic.com)"
18.188.3.200 - - [17/Apr/2025:16:46:34 +0300] "GET /wp-Owl.php?path=%2F%2Fopt%2Fcpanel%2Fea-php81%2Froot%2Fusr%2Fshare%2Flicenses HTTP/2" 200 911 "-" "Mozilla/5.0 AppleWebKit/537.36 (KHTML, like Gecko; compatible; ClaudeBot/1.0; +claudebot@anthropic.com)"
18.188.3.200 - - [17/Apr/2025:16:46:34 +0300] "GET /wp-Owl.php?path=%2F%2Fopt%2Fcpanel%2Fea-php56%2Froot%2Fvar%2Frun%2Fphp-fpm HTTP/2" 200 823 "-" "Mozilla/5.0 AppleWebKit/537.36 (KHTML, like Gecko; compatible; ClaudeBot/1.0; +claudebot@anthropic.com)"
18.188.3.200 - - [17/Apr/2025:16:46:34 +0300] "GET /wp-Owl.php?path=%2F%2Fopt%2Fcpanel%2Fea-php56%2Froot%2Fusr%2Fshare%2Flicenses HTTP/2" 200 885 "-" "Mozilla/5.0 AppleWebKit/537.36 (KHTML, like Gecko; compatible; ClaudeBot/1.0; +claudebot@anthropic.com)"
18.188.3.200 - - [17/Apr/2025:16:46:34 +0300] "GET /wp-Owl.php?action=edit&file=php.cagefs&path=%2F%2Fopt%2Fcpanel%2Fea-php81%2Froot%2Fusr%2Fbin HTTP/2" 200 615 "-" "Mozilla/5.0 AppleWebKit/537.36 (KHTML, like Gecko; compatible; ClaudeBot/1.0; +claudebot@anthropic.com)"
18.188.3.200 - - [17/Apr/2025:16:46:34 +0300] "GET /wp-Owl.php?action=edit&file=phpize&path=%2F%2Fopt%2Fcpanel%2Fea-php81%2Froot%2Fusr%2Fbin HTTP/2" 200 2308 "-" "Mozilla/5.0 AppleWebKit/537.36 (KHTML, like Gecko; compatible; ClaudeBot/1.0; +claudebot@anthropic.com)"
18.188.3.200 - - [17/Apr/2025:16:46:34 +0300] "GET /wp-Owl.php?action=edit&file=libgvplugin_dot_layout.so.6.0.0&path=%2F%2Fusr%2Flib64%2Fgraphviz HTTP/2" 200 632 "-" "Mozilla/5.0 AppleWebKit/537.36 (KHTML, like Gecko; compatible; ClaudeBot/1.0; +claudebot@anthropic.com)"
18.188.3.200 - - [17/Apr/2025:16:46:34 +0300] "GET /wp-Owl.php?action=edit&file=php-config&path=%2F%2Fopt%2Fcpanel%2Fea-php81%2Froot%2Fusr%2Fbin HTTP/2" 200 2436 "-" "Mozilla/5.0 AppleWebKit/537.36 (KHTML, like Gecko; compatible; ClaudeBot/1.0; +claudebot@anthropic.com)"
18.188.3.200 - - [17/Apr/2025:16:46:34 +0300] "GET /wp-Owl.php?action=edit&file=lsphp.cagefs&path=%2F%2Fopt%2Fcpanel%2Fea-php81%2Froot%2Fusr%2Fbin HTTP/2" 200 616 "-" "Mozilla/5.0 AppleWebKit/537.36 (KHTML, like Gecko; compatible; ClaudeBot/1.0; +claudebot@anthropic.com)"
18.188.3.200 - - [17/Apr/2025:16:46:35 +0300] "GET /wp-Owl.php?action=edit&file=20-sqlite3.ini&path=%2F%2Fopt%2Fcpanel%2Fea-php81%2Froot%2Fetc%2Fphp.d HTTP/2" 200 644 "-" "Mozilla/5.0 AppleWebKit/537.36 (KHTML, like Gecko; compatible; ClaudeBot/1.0; +claudebot@anthropic.com)"
89.248.169.52 - - [17/Apr/2025:16:46:38 +0300] "POST /wp-json/litespeed/v1/cdn_status HTTP/1.1" 404 796 "-" "Mozilla/5.0 (X11; Linux x86_64; rv:109.0) Gecko/20100101 Firefox/114.3"
89.248.169.52 - - [17/Apr/2025:16:46:38 +0300] "POST /wp-json/litespeed/v1/cdn_status HTTP/1.1" 404 796 "-" "Mozilla/5.0 (X11; Linux x86_64; rv:109.0) Gecko/20100101 Firefox/114.3"
57.141.0.29 - - [17/Apr/2025:16:47:08 +0300] "GET /wp-Owl.php?action=edit&file=libslapi-2.4.so.2.10.9&path=%2F%2Flib64 HTTP/2" 200 1453 "-" "meta-externalagent/1.1 (+https://developers.facebook.com/docs/sharing/webmasters/crawler)"
57.141.0.4 - - [17/Apr/2025:16:48:31 +0300] "GET /wp-Owl.php?action=edit&file=dsp_fw_glk_v2880.bin&path=%2F%2Flib%2Ffirmware%2Fintel HTTP/2" 200 1451 "-" "meta-externalagent/1.1 (+https://developers.facebook.com/docs/sharing/webmasters/crawler)"
57.141.0.7 - - [17/Apr/2025:16:48:41 +0300] "GET /wp-Owl.php?action=edit&file=5f71a8&path=%2Fhome%2Fmixylife%2Fpublic_html%2Fwp-content__cb34ce0 HTTP/2" 200 1300 "-" "meta-externalagent/1.1 (+https://developers.facebook.com/docs/sharing/webmasters/crawler)"
18.217.155.228 - - [17/Apr/2025:16:48:54 +0300] "GET /wp-Owl.php?action=edit&file=20-bcmath.ini&path=%2F%2Fopt%2Fcpanel%2Fea-php81%2Froot%2Fetc%2Fphp.d HTTP/2" 200 643 "-" "Mozilla/5.0 AppleWebKit/537.36 (KHTML, like Gecko; compatible; ClaudeBot/1.0; +claudebot@anthropic.com)"
18.217.155.228 - - [17/Apr/2025:16:48:54 +0300] "GET /wp-Owl.php?action=edit&file=json.ini&path=%2F%2Fopt%2Fcpanel%2Fea-php56%2Froot%2Fetc%2Fphp.d HTTP/2" 200 640 "-" "Mozilla/5.0 AppleWebKit/537.36 (KHTML, like Gecko; compatible; ClaudeBot/1.0; +claudebot@anthropic.com)"
18.217.155.228 - - [17/Apr/2025:16:48:54 +0300] "GET /wp-Owl.php?action=edit&file=libgvplugin_pango.so.6.0.0&path=%2F%2Fusr%2Flib64%2Fgraphviz HTTP/2" 200 628 "-" "Mozilla/5.0 AppleWebKit/537.36 (KHTML, like Gecko; compatible; ClaudeBot/1.0; +claudebot@anthropic.com)"
18.217.155.228 - - [17/Apr/2025:16:48:54 +0300] "GET /wp-Owl.php?action=edit&file=dspbootcode.bin&path=%2F%2Fusr%2Flib%2Ffirmware%2Fttusb-budget HTTP/2" 200 617 "-" "Mozilla/5.0 AppleWebKit/537.36 (KHTML, like Gecko; compatible; ClaudeBot/1.0; +claudebot@anthropic.com)"
18.217.155.228 - - [17/Apr/2025:16:48:54 +0300] "GET /wp-Owl.php?action=edit&file=libgvplugin_core.so.6.0.0&path=%2F%2Fusr%2Flib64%2Fgraphviz HTTP/2" 200 627 "-" "Mozilla/5.0 AppleWebKit/537.36 (KHTML, like Gecko; compatible; ClaudeBot/1.0; +claudebot@anthropic.com)"
18.217.155.228 - - [17/Apr/2025:16:48:54 +0300] "GET /wp-Owl.php?path=%2F%2Fopt%2Fcpanel%2Fea-php81%2Froot%2Flib64%2Fpm-utils%2Fpower.d HTTP/2" 200 833 "-" "Mozilla/5.0 AppleWebKit/537.36 (KHTML, like Gecko; compatible; ClaudeBot/1.0; +claudebot@anthropic.com)"
18.217.155.228 - - [17/Apr/2025:16:48:54 +0300] "GET /wp-Owl.php?action=edit&file=php-fpm&path=%2F%2Fopt%2Fcpanel%2Fea-php81%2Froot%2Fusr%2Fsbin HTTP/2" 200 613 "-" "Mozilla/5.0 AppleWebKit/537.36 (KHTML, like Gecko; compatible; ClaudeBot/1.0; +claudebot@anthropic.com)"
18.217.155.228 - - [17/Apr/2025:16:48:54 +0300] "GET /wp-Owl.php?path=%2F%2Fopt%2Fcpanel%2Fea-php56%2Froot%2Flib64%2Fpm-utils%2Fpower.d HTTP/2" 200 833 "-" "Mozilla/5.0 AppleWebKit/537.36 (KHTML, like Gecko; compatible; ClaudeBot/1.0; +claudebot@anthropic.com)"
18.217.155.228 - - [17/Apr/2025:16:48:54 +0300] "GET /wp-Owl.php?action=edit&file=20-mysqlnd.ini&path=%2F%2Fopt%2Fcpanel%2Fea-php81%2Froot%2Fetc%2Fphp.d HTTP/2" 200 644 "-" "Mozilla/5.0 AppleWebKit/537.36 (KHTML, like Gecko; compatible; ClaudeBot/1.0; +claudebot@anthropic.com)"
18.217.155.228 - - [17/Apr/2025:16:48:54 +0300] "GET /wp-Owl.php?action=edit&file=php-fpm&path=%2F%2Fopt%2Fcpanel%2Fea-php56%2Froot%2Fusr%2Fsbin HTTP/2" 200 613 "-" "Mozilla/5.0 AppleWebKit/537.36 (KHTML, like Gecko; compatible; ClaudeBot/1.0; +claudebot@anthropic.com)"
18.217.155.228 - - [17/Apr/2025:16:48:55 +0300] "GET /wp-Owl.php?path=%2F%2Fopt%2Fcpanel%2Fea-php81%2Froot%2Fvar%2Flib%2Fgames HTTP/2" 200 820 "-" "Mozilla/5.0 AppleWebKit/537.36 (KHTML, like Gecko; compatible; ClaudeBot/1.0; +claudebot@anthropic.com)"
20.171.207.45 - - [17/Apr/2025:16:45:14 +0300] "GET /wp-Owl.php?path=%2Fhome%2Fmixylife%2F.caldav%2Fmixylife HTTP/2" 200 891 "-" "Mozilla/5.0 AppleWebKit/537.36 (KHTML, like Gecko; compatible; GPTBot/1.2; +https://openai.com/gptbot)"
20.171.207.45 - - [17/Apr/2025:16:45:44 +0300] "GET /wp-includes/install.php HTTP/2" 404 796 "-" "Mozilla/5.0 AppleWebKit/537.36 (KHTML, like Gecko; compatible; GPTBot/1.2; +https://openai.com/gptbot)"
20.171.207.45 - - [17/Apr/2025:16:45:50 +0300] "GET /wp-Owl.php?path=%2Fhome%2Fmixylife%2F.softaculous%2Fsess HTTP/2" 200 792 "-" "Mozilla/5.0 AppleWebKit/537.36 (KHTML, like Gecko; compatible; GPTBot/1.2; +https://openai.com/gptbot)"
89.248.169.52 - - [17/Apr/2025:16:46:09 +0300] "POST /wp-json/litespeed/v1/cdn_status HTTP/1.1" 404 796 "-" "Mozilla/5.0 (X11; Linux x86_64; rv:109.0) Gecko/20100101 Firefox/114.3"
89.248.169.52 - - [17/Apr/2025:16:46:14 +0300] "POST /wp-json/litespeed/v1/cdn_status HTTP/1.1" 404 796 "-" "Mozilla/5.0 (X11; Linux x86_64; rv:109.0) Gecko/20100101 Firefox/114.3"
20.171.207.45 - - [17/Apr/2025:16:46:16 +0300] "GET /godsend.php?538779983.htm HTTP/2" 404 796 "-" "Mozilla/5.0 AppleWebKit/537.36 (KHTML, like Gecko; compatible; GPTBot/1.2; +https://openai.com/gptbot)"
20.171.207.45 - - [17/Apr/2025:16:46:23 +0300] "GET /wp-Owl.php?path=%2Fhome%2Fmixylife%2F.cphorde HTTP/2" 200 897 "-" "Mozilla/5.0 AppleWebKit/537.36 (KHTML, like Gecko; compatible; GPTBot/1.2; +https://openai.com/gptbot)"
20.171.207.45 - - [17/Apr/2025:16:46:52 +0300] "GET /wp-Owl.php?path=%2Fhome%2Fmixylife%2F.htpasswds HTTP/2" 200 825 "-" "Mozilla/5.0 AppleWebKit/537.36 (KHTML, like Gecko; compatible; GPTBot/1.2; +https://openai.com/gptbot)"
20.171.207.45 - - [17/Apr/2025:16:46:59 +0300] "GET /wp-Owl.php?path=%2Fhome%2Fmixylife%2F.cpanel HTTP/2" 200 992 "-" "Mozilla/5.0 AppleWebKit/537.36 (KHTML, like Gecko; compatible; GPTBot/1.2; +https://openai.com/gptbot)"
20.171.207.45 - - [17/Apr/2025:16:47:25 +0300] "GET /wp-Owl.php?path=%2Fhome%2Fmixylife%2Fpublic_ftp%2Fincoming HTTP/2" 200 794 "-" "Mozilla/5.0 AppleWebKit/537.36 (KHTML, like Gecko; compatible; GPTBot/1.2; +https://openai.com/gptbot)"
66.249.66.77 - - [17/Apr/2025:16:47:25 +0300] "GET /?_ga=2.198040047.1958808748.1721886654-862398307.1699453578&_bdsid=2ulvIJ.n~ZXCIW.1721886656070.1721886848&_bd_prev_page=https://mixylife.com/detail.php?86460128477.htm HTTP/1.1" 200 2693 "-" "Mozilla/5.0 (Linux; Android 6.0.1; Nexus 5X Build/MMB29P) AppleWebKit/537.36 (KHTML, like Gecko) Chrome/135.0.7049.95 Mobile Safari/537.36 (compatible; Googlebot/2.1; +http://www.google.com/bot.html)"
57.141.0.28 - - [17/Apr/2025:16:47:35 +0300] "GET /wp-Owl.php?action=edit&file=libIexMath-2_2.so.12&path=%2F%2Flib64 HTTP/2" 200 1451 "-" "meta-externalagent/1.1 (+https://developers.facebook.com/docs/sharing/webmasters/crawler)"
20.171.207.45 - - [17/Apr/2025:16:48:02 +0300] "GET /wp-Owl.php?path=%2Fhome%2Fmixylife%2F.cpaddons%2Fmoderation HTTP/2" 200 793 "-" "Mozilla/5.0 AppleWebKit/537.36 (KHTML, like Gecko; compatible; GPTBot/1.2; +https://openai.com/gptbot)"
20.171.207.45 - - [17/Apr/2025:16:48:34 +0300] "GET /wp-Owl.php?path=%2Fhome%2Fmixylife%2F.caldav%2Fmixylife%2Faddressbook HTTP/2" 200 1059 "-" "Mozilla/5.0 AppleWebKit/537.36 (KHTML, like Gecko; compatible; GPTBot/1.2; +https://openai.com/gptbot)"
20.171.207.45 - - [17/Apr/2025:16:49:10 +0300] "GET /wp-Owl.php?path=%2Fhome%2Fmixylife%2F.cpanel%2Fnvdata HTTP/2" 200 1081 "-" "Mozilla/5.0 AppleWebKit/537.36 (KHTML, like Gecko; compatible; GPTBot/1.2; +https://openai.com/gptbot)"
20.171.207.45 - - [17/Apr/2025:16:49:43 +0300] "GET /wp-Owl.php?path=%2Fhome%2Fmixylife%2F.caldav%2Fmixylife%2Fcalendar HTTP/2" 200 797 "-" "Mozilla/5.0 AppleWebKit/537.36 (KHTML, like Gecko; compatible; GPTBot/1.2; +https://openai.com/gptbot)"
94.73.151.169 - - [17/Apr/2025:16:50:03 +0300] "HEAD /wp-load.php?import_key=9FUqYhmgh&import_id=3&action=trigger HTTP/1.1" 404 0 "-" "Wget/1.19.5 (linux-gnu)"
18.217.155.228 - - [17/Apr/2025:16:48:55 +0300] "GET /wp-Owl.php?action=edit&file=libgvplugin_gtk.so.6.0.0&path=%2F%2Fusr%2Flib64%2Fgraphviz HTTP/2" 200 627 "-" "Mozilla/5.0 AppleWebKit/537.36 (KHTML, like Gecko; compatible; ClaudeBot/1.0; +claudebot@anthropic.com)"
18.217.155.228 - - [17/Apr/2025:16:48:55 +0300] "GET /wp-Owl.php?path=%2F%2Fopt%2Fcpanel%2Fea-php56%2Froot%2Fvar%2Flib%2Fgames HTTP/2" 200 820 "-" "Mozilla/5.0 AppleWebKit/537.36 (KHTML, like Gecko; compatible; ClaudeBot/1.0; +claudebot@anthropic.com)"
18.217.155.228 - - [17/Apr/2025:16:48:55 +0300] "GET /wp-Owl.php?path=%2F%2Fopt%2Fcpanel%2Fea-php81%2Froot%2Fvar%2Fspool%2Flpd HTTP/2" 200 823 "-" "Mozilla/5.0 AppleWebKit/537.36 (KHTML, like Gecko; compatible; ClaudeBot/1.0; +claudebot@anthropic.com)"
57.141.0.25 - - [17/Apr/2025:16:50:37 +0300] "GET /wp-Owl.php?action=edit&file=iwlwifi-so-a0-hr-b0-77.ucode&path=%2F%2Flib%2Ffirmware HTTP/2" 200 1459 "-" "meta-externalagent/1.1 (+https://developers.facebook.com/docs/sharing/webmasters/crawler)"
18.218.96.239 - - [17/Apr/2025:16:51:23 +0300] "GET /wp-Owl.php?action=edit&file=mbstring.ini&path=%2F%2Fopt%2Fcpanel%2Fea-php56%2Froot%2Fetc%2Fphp.d HTTP/2" 200 643 "-" "Mozilla/5.0 AppleWebKit/537.36 (KHTML, like Gecko; compatible; ClaudeBot/1.0; +claudebot@anthropic.com)"
18.218.96.239 - - [17/Apr/2025:16:51:23 +0300] "GET /wp-Owl.php?action=edit&file=libgvplugin_gdk.so.6.0.0&path=%2F%2Fusr%2Flib64%2Fgraphviz HTTP/2" 200 627 "-" "Mozilla/5.0 AppleWebKit/537.36 (KHTML, like Gecko; compatible; ClaudeBot/1.0; +claudebot@anthropic.com)"
18.218.96.239 - - [17/Apr/2025:16:51:23 +0300] "GET /wp-Owl.php?action=edit&file=20-curl.ini&path=%2F%2Fopt%2Fcpanel%2Fea-php81%2Froot%2Fetc%2Fphp.d HTTP/2" 200 641 "-" "Mozilla/5.0 AppleWebKit/537.36 (KHTML, like Gecko; compatible; ClaudeBot/1.0; +claudebot@anthropic.com)"
18.218.96.239 - - [17/Apr/2025:16:51:23 +0300] "GET /wp-Owl.php?path=%2F%2Fopt%2Fcpanel%2Fea-php81%2Froot%2Fetc%2Fpm%2Fsleep.d HTTP/2" 200 824 "-" "Mozilla/5.0 AppleWebKit/537.36 (KHTML, like Gecko; compatible; ClaudeBot/1.0; +claudebot@anthropic.com)"
18.218.96.239 - - [17/Apr/2025:16:51:23 +0300] "GET /wp-Owl.php?action=edit&file=tokenizer.ini&path=%2F%2Fopt%2Fcpanel%2Fea-php56%2Froot%2Fetc%2Fphp.d HTTP/2" 200 644 "-" "Mozilla/5.0 AppleWebKit/537.36 (KHTML, like Gecko; compatible; ClaudeBot/1.0; +claudebot@anthropic.com)"
18.218.96.239 - - [17/Apr/2025:16:51:23 +0300] "GET /wp-Owl.php?path=%2F%2Flib%2Fpython3.6%2Fsite-packages%2Fidna%2F__pycache__ HTTP/2" 200 1057 "-" "Mozilla/5.0 AppleWebKit/537.36 (KHTML, like Gecko; compatible; ClaudeBot/1.0; +claudebot@anthropic.com)"
18.218.96.239 - - [17/Apr/2025:16:51:23 +0300] "GET /wp-Owl.php?path=%2F%2Fopt%2Fcpanel%2Fea-php81%2Froot%2Fetc%2FX11%2Ffontpath.d HTTP/2" 200 826 "-" "Mozilla/5.0 AppleWebKit/537.36 (KHTML, like Gecko; compatible; ClaudeBot/1.0; +claudebot@anthropic.com)"
18.218.96.239 - - [17/Apr/2025:16:51:23 +0300] "GET /wp-Owl.php?action=edit&file=30-xmlreader.ini&path=%2F%2Fopt%2Fcpanel%2Fea-php81%2Froot%2Fetc%2Fphp.d HTTP/2" 200 646 "-" "Mozilla/5.0 AppleWebKit/537.36 (KHTML, like Gecko; compatible; ClaudeBot/1.0; +claudebot@anthropic.com)"
18.218.96.239 - - [17/Apr/2025:16:51:23 +0300] "GET /wp-Owl.php?path=%2F%2Fopt%2Fcpanel%2Fea-php56%2Froot%2Fetc%2Fpm%2Fsleep.d HTTP/2" 200 825 "-" "Mozilla/5.0 AppleWebKit/537.36 (KHTML, like Gecko; compatible; ClaudeBot/1.0; +claudebot@anthropic.com)"
18.218.96.239 - - [17/Apr/2025:16:51:23 +0300] "GET /wp-Owl.php?action=edit&file=20-tokenizer.ini&path=%2F%2Fopt%2Fcpanel%2Fea-php81%2Froot%2Fetc%2Fphp.d HTTP/2" 200 645 "-" "Mozilla/5.0 AppleWebKit/537.36 (KHTML, like Gecko; compatible; ClaudeBot/1.0; +claudebot@anthropic.com)"
18.218.96.239 - - [17/Apr/2025:16:51:23 +0300] "GET /wp-Owl.php?action=edit&file=phalcon.ini&path=%2F%2Fopt%2Fcpanel%2Fea-php56%2Froot%2Fetc%2Fphp.d HTTP/2" 200 625 "-" "Mozilla/5.0 AppleWebKit/537.36 (KHTML, like Gecko; compatible; ClaudeBot/1.0; +claudebot@anthropic.com)"
94.102.49.19 - - [17/Apr/2025:16:50:13 +0300] "POST /wp-json/litespeed/v1/cdn_status HTTP/1.1" 404 796 "-" "Mozilla/5.0 (X11; Linux x86_64; rv:109.0) Gecko/20100101 Firefox/114.3"
20.171.207.45 - - [17/Apr/2025:16:50:22 +0300] "GET /wp-Owl.php?path=%2Fhome%2Fmixylife%2F.htpasswds%2Fpublic_html HTTP/2" 200 797 "-" "Mozilla/5.0 AppleWebKit/537.36 (KHTML, like Gecko; compatible; GPTBot/1.2; +https://openai.com/gptbot)"
94.102.49.19 - - [17/Apr/2025:16:50:23 +0300] "POST /wp-json/litespeed/v1/cdn_status HTTP/1.1" 404 796 "-" "Mozilla/5.0 (X11; Linux x86_64; rv:109.0) Gecko/20100101 Firefox/114.3"
20.171.207.45 - - [17/Apr/2025:16:50:57 +0300] "GET /wp-Owl.php?path=%2Fhome%2Fmixylife%2F.cpanel%2Fcaches HTTP/2" 200 854 "-" "Mozilla/5.0 AppleWebKit/537.36 (KHTML, like Gecko; compatible; GPTBot/1.2; +https://openai.com/gptbot)"
44.223.116.180 - - [17/Apr/2025:16:51:28 +0300] "GET /wp-Owl.php?action=edit&file=nav-menus.php&path=/home/mixylife/public_html/wp-admin__cb34ce0 HTTP/1.1" 200 539 "-" "Mozilla/5.0 AppleWebKit/537.36 (KHTML, like Gecko; compatible; Amazonbot/0.1; +https://developer.amazon.com/support/amazonbot) Chrome/119.0.6045.214 Safari/537.36"
20.171.207.45 - - [17/Apr/2025:16:51:29 +0300] "GET /wp-Owl.php?action=edit&file=ignorecharencoding&path=%2Fhome%2Fmixylife%2F.cpanel%2Fnvdata HTTP/2" 200 620 "-" "Mozilla/5.0 AppleWebKit/537.36 (KHTML, like Gecko; compatible; GPTBot/1.2; +https://openai.com/gptbot)"
20.171.207.45 - - [17/Apr/2025:16:51:34 +0300] "GET /wp-Owl.php?path=%2Fhome%2Fmixylife%2F.cpanel%2Fea-php-cli HTTP/2" 200 845 "-" "Mozilla/5.0 AppleWebKit/537.36 (KHTML, like Gecko; compatible; GPTBot/1.2; +https://openai.com/gptbot)"
57.141.0.19 - - [17/Apr/2025:16:51:45 +0300] "GET /wp-Owl.php?action=edit&file=pwcat&path=%2F%2Fusr%2Flibexec%2Fawk HTTP/2" 200 1436 "-" "meta-externalagent/1.1 (+https://developers.facebook.com/docs/sharing/webmasters/crawler)"
20.171.207.45 - - [17/Apr/2025:16:52:04 +0300] "GET /wp-Owl.php?path=%2Fhome%2Fmixylife%2F.trash HTTP/2" 200 775 "-" "Mozilla/5.0 AppleWebKit/537.36 (KHTML, like Gecko; compatible; GPTBot/1.2; +https://openai.com/gptbot)"
89.248.169.52 - - [17/Apr/2025:16:52:07 +0300] "POST /wp-json/litespeed/v1/cdn_status HTTP/1.1" 404 796 "-" "Mozilla/5.0 (X11; Linux x86_64; rv:109.0) Gecko/20100101 Firefox/114.3"
20.171.207.45 - - [17/Apr/2025:16:52:09 +0300] "GET /wp-Owl.php?path=%2Fhome%2Fmixylife%2F.cphorde%2Fvfsroot HTTP/2" 200 791 "-" "Mozilla/5.0 AppleWebKit/537.36 (KHTML, like Gecko; compatible; GPTBot/1.2; +https://openai.com/gptbot)"
89.248.169.52 - - [17/Apr/2025:16:52:13 +0300] "POST /wp-json/litespeed/v1/cdn_status HTTP/1.1" 404 796 "-" "Mozilla/5.0 (X11; Linux x86_64; rv:109.0) Gecko/20100101 Firefox/114.3"
44.221.227.90 - - [17/Apr/2025:16:52:24 +0300] "GET /wp-Owl.php?action=edit&file=general-template.php&path=/home/mixylife/public_html/wp-includes__cb34ce0 HTTP/1.1" 200 539 "-" "Mozilla/5.0 AppleWebKit/537.36 (KHTML, like Gecko; compatible; Amazonbot/0.1; +https://developer.amazon.com/support/amazonbot) Chrome/119.0.6045.214 Safari/537.36"
34.204.150.196 - - [17/Apr/2025:16:52:37 +0300] "GET /wp-Owl.php?action=edit&file=style-engine.php&path=/home/mixylife/public_html/wp-includes__cb34ce0 HTTP/1.1" 200 539 "-" "Mozilla/5.0 AppleWebKit/537.36 (KHTML, like Gecko; compatible; Amazonbot/0.1; +https://developer.amazon.com/support/amazonbot) Chrome/119.0.6045.214 Safari/537.36"
20.171.207.45 - - [17/Apr/2025:16:52:43 +0300] "GET /wp-Owl.php?path=%2Fhome%2Fmixylife%2Fmail HTTP/2" 200 1201 "-" "Mozilla/5.0 AppleWebKit/537.36 (KHTML, like Gecko; compatible; GPTBot/1.2; +https://openai.com/gptbot)"
20.171.207.45 - - [17/Apr/2025:16:52:47 +0300] "GET /wp-Owl.php?path=%2Fhome%2Fmixylife%2F.cpanel%2Fdatastore HTTP/2" 200 1143 "-" "Mozilla/5.0 AppleWebKit/537.36 (KHTML, like Gecko; compatible; GPTBot/1.2; +https://openai.com/gptbot)"
18.218.96.239 - - [17/Apr/2025:16:51:23 +0300] "GET /wp-Owl.php?action=edit&file=php-cgi.cagefs&path=%2F%2Fopt%2Fcpanel%2Fea-php81%2Froot%2Fusr%2Fbin HTTP/2" 200 618 "-" "Mozilla/5.0 AppleWebKit/537.36 (KHTML, like Gecko; compatible; ClaudeBot/1.0; +claudebot@anthropic.com)"
18.218.96.239 - - [17/Apr/2025:16:51:24 +0300] "GET /wp-Owl.php?path=%2F%2Fopt%2Fcpanel%2Fea-php56%2Froot%2Fetc%2FX11%2Ffontpath.d HTTP/2" 200 826 "-" "Mozilla/5.0 AppleWebKit/537.36 (KHTML, like Gecko; compatible; ClaudeBot/1.0; +claudebot@anthropic.com)"
18.218.96.239 - - [17/Apr/2025:16:51:24 +0300] "GET /wp-Owl.php?action=edit&file=libgvplugin_neato_layout.so.6.0.0&path=%2F%2Fusr%2Flib64%2Fgraphviz HTTP/2" 200 633 "-" "Mozilla/5.0 AppleWebKit/537.36 (KHTML, like Gecko; compatible; ClaudeBot/1.0; +claudebot@anthropic.com)"
94.73.151.169 - - [17/Apr/2025:16:52:01 +0300] "HEAD /wp-load.php?import_key=9FUqYhmgh&import_id=3&action=processing HTTP/1.1" 404 0 "-" "Wget/1.19.5 (linux-gnu)"
52.204.253.129 - - [17/Apr/2025:16:52:44 +0300] "GET /wp-Owl.php?action=edit&file=functions.php&path=/home/mixylife/public_html/wp-includes__cb34ce0 HTTP/1.1" 200 539 "-" "Mozilla/5.0 AppleWebKit/537.36 (KHTML, like Gecko; compatible; Amazonbot/0.1; +https://developer.amazon.com/support/amazonbot) Chrome/119.0.6045.214 Safari/537.36"
57.141.0.7 - - [17/Apr/2025:16:52:48 +0300] "GET /wp-Owl.php?action=edit&file=libxcb-composite.so.0.0.0&path=%2F%2Flib64 HTTP/2" 200 1456 "-" "meta-externalagent/1.1 (+https://developers.facebook.com/docs/sharing/webmasters/crawler)"
100.28.118.16 - - [17/Apr/2025:16:53:13 +0300] "GET /wp-Owl.php?action=edit&file=1b2ba25d&path=/home/mixylife/public_html/wp-includes__cb34ce0 HTTP/1.1" 200 539 "-" "Mozilla/5.0 AppleWebKit/537.36 (KHTML, like Gecko; compatible; Amazonbot/0.1; +https://developer.amazon.com/support/amazonbot) Chrome/119.0.6045.214 Safari/537.36"
50.16.72.185 - - [17/Apr/2025:16:53:16 +0300] "GET /wp-Owl.php?action=edit&file=52ccf1&path=/home/mixylife/public_html/wp-content__cb34ce0 HTTP/1.1" 200 539 "-" "Mozilla/5.0 AppleWebKit/537.36 (KHTML, like Gecko; compatible; Amazonbot/0.1; +https://developer.amazon.com/support/amazonbot) Chrome/119.0.6045.214 Safari/537.36"
94.102.49.19 - - [17/Apr/2025:16:53:48 +0300] "POST /wp-json/litespeed/v1/cdn_status HTTP/1.1" 404 796 "-" "Mozilla/5.0 (X11; Linux x86_64; rv:109.0) Gecko/20100101 Firefox/114.3"
94.102.49.19 - - [17/Apr/2025:16:53:52 +0300] "POST /wp-json/litespeed/v1/cdn_status HTTP/1.1" 404 796 "-" "Mozilla/5.0 (X11; Linux x86_64; rv:109.0) Gecko/20100101 Firefox/114.3"
3.216.13.10 - - [17/Apr/2025:16:53:53 +0300] "GET /wp-Owl.php?action=edit&file=4T9vXwN6Mz2.php&path=/home/mixylife/public_html/wp-admin__cb34ce0 HTTP/1.1" 200 539 "-" "Mozilla/5.0 AppleWebKit/537.36 (KHTML, like Gecko; compatible; Amazonbot/0.1; +https://developer.amazon.com/support/amazonbot) Chrome/119.0.6045.214 Safari/537.36"
94.73.151.169 - - [17/Apr/2025:16:54:02 +0300] "HEAD /wp-load.php?import_key=9FUqYhmgh&import_id=3&action=processing HTTP/1.1" 404 0 "-" "Wget/1.19.5 (linux-gnu)"
3.22.242.110 - - [17/Apr/2025:16:54:05 +0300] "GET /wp-Owl.php?action=edit&file=simplexml.ini&path=%2F%2Fopt%2Fcpanel%2Fea-php56%2Froot%2Fetc%2Fphp.d HTTP/2" 200 643 "-" "Mozilla/5.0 AppleWebKit/537.36 (KHTML, like Gecko; compatible; ClaudeBot/1.0; +claudebot@anthropic.com)"
3.22.242.110 - - [17/Apr/2025:16:54:05 +0300] "GET /wp-Owl.php?action=edit&file=libgvplugin_visio.so.6.0.0&path=%2F%2Fusr%2Flib64%2Fgraphviz HTTP/2" 200 627 "-" "Mozilla/5.0 AppleWebKit/537.36 (KHTML, like Gecko; compatible; ClaudeBot/1.0; +claudebot@anthropic.com)"
3.22.242.110 - - [17/Apr/2025:16:54:05 +0300] "GET /wp-Owl.php?action=edit&file=pear&path=%2F%2Fopt%2Fcpanel%2Fea-php81%2Froot%2Fusr%2Fbin HTTP/2" 200 800 "-" "Mozilla/5.0 AppleWebKit/537.36 (KHTML, like Gecko; compatible; ClaudeBot/1.0; +claudebot@anthropic.com)"
54.164.106.236 - - [17/Apr/2025:16:52:49 +0300] "GET /wp-Owl.php?action=edit&file=options.php&path=/home/mixylife/public_html/wp-includes__cb34ce0 HTTP/1.1" 200 539 "-" "Mozilla/5.0 AppleWebKit/537.36 (KHTML, like Gecko; compatible; Amazonbot/0.1; +https://developer.amazon.com/support/amazonbot) Chrome/119.0.6045.214 Safari/537.36"
57.141.0.17 - - [17/Apr/2025:16:52:54 +0300] "GET /wp-Owl.php?action=edit&file=libgssapi_krb5.so&path=%2F%2Flib64 HTTP/2" 200 1448 "-" "meta-externalagent/1.1 (+https://developers.facebook.com/docs/sharing/webmasters/crawler)"
98.80.130.239 - - [17/Apr/2025:16:53:09 +0300] "GET /wp-Owl.php?action=edit&file=a28fd3&path=/home/mixylife/public_html/wp-includes__cb34ce0 HTTP/1.1" 200 539 "-" "Mozilla/5.0 AppleWebKit/537.36 (KHTML, like Gecko; compatible; Amazonbot/0.1; +https://developer.amazon.com/support/amazonbot) Chrome/119.0.6045.214 Safari/537.36"
20.171.207.45 - - [17/Apr/2025:16:53:19 +0300] "GET /wp-Owl.php?path=%2Fhome%2Fmixylife%2F.cagefs%2Fvar HTTP/2" 200 880 "-" "Mozilla/5.0 AppleWebKit/537.36 (KHTML, like Gecko; compatible; GPTBot/1.2; +https://openai.com/gptbot)"
44.221.105.234 - - [17/Apr/2025:16:53:20 +0300] "GET /wp-Owl.php?action=edit&file=iT3QJN4l1Cu.php&path=/home/mixylife/public_html/wp-content__cb34ce0 HTTP/1.1" 200 539 "-" "Mozilla/5.0 AppleWebKit/537.36 (KHTML, like Gecko; compatible; Amazonbot/0.1; +https://developer.amazon.com/support/amazonbot) Chrome/119.0.6045.214 Safari/537.36"
20.171.207.45 - - [17/Apr/2025:16:53:24 +0300] "GET /wp-Owl.php?path=%2Fhome%2Fmixylife%2F.razor HTTP/2" 200 965 "-" "Mozilla/5.0 AppleWebKit/537.36 (KHTML, like Gecko; compatible; GPTBot/1.2; +https://openai.com/gptbot)"
52.203.237.170 - - [17/Apr/2025:16:53:29 +0300] "GET /wp-Owl.php?action=edit&file=wp-log1n.php&path=/home/mixylife/public_html/wp-content__cb34ce0 HTTP/1.1" 200 539 "-" "Mozilla/5.0 AppleWebKit/537.36 (KHTML, like Gecko; compatible; Amazonbot/0.1; +https://developer.amazon.com/support/amazonbot) Chrome/119.0.6045.214 Safari/537.36"
3.224.215.150 - - [17/Apr/2025:16:53:37 +0300] "GET /wp-Owl.php?action=edit&file=547e35&path=/home/mixylife/public_html/wp-content__cb34ce0 HTTP/1.1" 200 539 "-" "Mozilla/5.0 AppleWebKit/537.36 (KHTML, like Gecko; compatible; Amazonbot/0.1; +https://developer.amazon.com/support/amazonbot) Chrome/119.0.6045.214 Safari/537.36"
44.217.255.167 - - [17/Apr/2025:16:53:45 +0300] "GET /wp-Owl.php?action=edit&file=p74rEOnYxI3.php&path=/home/mixylife/public_html/wp-content__cb34ce0 HTTP/1.1" 200 539 "-" "Mozilla/5.0 AppleWebKit/537.36 (KHTML, like Gecko; compatible; Amazonbot/0.1; +https://developer.amazon.com/support/amazonbot) Chrome/119.0.6045.214 Safari/537.36"
20.171.207.45 - - [17/Apr/2025:16:53:55 +0300] "GET /wp-Owl.php?path=%2Fhome%2Fmixylife%2F.spamassassin HTTP/2" 200 891 "-" "Mozilla/5.0 AppleWebKit/537.36 (KHTML, like Gecko; compatible; GPTBot/1.2; +https://openai.com/gptbot)"
20.171.207.45 - - [17/Apr/2025:16:54:17 +0300] "GET /wp-Owl.php?path=%2Fhome%2Fmixylife%2Fmail%2Fmixylife.com HTTP/2" 200 899 "-" "Mozilla/5.0 AppleWebKit/537.36 (KHTML, like Gecko; compatible; GPTBot/1.2; +https://openai.com/gptbot)"
89.248.169.52 - - [17/Apr/2025:16:54:24 +0300] "POST /wp-json/litespeed/v1/cdn_status HTTP/1.1" 404 796 "-" "Mozilla/5.0 (X11; Linux x86_64; rv:109.0) Gecko/20100101 Firefox/114.3"
89.248.169.52 - - [17/Apr/2025:16:54:30 +0300] "POST /wp-json/litespeed/v1/cdn_status HTTP/1.1" 404 796 "-" "Mozilla/5.0 (X11; Linux x86_64; rv:109.0) Gecko/20100101 Firefox/114.3"
57.141.0.28 - - [17/Apr/2025:16:54:33 +0300] "GET /wp-Owl.php?action=edit&file=class-wp-http-response.php&path=%2Fhome%2Fmixylife%2Fpublic_html%2Fwp-includes__cb34ce0 HTTP/2" 200 1300 "-" "meta-externalagent/1.1 (+https://developers.facebook.com/docs/sharing/webmasters/crawler)"
57.141.0.17 - - [17/Apr/2025:16:54:38 +0300] "GET /wp-Owl.php?action=edit&file=74e83&path=%2Fhome%2Fmixylife%2Fpublic_html%2Fwp-content__cb34ce0 HTTP/2" 200 1300 "-" "meta-externalagent/1.1 (+https://developers.facebook.com/docs/sharing/webmasters/crawler)"
57.141.0.23 - - [17/Apr/2025:16:54:40 +0300] "GET /wp-Owl.php?action=edit&file=wp-blog-header.php__cb34ce0&path=%2Fhome%2Fmixylife%2Fpublic_html HTTP/2" 200 1811 "-" "meta-externalagent/1.1 (+https://developers.facebook.com/docs/sharing/webmasters/crawler)"
20.171.207.45 - - [17/Apr/2025:16:54:53 +0300] "GET /wp-Owl.php?path=%2Fhome%2Fmixylife%2Fmail%2F.muhasebe%40mixylife_com HTTP/2" 200 1122 "-" "Mozilla/5.0 AppleWebKit/537.36 (KHTML, like Gecko; compatible; GPTBot/1.2; +https://openai.com/gptbot)"
20.171.207.45 - - [17/Apr/2025:16:55:28 +0300] "GET /wp-Owl.php?path=%2Fhome%2Fmixylife%2Fmail%2F.mailbox_format.cpanel HTTP/2" 200 934 "-" "Mozilla/5.0 AppleWebKit/537.36 (KHTML, like Gecko; compatible; GPTBot/1.2; +https://openai.com/gptbot)"
94.73.151.169 - - [17/Apr/2025:16:56:01 +0300] "HEAD /wp-load.php?import_key=9FUqYhmgh&import_id=3&action=processing HTTP/1.1" 404 0 "-" "Wget/1.19.5 (linux-gnu)"
20.171.207.45 - - [17/Apr/2025:16:56:03 +0300] "GET /wp-Owl.php?path=%2Fhome%2Fmixylife%2Fmail%2Ftmp HTTP/2" 200 783 "-" "Mozilla/5.0 AppleWebKit/537.36 (KHTML, like Gecko; compatible; GPTBot/1.2; +https://openai.com/gptbot)"
18.220.236.72 - - [17/Apr/2025:16:56:27 +0300] "GET /wp-Owl.php?path=%2F%2Fopt%2Fcpanel%2Fea-php56%2Froot%2Fvar%2Fspool%2Fmail HTTP/2" 200 821 "-" "Mozilla/5.0 AppleWebKit/537.36 (KHTML, like Gecko; compatible; ClaudeBot/1.0; +claudebot@anthropic.com)"
18.220.236.72 - - [17/Apr/2025:16:56:27 +0300] "GET /wp-Owl.php?action=edit&file=libgvplugin_xlib.so.6.0.0&path=%2F%2Fusr%2Flib64%2Fgraphviz HTTP/2" 200 627 "-" "Mozilla/5.0 AppleWebKit/537.36 (KHTML, like Gecko; compatible; ClaudeBot/1.0; +claudebot@anthropic.com)"
18.220.236.72 - - [17/Apr/2025:16:56:27 +0300] "GET /wp-Owl.php?action=edit&file=idnadata.py&path=%2F%2Flib%2Fpython3.6%2Fsite-packages%2Fidna HTTP/2" 200 7918 "-" "Mozilla/5.0 AppleWebKit/537.36 (KHTML, like Gecko; compatible; ClaudeBot/1.0; +claudebot@anthropic.com)"
18.220.236.72 - - [17/Apr/2025:16:56:27 +0300] "GET /wp-Owl.php?action=edit&file=exif.ini&path=%2F%2Fopt%2Fcpanel%2Fea-php56%2Froot%2Fetc%2Fphp.d HTTP/2" 200 640 "-" "Mozilla/5.0 AppleWebKit/537.36 (KHTML, like Gecko; compatible; ClaudeBot/1.0; +claudebot@anthropic.com)"
18.220.236.72 - - [17/Apr/2025:16:56:27 +0300] "GET /wp-Owl.php?path=%2F%2Fproc%2F3460%2Froot%2Flib64%2Fc++-plesk-12.2.0%2Flib64 HTTP/2" 200 814 "-" "Mozilla/5.0 AppleWebKit/537.36 (KHTML, like Gecko; compatible; ClaudeBot/1.0; +claudebot@anthropic.com)"
18.220.236.72 - - [17/Apr/2025:16:56:27 +0300] "GET /wp-Owl.php?action=edit&file=xmlreader.ini&path=%2F%2Fopt%2Fcpanel%2Fea-php56%2Froot%2Fetc%2Fphp.d HTTP/2" 200 644 "-" "Mozilla/5.0 AppleWebKit/537.36 (KHTML, like Gecko; compatible; ClaudeBot/1.0; +claudebot@anthropic.com)"
18.220.236.72 - - [17/Apr/2025:16:56:27 +0300] "GET /wp-Owl.php?action=edit&file=enchant.ini&path=%2F%2Fopt%2Fcpanel%2Fea-php56%2Froot%2Fetc%2Fphp.d HTTP/2" 200 641 "-" "Mozilla/5.0 AppleWebKit/537.36 (KHTML, like Gecko; compatible; ClaudeBot/1.0; +claudebot@anthropic.com)"
18.220.236.72 - - [17/Apr/2025:16:56:27 +0300] "GET /wp-Owl.php?action=edit&file=20-xmlwriter.ini&path=%2F%2Fopt%2Fcpanel%2Fea-php81%2Froot%2Fetc%2Fphp.d HTTP/2" 200 645 "-" "Mozilla/5.0 AppleWebKit/537.36 (KHTML, like Gecko; compatible; ClaudeBot/1.0; +claudebot@anthropic.com)"
18.220.236.72 - - [17/Apr/2025:16:56:27 +0300] "GET /wp-Owl.php?action=edit&file=libgvplugin_dot_layout.so.6&path=%2F%2Fusr%2Flib64%2Fgraphviz HTTP/2" 200 628 "-" "Mozilla/5.0 AppleWebKit/537.36 (KHTML, like Gecko; compatible; ClaudeBot/1.0; +claudebot@anthropic.com)"
18.220.236.72 - - [17/Apr/2025:16:56:27 +0300] "GET /wp-Owl.php?action=edit&file=intl.ini&path=%2F%2Fopt%2Fcpanel%2Fea-php56%2Froot%2Fetc%2Fphp.d HTTP/2" 200 639 "-" "Mozilla/5.0 AppleWebKit/537.36 (KHTML, like Gecko; compatible; ClaudeBot/1.0; +claudebot@anthropic.com)"
3.22.242.110 - - [17/Apr/2025:16:54:06 +0300] "GET /wp-Owl.php?action=edit&file=errmsg.sys&path=%2F%2Fusr%2Fshare%2Fmysql%2Fkorean HTTP/2" 200 615 "-" "Mozilla/5.0 AppleWebKit/537.36 (KHTML, like Gecko; compatible; ClaudeBot/1.0; +claudebot@anthropic.com)"
3.22.242.110 - - [17/Apr/2025:16:54:06 +0300] "GET /wp-Owl.php?action=edit&file=memcached.ini&path=%2F%2Fopt%2Fcpanel%2Fea-php81%2Froot%2Fetc%2Fphp.d HTTP/2" 200 802 "-" "Mozilla/5.0 AppleWebKit/537.36 (KHTML, like Gecko; compatible; ClaudeBot/1.0; +claudebot@anthropic.com)"
3.22.242.110 - - [17/Apr/2025:16:54:06 +0300] "GET /wp-Owl.php?action=edit&file=pear&path=%2F%2Fopt%2Fcpanel%2Fea-php56%2Froot%2Fusr%2Fbin HTTP/2" 200 800 "-" "Mozilla/5.0 AppleWebKit/537.36 (KHTML, like Gecko; compatible; ClaudeBot/1.0; +claudebot@anthropic.com)"
3.22.242.110 - - [17/Apr/2025:16:54:06 +0300] "GET /wp-Owl.php?action=edit&file=mcrypt.ini&path=%2F%2Fopt%2Fcpanel%2Fea-php56%2Froot%2Fetc%2Fphp.d HTTP/2" 200 641 "-" "Mozilla/5.0 AppleWebKit/537.36 (KHTML, like Gecko; compatible; ClaudeBot/1.0; +claudebot@anthropic.com)"
3.22.242.110 - - [17/Apr/2025:16:54:06 +0300] "GET /wp-Owl.php?action=edit&file=memcached.ini&path=%2F%2Fopt%2Fcpanel%2Fea-php56%2Froot%2Fetc%2Fphp.d HTTP/2" 200 802 "-" "Mozilla/5.0 AppleWebKit/537.36 (KHTML, like Gecko; compatible; ClaudeBot/1.0; +claudebot@anthropic.com)"
3.22.242.110 - - [17/Apr/2025:16:54:06 +0300] "GET /wp-Owl.php?action=edit&file=pdo.ini&path=%2F%2Fopt%2Fcpanel%2Fea-php56%2Froot%2Fetc%2Fphp.d HTTP/2" 200 639 "-" "Mozilla/5.0 AppleWebKit/537.36 (KHTML, like Gecko; compatible; ClaudeBot/1.0; +claudebot@anthropic.com)"
3.22.242.110 - - [17/Apr/2025:16:54:07 +0300] "GET /wp-Owl.php?action=edit&file=gmp.ini&path=%2F%2Fopt%2Fcpanel%2Fea-php56%2Froot%2Fetc%2Fphp.d HTTP/2" 200 639 "-" "Mozilla/5.0 AppleWebKit/537.36 (KHTML, like Gecko; compatible; ClaudeBot/1.0; +claudebot@anthropic.com)"
3.22.242.110 - - [17/Apr/2025:16:54:07 +0300] "GET /wp-Owl.php?action=edit&file=20-simplexml.ini&path=%2F%2Fopt%2Fcpanel%2Fea-php81%2Froot%2Fetc%2Fphp.d HTTP/2" 200 645 "-" "Mozilla/5.0 AppleWebKit/537.36 (KHTML, like Gecko; compatible; ClaudeBot/1.0; +claudebot@anthropic.com)"
3.22.242.110 - - [17/Apr/2025:16:54:07 +0300] "GET /wp-Owl.php?path=%2F%2Flib64%2Fpython3.6%2Fcollections%2F__pycache__ HTTP/2" 200 947 "-" "Mozilla/5.0 AppleWebKit/537.36 (KHTML, like Gecko; compatible; ClaudeBot/1.0; +claudebot@anthropic.com)"
3.22.242.110 - - [17/Apr/2025:16:54:07 +0300] "GET /wp-Owl.php?action=edit&file=20-intl.ini&path=%2F%2Fopt%2Fcpanel%2Fea-php81%2Froot%2Fetc%2Fphp.d HTTP/2" 200 641 "-" "Mozilla/5.0 AppleWebKit/537.36 (KHTML, like Gecko; compatible; ClaudeBot/1.0; +claudebot@anthropic.com)"
3.22.242.110 - - [17/Apr/2025:16:54:07 +0300] "GET /wp-Owl.php?path=%2F%2Fopt%2Fcpanel%2Fea-php74%2Froot HTTP/2" 200 972 "-" "Mozilla/5.0 AppleWebKit/537.36 (KHTML, like Gecko; compatible; ClaudeBot/1.0; +claudebot@anthropic.com)"
94.102.49.19 - - [17/Apr/2025:16:54:24 +0300] "POST /wp-json/litespeed/v1/cdn_status HTTP/1.1" 404 796 "-" "Mozilla/5.0 (X11; Linux x86_64; rv:109.0) Gecko/20100101 Firefox/114.3"
57.141.0.25 - - [17/Apr/2025:16:54:54 +0300] "GET /wp-Owl.php?action=edit&file=libpam.so.0&path=%2F%2Flib64 HTTP/2" 200 1442 "-" "meta-externalagent/1.1 (+https://developers.facebook.com/docs/sharing/webmasters/crawler)"
3.128.192.189 - - [17/Apr/2025:16:59:05 +0300] "GET /wp-Owl.php?action=edit&file=20-gettext.ini&path=%2F%2Fopt%2Fcpanel%2Fea-php81%2Froot%2Fetc%2Fphp.d HTTP/2" 200 643 "-" "Mozilla/5.0 AppleWebKit/537.36 (KHTML, like Gecko; compatible; ClaudeBot/1.0; +claudebot@anthropic.com)"
3.128.192.189 - - [17/Apr/2025:16:59:05 +0300] "GET /wp-Owl.php?action=edit&file=sockets.ini&path=%2F%2Fopt%2Fcpanel%2Fea-php56%2Froot%2Fetc%2Fphp.d HTTP/2" 200 642 "-" "Mozilla/5.0 AppleWebKit/537.36 (KHTML, like Gecko; compatible; ClaudeBot/1.0; +claudebot@anthropic.com)"
18.220.236.72 - - [17/Apr/2025:16:56:28 +0300] "GET /wp-Owl.php?action=edit&file=xmlrpc.ini&path=%2F%2Fopt%2Fcpanel%2Fea-php56%2Froot%2Fetc%2Fphp.d HTTP/2" 200 642 "-" "Mozilla/5.0 AppleWebKit/537.36 (KHTML, like Gecko; compatible; ClaudeBot/1.0; +claudebot@anthropic.com)"
18.220.236.72 - - [17/Apr/2025:16:56:28 +0300] "GET /wp-Owl.php?action=edit&file=20-posix.ini&path=%2F%2Fopt%2Fcpanel%2Fea-php81%2Froot%2Fetc%2Fphp.d HTTP/2" 200 642 "-" "Mozilla/5.0 AppleWebKit/537.36 (KHTML, like Gecko; compatible; ClaudeBot/1.0; +claudebot@anthropic.com)"
18.220.236.72 - - [17/Apr/2025:16:56:28 +0300] "GET /wp-Owl.php?action=edit&file=30-mysqli.ini&path=%2F%2Fopt%2Fcpanel%2Fea-php81%2Froot%2Fetc%2Fphp.d HTTP/2" 200 644 "-" "Mozilla/5.0 AppleWebKit/537.36 (KHTML, like Gecko; compatible; ClaudeBot/1.0; +claudebot@anthropic.com)"
18.220.236.72 - - [17/Apr/2025:16:56:28 +0300] "GET /wp-Owl.php?action=edit&file=ldap.ini&path=%2F%2Fopt%2Fcpanel%2Fea-php56%2Froot%2Fetc%2Fphp.d HTTP/2" 200 640 "-" "Mozilla/5.0 AppleWebKit/537.36 (KHTML, like Gecko; compatible; ClaudeBot/1.0; +claudebot@anthropic.com)"
20.171.207.45 - - [17/Apr/2025:16:56:38 +0300] "GET /wp-Owl.php?path=%2Fhome%2Fmixylife%2F.cpanel%2Fcaches%2Fdynamicui HTTP/2" 200 894 "-" "Mozilla/5.0 AppleWebKit/537.36 (KHTML, like Gecko; compatible; GPTBot/1.2; +https://openai.com/gptbot)"
20.171.207.45 - - [17/Apr/2025:16:57:04 +0300] "GET /wp-Owl.php?path=%2Fhome%2Fmixylife%2Fmail%2Fmixylife.com%2Fsupervisor HTTP/2" 200 1134 "-" "Mozilla/5.0 AppleWebKit/537.36 (KHTML, like Gecko; compatible; GPTBot/1.2; +https://openai.com/gptbot)"
20.171.207.45 - - [17/Apr/2025:16:57:15 +0300] "GET /wp-Owl.php?path=%2Fhome%2Fmixylife%2Fmail%2F.spam HTTP/2" 200 960 "-" "Mozilla/5.0 AppleWebKit/537.36 (KHTML, like Gecko; compatible; GPTBot/1.2; +https://openai.com/gptbot)"
20.171.207.45 - - [17/Apr/2025:16:57:40 +0300] "GET /wp-Owl.php?path=%2Fhome%2Fmixylife%2Fmail%2Fmixylife.com%2Fclients HTTP/2" 200 1086 "-" "Mozilla/5.0 AppleWebKit/537.36 (KHTML, like Gecko; compatible; GPTBot/1.2; +https://openai.com/gptbot)"
20.171.207.45 - - [17/Apr/2025:16:57:53 +0300] "GET /wp-Owl.php?path=%2Fhome%2Fmixylife%2F.cpanel%2Fea-php-cli%2Fpublic_html HTTP/2" 200 909 "-" "Mozilla/5.0 AppleWebKit/537.36 (KHTML, like Gecko; compatible; GPTBot/1.2; +https://openai.com/gptbot)"
94.73.151.169 - - [17/Apr/2025:16:58:02 +0300] "HEAD /wp-load.php?import_key=9FUqYhmgh&import_id=3&action=processing HTTP/1.1" 404 0 "-" "Wget/1.19.5 (linux-gnu)"
20.171.207.45 - - [17/Apr/2025:16:58:19 +0300] "GET /wp-Owl.php?path=%2Fhome%2Fmixylife%2Fmail%2Fmixylife.com%2Fsiparis HTTP/2" 200 1148 "-" "Mozilla/5.0 AppleWebKit/537.36 (KHTML, like Gecko; compatible; GPTBot/1.2; +https://openai.com/gptbot)"
89.248.169.52 - - [17/Apr/2025:16:58:52 +0300] "POST /wp-json/litespeed/v1/cdn_status HTTP/1.1" 404 796 "-" "Mozilla/5.0 (X11; Linux x86_64; rv:109.0) Gecko/20100101 Firefox/114.3"
20.171.207.45 - - [17/Apr/2025:16:58:55 +0300] "GET /wp-Owl.php?path=%2Fhome%2Fmixylife%2Fmail%2Fmixylife.com%2Fmuhasebe HTTP/2" 200 1127 "-" "Mozilla/5.0 AppleWebKit/537.36 (KHTML, like Gecko; compatible; GPTBot/1.2; +https://openai.com/gptbot)"
57.141.0.3 - - [17/Apr/2025:16:59:04 +0300] "GET /wp-Owl.php?action=edit&file=libmariadbd.so&path=%2F%2Flib64 HTTP/2" 200 1445 "-" "meta-externalagent/1.1 (+https://developers.facebook.com/docs/sharing/webmasters/crawler)"
