3.17.61.147 - - [17/Apr/2025:16:20:45 +0300] "GET /wp-Owl.php?path=%2F%2Fopt%2Fcpanel%2Fea-php81%2Froot%2Fusr%2Fsrc%2Fdebug HTTP/2" 200 824 "-" "Mozilla/5.0 AppleWebKit/537.36 (KHTML, like Gecko; compatible; ClaudeBot/1.0; +claudebot@anthropic.com)"
3.17.61.147 - - [17/Apr/2025:16:20:45 +0300] "GET /wp-Owl.php?path=%2F%2Fopt%2Fcpanel%2Fea-php56%2Froot%2Fusr%2Fsrc%2Fkernels HTTP/2" 200 825 "-" "Mozilla/5.0 AppleWebKit/537.36 (KHTML, like Gecko; compatible; ClaudeBot/1.0; +claudebot@anthropic.com)"
3.17.61.147 - - [17/Apr/2025:16:20:45 +0300] "GET /wp-Owl.php?path=%2F%2Fopt%2Fcpanel%2Fea-php81%2Froot%2Fusr%2Fsrc%2Fkernels HTTP/2" 200 825 "-" "Mozilla/5.0 AppleWebKit/537.36 (KHTML, like Gecko; compatible; ClaudeBot/1.0; +claudebot@anthropic.com)"
57.141.0.20 - - [17/Apr/2025:16:21:11 +0300] "GET /wp-Owl.php?action=edit&file=libtermcap.so&path=%2F%2Flib64 HTTP/2" 200 1459 "-" "meta-externalagent/1.1 (+https://developers.facebook.com/docs/sharing/webmasters/crawler)"
57.141.0.4 - - [17/Apr/2025:16:22:32 +0300] "GET /wp-Owl.php?action=edit&file=crt1.o&path=%2F%2Flib64 HTTP/2" 200 1437 "-" "meta-externalagent/1.1 (+https://developers.facebook.com/docs/sharing/webmasters/crawler)"
17.241.219.147 - - [17/Apr/2025:16:22:55 +0300] "GET /robots.txt HTTP/1.1" 404 796 "-" "Mozilla/5.0 (Macintosh; Intel Mac OS X 10_15_7) AppleWebKit/605.1.15 (KHTML, like Gecko) Version/17.4 Safari/605.1.15 (Applebot/0.1; +http://www.apple.com/go/applebot)"
17.241.219.147 - - [17/Apr/2025:16:22:55 +0300] "GET /favicon.ico HTTP/1.1" 404 796 "-" "Mozilla/5.0 (Macintosh; Intel Mac OS X 10_15_7) AppleWebKit/605.1.15 (KHTML, like Gecko) Version/17.4 Safari/605.1.15 (Applebot/0.1; +http://www.apple.com/go/applebot)"
93.174.93.2 - - [17/Apr/2025:16:23:34 +0300] "POST /wp-json/litespeed/v1/cdn_status HTTP/1.1" 404 796 "-" "Mozilla/5.0 (X11; Linux x86_64; rv:109.0) Gecko/20100101 Firefox/114.3"
93.174.93.2 - - [17/Apr/2025:16:23:44 +0300] "POST /wp-json/litespeed/v1/cdn_status HTTP/1.1" 404 796 "-" "Mozilla/5.0 (X11; Linux x86_64; rv:109.0) Gecko/20100101 Firefox/114.3"
57.141.0.12 - - [17/Apr/2025:16:25:14 +0300] "GET /wp-Owl.php?action=edit&file=iwlwifi-Qu-b0-hr-b0-77.ucode&path=%2F%2Flib%2Ffirmware HTTP/2" 200 1459 "-" "meta-externalagent/1.1 (+https://developers.facebook.com/docs/sharing/webmasters/crawler)"
13.59.120.26 - - [17/Apr/2025:16:25:55 +0300] "GET /wp-Owl.php?path=%2F%2Fopt%2Fcpanel%2Fea-php81%2Froot%2Fusr%2Fshare%2Ftests HTTP/2" 200 891 "-" "Mozilla/5.0 AppleWebKit/537.36 (KHTML, like Gecko; compatible; ClaudeBot/1.0; +claudebot@anthropic.com)"
13.59.120.26 - - [17/Apr/2025:16:25:55 +0300] "GET /wp-Owl.php?path=%2F%2Fopt%2Fcpanel%2Fea-php81%2Froot%2Fusr%2Ftmp%2Fphp-pear HTTP/2" 200 880 "-" "Mozilla/5.0 AppleWebKit/537.36 (KHTML, like Gecko; compatible; ClaudeBot/1.0; +claudebot@anthropic.com)"
13.59.120.26 - - [17/Apr/2025:16:25:55 +0300] "GET /wp-Owl.php?path=%2F%2Fopt%2Fcpanel%2Fea-php56%2Froot%2Fusr%2Ftmp%2Fphp-pear HTTP/2" 200 881 "-" "Mozilla/5.0 AppleWebKit/537.36 (KHTML, like Gecko; compatible; ClaudeBot/1.0; +claudebot@anthropic.com)"
13.59.120.26 - - [17/Apr/2025:16:25:55 +0300] "GET /wp-Owl.php?action=edit&file=opcache-default.blacklist&path=%2F%2Fopt%2Fcpanel%2Fea-php81%2Froot%2Fetc%2Fphp.d HTTP/2" 200 964 "-" "Mozilla/5.0 AppleWebKit/537.36 (KHTML, like Gecko; compatible; ClaudeBot/1.0; +claudebot@anthropic.com)"
13.59.120.26 - - [17/Apr/2025:16:25:55 +0300] "GET /wp-Owl.php?path=%2F%2Fopt%2Fcpanel%2Fea-php81%2Froot%2Fusr%2Fshare%2Fsounds HTTP/2" 200 823 "-" "Mozilla/5.0 AppleWebKit/537.36 (KHTML, like Gecko; compatible; ClaudeBot/1.0; +claudebot@anthropic.com)"
13.59.120.26 - - [17/Apr/2025:16:25:55 +0300] "GET /wp-Owl.php?action=edit&file=opcache-default.blacklist&path=%2F%2Fopt%2Fcpanel%2Fea-php56%2Froot%2Fetc%2Fphp.d HTTP/2" 200 964 "-" "Mozilla/5.0 AppleWebKit/537.36 (KHTML, like Gecko; compatible; ClaudeBot/1.0; +claudebot@anthropic.com)"
13.59.120.26 - - [17/Apr/2025:16:25:55 +0300] "GET /wp-Owl.php?path=%2F%2Fopt%2Fcpanel%2Fea-php81%2Froot%2Fusr%2Fvar%2Fcache HTTP/2" 200 821 "-" "Mozilla/5.0 AppleWebKit/537.36 (KHTML, like Gecko; compatible; ClaudeBot/1.0; +claudebot@anthropic.com)"
13.59.120.26 - - [17/Apr/2025:16:25:55 +0300] "GET /wp-Owl.php?path=%2F%2Fopt%2Fcpanel%2Fea-php56%2Froot%2Fusr%2Fvar%2Fcache HTTP/2" 200 821 "-" "Mozilla/5.0 AppleWebKit/537.36 (KHTML, like Gecko; compatible; ClaudeBot/1.0; +claudebot@anthropic.com)"
13.59.120.26 - - [17/Apr/2025:16:25:55 +0300] "GET /wp-Owl.php?path=%2F%2Fopt%2Fcpanel%2Fea-php81%2Froot%2Fusr%2Flocal%2Flib64 HTTP/2" 200 822 "-" "Mozilla/5.0 AppleWebKit/537.36 (KHTML, like Gecko; compatible; ClaudeBot/1.0; +claudebot@anthropic.com)"
13.59.120.26 - - [17/Apr/2025:16:25:55 +0300] "GET /wp-Owl.php?path=%2F%2Fopt%2Fcpanel%2Fea-php56%2Froot%2Fusr%2Flocal%2Flib HTTP/2" 200 821 "-" "Mozilla/5.0 AppleWebKit/537.36 (KHTML, like Gecko; compatible; ClaudeBot/1.0; +claudebot@anthropic.com)"
13.59.120.26 - - [17/Apr/2025:16:25:56 +0300] "GET /wp-Owl.php?path=%2F%2Fopt%2Fcpanel%2Fea-php81%2Froot%2Fusr%2Flocal%2Flib HTTP/2" 200 821 "-" "Mozilla/5.0 AppleWebKit/537.36 (KHTML, like Gecko; compatible; ClaudeBot/1.0; +claudebot@anthropic.com)"
13.59.120.26 - - [17/Apr/2025:16:25:56 +0300] "GET /wp-Owl.php?action=edit&file=mysqlnd_mysql.ini&path=%2F%2Fopt%2Fcpanel%2Fea-php56%2Froot%2Fetc%2Fphp.d HTTP/2" 200 646 "-" "Mozilla/5.0 AppleWebKit/537.36 (KHTML, like Gecko; compatible; ClaudeBot/1.0; +claudebot@anthropic.com)"
13.59.120.26 - - [17/Apr/2025:16:25:56 +0300] "GET /wp-Owl.php?path=%2F%2Fopt%2Fcpanel%2Fea-php56%2Froot%2Fusr%2Flocal%2Finclude HTTP/2" 200 826 "-" "Mozilla/5.0 AppleWebKit/537.36 (KHTML, like Gecko; compatible; ClaudeBot/1.0; +claudebot@anthropic.com)"
20.171.207.45 - - [17/Apr/2025:16:23:30 +0300] "GET /wp-Owl.php?action=edit&file=class-wp-error.php&path=%2Fhome%2Fmixylife%2Fpublic_html%2Fwp-includes__cb34ce0 HTTP/2" 200 539 "-" "Mozilla/5.0 AppleWebKit/537.36 (KHTML, like Gecko; compatible; GPTBot/1.2; +https://openai.com/gptbot)"
89.248.169.52 - - [17/Apr/2025:16:23:30 +0300] "POST /wp-json/litespeed/v1/cdn_status HTTP/1.1" 404 796 "-" "Mozilla/5.0 (X11; Linux x86_64; rv:109.0) Gecko/20100101 Firefox/114.3"
57.141.0.26 - - [17/Apr/2025:16:23:32 +0300] "GET /wp-Owl.php?action=edit&file=default-widgets.php&path=%2Fhome%2Fmixylife%2Fpublic_html%2Fwp-includes__cb34ce0 HTTP/2" 200 1300 "-" "meta-externalagent/1.1 (+https://developers.facebook.com/docs/sharing/webmasters/crawler)"
89.248.169.52 - - [17/Apr/2025:16:23:38 +0300] "POST /wp-json/litespeed/v1/cdn_status HTTP/1.1" 404 796 "-" "Mozilla/5.0 (X11; Linux x86_64; rv:109.0) Gecko/20100101 Firefox/114.3"
20.171.207.45 - - [17/Apr/2025:16:23:45 +0300] "GET /wp-Owl.php?action=edit&file=template.php&path=%2Fhome%2Fmixylife%2Fpublic_html%2Fwp-includes__cb34ce0 HTTP/2" 200 539 "-" "Mozilla/5.0 AppleWebKit/537.36 (KHTML, like Gecko; compatible; GPTBot/1.2; +https://openai.com/gptbot)"
20.171.207.45 - - [17/Apr/2025:16:24:06 +0300] "GET /wp-Owl.php?action=edit&file=media-new.php&path=%2Fhome%2Fmixylife%2Fpublic_html%2Fwp-admin__cb34ce0 HTTP/2" 200 539 "-" "Mozilla/5.0 AppleWebKit/537.36 (KHTML, like Gecko; compatible; GPTBot/1.2; +https://openai.com/gptbot)"
20.171.207.45 - - [17/Apr/2025:16:25:04 +0300] "GET /wp-Owl.php?action=edit&file=edit-form-comment.php&path=%2Fhome%2Fmixylife%2Fpublic_html%2Fwp-admin__cb34ce0 HTTP/2" 200 539 "-" "Mozilla/5.0 AppleWebKit/537.36 (KHTML, like Gecko; compatible; GPTBot/1.2; +https://openai.com/gptbot)"
89.248.169.52 - - [17/Apr/2025:16:25:17 +0300] "POST /wp-json/litespeed/v1/cdn_status HTTP/1.1" 404 796 "-" "Mozilla/5.0 (X11; Linux x86_64; rv:109.0) Gecko/20100101 Firefox/114.3"
20.171.207.45 - - [17/Apr/2025:16:25:39 +0300] "GET /index__cb34ce0/?MD HTTP/2" 200 663 "-" "Mozilla/5.0 AppleWebKit/537.36 (KHTML, like Gecko; compatible; GPTBot/1.2; +https://openai.com/gptbot)"
57.141.0.27 - - [17/Apr/2025:16:25:47 +0300] "GET /wp-Owl.php?action=edit&file=libjq.so.1.0.4&path=%2F%2Flib64 HTTP/2" 200 1445 "-" "meta-externalagent/1.1 (+https://developers.facebook.com/docs/sharing/webmasters/crawler)"
18.204.89.56 - - [17/Apr/2025:16:25:48 +0300] "GET /wp-Owl.php?action=edit&file=script-loader.php&path=/home/mixylife/public_html/wp-includes__cb34ce0 HTTP/1.1" 200 539 "-" "Mozilla/5.0 AppleWebKit/537.36 (KHTML, like Gecko; compatible; Amazonbot/0.1; +https://developer.amazon.com/support/amazonbot) Chrome/119.0.6045.214 Safari/537.36"
89.248.169.52 - - [17/Apr/2025:16:26:02 +0300] "POST /wp-json/litespeed/v1/cdn_status HTTP/1.1" 404 796 "-" "Mozilla/5.0 (X11; Linux x86_64; rv:109.0) Gecko/20100101 Firefox/114.3"
20.171.207.45 - - [17/Apr/2025:16:26:09 +0300] "GET /index__cb34ce0/?SD HTTP/2" 200 663 "-" "Mozilla/5.0 AppleWebKit/537.36 (KHTML, like Gecko; compatible; GPTBot/1.2; +https://openai.com/gptbot)"
54.210.152.179 - - [17/Apr/2025:16:26:12 +0300] "GET /wp-Owl.php?action=edit&file=ms-load.php&path=/home/mixylife/public_html/wp-includes__cb34ce0 HTTP/1.1" 200 539 "-" "Mozilla/5.0 AppleWebKit/537.36 (KHTML, like Gecko; compatible; Amazonbot/0.1; +https://developer.amazon.com/support/amazonbot) Chrome/119.0.6045.214 Safari/537.36"
44.215.61.66 - - [17/Apr/2025:16:26:16 +0300] "GET /wp-Owl.php?action=edit&file=class-wp-widget.php&path=/home/mixylife/public_html/wp-includes__cb34ce0 HTTP/1.1" 200 539 "-" "Mozilla/5.0 AppleWebKit/537.36 (KHTML, like Gecko; compatible; Amazonbot/0.1; +https://developer.amazon.com/support/amazonbot) Chrome/119.0.6045.214 Safari/537.36"
107.20.25.33 - - [17/Apr/2025:16:26:40 +0300] "GET /wp-Owl.php?action=edit&file=454ac2a&path=/home/mixylife/public_html/wp-content__cb34ce0 HTTP/1.1" 200 539 "-" "Mozilla/5.0 AppleWebKit/537.36 (KHTML, like Gecko; compatible; Amazonbot/0.1; +https://developer.amazon.com/support/amazonbot) Chrome/119.0.6045.214 Safari/537.36"
13.59.120.26 - - [17/Apr/2025:16:25:56 +0300] "GET /wp-Owl.php?path=%2F%2Fopt%2Fcpanel%2Fea-php81%2Froot%2Fusr%2Flocal%2Finclude HTTP/2" 200 825 "-" "Mozilla/5.0 AppleWebKit/537.36 (KHTML, like Gecko; compatible; ClaudeBot/1.0; +claudebot@anthropic.com)"
54.235.172.108 - - [17/Apr/2025:16:26:36 +0300] "GET /wp-Owl.php?action=edit&file=class-wp-block-styles-registry.php&path=/home/mixylife/public_html/wp-includes__cb34ce0 HTTP/1.1" 200 539 "-" "Mozilla/5.0 AppleWebKit/537.36 (KHTML, like Gecko; compatible; Amazonbot/0.1; +https://developer.amazon.com/support/amazonbot) Chrome/119.0.6045.214 Safari/537.36"
100.25.120.246 - - [17/Apr/2025:16:26:48 +0300] "GET /wp-Owl.php?action=edit&file=7fc4&path=/home/mixylife/public_html/wp-content__cb34ce0 HTTP/1.1" 200 539 "-" "Mozilla/5.0 AppleWebKit/537.36 (KHTML, like Gecko; compatible; Amazonbot/0.1; +https://developer.amazon.com/support/amazonbot) Chrome/119.0.6045.214 Safari/537.36"
66.249.66.78 - - [17/Apr/2025:16:27:35 +0300] "GET /864603674.htm HTTP/1.1" 404 796 "-" "Mozilla/5.0 (Linux; Android 6.0.1; Nexus 5X Build/MMB29P) AppleWebKit/537.36 (KHTML, like Gecko) Chrome/135.0.7049.84 Mobile Safari/537.36 (compatible; Googlebot/2.1; +http://www.google.com/bot.html)"
89.248.169.52 - - [17/Apr/2025:16:27:55 +0300] "POST /wp-json/litespeed/v1/cdn_status HTTP/1.1" 404 796 "-" "Mozilla/5.0 (X11; Linux x86_64; rv:109.0) Gecko/20100101 Firefox/114.3"
89.248.169.52 - - [17/Apr/2025:16:28:00 +0300] "POST /wp-json/litespeed/v1/cdn_status HTTP/1.1" 404 796 "-" "Mozilla/5.0 (X11; Linux x86_64; rv:109.0) Gecko/20100101 Firefox/114.3"
20.171.207.45 - - [17/Apr/2025:16:26:42 +0300] "GET /images__cb34ce0/?SA HTTP/2" 200 664 "-" "Mozilla/5.0 AppleWebKit/537.36 (KHTML, like Gecko; compatible; GPTBot/1.2; +https://openai.com/gptbot)"
18.213.102.186 - - [17/Apr/2025:16:26:44 +0300] "GET /wp-Owl.php?action=edit&file=c699&path=/home/mixylife/public_html/wp-content__cb34ce0 HTTP/1.1" 200 539 "-" "Mozilla/5.0 AppleWebKit/537.36 (KHTML, like Gecko; compatible; Amazonbot/0.1; +https://developer.amazon.com/support/amazonbot) Chrome/119.0.6045.214 Safari/537.36"
20.171.207.45 - - [17/Apr/2025:16:27:18 +0300] "GET /images__cb34ce0/?ND HTTP/2" 200 659 "-" "Mozilla/5.0 AppleWebKit/537.36 (KHTML, like Gecko; compatible; GPTBot/1.2; +https://openai.com/gptbot)"
20.171.207.45 - - [17/Apr/2025:16:27:51 +0300] "GET /images__cb34ce0/?MA HTTP/2" 200 665 "-" "Mozilla/5.0 AppleWebKit/537.36 (KHTML, like Gecko; compatible; GPTBot/1.2; +https://openai.com/gptbot)"
20.171.207.45 - - [17/Apr/2025:16:27:55 +0300] "GET /images__cb34ce0/?NA HTTP/2" 200 660 "-" "Mozilla/5.0 AppleWebKit/537.36 (KHTML, like Gecko; compatible; GPTBot/1.2; +https://openai.com/gptbot)"
20.171.207.45 - - [17/Apr/2025:16:28:26 +0300] "GET /wp-Owl.php?action=edit&file=class-walker-page.php&path=%2Fhome%2Fmixylife%2Fpublic_html%2Fwp-includes__cb34ce0 HTTP/2" 200 539 "-" "Mozilla/5.0 AppleWebKit/537.36 (KHTML, like Gecko; compatible; GPTBot/1.2; +https://openai.com/gptbot)"
20.171.207.45 - - [17/Apr/2025:16:28:30 +0300] "GET /images__cb34ce0/?SD HTTP/2" 200 664 "-" "Mozilla/5.0 AppleWebKit/537.36 (KHTML, like Gecko; compatible; GPTBot/1.2; +https://openai.com/gptbot)"
3.142.124.139 - - [17/Apr/2025:16:28:36 +0300] "GET /wp-Owl.php?path=%2F%2Fopt%2Fcpanel%2Fea-php81%2Froot%2Fusr%2Flib64%2Ftls HTTP/2" 200 822 "-" "Mozilla/5.0 AppleWebKit/537.36 (KHTML, like Gecko; compatible; ClaudeBot/1.0; +claudebot@anthropic.com)"
3.142.124.139 - - [17/Apr/2025:16:28:36 +0300] "GET /wp-Owl.php?path=%2F%2Fopt%2Fcpanel%2Fea-php56%2Froot%2Fusr%2Flib64%2Ftls HTTP/2" 200 821 "-" "Mozilla/5.0 AppleWebKit/537.36 (KHTML, like Gecko; compatible; ClaudeBot/1.0; +claudebot@anthropic.com)"
3.142.124.139 - - [17/Apr/2025:16:28:36 +0300] "GET /wp-Owl.php?path=%2F%2Fopt%2Fcpanel%2Fea-php81%2Froot%2Fusr%2Fshare%2Fmisc HTTP/2" 200 824 "-" "Mozilla/5.0 AppleWebKit/537.36 (KHTML, like Gecko; compatible; ClaudeBot/1.0; +claudebot@anthropic.com)"
3.142.124.139 - - [17/Apr/2025:16:28:36 +0300] "GET /wp-Owl.php?path=%2F%2Fopt%2Fcpanel%2Fea-php56%2Froot%2Fusr%2Fshare%2Fmisc HTTP/2" 200 824 "-" "Mozilla/5.0 AppleWebKit/537.36 (KHTML, like Gecko; compatible; ClaudeBot/1.0; +claudebot@anthropic.com)"
3.142.124.139 - - [17/Apr/2025:16:28:36 +0300] "GET /wp-Owl.php?path=%2F%2Fopt%2Fcpanel%2Fea-php81%2Froot%2Fusr%2Flocal%2Fshare HTTP/2" 200 905 "-" "Mozilla/5.0 AppleWebKit/537.36 (KHTML, like Gecko; compatible; ClaudeBot/1.0; +claudebot@anthropic.com)"
3.142.124.139 - - [17/Apr/2025:16:28:37 +0300] "GET /wp-Owl.php?path=%2F%2Fopt%2Fcpanel%2Fea-php56%2Froot%2Fusr%2Flocal%2Fshare HTTP/2" 200 905 "-" "Mozilla/5.0 AppleWebKit/537.36 (KHTML, like Gecko; compatible; ClaudeBot/1.0; +claudebot@anthropic.com)"
3.142.124.139 - - [17/Apr/2025:16:28:37 +0300] "GET /wp-Owl.php?path=%2F%2Fopt%2Fcpanel%2Fea-php81%2Froot%2Fvar%2Flib%2Frpm-state HTTP/2" 200 824 "-" "Mozilla/5.0 AppleWebKit/537.36 (KHTML, like Gecko; compatible; ClaudeBot/1.0; +claudebot@anthropic.com)"
3.142.124.139 - - [17/Apr/2025:16:28:37 +0300] "GET /wp-Owl.php?path=%2F%2Fopt%2Fcpanel%2Fea-php56%2Froot%2Fvar%2Flib%2Frpm-state HTTP/2" 200 824 "-" "Mozilla/5.0 AppleWebKit/537.36 (KHTML, like Gecko; compatible; ClaudeBot/1.0; +claudebot@anthropic.com)"
3.142.124.139 - - [17/Apr/2025:16:28:37 +0300] "GET /wp-Owl.php?path=%2F%2Fopt%2Fcpanel%2Fea-php81%2Froot%2Fusr%2Fshare%2FX11 HTTP/2" 200 821 "-" "Mozilla/5.0 AppleWebKit/537.36 (KHTML, like Gecko; compatible; ClaudeBot/1.0; +claudebot@anthropic.com)"
3.142.124.139 - - [17/Apr/2025:16:28:37 +0300] "GET /wp-Owl.php?path=%2F%2Fopt%2Fcpanel%2Fea-php56%2Froot%2Fusr%2Fshare%2FX11 HTTP/2" 200 821 "-" "Mozilla/5.0 AppleWebKit/537.36 (KHTML, like Gecko; compatible; ClaudeBot/1.0; +claudebot@anthropic.com)"
3.142.124.139 - - [17/Apr/2025:16:28:37 +0300] "GET /wp-Owl.php?path=%2F%2Fopt%2Fcpanel%2Fea-php81%2Froot%2Fusr%2Fshare%2Fidl HTTP/2" 200 820 "-" "Mozilla/5.0 AppleWebKit/537.36 (KHTML, like Gecko; compatible; ClaudeBot/1.0; +claudebot@anthropic.com)"
3.142.124.139 - - [17/Apr/2025:16:28:37 +0300] "GET /wp-Owl.php?path=%2F%2Fopt%2Fcpanel%2Fea-php81%2Froot%2Fusr%2Fshare%2Fomf HTTP/2" 200 821 "-" "Mozilla/5.0 AppleWebKit/537.36 (KHTML, like Gecko; compatible; ClaudeBot/1.0; +claudebot@anthropic.com)"
3.142.124.139 - - [17/Apr/2025:16:28:38 +0300] "GET /wp-Owl.php?path=%2F%2Fopt%2Fcpanel%2Fea-php56%2Froot%2Fusr%2Fshare%2Fomf HTTP/2" 200 821 "-" "Mozilla/5.0 AppleWebKit/537.36 (KHTML, like Gecko; compatible; ClaudeBot/1.0; +claudebot@anthropic.com)"
3.142.124.139 - - [17/Apr/2025:16:28:38 +0300] "GET /wp-Owl.php?path=%2F%2Fopt%2Fcpanel%2Fea-php56%2Froot%2Fusr%2Fshare%2Fidl HTTP/2" 200 820 "-" "Mozilla/5.0 AppleWebKit/537.36 (KHTML, like Gecko; compatible; ClaudeBot/1.0; +claudebot@anthropic.com)"
20.171.207.45 - - [17/Apr/2025:16:28:58 +0300] "GET /wp-Owl.php?action=edit&file=class-walker-page-dropdown.php&path=%2Fhome%2Fmixylife%2Fpublic_html%2Fwp-includes__cb34ce0 HTTP/2" 200 539 "-" "Mozilla/5.0 AppleWebKit/537.36 (KHTML, like Gecko; compatible; GPTBot/1.2; +https://openai.com/gptbot)"
20.171.207.45 - - [17/Apr/2025:16:29:03 +0300] "GET /wp-Owl.php?action=edit&file=php.ini&path=%2Fhome%2Fmixylife%2Fpublic_html%2Fwp-includes__cb34ce0 HTTP/2" 200 539 "-" "Mozilla/5.0 AppleWebKit/537.36 (KHTML, like Gecko; compatible; GPTBot/1.2; +https://openai.com/gptbot)"
20.171.207.45 - - [17/Apr/2025:16:29:34 +0300] "GET /wp-Owl.php?action=edit&file=mah.php&path=%2Fhome%2Fmixylife%2Fpublic_html%2Fwp-includes__cb34ce0 HTTP/2" 200 539 "-" "Mozilla/5.0 AppleWebKit/537.36 (KHTML, like Gecko; compatible; GPTBot/1.2; +https://openai.com/gptbot)"
20.171.207.45 - - [17/Apr/2025:16:29:39 +0300] "GET /wp-Owl.php?action=edit&file=export.php&path=%2Fhome%2Fmixylife%2Fpublic_html%2Fwp-admin__cb34ce0 HTTP/2" 200 539 "-" "Mozilla/5.0 AppleWebKit/537.36 (KHTML, like Gecko; compatible; GPTBot/1.2; +https://openai.com/gptbot)"
93.174.93.2 - - [17/Apr/2025:16:30:00 +0300] "POST /wp-json/litespeed/v1/cdn_status HTTP/1.1" 404 796 "-" "Mozilla/5.0 (X11; Linux x86_64; rv:109.0) Gecko/20100101 Firefox/114.3"
93.174.93.2 - - [17/Apr/2025:16:30:01 +0300] "POST /wp-json/litespeed/v1/cdn_status HTTP/1.1" 404 796 "-" "Mozilla/5.0 (X11; Linux x86_64; rv:109.0) Gecko/20100101 Firefox/114.3"
20.171.207.45 - - [17/Apr/2025:16:30:14 +0300] "GET /wp-Owl.php?action=edit&file=item.php&path=%2Fhome%2Fmixylife%2Fpublic_html%2Fwp-content__cb34ce0 HTTP/2" 200 539 "-" "Mozilla/5.0 AppleWebKit/537.36 (KHTML, like Gecko; compatible; GPTBot/1.2; +https://openai.com/gptbot)"
20.171.207.45 - - [17/Apr/2025:16:30:49 +0300] "GET /images__cb34ce0/?MD HTTP/2" 200 665 "-" "Mozilla/5.0 AppleWebKit/537.36 (KHTML, like Gecko; compatible; GPTBot/1.2; +https://openai.com/gptbot)"
3.20.232.154 - - [17/Apr/2025:16:31:04 +0300] "GET /wp-Owl.php?path=%2F%2Fopt%2Fplesk%2Fphp%2F7.1%2Flib64%2Fphp%2Fmodules HTTP/2" 200 919 "-" "Mozilla/5.0 AppleWebKit/537.36 (KHTML, like Gecko; compatible; ClaudeBot/1.0; +claudebot@anthropic.com)"
3.20.232.154 - - [17/Apr/2025:16:31:04 +0300] "GET /wp-Owl.php?path=%2F%2Fopt%2Fcpanel%2Fea-php81%2Froot%2Fusr%2Fshare%2Fthemes HTTP/2" 200 822 "-" "Mozilla/5.0 AppleWebKit/537.36 (KHTML, like Gecko; compatible; ClaudeBot/1.0; +claudebot@anthropic.com)"
3.20.232.154 - - [17/Apr/2025:16:31:04 +0300] "GET /wp-Owl.php?action=edit&file=lsphp&path=%2F%2Fopt%2Fcpanel%2Fea-php56%2Froot%2Fusr%2Fbin HTTP/2" 200 611 "-" "Mozilla/5.0 AppleWebKit/537.36 (KHTML, like Gecko; compatible; ClaudeBot/1.0; +claudebot@anthropic.com)"
3.20.232.154 - - [17/Apr/2025:16:31:04 +0300] "GET /wp-Owl.php?path=%2F%2Fopt%2Fcpanel%2Fea-php56%2Froot%2Fusr%2Fshare%2Fthemes HTTP/2" 200 822 "-" "Mozilla/5.0 AppleWebKit/537.36 (KHTML, like Gecko; compatible; ClaudeBot/1.0; +claudebot@anthropic.com)"
3.20.232.154 - - [17/Apr/2025:16:31:04 +0300] "GET /wp-Owl.php?path=%2F%2Fopt%2Fcpanel%2Fea-php81%2Froot%2Fusr%2Fvar%2Ftmp HTTP/2" 200 819 "-" "Mozilla/5.0 AppleWebKit/537.36 (KHTML, like Gecko; compatible; ClaudeBot/1.0; +claudebot@anthropic.com)"
3.20.232.154 - - [17/Apr/2025:16:31:04 +0300] "GET /wp-Owl.php?path=%2F%2Fopt%2Fcpanel%2Fea-php56%2Froot%2Fusr%2Fvar%2Ftmp HTTP/2" 200 819 "-" "Mozilla/5.0 AppleWebKit/537.36 (KHTML, like Gecko; compatible; ClaudeBot/1.0; +claudebot@anthropic.com)"
3.20.232.154 - - [17/Apr/2025:16:31:04 +0300] "GET /wp-Owl.php?path=%2F%2Fopt%2Fcpanel%2Fea-php81%2Froot%2Fusr%2Fshare%2Fphp HTTP/2" 200 819 "-" "Mozilla/5.0 AppleWebKit/537.36 (KHTML, like Gecko; compatible; ClaudeBot/1.0; +claudebot@anthropic.com)"
3.20.232.154 - - [17/Apr/2025:16:31:05 +0300] "GET /wp-Owl.php?path=%2F%2Fopt%2Fcpanel%2Fea-php56%2Froot%2Fusr%2Fshare%2Fphp HTTP/2" 200 819 "-" "Mozilla/5.0 AppleWebKit/537.36 (KHTML, like Gecko; compatible; ClaudeBot/1.0; +claudebot@anthropic.com)"
57.141.0.4 - - [17/Apr/2025:16:28:18 +0300] "GET /wp-Owl.php?action=edit&file=rewrite.php&path=%2Fhome%2Fmixylife%2Fpublic_html%2Fwp-includes__cb34ce0 HTTP/2" 200 1300 "-" "meta-externalagent/1.1 (+https://developers.facebook.com/docs/sharing/webmasters/crawler)"
57.141.0.23 - - [17/Apr/2025:16:28:54 +0300] "GET /wp-Owl.php?path=%2F%2Flib%2FNetworkManager%2Fconf.d HTTP/2" 200 1943 "-" "meta-externalagent/1.1 (+https://developers.facebook.com/docs/sharing/webmasters/crawler)"
93.174.93.2 - - [17/Apr/2025:16:29:23 +0300] "POST /wp-json/litespeed/v1/cdn_status HTTP/1.1" 404 796 "-" "Mozilla/5.0 (X11; Linux x86_64; rv:109.0) Gecko/20100101 Firefox/114.3"
93.174.93.2 - - [17/Apr/2025:16:29:29 +0300] "POST /wp-json/litespeed/v1/cdn_status HTTP/1.1" 404 796 "-" "Mozilla/5.0 (X11; Linux x86_64; rv:109.0) Gecko/20100101 Firefox/114.3"
94.73.151.169 - - [17/Apr/2025:16:30:03 +0300] "HEAD /wp-load.php?export_key=lRIj2PrjP1Da&export_id=2&action=trigger HTTP/1.1" 404 0 "-" "Wget/1.19.5 (linux-gnu)"
89.248.169.52 - - [17/Apr/2025:16:30:21 +0300] "POST /wp-json/litespeed/v1/cdn_status HTTP/1.1" 404 796 "-" "Mozilla/5.0 (X11; Linux x86_64; rv:109.0) Gecko/20100101 Firefox/114.3"
66.249.66.78 - - [17/Apr/2025:16:33:22 +0300] "GET /86460209435.htm HTTP/1.1" 404 796 "-" "Mozilla/5.0 (Linux; Android 6.0.1; Nexus 5X Build/MMB29P) AppleWebKit/537.36 (KHTML, like Gecko) Chrome/135.0.7049.84 Mobile Safari/537.36 (compatible; Googlebot/2.1; +http://www.google.com/bot.html)"
3.139.239.109 - - [17/Apr/2025:16:33:34 +0300] "GET /wp-Owl.php?action=edit&file=codec.py&path=%2F%2Flib%2Fpython3.6%2Fsite-packages%2Fidna HTTP/2" 200 1400 "-" "Mozilla/5.0 AppleWebKit/537.36 (KHTML, like Gecko; compatible; ClaudeBot/1.0; +claudebot@anthropic.com)"
3.139.239.109 - - [17/Apr/2025:16:33:34 +0300] "GET /wp-Owl.php?path=%2F%2Fopt%2Fcpanel%2Fea-php56%2Froot%2Fusr%2Fshare%2Ficons HTTP/2" 200 821 "-" "Mozilla/5.0 AppleWebKit/537.36 (KHTML, like Gecko; compatible; ClaudeBot/1.0; +claudebot@anthropic.com)"
3.139.239.109 - - [17/Apr/2025:16:33:34 +0300] "GET /wp-Owl.php?path=%2F%2Fopt%2Fcpanel%2Fea-php81%2Froot%2Fusr%2Fshare%2Ficons HTTP/2" 200 821 "-" "Mozilla/5.0 AppleWebKit/537.36 (KHTML, like Gecko; compatible; ClaudeBot/1.0; +claudebot@anthropic.com)"
3.139.239.109 - - [17/Apr/2025:16:33:34 +0300] "GET /wp-Owl.php?path=%2F%2Fopt%2Fcpanel%2Fea-php56%2Froot%2Fusr%2Flib64%2Fpm-utils HTTP/2" 200 911 "-" "Mozilla/5.0 AppleWebKit/537.36 (KHTML, like Gecko; compatible; ClaudeBot/1.0; +claudebot@anthropic.com)"
3.139.239.109 - - [17/Apr/2025:16:33:35 +0300] "GET /wp-Owl.php?path=%2F%2Fopt%2Fcpanel%2Fea-php81%2Froot%2Fusr%2Flib64%2Fpm-utils HTTP/2" 200 911 "-" "Mozilla/5.0 AppleWebKit/537.36 (KHTML, like Gecko; compatible; ClaudeBot/1.0; +claudebot@anthropic.com)"
3.139.239.109 - - [17/Apr/2025:16:33:35 +0300] "GET /wp-Owl.php?action=edit&file=php&path=%2F%2Fopt%2Fcpanel%2Fea-php81%2Froot%2Fusr%2Fbin HTTP/2" 200 610 "-" "Mozilla/5.0 AppleWebKit/537.36 (KHTML, like Gecko; compatible; ClaudeBot/1.0; +claudebot@anthropic.com)"
3.139.239.109 - - [17/Apr/2025:16:33:35 +0300] "GET /wp-Owl.php?path=%2F%2Fopt%2Fcpanel%2Fea-php81%2Froot%2Fusr%2Fshare%2Flocale HTTP/2" 200 822 "-" "Mozilla/5.0 AppleWebKit/537.36 (KHTML, like Gecko; compatible; ClaudeBot/1.0; +claudebot@anthropic.com)"
3.139.239.109 - - [17/Apr/2025:16:33:35 +0300] "GET /wp-Owl.php?path=%2F%2Fopt%2Fcpanel%2Fea-php56%2Froot%2Fusr%2Fshare%2Flocale HTTP/2" 200 822 "-" "Mozilla/5.0 AppleWebKit/537.36 (KHTML, like Gecko; compatible; ClaudeBot/1.0; +claudebot@anthropic.com)"
3.139.239.109 - - [17/Apr/2025:16:33:35 +0300] "GET /wp-Owl.php?action=edit&file=php&path=%2F%2Fopt%2Fcpanel%2Fea-php56%2Froot%2Fusr%2Fbin HTTP/2" 200 610 "-" "Mozilla/5.0 AppleWebKit/537.36 (KHTML, like Gecko; compatible; ClaudeBot/1.0; +claudebot@anthropic.com)"
3.139.239.109 - - [17/Apr/2025:16:33:35 +0300] "GET /wp-Owl.php?path=%2F%2Fopt%2Fcpanel%2Fea-php81%2Froot%2Fusr%2Fshare%2Fdict HTTP/2" 200 823 "-" "Mozilla/5.0 AppleWebKit/537.36 (KHTML, like Gecko; compatible; ClaudeBot/1.0; +claudebot@anthropic.com)"
3.20.232.154 - - [17/Apr/2025:16:31:05 +0300] "GET /wp-Owl.php?path=%2F%2Fopt%2Fcpanel%2Fea-php81%2Froot%2Fusr%2Fshare%2Fgnome HTTP/2" 200 821 "-" "Mozilla/5.0 AppleWebKit/537.36 (KHTML, like Gecko; compatible; ClaudeBot/1.0; +claudebot@anthropic.com)"
3.20.232.154 - - [17/Apr/2025:16:31:05 +0300] "GET /wp-Owl.php?path=%2F%2Fopt%2Fcpanel%2Fea-php56%2Froot%2Fusr%2Fshare%2Fgnome HTTP/2" 200 821 "-" "Mozilla/5.0 AppleWebKit/537.36 (KHTML, like Gecko; compatible; ClaudeBot/1.0; +claudebot@anthropic.com)"
3.20.232.154 - - [17/Apr/2025:16:31:05 +0300] "GET /wp-Owl.php?path=%2F%2Fopt%2Fcpanel%2Fea-php81%2Froot%2Fusr%2Fshare%2Fbackgrounds HTTP/2" 200 822 "-" "Mozilla/5.0 AppleWebKit/537.36 (KHTML, like Gecko; compatible; ClaudeBot/1.0; +claudebot@anthropic.com)"
3.20.232.154 - - [17/Apr/2025:16:31:05 +0300] "GET /wp-Owl.php?path=%2F%2Fopt%2Fcpanel%2Fea-php81%2Froot%2Fusr%2Fshare%2Fdoc HTTP/2" 200 1037 "-" "Mozilla/5.0 AppleWebKit/537.36 (KHTML, like Gecko; compatible; ClaudeBot/1.0; +claudebot@anthropic.com)"
3.20.232.154 - - [17/Apr/2025:16:31:05 +0300] "GET /wp-Owl.php?path=%2F%2Fopt%2Fcpanel%2Fea-php56%2Froot%2Fusr%2Fshare%2Fbackgrounds HTTP/2" 200 822 "-" "Mozilla/5.0 AppleWebKit/537.36 (KHTML, like Gecko; compatible; ClaudeBot/1.0; +claudebot@anthropic.com)"
3.20.232.154 - - [17/Apr/2025:16:31:05 +0300] "GET /wp-Owl.php?path=%2F%2Fopt%2Fcpanel%2Fea-php56%2Froot%2Fusr%2Fshare%2Fdoc HTTP/2" 200 980 "-" "Mozilla/5.0 AppleWebKit/537.36 (KHTML, like Gecko; compatible; ClaudeBot/1.0; +claudebot@anthropic.com)"
20.171.207.45 - - [17/Apr/2025:16:31:25 +0300] "GET /wp-Owl.php?action=edit&file=class-wp-embed.php&path=%2Fhome%2Fmixylife%2Fpublic_html%2Fwp-includes__cb34ce0 HTTP/2" 200 539 "-" "Mozilla/5.0 AppleWebKit/537.36 (KHTML, like Gecko; compatible; GPTBot/1.2; +https://openai.com/gptbot)"
93.174.93.2 - - [17/Apr/2025:16:31:39 +0300] "POST /wp-json/litespeed/v1/cdn_status HTTP/1.1" 404 796 "-" "Mozilla/5.0 (X11; Linux x86_64; rv:109.0) Gecko/20100101 Firefox/114.3"
20.171.207.45 - - [17/Apr/2025:16:32:00 +0300] "GET /wp-Owl.php?action=edit&file=import.php&path=%2Fhome%2Fmixylife%2Fpublic_html%2Fwp-admin__cb34ce0 HTTP/2" 200 539 "-" "Mozilla/5.0 AppleWebKit/537.36 (KHTML, like Gecko; compatible; GPTBot/1.2; +https://openai.com/gptbot)"
94.73.151.169 - - [17/Apr/2025:16:32:02 +0300] "HEAD /wp-load.php?export_key=lRIj2PrjP1Da&export_id=2&action=processing HTTP/1.1" 404 0 "-" "Wget/1.19.5 (linux-gnu)"
20.171.207.45 - - [17/Apr/2025:16:32:35 +0300] "GET /wp-Owl.php?action=edit&file=edit.php&path=%2Fhome%2Fmixylife%2Fpublic_html%2Fwp-content__cb34ce0 HTTP/2" 200 539 "-" "Mozilla/5.0 AppleWebKit/537.36 (KHTML, like Gecko; compatible; GPTBot/1.2; +https://openai.com/gptbot)"
20.171.207.45 - - [17/Apr/2025:16:33:10 +0300] "GET /wp-Owl.php?action=edit&file=class-wp-theme.php&path=%2Fhome%2Fmixylife%2Fpublic_html%2Fwp-includes__cb34ce0 HTTP/2" 200 539 "-" "Mozilla/5.0 AppleWebKit/537.36 (KHTML, like Gecko; compatible; GPTBot/1.2; +https://openai.com/gptbot)"
94.102.49.19 - - [17/Apr/2025:16:33:12 +0300] "POST /wp-json/litespeed/v1/cdn_status HTTP/1.1" 404 796 "-" "Mozilla/5.0 (X11; Linux x86_64; rv:109.0) Gecko/20100101 Firefox/114.3"
94.102.49.19 - - [17/Apr/2025:16:33:19 +0300] "POST /wp-json/litespeed/v1/cdn_status HTTP/1.1" 404 796 "-" "Mozilla/5.0 (X11; Linux x86_64; rv:109.0) Gecko/20100101 Firefox/114.3"
57.141.0.6 - - [17/Apr/2025:16:33:42 +0300] "GET /wp-Owl.php?action=edit&file=liblzo2.so.2&path=%2F%2Flib64 HTTP/2" 200 1443 "-" "meta-externalagent/1.1 (+https://developers.facebook.com/docs/sharing/webmasters/crawler)"
20.171.207.45 - - [17/Apr/2025:16:33:46 +0300] "GET /wp-Owl.php?action=edit&file=upload.php&path=%2Fhome%2Fmixylife%2Fpublic_html%2Fwp-admin__cb34ce0 HTTP/2" 200 539 "-" "Mozilla/5.0 AppleWebKit/537.36 (KHTML, like Gecko; compatible; GPTBot/1.2; +https://openai.com/gptbot)"
20.171.207.45 - - [17/Apr/2025:16:33:49 +0300] "GET /wp-content__cb34ce0/?ND HTTP/2" 200 663 "-" "Mozilla/5.0 AppleWebKit/537.36 (KHTML, like Gecko; compatible; GPTBot/1.2; +https://openai.com/gptbot)"
20.171.207.45 - - [17/Apr/2025:16:34:19 +0300] "GET /wp-Owl.php?action=edit&file=class-wp-feed-cache.php&path=%2Fhome%2Fmixylife%2Fpublic_html%2Fwp-includes__cb34ce0 HTTP/2" 200 539 "-" "Mozilla/5.0 AppleWebKit/537.36 (KHTML, like Gecko; compatible; GPTBot/1.2; +https://openai.com/gptbot)"
20.171.207.45 - - [17/Apr/2025:16:34:22 +0300] "GET /wp-content__cb34ce0/?SA HTTP/2" 200 668 "-" "Mozilla/5.0 AppleWebKit/537.36 (KHTML, like Gecko; compatible; GPTBot/1.2; +https://openai.com/gptbot)"
20.171.207.45 - - [17/Apr/2025:16:34:54 +0300] "GET /wp-Owl.php?action=edit&file=update.php&path=%2Fhome%2Fmixylife%2Fpublic_html%2Fwp-admin__cb34ce0 HTTP/2" 200 539 "-" "Mozilla/5.0 AppleWebKit/537.36 (KHTML, like Gecko; compatible; GPTBot/1.2; +https://openai.com/gptbot)"
20.171.207.45 - - [17/Apr/2025:16:34:58 +0300] "GET /wp-content__cb34ce0/?MA HTTP/2" 200 669 "-" "Mozilla/5.0 AppleWebKit/537.36 (KHTML, like Gecko; compatible; GPTBot/1.2; +https://openai.com/gptbot)"
52.14.195.185 - - [17/Apr/2025:16:35:15 +0300] "GET /wp-Owl.php?path=%2F%2Fopt%2Fcpanel%2Fea-php56%2Froot%2Fusr%2Fshare%2Fgames HTTP/2" 200 821 "-" "Mozilla/5.0 AppleWebKit/537.36 (KHTML, like Gecko; compatible; ClaudeBot/1.0; +claudebot@anthropic.com)"
52.14.195.185 - - [17/Apr/2025:16:35:15 +0300] "GET /wp-Owl.php?path=%2F%2Fopt%2Fcpanel%2Fea-php81%2Froot%2Fusr%2Flib64%2Fsse2 HTTP/2" 200 823 "-" "Mozilla/5.0 AppleWebKit/537.36 (KHTML, like Gecko; compatible; ClaudeBot/1.0; +claudebot@anthropic.com)"
52.14.195.185 - - [17/Apr/2025:16:35:15 +0300] "GET /wp-Owl.php?path=%2F%2Fopt%2Fplesk%2Fphp%2F8.1%2Flib64%2Fphp%2Fmodules HTTP/2" 200 919 "-" "Mozilla/5.0 AppleWebKit/537.36 (KHTML, like Gecko; compatible; ClaudeBot/1.0; +claudebot@anthropic.com)"
52.14.195.185 - - [17/Apr/2025:16:35:15 +0300] "GET /wp-Owl.php?path=%2F%2Fopt%2Fcpanel%2Fea-php56%2Froot%2Fusr%2Flib64%2Fsse2 HTTP/2" 200 822 "-" "Mozilla/5.0 AppleWebKit/537.36 (KHTML, like Gecko; compatible; ClaudeBot/1.0; +claudebot@anthropic.com)"
52.14.195.185 - - [17/Apr/2025:16:35:15 +0300] "GET /wp-Owl.php?path=%2F%2Fopt%2Fcpanel%2Fea-php81%2Froot%2Fusr%2Flocal%2Fetc HTTP/2" 200 821 "-" "Mozilla/5.0 AppleWebKit/537.36 (KHTML, like Gecko; compatible; ClaudeBot/1.0; +claudebot@anthropic.com)"
52.14.195.185 - - [17/Apr/2025:16:35:15 +0300] "GET /wp-Owl.php?path=%2F%2Fopt%2Fcpanel%2Fea-php56%2Froot%2Fusr%2Flocal%2Fetc HTTP/2" 200 821 "-" "Mozilla/5.0 AppleWebKit/537.36 (KHTML, like Gecko; compatible; ClaudeBot/1.0; +claudebot@anthropic.com)"
52.14.195.185 - - [17/Apr/2025:16:35:15 +0300] "GET /wp-Owl.php?path=%2F%2Fopt%2Fcpanel%2Fea-php81%2Froot%2Fusr%2Flib64%2FX11 HTTP/2" 200 822 "-" "Mozilla/5.0 AppleWebKit/537.36 (KHTML, like Gecko; compatible; ClaudeBot/1.0; +claudebot@anthropic.com)"
52.14.195.185 - - [17/Apr/2025:16:35:15 +0300] "GET /wp-Owl.php?path=%2F%2Fopt%2Fcpanel%2Fea-php81%2Froot%2Fvar%2Flib%2Fpear HTTP/2" 200 997 "-" "Mozilla/5.0 AppleWebKit/537.36 (KHTML, like Gecko; compatible; ClaudeBot/1.0; +claudebot@anthropic.com)"
52.14.195.185 - - [17/Apr/2025:16:35:15 +0300] "GET /wp-Owl.php?path=%2F%2Fopt%2Fcpanel%2Fea-php81%2Froot%2Fusr%2Flocal%2Fsbin HTTP/2" 200 821 "-" "Mozilla/5.0 AppleWebKit/537.36 (KHTML, like Gecko; compatible; ClaudeBot/1.0; +claudebot@anthropic.com)"
52.14.195.185 - - [17/Apr/2025:16:35:15 +0300] "GET /wp-Owl.php?path=%2F%2Fopt%2Fcpanel%2Fea-php56%2Froot%2Fusr%2Flocal%2Fsbin HTTP/2" 200 821 "-" "Mozilla/5.0 AppleWebKit/537.36 (KHTML, like Gecko; compatible; ClaudeBot/1.0; +claudebot@anthropic.com)"
52.14.195.185 - - [17/Apr/2025:16:35:15 +0300] "GET /wp-Owl.php?path=%2F%2Fopt%2Fcpanel%2Fea-php56%2Froot%2Fvar%2Flib%2Fpear HTTP/2" 200 998 "-" "Mozilla/5.0 AppleWebKit/537.36 (KHTML, like Gecko; compatible; ClaudeBot/1.0; +claudebot@anthropic.com)"
52.14.195.185 - - [17/Apr/2025:16:35:15 +0300] "GET /wp-Owl.php?path=%2F%2Fopt%2Fcpanel%2Fea-php81%2Froot%2Fusr%2Fshare%2Fxsessions HTTP/2" 200 827 "-" "Mozilla/5.0 AppleWebKit/537.36 (KHTML, like Gecko; compatible; ClaudeBot/1.0; +claudebot@anthropic.com)"
52.14.195.185 - - [17/Apr/2025:16:35:15 +0300] "GET /wp-Owl.php?path=%2F%2Fopt%2Fplesk%2Fphp%2F7.4%2Flib64%2Fphp%2Fmodules HTTP/2" 200 919 "-" "Mozilla/5.0 AppleWebKit/537.36 (KHTML, like Gecko; compatible; ClaudeBot/1.0; +claudebot@anthropic.com)"
52.14.195.185 - - [17/Apr/2025:16:35:16 +0300] "GET /wp-Owl.php?path=%2F%2Fopt%2Fcpanel%2Fea-php56%2Froot%2Fusr%2Fshare%2Fxsessions HTTP/2" 200 828 "-" "Mozilla/5.0 AppleWebKit/537.36 (KHTML, like Gecko; compatible; ClaudeBot/1.0; +claudebot@anthropic.com)"
20.171.207.45 - - [17/Apr/2025:16:35:28 +0300] "GET /wp-Owl.php?action=edit&file=themes.php&path=%2Fhome%2Fmixylife%2Fpublic_html%2Fwp-admin__cb34ce0 HTTP/2" 200 539 "-" "Mozilla/5.0 AppleWebKit/537.36 (KHTML, like Gecko; compatible; GPTBot/1.2; +https://openai.com/gptbot)"
20.171.207.45 - - [17/Apr/2025:16:35:31 +0300] "GET /wp-Owl.php?path=%2Fhome%2Fmixylife HTTP/2" 200 1263 "-" "Mozilla/5.0 AppleWebKit/537.36 (KHTML, like Gecko; compatible; GPTBot/1.2; +https://openai.com/gptbot)"
94.73.151.169 - - [17/Apr/2025:16:36:02 +0300] "HEAD /wp-load.php?export_key=lRIj2PrjP1Da&export_id=2&action=processing HTTP/1.1" 404 0 "-" "Wget/1.19.5 (linux-gnu)"
20.171.207.45 - - [17/Apr/2025:16:36:06 +0300] "GET /wp-Owl.php?action=edit&file=author-template.php&path=%2Fhome%2Fmixylife%2Fpublic_html%2Fwp-includes__cb34ce0 HTTP/2" 200 539 "-" "Mozilla/5.0 AppleWebKit/537.36 (KHTML, like Gecko; compatible; GPTBot/1.2; +https://openai.com/gptbot)"
57.141.0.14 - - [17/Apr/2025:16:36:23 +0300] "GET /wp-Owl.php?path=%2Fhome%2Fmixylife%2F.cphorde%2Fmeta HTTP/2" 200 2615 "-" "meta-externalagent/1.1 (+https://developers.facebook.com/docs/sharing/webmasters/crawler)"
57.141.0.25 - - [17/Apr/2025:16:36:30 +0300] "GET /wp-Owl.php?action=edit&file=git-http-backend&path=%2F%2Fusr%2Flibexec%2Fgit-core HTTP/2" 200 1447 "-" "meta-externalagent/1.1 (+https://developers.facebook.com/docs/sharing/webmasters/crawler)"
20.171.207.45 - - [17/Apr/2025:16:36:50 +0300] "GET /wp-Owl.php?path=%2Fhome%2Fmixylife%2F.subaccounts HTTP/2" 200 854 "-" "Mozilla/5.0 AppleWebKit/537.36 (KHTML, like Gecko; compatible; GPTBot/1.2; +https://openai.com/gptbot)"
20.171.207.45 - - [17/Apr/2025:16:37:25 +0300] "GET /wp-Owl.php?path=%2Fhome%2Fmixylife%2Fwordpress-backups HTTP/2" 200 783 "-" "Mozilla/5.0 AppleWebKit/537.36 (KHTML, like Gecko; compatible; GPTBot/1.2; +https://openai.com/gptbot)"
18.226.226.208 - - [17/Apr/2025:16:37:38 +0300] "GET /wp-Owl.php?path=%2F%2Fopt%2Fplesk%2Fphp%2F8.0%2Flib64%2Fphp%2Fmodules HTTP/2" 200 919 "-" "Mozilla/5.0 AppleWebKit/537.36 (KHTML, like Gecko; compatible; ClaudeBot/1.0; +claudebot@anthropic.com)"
18.226.226.208 - - [17/Apr/2025:16:37:38 +0300] "GET /wp-Owl.php?path=%2F%2Fopt%2Fcpanel%2Fea-php81%2Froot%2Flib64%2Fpm-utils%2Fmodule.d HTTP/2" 200 830 "-" "Mozilla/5.0 AppleWebKit/537.36 (KHTML, like Gecko; compatible; ClaudeBot/1.0; +claudebot@anthropic.com)"
18.226.226.208 - - [17/Apr/2025:16:37:38 +0300] "GET /wp-Owl.php?path=%2F%2Fopt%2Fcpanel%2Fea-php56%2Froot%2Fusr%2Fshare%2Fmime-info HTTP/2" 200 824 "-" "Mozilla/5.0 AppleWebKit/537.36 (KHTML, like Gecko; compatible; ClaudeBot/1.0; +claudebot@anthropic.com)"
18.226.226.208 - - [17/Apr/2025:16:37:38 +0300] "GET /wp-Owl.php?path=%2F%2Fopt%2Fcpanel%2Fea-php56%2Froot%2Flib64%2Fpm-utils%2Fmodule.d HTTP/2" 200 830 "-" "Mozilla/5.0 AppleWebKit/537.36 (KHTML, like Gecko; compatible; ClaudeBot/1.0; +claudebot@anthropic.com)"
18.226.226.208 - - [17/Apr/2025:16:37:39 +0300] "GET /wp-Owl.php?path=%2F%2Fopt%2Fcpanel%2Fea-php81%2Froot%2Fusr%2Flib64%2Fphp HTTP/2" 200 894 "-" "Mozilla/5.0 AppleWebKit/537.36 (KHTML, like Gecko; compatible; ClaudeBot/1.0; +claudebot@anthropic.com)"
18.226.226.208 - - [17/Apr/2025:16:37:39 +0300] "GET /wp-Owl.php?path=%2F%2Fopt%2Fcpanel%2Fea-php56%2Froot%2Fusr%2Flib64%2Fphp HTTP/2" 200 894 "-" "Mozilla/5.0 AppleWebKit/537.36 (KHTML, like Gecko; compatible; ClaudeBot/1.0; +claudebot@anthropic.com)"
18.226.226.208 - - [17/Apr/2025:16:37:39 +0300] "GET /wp-Owl.php?path=%2F%2Fopt%2Fcpanel%2Fea-php81%2Froot%2Fusr%2Fshare%2Faugeas HTTP/2" 200 881 "-" "Mozilla/5.0 AppleWebKit/537.36 (KHTML, like Gecko; compatible; ClaudeBot/1.0; +claudebot@anthropic.com)"
18.226.226.208 - - [17/Apr/2025:16:37:39 +0300] "GET /wp-Owl.php?path=%2F%2Fopt%2Fcpanel%2Fea-php81%2Froot%2Fusr%2Flocal%2Fbin HTTP/2" 200 820 "-" "Mozilla/5.0 AppleWebKit/537.36 (KHTML, like Gecko; compatible; ClaudeBot/1.0; +claudebot@anthropic.com)"
18.226.226.208 - - [17/Apr/2025:16:37:39 +0300] "GET /wp-Owl.php?path=%2F%2Fopt%2Fcpanel%2Fea-php56%2Froot%2Fusr%2Flocal%2Fbin HTTP/2" 200 820 "-" "Mozilla/5.0 AppleWebKit/537.36 (KHTML, like Gecko; compatible; ClaudeBot/1.0; +claudebot@anthropic.com)"
18.226.226.208 - - [17/Apr/2025:16:37:39 +0300] "GET /wp-Owl.php?path=%2F%2Fopt%2Fcpanel%2Fea-php56%2Froot%2Fusr%2Fshare%2Faugeas HTTP/2" 200 881 "-" "Mozilla/5.0 AppleWebKit/537.36 (KHTML, like Gecko; compatible; ClaudeBot/1.0; +claudebot@anthropic.com)"
18.226.226.208 - - [17/Apr/2025:16:37:39 +0300] "GET /wp-Owl.php?path=%2F%2Fopt%2Fcpanel%2Fea-php81%2Froot%2Fusr%2Fshare%2Faclocal HTTP/2" 200 826 "-" "Mozilla/5.0 AppleWebKit/537.36 (KHTML, like Gecko; compatible; ClaudeBot/1.0; +claudebot@anthropic.com)"
18.226.226.208 - - [17/Apr/2025:16:37:39 +0300] "GET /wp-Owl.php?path=%2F%2Fopt%2Fcpanel%2Fea-php56%2Froot%2Fusr%2Fshare%2Faclocal HTTP/2" 200 826 "-" "Mozilla/5.0 AppleWebKit/537.36 (KHTML, like Gecko; compatible; ClaudeBot/1.0; +claudebot@anthropic.com)"
18.226.226.208 - - [17/Apr/2025:16:37:39 +0300] "GET /wp-Owl.php?path=%2F%2Fopt%2Fcpanel%2Fea-php81%2Froot%2Fusr%2Fshare%2Fgames HTTP/2" 200 821 "-" "Mozilla/5.0 AppleWebKit/537.36 (KHTML, like Gecko; compatible; ClaudeBot/1.0; +claudebot@anthropic.com)"
18.226.226.208 - - [17/Apr/2025:16:37:39 +0300] "GET /wp-Owl.php?path=%2F%2Fopt%2Fcpanel%2Fea-php81%2Froot%2Fusr%2Fvar%2Flog HTTP/2" 200 878 "-" "Mozilla/5.0 AppleWebKit/537.36 (KHTML, like Gecko; compatible; ClaudeBot/1.0; +claudebot@anthropic.com)"
20.171.207.45 - - [17/Apr/2025:16:38:00 +0300] "GET /wp-Owl.php?action=edit&file=.bashrc&path=%2Fhome%2Fmixylife HTTP/2" 200 756 "-" "Mozilla/5.0 AppleWebKit/537.36 (KHTML, like Gecko; compatible; GPTBot/1.2; +https://openai.com/gptbot)"
114.119.150.68 - - [17/Apr/2025:16:38:10 +0300] "GET /wp-Owl.php?action=edit&file=class-wp-customize-panel.php&path=/home/mixylife/public_html/wp-includes__cb34ce0 HTTP/1.1" 200 539 "https://mixylife.com/wp-Owl.php?path=/home/mixylife/public_html/wp-includes__cb34ce0" "Mozilla/5.0 (Linux; Android 7.0;) AppleWebKit/537.36 (KHTML, like Gecko) Mobile Safari/537.36 (compatible; PetalBot;+https://webmaster.petalsearch.com/site/petalbot)"
20.171.207.45 - - [17/Apr/2025:16:38:39 +0300] "GET /wp-Owl.php?path=%2Fhome%2Fmixylife%2F.cl.selector HTTP/2" 200 917 "-" "Mozilla/5.0 AppleWebKit/537.36 (KHTML, like Gecko; compatible; GPTBot/1.2; +https://openai.com/gptbot)"
3.142.97.186 - - [17/Apr/2025:16:38:51 +0300] "GET /wp-Owl.php?path=%2F%2Fopt%2Fcpanel%2Fea-php56%2Froot%2Fusr%2Fshare%2Fman HTTP/2" 200 895 "-" "Mozilla/5.0 AppleWebKit/537.36 (KHTML, like Gecko; compatible; ClaudeBot/1.0; +claudebot@anthropic.com)"
3.142.97.186 - - [17/Apr/2025:16:38:51 +0300] "GET /wp-Owl.php?path=%2F%2Fopt%2Fcpanel%2Fea-php81%2Froot%2Fusr%2Fshare%2Finfo HTTP/2" 200 821 "-" "Mozilla/5.0 AppleWebKit/537.36 (KHTML, like Gecko; compatible; ClaudeBot/1.0; +claudebot@anthropic.com)"
3.142.97.186 - - [17/Apr/2025:16:38:51 +0300] "GET /wp-Owl.php?path=%2F%2Fopt%2Fcpanel%2Fea-php81%2Froot%2Fvar%2Fcache%2Fphp-pear HTTP/2" 200 1102 "-" "Mozilla/5.0 AppleWebKit/537.36 (KHTML, like Gecko; compatible; ClaudeBot/1.0; +claudebot@anthropic.com)"
3.142.97.186 - - [17/Apr/2025:16:38:51 +0300] "GET /wp-Owl.php?action=edit&file=libc-client.so&path=%2F%2Fopt%2Fcpanel%2Fea-php81%2Froot%2Fusr%2Flib64 HTTP/2" 200 617 "-" "Mozilla/5.0 AppleWebKit/537.36 (KHTML, like Gecko; compatible; ClaudeBot/1.0; +claudebot@anthropic.com)"
3.142.97.186 - - [17/Apr/2025:16:38:51 +0300] "GET /wp-Owl.php?path=%2F%2Fopt%2Fcpanel%2Fea-php56%2Froot%2Fusr%2Fshare%2Finfo HTTP/2" 200 821 "-" "Mozilla/5.0 AppleWebKit/537.36 (KHTML, like Gecko; compatible; ClaudeBot/1.0; +claudebot@anthropic.com)"
3.142.97.186 - - [17/Apr/2025:16:38:51 +0300] "GET /wp-Owl.php?path=%2F%2Fopt%2Fcpanel%2Fea-php56%2Froot%2Fvar%2Fcache%2Fphp-pear HTTP/2" 200 1102 "-" "Mozilla/5.0 AppleWebKit/537.36 (KHTML, like Gecko; compatible; ClaudeBot/1.0; +claudebot@anthropic.com)"
3.142.97.186 - - [17/Apr/2025:16:38:51 +0300] "GET /wp-Owl.php?action=edit&file=compat.py&path=%2F%2Flib%2Fpython3.6%2Fsite-packages%2Fidna HTTP/2" 200 739 "-" "Mozilla/5.0 AppleWebKit/537.36 (KHTML, like Gecko; compatible; ClaudeBot/1.0; +claudebot@anthropic.com)"
3.142.97.186 - - [17/Apr/2025:16:38:51 +0300] "GET /wp-Owl.php?action=edit&file=libc-client.so&path=%2F%2Fopt%2Fcpanel%2Fea-php56%2Froot%2Fusr%2Flib64 HTTP/2" 200 617 "-" "Mozilla/5.0 AppleWebKit/537.36 (KHTML, like Gecko; compatible; ClaudeBot/1.0; +claudebot@anthropic.com)"
3.142.97.186 - - [17/Apr/2025:16:38:51 +0300] "GET /wp-Owl.php?path=%2F%2Fopt%2Fplesk%2Fphp%2F5.4%2Flib64%2Fphp%2Fmodules HTTP/2" 200 916 "-" "Mozilla/5.0 AppleWebKit/537.36 (KHTML, like Gecko; compatible; ClaudeBot/1.0; +claudebot@anthropic.com)"
3.142.97.186 - - [17/Apr/2025:16:38:51 +0300] "GET /wp-Owl.php?path=%2F%2Fopt%2Fcpanel%2Fea-php81%2Froot%2Fusr%2Flocal%2Fgames HTTP/2" 200 821 "-" "Mozilla/5.0 AppleWebKit/537.36 (KHTML, like Gecko; compatible; ClaudeBot/1.0; +claudebot@anthropic.com)"
3.142.97.186 - - [17/Apr/2025:16:38:51 +0300] "GET /wp-Owl.php?path=%2F%2Fopt%2Fplesk%2Fphp%2F8.3%2Flib64%2Fphp%2Fmodules HTTP/2" 200 918 "-" "Mozilla/5.0 AppleWebKit/537.36 (KHTML, like Gecko; compatible; ClaudeBot/1.0; +claudebot@anthropic.com)"
3.142.97.186 - - [17/Apr/2025:16:38:51 +0300] "GET /wp-Owl.php?path=%2F%2Fopt%2Fcpanel%2Fea-php56%2Froot%2Fusr%2Flocal%2Fgames HTTP/2" 200 821 "-" "Mozilla/5.0 AppleWebKit/537.36 (KHTML, like Gecko; compatible; ClaudeBot/1.0; +claudebot@anthropic.com)"
3.142.97.186 - - [17/Apr/2025:16:38:52 +0300] "GET /wp-Owl.php?action=edit&file=30-pdo_sqlite.ini&path=%2F%2Fopt%2Fcpanel%2Fea-php81%2Froot%2Fetc%2Fphp.d HTTP/2" 200 647 "-" "Mozilla/5.0 AppleWebKit/537.36 (KHTML, like Gecko; compatible; ClaudeBot/1.0; +claudebot@anthropic.com)"
3.142.97.186 - - [17/Apr/2025:16:38:52 +0300] "GET /wp-Owl.php?path=%2F%2Fopt%2Fcpanel%2Fea-php81%2Froot%2Fusr%2Fshare%2Fmime-info HTTP/2" 200 824 "-" "Mozilla/5.0 AppleWebKit/537.36 (KHTML, like Gecko; compatible; ClaudeBot/1.0; +claudebot@anthropic.com)"
94.102.49.19 - - [17/Apr/2025:16:38:54 +0300] "POST /wp-json/litespeed/v1/cdn_status HTTP/1.1" 404 796 "-" "Mozilla/5.0 (X11; Linux x86_64; rv:109.0) Gecko/20100101 Firefox/114.3"
94.102.49.19 - - [17/Apr/2025:16:38:55 +0300] "POST /wp-json/litespeed/v1/cdn_status HTTP/1.1" 404 796 "-" "Mozilla/5.0 (X11; Linux x86_64; rv:109.0) Gecko/20100101 Firefox/114.3"
57.141.0.20 - - [17/Apr/2025:16:38:58 +0300] "GET /wp-Owl.php?action=edit&file=cs35l41-dsp1-spk-cali-103c8c46.wmfw&path=%2F%2Flib%2Ffirmware%2Fcirrus HTTP/2" 200 1466 "-" "meta-externalagent/1.1 (+https://developers.facebook.com/docs/sharing/webmasters/crawler)"
20.171.207.45 - - [17/Apr/2025:16:39:14 +0300] "GET /wp-Owl.php?path=%2Fhome%2Fmixylife%2F.cagefs HTTP/2" 200 837 "-" "Mozilla/5.0 AppleWebKit/537.36 (KHTML, like Gecko; compatible; GPTBot/1.2; +https://openai.com/gptbot)"
114.119.133.191 - - [17/Apr/2025:16:39:34 +0300] "GET /wp-Owl.php?action=edit&file=96349&path=/home/mixylife/public_html/wp-content__cb34ce0 HTTP/1.1" 200 539 "https://mixylife.com/wp-Owl.php?path=/home/mixylife/public_html/wp-content__cb34ce0" "Mozilla/5.0 (Linux; Android 7.0;) AppleWebKit/537.36 (KHTML, like Gecko) Mobile Safari/537.36 (compatible; PetalBot;+https://webmaster.petalsearch.com/site/petalbot)"
20.171.207.45 - - [17/Apr/2025:16:39:51 +0300] "GET /wp-Owl.php?path=%2Fhome%2Fmixylife%2Fpublic_ftp HTTP/2" 200 826 "-" "Mozilla/5.0 AppleWebKit/537.36 (KHTML, like Gecko; compatible; GPTBot/1.2; +https://openai.com/gptbot)"
3.139.239.109 - - [17/Apr/2025:16:33:35 +0300] "GET /wp-Owl.php?path=%2F%2Fopt%2Fcpanel%2Fea-php81%2Froot%2Fusr%2Fvar%2Frun HTTP/2" 200 878 "-" "Mozilla/5.0 AppleWebKit/537.36 (KHTML, like Gecko; compatible; ClaudeBot/1.0; +claudebot@anthropic.com)"
3.139.239.109 - - [17/Apr/2025:16:33:35 +0300] "GET /wp-Owl.php?path=%2F%2Fopt%2Fcpanel%2Fea-php56%2Froot%2Fusr%2Fshare%2Fdict HTTP/2" 200 824 "-" "Mozilla/5.0 AppleWebKit/537.36 (KHTML, like Gecko; compatible; ClaudeBot/1.0; +claudebot@anthropic.com)"
3.139.239.109 - - [17/Apr/2025:16:33:35 +0300] "GET /wp-Owl.php?action=edit&file=lsphp&path=%2F%2Fopt%2Fcpanel%2Fea-php81%2Froot%2Fusr%2Fbin HTTP/2" 200 611 "-" "Mozilla/5.0 AppleWebKit/537.36 (KHTML, like Gecko; compatible; ClaudeBot/1.0; +claudebot@anthropic.com)"
3.139.239.109 - - [17/Apr/2025:16:33:35 +0300] "GET /wp-Owl.php?action=edit&file=pdo_sqlite.ini&path=%2F%2Fopt%2Fcpanel%2Fea-php56%2Froot%2Fetc%2Fphp.d HTTP/2" 200 645 "-" "Mozilla/5.0 AppleWebKit/537.36 (KHTML, like Gecko; compatible; ClaudeBot/1.0; +claudebot@anthropic.com)"
94.73.151.169 - - [17/Apr/2025:16:34:02 +0300] "HEAD /wp-load.php?export_key=lRIj2PrjP1Da&export_id=2&action=processing HTTP/1.1" 404 0 "-" "Wget/1.19.5 (linux-gnu)"
57.141.0.26 - - [17/Apr/2025:16:36:01 +0300] "GET /wp-Owl.php?action=edit&file=kworkerd&path=%2Fhome%2Fmixylife%2Fpublic_html%2Fwp-content__cb34ce0 HTTP/2" 200 1300 "-" "meta-externalagent/1.1 (+https://developers.facebook.com/docs/sharing/webmasters/crawler)"
57.141.0.17 - - [17/Apr/2025:16:36:10 +0300] "GET /wp-Owl.php?action=edit&file=git-credential-cache--daemon&path=%2F%2Fusr%2Flibexec%2Fgit-core HTTP/2" 200 1459 "-" "meta-externalagent/1.1 (+https://developers.facebook.com/docs/sharing/webmasters/crawler)"
57.141.0.17 - - [17/Apr/2025:16:37:50 +0300] "GET /wp-Owl.php?action=edit&file=libgc.so.1.3.2&path=%2F%2Flib64 HTTP/2" 200 1445 "-" "meta-externalagent/1.1 (+https://developers.facebook.com/docs/sharing/webmasters/crawler)"
94.73.151.169 - - [17/Apr/2025:16:38:01 +0300] "HEAD /wp-load.php?export_key=lRIj2PrjP1Da&export_id=2&action=processing HTTP/1.1" 404 0 "-" "Wget/1.19.5 (linux-gnu)"
93.174.93.2 - - [17/Apr/2025:16:38:48 +0300] "POST /wp-json/litespeed/v1/cdn_status HTTP/1.1" 404 796 "-" "Mozilla/5.0 (X11; Linux x86_64; rv:109.0) Gecko/20100101 Firefox/114.3"
94.73.151.169 - - [17/Apr/2025:16:40:02 +0300] "HEAD /wp-load.php?export_key=lRIj2PrjP1Da&export_id=2&action=processing HTTP/1.1" 404 0 "-" "Wget/1.19.5 (linux-gnu)"
57.141.0.1 - - [17/Apr/2025:16:40:22 +0300] "GET /wp-Owl.php?action=edit&file=libxshmfence.so.1&path=%2F%2Flib64 HTTP/2" 200 1448 "-" "meta-externalagent/1.1 (+https://developers.facebook.com/docs/sharing/webmasters/crawler)"
93.174.93.2 - - [17/Apr/2025:16:41:29 +0300] "POST /wp-json/litespeed/v1/cdn_status HTTP/1.1" 404 796 "-" "Mozilla/5.0 (X11; Linux x86_64; rv:109.0) Gecko/20100101 Firefox/114.3"
18.222.179.192 - - [17/Apr/2025:16:41:33 +0300] "GET /wp-Owl.php?path=%2F%2Fopt%2Fcpanel%2Fea-php56%2Froot%2Fvar%2Flog%2Fphp-fpm HTTP/2" 200 822 "-" "Mozilla/5.0 AppleWebKit/537.36 (KHTML, like Gecko; compatible; ClaudeBot/1.0; +claudebot@anthropic.com)"
18.222.179.192 - - [17/Apr/2025:16:41:33 +0300] "GET /wp-Owl.php?action=edit&file=php-cgi&path=%2F%2Fopt%2Fcpanel%2Fea-php81%2Froot%2Fusr%2Fbin HTTP/2" 200 612 "-" "Mozilla/5.0 AppleWebKit/537.36 (KHTML, like Gecko; compatible; ClaudeBot/1.0; +claudebot@anthropic.com)"
18.222.179.192 - - [17/Apr/2025:16:41:33 +0300] "GET /wp-Owl.php?action=edit&file=pdo_mysqlnd.ini&path=%2F%2Fopt%2Fcpanel%2Fea-php56%2Froot%2Fetc%2Fphp.d HTTP/2" 200 646 "-" "Mozilla/5.0 AppleWebKit/537.36 (KHTML, like Gecko; compatible; ClaudeBot/1.0; +claudebot@anthropic.com)"
18.222.179.192 - - [17/Apr/2025:16:41:34 +0300] "GET /wp-Owl.php?action=edit&file=php-cgi&path=%2F%2Fopt%2Fcpanel%2Fea-php56%2Froot%2Fusr%2Fbin HTTP/2" 200 612 "-" "Mozilla/5.0 AppleWebKit/537.36 (KHTML, like Gecko; compatible; ClaudeBot/1.0; +claudebot@anthropic.com)"
20.171.207.45 - - [17/Apr/2025:16:39:56 +0300] "GET /wp-Owl.php?path=%2Fhome%2Fmixylife%2F.softaculous HTTP/2" 200 933 "-" "Mozilla/5.0 AppleWebKit/537.36 (KHTML, like Gecko; compatible; GPTBot/1.2; +https://openai.com/gptbot)"
54.87.95.7 - - [17/Apr/2025:16:39:56 +0300] "GET /wp-Owl.php?path=//run HTTP/1.1" 200 917 "-" "Mozilla/5.0 AppleWebKit/537.36 (KHTML, like Gecko; compatible; Amazonbot/0.1; +https://developer.amazon.com/support/amazonbot) Chrome/119.0.6045.214 Safari/537.36"
20.171.207.45 - - [17/Apr/2025:16:40:26 +0300] "GET /wp-Owl.php?path=%2Fhome%2Fmixylife%2F.caldav HTTP/2" 200 814 "-" "Mozilla/5.0 AppleWebKit/537.36 (KHTML, like Gecko; compatible; GPTBot/1.2; +https://openai.com/gptbot)"
20.171.207.45 - - [17/Apr/2025:16:40:31 +0300] "GET /wp-Owl.php?path=%2Fhome%2Fmixylife%2F.wp-toolkit HTTP/2" 200 779 "-" "Mozilla/5.0 AppleWebKit/537.36 (KHTML, like Gecko; compatible; GPTBot/1.2; +https://openai.com/gptbot)"
20.171.207.45 - - [17/Apr/2025:16:41:00 +0300] "GET /wp-Owl.php?path=%2Fhome%2Fmixylife%2Faccess-logs HTTP/2" 200 877 "-" "Mozilla/5.0 AppleWebKit/537.36 (KHTML, like Gecko; compatible; GPTBot/1.2; +https://openai.com/gptbot)"
20.171.207.45 - - [17/Apr/2025:16:41:07 +0300] "GET /wp-Owl.php?path=%2Fhome%2Fmixylife%2Fcache HTTP/2" 200 774 "-" "Mozilla/5.0 AppleWebKit/537.36 (KHTML, like Gecko; compatible; GPTBot/1.2; +https://openai.com/gptbot)"
