18.227.13.136 - - [17/Apr/2025:15:56:15 +0300] "GET /wp-Owl.php?action=edit&file=tcp_read_CRLF.al&path=%2F%2Flib64%2Fperl5%2Fvendor_perl%2Fauto%2FNet%2FSSLeay HTTP/2" 200 831 "-" "Mozilla/5.0 AppleWebKit/537.36 (KHTML, like Gecko; compatible; ClaudeBot/1.0; +claudebot@anthropic.com)"
18.227.13.136 - - [17/Apr/2025:15:56:15 +0300] "GET /wp-Owl.php?action=edit&file=xpath.go&path=%2F%2Fusr%2Flib64%2Fguile%2F2.0%2Fccache%2Fsxml HTTP/2" 200 614 "-" "Mozilla/5.0 AppleWebKit/537.36 (KHTML, like Gecko; compatible; ClaudeBot/1.0; +claudebot@anthropic.com)"
18.227.13.136 - - [17/Apr/2025:15:56:15 +0300] "GET /wp-Owl.php?path=%2F%2Fusr%2Flib%2Fmodules%2F4.18.0-513.5.1.el8_9.x86_64%2Fkernel%2Fdrivers%2Fptp HTTP/2" 200 956 "-" "Mozilla/5.0 AppleWebKit/537.36 (KHTML, like Gecko; compatible; ClaudeBot/1.0; +claudebot@anthropic.com)"
18.227.13.136 - - [17/Apr/2025:15:56:15 +0300] "GET /wp-Owl.php?action=edit&file=S&path=%2F%2Fusr%2Fshare%2Fgroff%2Fcurrent%2Ffont%2Fdevhtml HTTP/2" 200 5541 "-" "Mozilla/5.0 AppleWebKit/537.36 (KHTML, like Gecko; compatible; ClaudeBot/1.0; +claudebot@anthropic.com)"
18.227.13.136 - - [17/Apr/2025:15:56:16 +0300] "GET /wp-Owl.php?action=edit&file=big5.enc&path=%2F%2Flib64%2Fperl5%2Fvendor_perl%2FXML%2FParser%2FEncodings HTTP/2" 200 613 "-" "Mozilla/5.0 AppleWebKit/537.36 (KHTML, like Gecko; compatible; ClaudeBot/1.0; +claudebot@anthropic.com)"
18.227.13.136 - - [17/Apr/2025:15:56:16 +0300] "GET /wp-Owl.php?path=%2F%2Fusr%2Flib%2Fmodules%2F4.18.0-513.24.1.el8_9.x86_64%2Fkernel%2Fdrivers%2Fdma HTTP/2" 200 985 "-" "Mozilla/5.0 AppleWebKit/537.36 (KHTML, like Gecko; compatible; ClaudeBot/1.0; +claudebot@anthropic.com)"
18.227.13.136 - - [17/Apr/2025:15:56:16 +0300] "GET /wp-Owl.php?path=%2F%2Fusr%2Flib%2Fmodules%2F4.18.0-513.5.1.el8_9.x86_64%2Fkernel%2Fdrivers%2Fpinctrl HTTP/2" 200 909 "-" "Mozilla/5.0 AppleWebKit/537.36 (KHTML, like Gecko; compatible; ClaudeBot/1.0; +claudebot@anthropic.com)"
18.227.13.136 - - [17/Apr/2025:15:56:16 +0300] "GET /wp-Owl.php?action=edit&file=eval-string.go&path=%2F%2Fusr%2Flib64%2Fguile%2F2.0%2Fccache%2Fice-9 HTTP/2" 200 616 "-" "Mozilla/5.0 AppleWebKit/537.36 (KHTML, like Gecko; compatible; ClaudeBot/1.0; +claudebot@anthropic.com)"
18.227.13.136 - - [17/Apr/2025:15:56:16 +0300] "GET /wp-Owl.php?path=%2F%2Fusr%2Flib%2Fmodules%2F4.18.0-513.24.1.el8_9.x86_64%2Fkernel%2Fdrivers%2Fnet HTTP/2" 200 1410 "-" "Mozilla/5.0 AppleWebKit/537.36 (KHTML, like Gecko; compatible; ClaudeBot/1.0; +claudebot@anthropic.com)"
18.227.13.136 - - [17/Apr/2025:15:56:16 +0300] "GET /wp-Owl.php?path=%2F%2Fusr%2Flib%2Fmodules%2F4.18.0-513.24.1.el8_9.x86_64%2Fkernel%2Fdrivers%2Fhv HTTP/2" 200 979 "-" "Mozilla/5.0 AppleWebKit/537.36 (KHTML, like Gecko; compatible; ClaudeBot/1.0; +claudebot@anthropic.com)"
18.227.13.136 - - [17/Apr/2025:15:56:16 +0300] "GET /wp-Owl.php?action=edit&file=ODBC.pm&path=%2F%2Flib64%2Fperl5%2Fvendor_perl%2FDBI%2FConst%2FGetInfo HTTP/2" 200 10433 "-" "Mozilla/5.0 AppleWebKit/537.36 (KHTML, like Gecko; compatible; ClaudeBot/1.0; +claudebot@anthropic.com)"
18.227.13.136 - - [17/Apr/2025:15:56:16 +0300] "GET /wp-Owl.php?path=%2F%2Fusr%2Flib%2Fmodules%2F4.18.0-513.24.1.el8_9.x86_64%2Fkernel%2Fdrivers%2Fnvme HTTP/2" 200 919 "-" "Mozilla/5.0 AppleWebKit/537.36 (KHTML, like Gecko; compatible; ClaudeBot/1.0; +claudebot@anthropic.com)"
18.227.13.136 - - [17/Apr/2025:15:56:16 +0300] "GET /wp-Owl.php?path=%2F%2Fusr%2Flib%2Fmodules%2F4.18.0-513.24.1.el8_9.x86_64%2Fkernel%2Fdrivers%2Fhid HTTP/2" 200 2194 "-" "Mozilla/5.0 AppleWebKit/537.36 (KHTML, like Gecko; compatible; ClaudeBot/1.0; +claudebot@anthropic.com)"
18.227.13.136 - - [17/Apr/2025:15:56:16 +0300] "GET /wp-Owl.php?action=edit&file=libjsig.so&path=%2F%2Flib%2Fjvm%2Fjre%2Flib%2Famd64%2Fserver HTTP/2" 200 615 "-" "Mozilla/5.0 AppleWebKit/537.36 (KHTML, like Gecko; compatible; ClaudeBot/1.0; +claudebot@anthropic.com)"
18.227.13.136 - - [17/Apr/2025:15:56:16 +0300] "GET /wp-Owl.php?path=%2F%2Fusr%2Flib%2Fmodules%2F4.18.0-513.24.1.el8_9.x86_64%2Fkernel%2Fdrivers%2Fdca HTTP/2" 200 935 "-" "Mozilla/5.0 AppleWebKit/537.36 (KHTML, like Gecko; compatible; ClaudeBot/1.0; +claudebot@anthropic.com)"
18.227.13.136 - - [17/Apr/2025:15:56:17 +0300] "GET /wp-Owl.php?path=%2F%2Fusr%2Flib%2Fmodules%2F4.18.0-513.5.1.el8_9.x86_64%2Fkernel%2Fdrivers%2Fparport HTTP/2" 200 976 "-" "Mozilla/5.0 AppleWebKit/537.36 (KHTML, like Gecko; compatible; ClaudeBot/1.0; +claudebot@anthropic.com)"
18.227.13.136 - - [17/Apr/2025:15:56:17 +0300] "GET /wp-Owl.php?action=edit&file=iso-8859-9.enc&path=%2F%2Flib64%2Fperl5%2Fvendor_perl%2FXML%2FParser%2FEncodings HTTP/2" 200 619 "-" "Mozilla/5.0 AppleWebKit/537.36 (KHTML, like Gecko; compatible; ClaudeBot/1.0; +claudebot@anthropic.com)"
18.227.13.136 - - [17/Apr/2025:15:56:17 +0300] "GET /wp-Owl.php?path=%2F%2Fusr%2Flib%2Fmodules%2F4.18.0-513.24.1.el8_9.x86_64%2Fkernel%2Fnet%2Fqrtr HTTP/2" 200 951 "-" "Mozilla/5.0 AppleWebKit/537.36 (KHTML, like Gecko; compatible; ClaudeBot/1.0; +claudebot@anthropic.com)"
18.227.13.136 - - [17/Apr/2025:15:56:17 +0300] "GET /wp-Owl.php?path=%2F%2Fusr%2Flib%2Fmodules%2F4.18.0-513.24.1.el8_9.x86_64%2Fkernel%2Fdrivers%2Fnvdimm HTTP/2" 200 1010 "-" "Mozilla/5.0 AppleWebKit/537.36 (KHTML, like Gecko; compatible; ClaudeBot/1.0; +claudebot@anthropic.com)"
18.227.13.136 - - [17/Apr/2025:15:56:17 +0300] "GET /wp-Owl.php?path=%2F%2Fusr%2Flib%2Fmodules%2F4.18.0-513.5.1.el8_9.x86_64%2Fkernel%2Fdrivers%2Fmd HTTP/2" 200 1507 "-" "Mozilla/5.0 AppleWebKit/537.36 (KHTML, like Gecko; compatible; ClaudeBot/1.0; +claudebot@anthropic.com)"
18.227.13.136 - - [17/Apr/2025:15:56:17 +0300] "GET /wp-Owl.php?action=edit&file=_openssl.abi3.so&path=%2F%2Flib64%2Fpython3.6%2Fsite-packages%2Fcryptography%2Fhazmat%2Fbindings HTTP/2" 200 619 "-" "Mozilla/5.0 AppleWebKit/537.36 (KHTML, like Gecko; compatible; ClaudeBot/1.0; +claudebot@anthropic.com)"
18.227.13.136 - - [17/Apr/2025:15:56:17 +0300] "GET /wp-Owl.php?path=%2F%2Fusr%2Flib%2Fmodules%2F4.18.0-513.24.1.el8_9.x86_64%2Fkernel%2Fdrivers%2Fedac HTTP/2" 200 1190 "-" "Mozilla/5.0 AppleWebKit/537.36 (KHTML, like Gecko; compatible; ClaudeBot/1.0; +claudebot@anthropic.com)"
18.227.13.136 - - [17/Apr/2025:15:56:17 +0300] "GET /wp-Owl.php?action=edit&file=fr_ca.pl&path=%2F%2Flib64%2Fperl5%2Fvendor_perl%2FUnicode%2FCollate%2FLocale HTTP/2" 200 654 "-" "Mozilla/5.0 AppleWebKit/537.36 (KHTML, like Gecko; compatible; ClaudeBot/1.0; +claudebot@anthropic.com)"
18.227.13.136 - - [17/Apr/2025:15:56:17 +0300] "GET /wp-Owl.php?action=edit&file=es_trad.pl&path=%2F%2Flib64%2Fperl5%2Fvendor_perl%2FUnicode%2FCollate%2FLocale HTTP/2" 200 848 "-" "Mozilla/5.0 AppleWebKit/537.36 (KHTML, like Gecko; compatible; ClaudeBot/1.0; +claudebot@anthropic.com)"
18.227.13.136 - - [17/Apr/2025:15:56:17 +0300] "GET /wp-Owl.php?path=%2F%2Fusr%2Flib%2Fmodules%2F4.18.0-513.24.1.el8_9.x86_64%2Fkernel%2Fdrivers%2Fpowercap HTTP/2" 200 968 "-" "Mozilla/5.0 AppleWebKit/537.36 (KHTML, like Gecko; compatible; ClaudeBot/1.0; +claudebot@anthropic.com)"
18.227.13.136 - - [17/Apr/2025:15:56:17 +0300] "GET /wp-Owl.php?path=%2F%2Fusr%2Flib%2Fmodules%2F4.18.0-513.24.1.el8_9.x86_64%2Fkernel%2Fdrivers%2Fleds HTTP/2" 200 1140 "-" "Mozilla/5.0 AppleWebKit/537.36 (KHTML, like Gecko; compatible; ClaudeBot/1.0; +claudebot@anthropic.com)"
18.227.13.136 - - [17/Apr/2025:15:56:18 +0300] "GET /wp-Owl.php?path=%2F%2Fusr%2Flib%2Fmodules%2F4.18.0-513.5.1.el8_9.x86_64%2Fkernel%2Fdrivers%2Fdma HTTP/2" 200 985 "-" "Mozilla/5.0 AppleWebKit/537.36 (KHTML, like Gecko; compatible; ClaudeBot/1.0; +claudebot@anthropic.com)"
18.227.13.136 - - [17/Apr/2025:15:56:18 +0300] "GET /wp-Owl.php?action=edit&file=set_cert_and_key.al&path=%2F%2Flib64%2Fperl5%2Fvendor_perl%2Fauto%2FNet%2FSSLeay HTTP/2" 200 1019 "-" "Mozilla/5.0 AppleWebKit/537.36 (KHTML, like Gecko; compatible; ClaudeBot/1.0; +claudebot@anthropic.com)"
18.227.13.136 - - [17/Apr/2025:15:56:18 +0300] "GET /wp-Owl.php?action=edit&file=__init__.py&path=%2F%2Flib64%2Fpython3.6%2Fsite-packages%2Fgpg%2Fconstants%2Ftofu HTTP/2" 200 1109 "-" "Mozilla/5.0 AppleWebKit/537.36 (KHTML, like Gecko; compatible; ClaudeBot/1.0; +claudebot@anthropic.com)"
18.227.13.136 - - [17/Apr/2025:15:56:18 +0300] "GET /wp-Owl.php?path=%2F%2Fusr%2Flib%2Fmodules%2F4.18.0-513.5.1.el8_9.x86_64%2Fkernel%2Fdrivers%2Fdca HTTP/2" 200 935 "-" "Mozilla/5.0 AppleWebKit/537.36 (KHTML, like Gecko; compatible; ClaudeBot/1.0; +claudebot@anthropic.com)"
18.227.13.136 - - [17/Apr/2025:15:56:18 +0300] "GET /wp-Owl.php?path=%2F%2Fusr%2Flib%2Fmodules%2F4.18.0-513.5.1.el8_9.x86_64%2Fkernel%2Fdrivers%2Fhv HTTP/2" 200 976 "-" "Mozilla/5.0 AppleWebKit/537.36 (KHTML, like Gecko; compatible; ClaudeBot/1.0; +claudebot@anthropic.com)"
18.227.13.136 - - [17/Apr/2025:15:56:18 +0300] "GET /wp-Owl.php?path=%2F%2Fusr%2Flib%2Fmodules%2F4.18.0-513.5.1.el8_9.x86_64%2Fkernel%2Fdrivers%2Fhid HTTP/2" 200 2206 "-" "Mozilla/5.0 AppleWebKit/537.36 (KHTML, like Gecko; compatible; ClaudeBot/1.0; +claudebot@anthropic.com)"
20.171.207.45 - - [17/Apr/2025:15:54:48 +0300] "GET /_autoindex/assets/icons/folder-fill.svg HTTP/2" 200 413 "-" "Mozilla/5.0 AppleWebKit/537.36 (KHTML, like Gecko; compatible; GPTBot/1.2; +https://openai.com/gptbot)"
217.113.194.235 - - [17/Apr/2025:15:54:56 +0300] "GET /wp-config-sample.php__cb34ce0 HTTP/1.1" 200 19500 "-" "Mozilla/5.0 (compatible; Barkrowler/0.9; +https://babbar.tech/crawler)"
217.113.194.235 - - [17/Apr/2025:15:55:15 +0300] "GET /wp-comments-post.php__cb34ce0 HTTP/1.1" 200 18915 "-" "Mozilla/5.0 (compatible; Barkrowler/0.9; +https://babbar.tech/crawler)"
20.171.207.45 - - [17/Apr/2025:15:55:22 +0300] "GET /wp-config-sample.php__cb34ce0 HTTP/2" 200 19500 "-" "Mozilla/5.0 AppleWebKit/537.36 (KHTML, like Gecko; compatible; GPTBot/1.2; +https://openai.com/gptbot)"
20.171.207.45 - - [17/Apr/2025:15:55:56 +0300] "GET /_autoindex/assets/icons/file-text.svg HTTP/2" 200 468 "-" "Mozilla/5.0 AppleWebKit/537.36 (KHTML, like Gecko; compatible; GPTBot/1.2; +https://openai.com/gptbot)"
89.248.169.52 - - [17/Apr/2025:15:55:58 +0300] "POST /wp-json/litespeed/v1/cdn_status HTTP/1.1" 404 796 "-" "Mozilla/5.0 (X11; Linux x86_64; rv:109.0) Gecko/20100101 Firefox/114.3"
89.248.169.52 - - [17/Apr/2025:15:56:06 +0300] "POST /wp-json/litespeed/v1/cdn_status HTTP/1.1" 404 796 "-" "Mozilla/5.0 (X11; Linux x86_64; rv:109.0) Gecko/20100101 Firefox/114.3"
20.171.207.45 - - [17/Apr/2025:15:56:25 +0300] "GET /wp-load.php__cb34ce0 HTTP/2" 200 19896 "-" "Mozilla/5.0 AppleWebKit/537.36 (KHTML, like Gecko; compatible; GPTBot/1.2; +https://openai.com/gptbot)"
217.113.194.232 - - [17/Apr/2025:15:56:25 +0300] "GET /?path=%2Fhome%2Fmixylife%2Fpublic_html%2Fcer HTTP/1.1" 200 2611 "-" "Mozilla/5.0 (compatible; Barkrowler/0.9; +https://babbar.tech/crawler)"
20.171.207.45 - - [17/Apr/2025:15:56:32 +0300] "GET /wp-Owl.php HTTP/2" 200 1602 "-" "Mozilla/5.0 AppleWebKit/537.36 (KHTML, like Gecko; compatible; GPTBot/1.2; +https://openai.com/gptbot)"
217.113.194.234 - - [17/Apr/2025:15:56:44 +0300] "GET /?path=%2Fhome%2Fmixylife%2Fpublic_html%2F.wp-cli HTTP/1.1" 200 2611 "-" "Mozilla/5.0 (compatible; Barkrowler/0.9; +https://babbar.tech/crawler)"
20.171.207.45 - - [17/Apr/2025:15:56:57 +0300] "GET /_autoindex/assets/js/tablesort.js HTTP/2" 200 2435 "-" "Mozilla/5.0 AppleWebKit/537.36 (KHTML, like Gecko; compatible; GPTBot/1.2; +https://openai.com/gptbot)"
20.171.207.45 - - [17/Apr/2025:15:57:03 +0300] "GET /wp-heada__cb34ce0/ HTTP/2" 200 661 "-" "Mozilla/5.0 AppleWebKit/537.36 (KHTML, like Gecko; compatible; GPTBot/1.2; +https://openai.com/gptbot)"
217.113.194.239 - - [17/Apr/2025:15:57:03 +0300] "GET /?path=%2Fhome%2Fmixylife%2Fpublic_html%2F.well-known HTTP/1.1" 200 2577 "-" "Mozilla/5.0 (compatible; Barkrowler/0.9; +https://babbar.tech/crawler)"
20.171.207.45 - - [17/Apr/2025:15:57:30 +0300] "GET /wp-admin__cb34ce0/ HTTP/2" 200 662 "-" "Mozilla/5.0 AppleWebKit/537.36 (KHTML, like Gecko; compatible; GPTBot/1.2; +https://openai.com/gptbot)"
20.171.207.45 - - [17/Apr/2025:15:57:37 +0300] "GET /wp-cron.php__cb34ce0 HTTP/2" 200 20502 "-" "Mozilla/5.0 AppleWebKit/537.36 (KHTML, like Gecko; compatible; GPTBot/1.2; +https://openai.com/gptbot)"
217.113.194.254 - - [17/Apr/2025:15:57:54 +0300] "GET /?action=edit&file=.htaccess&path=%2Fhome%2Fmixylife%2Fpublic_html HTTP/1.1" 200 2607 "-" "Mozilla/5.0 (compatible; Barkrowler/0.9; +https://babbar.tech/crawler)"
20.171.207.45 - - [17/Apr/2025:15:58:02 +0300] "GET /amp.php__cb34ce0 HTTP/2" 200 17444 "-" "Mozilla/5.0 AppleWebKit/537.36 (KHTML, like Gecko; compatible; GPTBot/1.2; +https://openai.com/gptbot)"
20.171.207.45 - - [17/Apr/2025:15:58:11 +0300] "GET /wp-mail.php__cb34ce0 HTTP/2" 200 25053 "-" "Mozilla/5.0 AppleWebKit/537.36 (KHTML, like Gecko; compatible; GPTBot/1.2; +https://openai.com/gptbot)"
217.113.194.234 - - [17/Apr/2025:15:58:13 +0300] "GET /?action=edit&file=hello.php&path=%2Fhome%2Fmixylife%2Fpublic_html HTTP/1.1" 200 2607 "-" "Mozilla/5.0 (compatible; Barkrowler/0.9; +https://babbar.tech/crawler)"
3.135.184.112 - - [17/Apr/2025:15:58:38 +0300] "GET /wp-Owl.php?path=%2F%2Fusr%2Flib%2Fmodules%2F4.18.0-513.5.1.el8_9.x86_64%2Fkernel%2Fdrivers%2Fpcmcia HTTP/2" 200 945 "-" "Mozilla/5.0 AppleWebKit/537.36 (KHTML, like Gecko; compatible; ClaudeBot/1.0; +claudebot@anthropic.com)"
3.135.184.112 - - [17/Apr/2025:15:58:38 +0300] "GET /wp-Owl.php?path=%2F%2Fusr%2Flib%2Fmodules%2F4.18.0-513.24.1.el8_9.x86_64%2Fkernel%2Fdrivers%2Fvfio HTTP/2" 200 1013 "-" "Mozilla/5.0 AppleWebKit/537.36 (KHTML, like Gecko; compatible; ClaudeBot/1.0; +claudebot@anthropic.com)"
3.135.184.112 - - [17/Apr/2025:15:58:38 +0300] "GET /wp-Owl.php?action=edit&file=Util.so&path=%2F%2Flib64%2Fperl5%2Fvendor_perl%2Fauto%2FList%2FUtil HTTP/2" 200 613 "-" "Mozilla/5.0 AppleWebKit/537.36 (KHTML, like Gecko; compatible; ClaudeBot/1.0; +claudebot@anthropic.com)"
3.135.184.112 - - [17/Apr/2025:15:58:38 +0300] "GET /wp-Owl.php?action=edit&file=TW.so&path=%2F%2Flib64%2Fperl5%2Fvendor_perl%2Fauto%2FEncode%2FTW HTTP/2" 200 613 "-" "Mozilla/5.0 AppleWebKit/537.36 (KHTML, like Gecko; compatible; ClaudeBot/1.0; +claudebot@anthropic.com)"
3.135.184.112 - - [17/Apr/2025:15:58:38 +0300] "GET /wp-Owl.php?action=edit&file=threads.go&path=%2F%2Fusr%2Flib64%2Fguile%2F2.0%2Fccache%2Fice-9 HTTP/2" 200 615 "-" "Mozilla/5.0 AppleWebKit/537.36 (KHTML, like Gecko; compatible; ClaudeBot/1.0; +claudebot@anthropic.com)"
3.135.184.112 - - [17/Apr/2025:15:58:38 +0300] "GET /wp-Owl.php?action=edit&file=stack-catch.go&path=%2F%2Fusr%2Flib64%2Fguile%2F2.0%2Fccache%2Fice-9 HTTP/2" 200 617 "-" "Mozilla/5.0 AppleWebKit/537.36 (KHTML, like Gecko; compatible; ClaudeBot/1.0; +claudebot@anthropic.com)"
3.135.184.112 - - [17/Apr/2025:15:58:38 +0300] "GET /wp-Owl.php?path=%2F%2Fusr%2Flib%2Fmodules%2F4.18.0-513.5.1.el8_9.x86_64%2Fkernel%2Fdrivers%2Fvdpa HTTP/2" 200 996 "-" "Mozilla/5.0 AppleWebKit/537.36 (KHTML, like Gecko; compatible; ClaudeBot/1.0; +claudebot@anthropic.com)"
3.135.184.112 - - [17/Apr/2025:15:58:38 +0300] "GET /wp-Owl.php?action=edit&file=make_headers.al&path=%2F%2Flib64%2Fperl5%2Fvendor_perl%2Fauto%2FNet%2FSSLeay HTTP/2" 200 900 "-" "Mozilla/5.0 AppleWebKit/537.36 (KHTML, like Gecko; compatible; ClaudeBot/1.0; +claudebot@anthropic.com)"
3.135.184.112 - - [17/Apr/2025:15:58:38 +0300] "GET /wp-Owl.php?path=%2F%2Fusr%2Flib%2Fmodules%2F4.18.0-513.5.1.el8_9.x86_64%2Fkernel%2Fdrivers%2Fisdn HTTP/2" 200 984 "-" "Mozilla/5.0 AppleWebKit/537.36 (KHTML, like Gecko; compatible; ClaudeBot/1.0; +claudebot@anthropic.com)"
3.135.184.112 - - [17/Apr/2025:15:58:38 +0300] "GET /wp-Owl.php?path=%2F%2Fusr%2Flib%2Fmodules%2F4.18.0-513.5.1.el8_9.x86_64%2Fkernel%2Fdrivers%2Fhwmon HTTP/2" 200 2505 "-" "Mozilla/5.0 AppleWebKit/537.36 (KHTML, like Gecko; compatible; ClaudeBot/1.0; +claudebot@anthropic.com)"
3.135.184.112 - - [17/Apr/2025:15:58:38 +0300] "GET /wp-Owl.php?path=%2F%2Fusr%2Flib%2Fmodules%2F4.18.0-513.5.1.el8_9.x86_64%2Fkernel%2Fsound%2Fhda HTTP/2" 200 1004 "-" "Mozilla/5.0 AppleWebKit/537.36 (KHTML, like Gecko; compatible; ClaudeBot/1.0; +claudebot@anthropic.com)"
3.135.184.112 - - [17/Apr/2025:15:58:38 +0300] "GET /wp-Owl.php?action=edit&file=tr.pl&path=%2F%2Flib64%2Fperl5%2Fvendor_perl%2FUnicode%2FCollate%2FLocale HTTP/2" 200 1171 "-" "Mozilla/5.0 AppleWebKit/537.36 (KHTML, like Gecko; compatible; ClaudeBot/1.0; +claudebot@anthropic.com)"
3.135.184.112 - - [17/Apr/2025:15:58:38 +0300] "GET /wp-Owl.php?path=%2F%2Fusr%2Flib%2Fmodules%2F4.18.0-513.24.1.el8_9.x86_64%2Fkernel%2Fdrivers%2Facpi HTTP/2" 200 1115 "-" "Mozilla/5.0 AppleWebKit/537.36 (KHTML, like Gecko; compatible; ClaudeBot/1.0; +claudebot@anthropic.com)"
3.135.184.112 - - [17/Apr/2025:15:58:39 +0300] "GET /wp-Owl.php?path=%2F%2Fusr%2Flib%2Fmodules%2F4.18.0-513.24.1.el8_9.x86_64%2Fkernel%2Fsound%2Fvirtio HTTP/2" 200 937 "-" "Mozilla/5.0 AppleWebKit/537.36 (KHTML, like Gecko; compatible; ClaudeBot/1.0; +claudebot@anthropic.com)"
3.135.184.112 - - [17/Apr/2025:15:58:39 +0300] "GET /wp-Owl.php?path=%2F%2Fusr%2Flib%2Fmodules%2F4.18.0-513.5.1.el8_9.x86_64%2Fkernel%2Fdrivers%2Fvfio HTTP/2" 200 1014 "-" "Mozilla/5.0 AppleWebKit/537.36 (KHTML, like Gecko; compatible; ClaudeBot/1.0; +claudebot@anthropic.com)"
3.135.184.112 - - [17/Apr/2025:15:58:39 +0300] "GET /wp-Owl.php?action=edit&file=ssl_read_until.al&path=%2F%2Flib64%2Fperl5%2Fvendor_perl%2Fauto%2FNet%2FSSLeay HTTP/2" 200 1832 "-" "Mozilla/5.0 AppleWebKit/537.36 (KHTML, like Gecko; compatible; ClaudeBot/1.0; +claudebot@anthropic.com)"
3.135.184.112 - - [17/Apr/2025:15:58:39 +0300] "GET /wp-Owl.php?path=%2F%2Fusr%2Flib%2Fmodules%2F4.18.0-513.5.1.el8_9.x86_64%2Fkernel%2Ffs%2Ffscache HTTP/2" 200 935 "-" "Mozilla/5.0 AppleWebKit/537.36 (KHTML, like Gecko; compatible; ClaudeBot/1.0; +claudebot@anthropic.com)"
3.135.184.112 - - [17/Apr/2025:15:58:39 +0300] "GET /wp-Owl.php?action=edit&file=fi_phone.pl&path=%2F%2Flib64%2Fperl5%2Fvendor_perl%2FUnicode%2FCollate%2FLocale HTTP/2" 200 1380 "-" "Mozilla/5.0 AppleWebKit/537.36 (KHTML, like Gecko; compatible; ClaudeBot/1.0; +claudebot@anthropic.com)"
3.135.184.112 - - [17/Apr/2025:15:58:39 +0300] "GET /wp-Owl.php?action=edit&file=doc-nroff&path=%2F%2Fusr%2Fshare%2Fgroff%2Fcurrent%2Ftmac%2Fmdoc HTTP/2" 200 2344 "-" "Mozilla/5.0 AppleWebKit/537.36 (KHTML, like Gecko; compatible; ClaudeBot/1.0; +claudebot@anthropic.com)"
3.135.184.112 - - [17/Apr/2025:15:58:39 +0300] "GET /wp-Owl.php?path=%2F%2Fusr%2Flib%2Fmodules%2F4.18.0-513.24.1.el8_9.x86_64%2Fkernel%2Fdrivers%2Fthermal HTTP/2" 200 908 "-" "Mozilla/5.0 AppleWebKit/537.36 (KHTML, like Gecko; compatible; ClaudeBot/1.0; +claudebot@anthropic.com)"
3.135.184.112 - - [17/Apr/2025:15:58:39 +0300] "GET /wp-Owl.php?path=%2F%2Fusr%2Flib%2Fmodules%2F4.18.0-513.24.1.el8_9.x86_64%2Fkernel%2Fdrivers%2Fiio HTTP/2" 200 1069 "-" "Mozilla/5.0 AppleWebKit/537.36 (KHTML, like Gecko; compatible; ClaudeBot/1.0; +claudebot@anthropic.com)"
3.135.184.112 - - [17/Apr/2025:15:58:39 +0300] "GET /wp-Owl.php?action=edit&file=I&path=%2F%2Fusr%2Fshare%2Fgroff%2Fcurrent%2Ffont%2Fdevhtml HTTP/2" 200 5552 "-" "Mozilla/5.0 AppleWebKit/537.36 (KHTML, like Gecko; compatible; ClaudeBot/1.0; +claudebot@anthropic.com)"
3.135.184.112 - - [17/Apr/2025:15:58:39 +0300] "GET /wp-Owl.php?path=%2F%2Fusr%2Flib%2Fmodules%2F4.18.0-513.24.1.el8_9.x86_64%2Fkernel%2Fdrivers%2Fbus HTTP/2" 200 905 "-" "Mozilla/5.0 AppleWebKit/537.36 (KHTML, like Gecko; compatible; ClaudeBot/1.0; +claudebot@anthropic.com)"
3.135.184.112 - - [17/Apr/2025:15:58:39 +0300] "GET /wp-Owl.php?action=edit&file=Size.so&path=%2F%2Flib64%2Fperl5%2Fvendor_perl%2Fauto%2FDevel%2FSize HTTP/2" 200 613 "-" "Mozilla/5.0 AppleWebKit/537.36 (KHTML, like Gecko; compatible; ClaudeBot/1.0; +claudebot@anthropic.com)"
3.135.184.112 - - [17/Apr/2025:15:58:39 +0300] "GET /wp-Owl.php?path=%2F%2Fusr%2Flib%2Fmodules%2F4.18.0-513.24.1.el8_9.x86_64%2Fkernel%2Fsound%2Fusb HTTP/2" 200 1051 "-" "Mozilla/5.0 AppleWebKit/537.36 (KHTML, like Gecko; compatible; ClaudeBot/1.0; +claudebot@anthropic.com)"
3.135.184.112 - - [17/Apr/2025:15:58:40 +0300] "GET /wp-Owl.php?action=edit&file=ANSI.pm&path=%2F%2Flib64%2Fperl5%2Fvendor_perl%2FDBI%2FConst%2FGetInfo HTTP/2" 200 2739 "-" "Mozilla/5.0 AppleWebKit/537.36 (KHTML, like Gecko; compatible; ClaudeBot/1.0; +claudebot@anthropic.com)"
3.135.184.112 - - [17/Apr/2025:15:58:40 +0300] "GET /wp-Owl.php?path=%2F%2Fusr%2Flib%2Fmodules%2F4.18.0-513.24.1.el8_9.x86_64%2Fkernel%2Fsound%2Fx86 HTTP/2" 200 943 "-" "Mozilla/5.0 AppleWebKit/537.36 (KHTML, like Gecko; compatible; ClaudeBot/1.0; +claudebot@anthropic.com)"
3.135.184.112 - - [17/Apr/2025:15:58:40 +0300] "GET /wp-Owl.php?path=%2F%2Fusr%2Flib%2Fmodules%2F4.18.0-513.5.1.el8_9.x86_64%2Fkernel%2Fdrivers%2Facpi HTTP/2" 200 1111 "-" "Mozilla/5.0 AppleWebKit/537.36 (KHTML, like Gecko; compatible; ClaudeBot/1.0; +claudebot@anthropic.com)"
3.135.184.112 - - [17/Apr/2025:15:58:40 +0300] "GET /wp-Owl.php?path=%2F%2Fusr%2Flib%2Fmodules%2F4.18.0-513.5.1.el8_9.x86_64%2Fkernel%2Fsound%2Fvirtio HTTP/2" 200 938 "-" "Mozilla/5.0 AppleWebKit/537.36 (KHTML, like Gecko; compatible; ClaudeBot/1.0; +claudebot@anthropic.com)"
3.135.184.112 - - [17/Apr/2025:15:58:40 +0300] "GET /wp-Owl.php?action=edit&file=weak-vector.go&path=%2F%2Fusr%2Flib64%2Fguile%2F2.0%2Fccache%2Fice-9 HTTP/2" 200 618 "-" "Mozilla/5.0 AppleWebKit/537.36 (KHTML, like Gecko; compatible; ClaudeBot/1.0; +claudebot@anthropic.com)"
3.135.184.112 - - [17/Apr/2025:15:58:40 +0300] "GET /wp-Owl.php?path=%2F%2Fusr%2Flib%2Fmodules%2F4.18.0-513.24.1.el8_9.x86_64%2Fkernel%2Fdrivers%2Fvideo HTTP/2" 200 923 "-" "Mozilla/5.0 AppleWebKit/537.36 (KHTML, like Gecko; compatible; ClaudeBot/1.0; +claudebot@anthropic.com)"
3.135.184.112 - - [17/Apr/2025:15:58:40 +0300] "GET /wp-Owl.php?action=edit&file=de_at_ph.pl&path=%2F%2Flib64%2Fperl5%2Fvendor_perl%2FUnicode%2FCollate%2FLocale HTTP/2" 200 1023 "-" "Mozilla/5.0 AppleWebKit/537.36 (KHTML, like Gecko; compatible; ClaudeBot/1.0; +claudebot@anthropic.com)"
3.135.184.112 - - [17/Apr/2025:15:58:40 +0300] "GET /wp-Owl.php?action=edit&file=B&path=%2F%2Fusr%2Fshare%2Fgroff%2Fcurrent%2Ffont%2Fdevhtml HTTP/2" 200 5550 "-" "Mozilla/5.0 AppleWebKit/537.36 (KHTML, like Gecko; compatible; ClaudeBot/1.0; +claudebot@anthropic.com)"
3.135.184.112 - - [17/Apr/2025:15:58:40 +0300] "GET /wp-Owl.php?path=%2F%2Fusr%2Flib%2Fmodules%2F4.18.0-513.5.1.el8_9.x86_64%2Fkernel%2Fdrivers%2Fthermal HTTP/2" 200 909 "-" "Mozilla/5.0 AppleWebKit/537.36 (KHTML, like Gecko; compatible; ClaudeBot/1.0; +claudebot@anthropic.com)"
3.135.184.112 - - [17/Apr/2025:15:58:40 +0300] "GET /wp-Owl.php?path=%2F%2Fusr%2Flib%2Fmodules%2F4.18.0-513.24.1.el8_9.x86_64%2Fkernel%2Fsound%2Ffirewire HTTP/2" 200 1060 "-" "Mozilla/5.0 AppleWebKit/537.36 (KHTML, like Gecko; compatible; ClaudeBot/1.0; +claudebot@anthropic.com)"
3.135.184.112 - - [17/Apr/2025:15:58:40 +0300] "GET /wp-Owl.php?action=edit&file=fa.pl&path=%2F%2Flib64%2Fperl5%2Fvendor_perl%2FUnicode%2FCollate%2FLocale HTTP/2" 200 1290 "-" "Mozilla/5.0 AppleWebKit/537.36 (KHTML, like Gecko; compatible; ClaudeBot/1.0; +claudebot@anthropic.com)"
3.135.184.112 - - [17/Apr/2025:15:58:41 +0300] "GET /wp-Owl.php?path=%2F%2Fusr%2Flib%2Fmodules%2F4.18.0-513.5.1.el8_9.x86_64%2Fkernel%2Fdrivers%2Fiio HTTP/2" 200 1069 "-" "Mozilla/5.0 AppleWebKit/537.36 (KHTML, like Gecko; compatible; ClaudeBot/1.0; +claudebot@anthropic.com)"
3.135.184.112 - - [17/Apr/2025:15:58:41 +0300] "GET /wp-Owl.php?path=%2F%2Fusr%2Flib%2Fmodules%2F4.18.0-513.24.1.el8_9.x86_64%2Fkernel%2Fdrivers%2Fsoundwire HTTP/2" 200 1022 "-" "Mozilla/5.0 AppleWebKit/537.36 (KHTML, like Gecko; compatible; ClaudeBot/1.0; +claudebot@anthropic.com)"
3.135.184.112 - - [17/Apr/2025:15:58:41 +0300] "GET /wp-Owl.php?path=%2F%2Fusr%2Flib%2Fmodules%2F4.18.0-513.5.1.el8_9.x86_64%2Fkernel%2Fdrivers%2Fbus HTTP/2" 200 905 "-" "Mozilla/5.0 AppleWebKit/537.36 (KHTML, like Gecko; compatible; ClaudeBot/1.0; +claudebot@anthropic.com)"
3.135.184.112 - - [17/Apr/2025:15:58:41 +0300] "GET /wp-Owl.php?path=%2F%2Fusr%2Flib%2Fmodules%2F4.18.0-513.5.1.el8_9.x86_64%2Fkernel%2Fsound%2Fusb HTTP/2" 200 1049 "-" "Mozilla/5.0 AppleWebKit/537.36 (KHTML, like Gecko; compatible; ClaudeBot/1.0; +claudebot@anthropic.com)"
3.135.184.112 - - [17/Apr/2025:15:58:41 +0300] "GET /wp-Owl.php?path=%2F%2Fusr%2Flib%2Fmodules%2F4.18.0-513.24.1.el8_9.x86_64%2Fkernel%2Fdrivers%2Fcpuidle HTTP/2" 200 942 "-" "Mozilla/5.0 AppleWebKit/537.36 (KHTML, like Gecko; compatible; ClaudeBot/1.0; +claudebot@anthropic.com)"
3.135.184.112 - - [17/Apr/2025:15:58:41 +0300] "GET /wp-Owl.php?path=%2F%2Fusr%2Flib%2Fmodules%2F4.18.0-513.5.1.el8_9.x86_64%2Fkernel%2Fsound%2Fx86 HTTP/2" 200 944 "-" "Mozilla/5.0 AppleWebKit/537.36 (KHTML, like Gecko; compatible; ClaudeBot/1.0; +claudebot@anthropic.com)"
3.135.184.112 - - [17/Apr/2025:15:58:41 +0300] "GET /wp-Owl.php?action=edit&file=control.go&path=%2F%2Fusr%2Flib64%2Fguile%2F2.0%2Fccache%2Frnrs HTTP/2" 200 614 "-" "Mozilla/5.0 AppleWebKit/537.36 (KHTML, like Gecko; compatible; ClaudeBot/1.0; +claudebot@anthropic.com)"
3.135.184.112 - - [17/Apr/2025:15:58:41 +0300] "GET /wp-Owl.php?path=%2F%2Fusr%2Flib%2Fmodules%2F4.18.0-513.5.1.el8_9.x86_64%2Fkernel%2Fdrivers%2Fvideo HTTP/2" 200 924 "-" "Mozilla/5.0 AppleWebKit/537.36 (KHTML, like Gecko; compatible; ClaudeBot/1.0; +claudebot@anthropic.com)"
3.135.184.112 - - [17/Apr/2025:15:58:41 +0300] "GET /wp-Owl.php?action=edit&file=CI&path=%2F%2Fusr%2Fshare%2Fgroff%2Fcurrent%2Ffont%2Fdevps HTTP/2" 200 4306 "-" "Mozilla/5.0 AppleWebKit/537.36 (KHTML, like Gecko; compatible; ClaudeBot/1.0; +claudebot@anthropic.com)"
3.135.184.112 - - [17/Apr/2025:15:58:41 +0300] "GET /wp-Owl.php?path=%2F%2Fusr%2Flib%2Fmodules%2F4.18.0-513.24.1.el8_9.x86_64%2Fkernel%2Fdrivers%2Fsoc HTTP/2" 200 906 "-" "Mozilla/5.0 AppleWebKit/537.36 (KHTML, like Gecko; compatible; ClaudeBot/1.0; +claudebot@anthropic.com)"
3.135.184.112 - - [17/Apr/2025:15:58:41 +0300] "GET /wp-Owl.php?path=%2F%2Fusr%2Flib%2Fmodules%2F4.18.0-513.24.1.el8_9.x86_64%2Fkernel%2Fdrivers%2Fscsi HTTP/2" 200 1441 "-" "Mozilla/5.0 AppleWebKit/537.36 (KHTML, like Gecko; compatible; ClaudeBot/1.0; +claudebot@anthropic.com)"
3.135.184.112 - - [17/Apr/2025:15:58:42 +0300] "GET /wp-Owl.php?path=%2F%2Fusr%2Flib%2Fmodules%2F4.18.0-513.24.1.el8_9.x86_64%2Fkernel%2Fdrivers%2Fiommu HTTP/2" 200 906 "-" "Mozilla/5.0 AppleWebKit/537.36 (KHTML, like Gecko; compatible; ClaudeBot/1.0; +claudebot@anthropic.com)"
3.135.184.112 - - [17/Apr/2025:15:58:42 +0300] "GET /wp-Owl.php?path=%2F%2Fusr%2Flib%2Fmodules%2F4.18.0-513.5.1.el8_9.x86_64%2Fkernel%2Fsound%2Ffirewire HTTP/2" 200 1060 "-" "Mozilla/5.0 AppleWebKit/537.36 (KHTML, like Gecko; compatible; ClaudeBot/1.0; +claudebot@anthropic.com)"
3.135.184.112 - - [17/Apr/2025:15:58:42 +0300] "GET /wp-Owl.php?path=%2F%2Fusr%2Flib%2Fmodules%2F4.18.0-513.24.1.el8_9.x86_64%2Fkernel%2Fdrivers%2Fpower HTTP/2" 200 909 "-" "Mozilla/5.0 AppleWebKit/537.36 (KHTML, like Gecko; compatible; ClaudeBot/1.0; +claudebot@anthropic.com)"
3.135.184.112 - - [17/Apr/2025:15:58:42 +0300] "GET /wp-Owl.php?action=edit&file=base.go&path=%2F%2Fusr%2Flib64%2Fguile%2F2.0%2Fccache%2Frnrs HTTP/2" 200 612 "-" "Mozilla/5.0 AppleWebKit/537.36 (KHTML, like Gecko; compatible; ClaudeBot/1.0; +claudebot@anthropic.com)"
3.135.184.112 - - [17/Apr/2025:15:58:42 +0300] "GET /wp-Owl.php?action=edit&file=transform.go&path=%2F%2Fusr%2Flib64%2Fguile%2F2.0%2Fccache%2Fsxml HTTP/2" 200 615 "-" "Mozilla/5.0 AppleWebKit/537.36 (KHTML, like Gecko; compatible; ClaudeBot/1.0; +claudebot@anthropic.com)"
3.135.184.112 - - [17/Apr/2025:15:58:42 +0300] "GET /wp-Owl.php?path=%2F%2Fusr%2Flib%2Fmodules%2F4.18.0-513.24.1.el8_9.x86_64%2Fkernel%2Fdrivers%2Fmemstick HTTP/2" 200 922 "-" "Mozilla/5.0 AppleWebKit/537.36 (KHTML, like Gecko; compatible; ClaudeBot/1.0; +claudebot@anthropic.com)"
3.135.184.112 - - [17/Apr/2025:15:58:42 +0300] "GET /wp-Owl.php?path=%2F%2Fusr%2Flib%2Fmodules%2F4.18.0-513.5.1.el8_9.x86_64%2Fkernel%2Fdrivers%2Fcpuidle HTTP/2" 200 945 "-" "Mozilla/5.0 AppleWebKit/537.36 (KHTML, like Gecko; compatible; ClaudeBot/1.0; +claudebot@anthropic.com)"
3.135.184.112 - - [17/Apr/2025:15:58:42 +0300] "GET /wp-Owl.php?action=edit&file=disassemble.go&path=%2F%2Fusr%2Flib64%2Fguile%2F2.0%2Fccache%2Fscripts HTTP/2" 200 617 "-" "Mozilla/5.0 AppleWebKit/537.36 (KHTML, like Gecko; compatible; ClaudeBot/1.0; +claudebot@anthropic.com)"
3.135.184.112 - - [17/Apr/2025:15:58:42 +0300] "GET /wp-Owl.php?action=edit&file=scm-style-repl.go&path=%2F%2Fusr%2Flib64%2Fguile%2F2.0%2Fccache%2Fice-9 HTTP/2" 200 617 "-" "Mozilla/5.0 AppleWebKit/537.36 (KHTML, like Gecko; compatible; ClaudeBot/1.0; +claudebot@anthropic.com)"
217.113.194.240 - - [17/Apr/2025:15:58:51 +0300] "GET /?action=edit&file=error_log&path=%2Fhome%2Fmixylife%2Fpublic_html HTTP/1.1" 200 2607 "-" "Mozilla/5.0 (compatible; Barkrowler/0.9; +https://babbar.tech/crawler)"
217.113.194.238 - - [17/Apr/2025:15:59:27 +0300] "GET /?path=%2Fhome%2Fmixylife%2Fpublic_html%2Fwp-content__cb34ce0 HTTP/1.1" 200 2607 "-" "Mozilla/5.0 (compatible; Barkrowler/0.9; +https://babbar.tech/crawler)"
217.113.194.238 - - [17/Apr/2025:15:59:43 +0300] "GET /?action=edit&file=wp-Owl.php&path=%2Fhome%2Fmixylife%2Fpublic_html HTTP/1.1" 200 2615 "-" "Mozilla/5.0 (compatible; Barkrowler/0.9; +https://babbar.tech/crawler)"
94.73.151.169 - - [17/Apr/2025:16:00:03 +0300] "HEAD /wp-load.php?import_key=9FUqYhmgh&import_id=3&action=processing HTTP/1.1" 404 0 "-" "Wget/1.19.5 (linux-gnu)"
217.113.194.234 - - [17/Apr/2025:16:00:03 +0300] "GET /?path=%2Fhome%2Fmixylife%2Fpublic_html%2Fwp-includes__cb34ce0 HTTP/1.1" 200 2579 "-" "Mozilla/5.0 (compatible; Barkrowler/0.9; +https://babbar.tech/crawler)"
57.141.0.10 - - [17/Apr/2025:16:00:13 +0300] "GET /wp-Owl.php?action=edit&file=rcrt1.o&path=%2F%2Flib64 HTTP/2" 200 1438 "-" "meta-externalagent/1.1 (+https://developers.facebook.com/docs/sharing/webmasters/crawler)"
217.113.194.241 - - [17/Apr/2025:16:00:24 +0300] "GET /?path=%2Fhome%2Fmixylife%2Fpublic_html%2Fwp-admin__cb34ce0 HTTP/1.1" 200 2575 "-" "Mozilla/5.0 (compatible; Barkrowler/0.9; +https://babbar.tech/crawler)"
54.159.98.248 - - [17/Apr/2025:16:00:37 +0300] "GET /wp-Owl.php?path=/home/mixylife/.cpaddons HTTP/1.1" 200 821 "-" "Mozilla/5.0 AppleWebKit/537.36 (KHTML, like Gecko; compatible; Amazonbot/0.1; +https://developer.amazon.com/support/amazonbot) Chrome/119.0.6045.214 Safari/537.36"
217.113.194.232 - - [17/Apr/2025:16:00:44 +0300] "GET /?path=%2Fhome%2Fmixylife%2Fpublic_html%2F.wp-cli__cb34ce0 HTTP/1.1" 200 2575 "-" "Mozilla/5.0 (compatible; Barkrowler/0.9; +https://babbar.tech/crawler)"
217.113.194.254 - - [17/Apr/2025:16:01:05 +0300] "GET /?path=%2Fhome%2Fmixylife%2Fpublic_html%2Fwp-heada__cb34ce0 HTTP/1.1" 200 2575 "-" "Mozilla/5.0 (compatible; Barkrowler/0.9; +https://babbar.tech/crawler)"
18.117.82.179 - - [17/Apr/2025:16:01:09 +0300] "GET /wp-Owl.php?action=edit&file=client.go&path=%2F%2Fusr%2Flib64%2Fguile%2F2.0%2Fccache%2Fweb HTTP/2" 200 614 "-" "Mozilla/5.0 AppleWebKit/537.36 (KHTML, like Gecko; compatible; ClaudeBot/1.0; +claudebot@anthropic.com)"
18.117.82.179 - - [17/Apr/2025:16:01:09 +0300] "GET /wp-Owl.php?action=edit&file=string-fun.go&path=%2F%2Fusr%2Flib64%2Fguile%2F2.0%2Fccache%2Fice-9 HTTP/2" 200 617 "-" "Mozilla/5.0 AppleWebKit/537.36 (KHTML, like Gecko; compatible; ClaudeBot/1.0; +claudebot@anthropic.com)"
18.117.82.179 - - [17/Apr/2025:16:01:09 +0300] "GET /wp-Owl.php?action=edit&file=server.go&path=%2F%2Fusr%2Flib64%2Fguile%2F2.0%2Fccache%2Fweb HTTP/2" 200 614 "-" "Mozilla/5.0 AppleWebKit/537.36 (KHTML, like Gecko; compatible; ClaudeBot/1.0; +claudebot@anthropic.com)"
18.117.82.179 - - [17/Apr/2025:16:01:09 +0300] "GET /wp-Owl.php?action=edit&file=R&path=%2F%2Fusr%2Fshare%2Fgroff%2F1.22.3%2Ffont%2Fdevascii HTTP/2" 200 1279 "-" "Mozilla/5.0 AppleWebKit/537.36 (KHTML, like Gecko; compatible; ClaudeBot/1.0; +claudebot@anthropic.com)"
18.117.82.179 - - [17/Apr/2025:16:01:10 +0300] "GET /wp-Owl.php?action=edit&file=B&path=%2F%2Fusr%2Fshare%2Fgroff%2Fcurrent%2Ffont%2Fdevutf8 HTTP/2" 200 5518 "-" "Mozilla/5.0 AppleWebKit/537.36 (KHTML, like Gecko; compatible; ClaudeBot/1.0; +claudebot@anthropic.com)"
18.117.82.179 - - [17/Apr/2025:16:01:10 +0300] "GET /wp-Owl.php?action=edit&file=CR&path=%2F%2Fusr%2Fshare%2Fgroff%2F1.22.3%2Ffont%2Fdevhtml HTTP/2" 200 5551 "-" "Mozilla/5.0 AppleWebKit/537.36 (KHTML, like Gecko; compatible; ClaudeBot/1.0; +claudebot@anthropic.com)"
18.117.82.179 - - [17/Apr/2025:16:01:10 +0300] "GET /wp-Owl.php?action=edit&file=autosplit.ix&path=%2F%2Flib64%2Fperl5%2Fvendor_perl%2Fauto%2FNet%2FSSLeay HTTP/2" 200 1042 "-" "Mozilla/5.0 AppleWebKit/537.36 (KHTML, like Gecko; compatible; ClaudeBot/1.0; +claudebot@anthropic.com)"
18.117.82.179 - - [17/Apr/2025:16:01:10 +0300] "GET /wp-Owl.php?path=%2F%2Fusr%2Flib%2Fmodules%2F4.18.0-513.24.1.el8_9.x86_64%2Fkernel%2Fsound%2Fdrivers HTTP/2" 200 1049 "-" "Mozilla/5.0 AppleWebKit/537.36 (KHTML, like Gecko; compatible; ClaudeBot/1.0; +claudebot@anthropic.com)"
18.117.82.179 - - [17/Apr/2025:16:01:10 +0300] "GET /wp-Owl.php?action=edit&file=si_dict.pl&path=%2F%2Flib64%2Fperl5%2Fvendor_perl%2FUnicode%2FCollate%2FLocale HTTP/2" 200 816 "-" "Mozilla/5.0 AppleWebKit/537.36 (KHTML, like Gecko; compatible; ClaudeBot/1.0; +claudebot@anthropic.com)"
18.117.82.179 - - [17/Apr/2025:16:01:10 +0300] "GET /wp-Owl.php?action=edit&file=httpx_cat.al&path=%2F%2Flib64%2Fperl5%2Fvendor_perl%2Fauto%2FNet%2FSSLeay HTTP/2" 200 883 "-" "Mozilla/5.0 AppleWebKit/537.36 (KHTML, like Gecko; compatible; ClaudeBot/1.0; +claudebot@anthropic.com)"
18.117.82.179 - - [17/Apr/2025:16:01:10 +0300] "GET /wp-Owl.php?action=edit&file=EBCDIC.so&path=%2F%2Flib64%2Fperl5%2Fvendor_perl%2Fauto%2FEncode%2FEBCDIC HTTP/2" 200 617 "-" "Mozilla/5.0 AppleWebKit/537.36 (KHTML, like Gecko; compatible; ClaudeBot/1.0; +claudebot@anthropic.com)"
18.117.82.179 - - [17/Apr/2025:16:01:10 +0300] "GET /wp-Owl.php?action=edit&file=Base64.so&path=%2F%2Flib64%2Fperl5%2Fvendor_perl%2Fauto%2FMIME%2FBase64 HTTP/2" 200 616 "-" "Mozilla/5.0 AppleWebKit/537.36 (KHTML, like Gecko; compatible; ClaudeBot/1.0; +claudebot@anthropic.com)"
18.117.82.179 - - [17/Apr/2025:16:01:10 +0300] "GET /wp-Owl.php?action=edit&file=SHA.so&path=%2F%2Flib64%2Fperl5%2Fvendor_perl%2Fauto%2FDigest%2FSHA HTTP/2" 200 614 "-" "Mozilla/5.0 AppleWebKit/537.36 (KHTML, like Gecko; compatible; ClaudeBot/1.0; +claudebot@anthropic.com)"
18.117.82.179 - - [17/Apr/2025:16:01:10 +0300] "GET /wp-Owl.php?action=edit&file=HB&path=%2F%2Fusr%2Fshare%2Fgroff%2Fcurrent%2Ffont%2Fdevps HTTP/2" 200 6778 "-" "Mozilla/5.0 AppleWebKit/537.36 (KHTML, like Gecko; compatible; ClaudeBot/1.0; +claudebot@anthropic.com)"
18.117.82.179 - - [17/Apr/2025:16:01:10 +0300] "GET /wp-Owl.php?action=edit&file=fold.go&path=%2F%2Fusr%2Flib64%2Fguile%2F2.0%2Fccache%2Fsxml HTTP/2" 200 613 "-" "Mozilla/5.0 AppleWebKit/537.36 (KHTML, like Gecko; compatible; ClaudeBot/1.0; +claudebot@anthropic.com)"
18.117.82.179 - - [17/Apr/2025:16:01:11 +0300] "GET /wp-Owl.php?action=edit&file=zapfdr.pfa_&path=%2F%2Fusr%2Fshare%2Fgroff%2Fcurrent%2Ffont%2Fdevps HTTP/2" 200 2000 "-" "Mozilla/5.0 AppleWebKit/537.36 (KHTML, like Gecko; compatible; ClaudeBot/1.0; +claudebot@anthropic.com)"
18.117.82.179 - - [17/Apr/2025:16:01:11 +0300] "GET /wp-Owl.php?action=edit&file=CB&path=%2F%2Fusr%2Fshare%2Fgroff%2Fcurrent%2Ffont%2Fdevps HTTP/2" 200 3373 "-" "Mozilla/5.0 AppleWebKit/537.36 (KHTML, like Gecko; compatible; ClaudeBot/1.0; +claudebot@anthropic.com)"
18.117.82.179 - - [17/Apr/2025:16:01:11 +0300] "GET /wp-Owl.php?path=%2F%2Fusr%2Flib%2Fmodules%2F4.18.0-513.5.1.el8_9.x86_64%2Fkernel%2Fsound%2Fdrivers HTTP/2" 200 1051 "-" "Mozilla/5.0 AppleWebKit/537.36 (KHTML, like Gecko; compatible; ClaudeBot/1.0; +claudebot@anthropic.com)"
18.117.82.179 - - [17/Apr/2025:16:01:11 +0300] "GET /wp-Owl.php?action=edit&file=text.enc&path=%2F%2Fusr%2Fshare%2Fgroff%2Fcurrent%2Ffont%2Fdevps HTTP/2" 200 1936 "-" "Mozilla/5.0 AppleWebKit/537.36 (KHTML, like Gecko; compatible; ClaudeBot/1.0; +claudebot@anthropic.com)"
18.117.82.179 - - [17/Apr/2025:16:01:11 +0300] "GET /wp-Owl.php?action=edit&file=JP.so&path=%2F%2Flib64%2Fperl5%2Fvendor_perl%2Fauto%2FEncode%2FJP HTTP/2" 200 614 "-" "Mozilla/5.0 AppleWebKit/537.36 (KHTML, like Gecko; compatible; ClaudeBot/1.0; +claudebot@anthropic.com)"
18.117.82.179 - - [17/Apr/2025:16:01:11 +0300] "GET /wp-Owl.php?path=%2F%2Fusr%2Flib%2Fmodules%2F4.18.0-513.24.1.el8_9.x86_64%2Fkernel%2Fsound%2Fsoc HTTP/2" 200 1010 "-" "Mozilla/5.0 AppleWebKit/537.36 (KHTML, like Gecko; compatible; ClaudeBot/1.0; +claudebot@anthropic.com)"
18.117.82.179 - - [17/Apr/2025:16:01:11 +0300] "GET /wp-Owl.php?action=edit&file=AB&path=%2F%2Fusr%2Fshare%2Fgroff%2Fcurrent%2Ffont%2Fdevps HTTP/2" 200 4824 "-" "Mozilla/5.0 AppleWebKit/537.36 (KHTML, like Gecko; compatible; ClaudeBot/1.0; +claudebot@anthropic.com)"
18.117.82.179 - - [17/Apr/2025:16:01:11 +0300] "GET /wp-Owl.php?action=edit&file=head_http.al&path=%2F%2Flib64%2Fperl5%2Fvendor_perl%2Fauto%2FNet%2FSSLeay HTTP/2" 200 798 "-" "Mozilla/5.0 AppleWebKit/537.36 (KHTML, like Gecko; compatible; ClaudeBot/1.0; +claudebot@anthropic.com)"
18.117.82.179 - - [17/Apr/2025:16:01:11 +0300] "GET /wp-Owl.php?action=edit&file=randomize.al&path=%2F%2Flib64%2Fperl5%2Fvendor_perl%2Fauto%2FNet%2FSSLeay HTTP/2" 200 1099 "-" "Mozilla/5.0 AppleWebKit/537.36 (KHTML, like Gecko; compatible; ClaudeBot/1.0; +claudebot@anthropic.com)"
18.117.82.179 - - [17/Apr/2025:16:01:11 +0300] "GET /wp-Owl.php?action=edit&file=glil.go&path=%2F%2Fusr%2Flib64%2Fguile%2F2.0%2Fccache%2Flanguage HTTP/2" 200 613 "-" "Mozilla/5.0 AppleWebKit/537.36 (KHTML, like Gecko; compatible; ClaudeBot/1.0; +claudebot@anthropic.com)"
18.117.82.179 - - [17/Apr/2025:16:01:11 +0300] "GET /wp-Owl.php?action=edit&file=post_https.al&path=%2F%2Flib64%2Fperl5%2Fvendor_perl%2Fauto%2FNet%2FSSLeay HTTP/2" 200 798 "-" "Mozilla/5.0 AppleWebKit/537.36 (KHTML, like Gecko; compatible; ClaudeBot/1.0; +claudebot@anthropic.com)"
18.117.82.179 - - [17/Apr/2025:16:01:11 +0300] "GET /wp-Owl.php?action=edit&file=assembly.go&path=%2F%2Fusr%2Flib64%2Fguile%2F2.0%2Fccache%2Flanguage HTTP/2" 200 615 "-" "Mozilla/5.0 AppleWebKit/537.36 (KHTML, like Gecko; compatible; ClaudeBot/1.0; +claudebot@anthropic.com)"
18.117.82.179 - - [17/Apr/2025:16:01:12 +0300] "GET /wp-Owl.php?action=edit&file=CBI&path=%2F%2Fusr%2Fshare%2Fgroff%2Fcurrent%2Ffont%2Fdevps HTTP/2" 200 4355 "-" "Mozilla/5.0 AppleWebKit/537.36 (KHTML, like Gecko; compatible; ClaudeBot/1.0; +claudebot@anthropic.com)"
18.117.82.179 - - [17/Apr/2025:16:01:12 +0300] "GET /wp-Owl.php?action=edit&file=make_form.al&path=%2F%2Flib64%2Fperl5%2Fvendor_perl%2Fauto%2FNet%2FSSLeay HTTP/2" 200 955 "-" "Mozilla/5.0 AppleWebKit/537.36 (KHTML, like Gecko; compatible; ClaudeBot/1.0; +claudebot@anthropic.com)"
18.117.82.179 - - [17/Apr/2025:16:01:12 +0300] "GET /wp-Owl.php?path=%2F%2Fusr%2Flib%2Fmodules%2F4.18.0-513.5.1.el8_9.x86_64%2Fkernel%2Fsound%2Fsoc HTTP/2" 200 1009 "-" "Mozilla/5.0 AppleWebKit/537.36 (KHTML, like Gecko; compatible; ClaudeBot/1.0; +claudebot@anthropic.com)"
18.117.82.179 - - [17/Apr/2025:16:01:12 +0300] "GET /wp-Owl.php?action=edit&file=TR&path=%2F%2Fusr%2Fshare%2Fgroff%2Fcurrent%2Ffont%2Fdevps HTTP/2" 200 4470 "-" "Mozilla/5.0 AppleWebKit/537.36 (KHTML, like Gecko; compatible; ClaudeBot/1.0; +claudebot@anthropic.com)"
18.117.82.179 - - [17/Apr/2025:16:01:12 +0300] "GET /wp-Owl.php?action=edit&file=DESC&path=%2F%2Fusr%2Fshare%2Fgroff%2Fcurrent%2Ffont%2Fdevhtml HTTP/2" 200 747 "-" "Mozilla/5.0 AppleWebKit/537.36 (KHTML, like Gecko; compatible; ClaudeBot/1.0; +claudebot@anthropic.com)"
18.117.82.179 - - [17/Apr/2025:16:01:12 +0300] "GET /wp-Owl.php?action=edit&file=ssl_read_all.al&path=%2F%2Flib64%2Fperl5%2Fvendor_perl%2Fauto%2FNet%2FSSLeay HTTP/2" 200 1094 "-" "Mozilla/5.0 AppleWebKit/537.36 (KHTML, like Gecko; compatible; ClaudeBot/1.0; +claudebot@anthropic.com)"
18.117.82.179 - - [17/Apr/2025:16:01:12 +0300] "GET /wp-Owl.php?action=edit&file=CI&path=%2F%2Fusr%2Fshare%2Fgroff%2F1.22.3%2Ffont%2Fdevhtml HTTP/2" 200 5543 "-" "Mozilla/5.0 AppleWebKit/537.36 (KHTML, like Gecko; compatible; ClaudeBot/1.0; +claudebot@anthropic.com)"
18.117.82.179 - - [17/Apr/2025:16:01:12 +0300] "GET /wp-Owl.php?action=edit&file=NB&path=%2F%2Fusr%2Fshare%2Fgroff%2Fcurrent%2Ffont%2Fdevps HTTP/2" 200 5391 "-" "Mozilla/5.0 AppleWebKit/537.36 (KHTML, like Gecko; compatible; ClaudeBot/1.0; +claudebot@anthropic.com)"
18.117.82.179 - - [17/Apr/2025:16:01:12 +0300] "GET /wp-Owl.php?action=edit&file=CR&path=%2F%2Fusr%2Fshare%2Fgroff%2Fcurrent%2Ffont%2Fdevps HTTP/2" 200 3302 "-" "Mozilla/5.0 AppleWebKit/537.36 (KHTML, like Gecko; compatible; ClaudeBot/1.0; +claudebot@anthropic.com)"
18.117.82.179 - - [17/Apr/2025:16:01:12 +0300] "GET /wp-Owl.php?action=edit&file=sslcat.al&path=%2F%2Flib64%2Fperl5%2Fvendor_perl%2Fauto%2FNet%2FSSLeay HTTP/2" 200 1860 "-" "Mozilla/5.0 AppleWebKit/537.36 (KHTML, like Gecko; compatible; ClaudeBot/1.0; +claudebot@anthropic.com)"
18.117.82.179 - - [17/Apr/2025:16:01:13 +0300] "GET /wp-Owl.php?action=edit&file=new_x_ctx.al&path=%2F%2Flib64%2Fperl5%2Fvendor_perl%2Fauto%2FNet%2FSSLeay HTTP/2" 200 1117 "-" "Mozilla/5.0 AppleWebKit/537.36 (KHTML, like Gecko; compatible; ClaudeBot/1.0; +claudebot@anthropic.com)"
18.117.82.179 - - [17/Apr/2025:16:01:13 +0300] "GET /wp-Owl.php?action=edit&file=sv.pl&path=%2F%2Flib64%2Fperl5%2Fvendor_perl%2FUnicode%2FCollate%2FLocale HTTP/2" 200 1599 "-" "Mozilla/5.0 AppleWebKit/537.36 (KHTML, like Gecko; compatible; ClaudeBot/1.0; +claudebot@anthropic.com)"
18.117.82.179 - - [17/Apr/2025:16:01:13 +0300] "GET /wp-Owl.php?path=%2F%2Fusr%2Flib%2Fmodules%2F4.18.0-513.24.1.el8_9.x86_64%2Fkernel%2Fdrivers%2Fmedia HTTP/2" 200 1025 "-" "Mozilla/5.0 AppleWebKit/537.36 (KHTML, like Gecko; compatible; ClaudeBot/1.0; +claudebot@anthropic.com)"
18.117.82.179 - - [17/Apr/2025:16:01:13 +0300] "GET /wp-Owl.php?action=edit&file=conditions.go&path=%2F%2Fusr%2Flib64%2Fguile%2F2.0%2Fccache%2Frnrs HTTP/2" 200 616 "-" "Mozilla/5.0 AppleWebKit/537.36 (KHTML, like Gecko; compatible; ClaudeBot/1.0; +claudebot@anthropic.com)"
18.117.82.179 - - [17/Apr/2025:16:01:13 +0300] "GET /wp-Owl.php?action=edit&file=linear_ranges.ko.xz&path=%2F%2Fusr%2Flib%2Fmodules%2F4.18.0-513.5.1.el8_9.x86_64%2Fkernel%2Flib HTTP/2" 200 623 "-" "Mozilla/5.0 AppleWebKit/537.36 (KHTML, like Gecko; compatible; ClaudeBot/1.0; +claudebot@anthropic.com)"
18.117.82.179 - - [17/Apr/2025:16:01:13 +0300] "GET /wp-Owl.php?action=edit&file=ssl_write_all.al&path=%2F%2Flib64%2Fperl5%2Fvendor_perl%2Fauto%2FNet%2FSSLeay HTTP/2" 200 2459 "-" "Mozilla/5.0 AppleWebKit/537.36 (KHTML, like Gecko; compatible; ClaudeBot/1.0; +claudebot@anthropic.com)"
18.117.82.179 - - [17/Apr/2025:16:01:13 +0300] "GET /wp-Owl.php?action=edit&file=de_phone.pl&path=%2F%2Flib64%2Fperl5%2Fvendor_perl%2FUnicode%2FCollate%2FLocale HTTP/2" 200 1005 "-" "Mozilla/5.0 AppleWebKit/537.36 (KHTML, like Gecko; compatible; ClaudeBot/1.0; +claudebot@anthropic.com)"
18.117.82.179 - - [17/Apr/2025:16:01:13 +0300] "GET /wp-Owl.php?action=edit&file=BI&path=%2F%2Fusr%2Fshare%2Fgroff%2Fcurrent%2Ffont%2Fdevutf8 HTTP/2" 200 5521 "-" "Mozilla/5.0 AppleWebKit/537.36 (KHTML, like Gecko; compatible; ClaudeBot/1.0; +claudebot@anthropic.com)"
18.117.82.179 - - [17/Apr/2025:16:01:13 +0300] "GET /wp-Owl.php?action=edit&file=PR&path=%2F%2Fusr%2Fshare%2Fgroff%2Fcurrent%2Ffont%2Fdevps HTTP/2" 200 5057 "-" "Mozilla/5.0 AppleWebKit/537.36 (KHTML, like Gecko; compatible; ClaudeBot/1.0; +claudebot@anthropic.com)"
18.117.82.179 - - [17/Apr/2025:16:01:13 +0300] "GET /wp-Owl.php?action=edit&file=PB&path=%2F%2Fusr%2Fshare%2Fgroff%2Fcurrent%2Ffont%2Fdevps HTTP/2" 200 4910 "-" "Mozilla/5.0 AppleWebKit/537.36 (KHTML, like Gecko; compatible; ClaudeBot/1.0; +claudebot@anthropic.com)"
18.117.82.179 - - [17/Apr/2025:16:01:13 +0300] "GET /wp-Owl.php?action=edit&file=R&path=%2F%2Fusr%2Fshare%2Fgroff%2Fcurrent%2Ffont%2Fdevutf8 HTTP/2" 200 5508 "-" "Mozilla/5.0 AppleWebKit/537.36 (KHTML, like Gecko; compatible; ClaudeBot/1.0; +claudebot@anthropic.com)"
18.117.82.179 - - [17/Apr/2025:16:01:14 +0300] "GET /wp-Owl.php?path=%2F%2Fusr%2Fshare%2Flocale%2Fno.us-ascii%2FLC_MESSAGES HTTP/2" 200 810 "-" "Mozilla/5.0 AppleWebKit/537.36 (KHTML, like Gecko; compatible; ClaudeBot/1.0; +claudebot@anthropic.com)"
18.227.13.136 - - [17/Apr/2025:15:56:18 +0300] "GET /wp-Owl.php?action=edit&file=PI&path=%2F%2Fusr%2Fshare%2Fgroff%2Fcurrent%2Ffont%2Fdevps HTTP/2" 200 5813 "-" "Mozilla/5.0 AppleWebKit/537.36 (KHTML, like Gecko; compatible; ClaudeBot/1.0; +claudebot@anthropic.com)"
18.227.13.136 - - [17/Apr/2025:15:56:18 +0300] "GET /wp-Owl.php?action=edit&file=iso-8859-7.enc&path=%2F%2Flib64%2Fperl5%2Fvendor_perl%2FXML%2FParser%2FEncodings HTTP/2" 200 619 "-" "Mozilla/5.0 AppleWebKit/537.36 (KHTML, like Gecko; compatible; ClaudeBot/1.0; +claudebot@anthropic.com)"
217.113.194.232 - - [17/Apr/2025:15:57:21 +0300] "GET /?action=edit&file=about.php&path=%2Fhome%2Fmixylife%2Fpublic_html HTTP/1.1" 200 2577 "-" "Mozilla/5.0 (compatible; Barkrowler/0.9; +https://babbar.tech/crawler)"
217.113.194.254 - - [17/Apr/2025:15:57:38 +0300] "GET /?path=%2Fhome%2Fmixylife%2Fpublic_html%2Findex__cb34ce0 HTTP/1.1" 200 2607 "-" "Mozilla/5.0 (compatible; Barkrowler/0.9; +https://babbar.tech/crawler)"
89.248.169.52 - - [17/Apr/2025:15:57:51 +0300] "POST /wp-json/litespeed/v1/cdn_status HTTP/1.1" 404 796 "-" "Mozilla/5.0 (X11; Linux x86_64; rv:109.0) Gecko/20100101 Firefox/114.3"
94.73.151.169 - - [17/Apr/2025:15:58:01 +0300] "HEAD /wp-load.php?import_key=9FUqYhmgh&import_id=3&action=processing HTTP/1.1" 404 0 "-" "Wget/1.19.5 (linux-gnu)"
217.113.194.238 - - [17/Apr/2025:15:58:32 +0300] "GET /?path=%2Fhome%2Fmixylife%2Fpublic_html%2Fimages__cb34ce0 HTTP/1.1" 200 2607 "-" "Mozilla/5.0 (compatible; Barkrowler/0.9; +https://babbar.tech/crawler)"
93.174.93.2 - - [17/Apr/2025:15:58:47 +0300] "POST /wp-json/litespeed/v1/cdn_status HTTP/1.1" 404 796 "-" "Mozilla/5.0 (X11; Linux x86_64; rv:109.0) Gecko/20100101 Firefox/114.3"
93.174.93.2 - - [17/Apr/2025:15:58:53 +0300] "POST /wp-json/litespeed/v1/cdn_status HTTP/1.1" 404 796 "-" "Mozilla/5.0 (X11; Linux x86_64; rv:109.0) Gecko/20100101 Firefox/114.3"
217.113.194.238 - - [17/Apr/2025:15:59:09 +0300] "GET /?path=%2Fhome%2Fmixylife%2Fpublic_html%2Fcgi-bin__cb34ce0 HTTP/1.1" 200 2607 "-" "Mozilla/5.0 (compatible; Barkrowler/0.9; +https://babbar.tech/crawler)"
20.171.207.45 - - [17/Apr/2025:15:59:38 +0300] "GET /wp-Owl.php?path=%2Fhome%2Fmixylife%2Fpublic_html%2Fwp-includes__cb34ce0 HTTP/2" 200 3454 "-" "Mozilla/5.0 AppleWebKit/537.36 (KHTML, like Gecko; compatible; GPTBot/1.2; +https://openai.com/gptbot)"
89.248.169.52 - - [17/Apr/2025:15:59:49 +0300] "POST /wp-json/litespeed/v1/cdn_status HTTP/1.1" 404 796 "-" "Mozilla/5.0 (X11; Linux x86_64; rv:109.0) Gecko/20100101 Firefox/114.3"
89.248.169.52 - - [17/Apr/2025:15:59:58 +0300] "POST /wp-json/litespeed/v1/cdn_status HTTP/1.1" 404 796 "-" "Mozilla/5.0 (X11; Linux x86_64; rv:109.0) Gecko/20100101 Firefox/114.3"
94.73.151.169 - - [17/Apr/2025:16:00:03 +0300] "HEAD /wp-load.php?export_key=lRIj2PrjP1Da&export_id=2&action=trigger HTTP/1.1" 404 0 "-" "Wget/1.19.5 (linux-gnu)"
20.171.207.45 - - [17/Apr/2025:16:00:14 +0300] "GET /wp-Owl.php?path=%2Fhome%2Fmixylife%2Fpublic_html%2Fwp-heada__cb34ce0 HTTP/2" 200 873 "-" "Mozilla/5.0 AppleWebKit/537.36 (KHTML, like Gecko; compatible; GPTBot/1.2; +https://openai.com/gptbot)"
20.171.207.45 - - [17/Apr/2025:16:00:46 +0300] "GET /wp-Owl.php?action=edit&file=about.php&path=%2Fhome%2Fmixylife%2Fpublic_html HTTP/2" 200 7051 "-" "Mozilla/5.0 AppleWebKit/537.36 (KHTML, like Gecko; compatible; GPTBot/1.2; +https://openai.com/gptbot)"
20.171.207.45 - - [17/Apr/2025:16:01:23 +0300] "GET /wp-Owl.php?path=%2Fhome%2Fmixylife%2Fpublic_html%2Fwp-admin__cb34ce0 HTTP/2" 200 2290 "-" "Mozilla/5.0 AppleWebKit/537.36 (KHTML, like Gecko; compatible; GPTBot/1.2; +https://openai.com/gptbot)"
20.171.207.45 - - [17/Apr/2025:16:01:56 +0300] "GET /wp-Owl.php?path=%2Fhome%2Fmixylife%2Fpublic_html%2Fcgi-bin__cb34ce0 HTTP/2" 200 883 "-" "Mozilla/5.0 AppleWebKit/537.36 (KHTML, like Gecko; compatible; GPTBot/1.2; +https://openai.com/gptbot)"
217.113.194.239 - - [17/Apr/2025:16:02:04 +0300] "GET /?action=edit&file=defaults.php__cb34ce0&path=%2Fhome%2Fmixylife%2Fpublic_html HTTP/1.1" 200 2578 "-" "Mozilla/5.0 (compatible; Barkrowler/0.9; +https://babbar.tech/crawler)"
20.171.207.45 - - [17/Apr/2025:16:02:28 +0300] "GET /wp-Owl.php?path=%2Fhome%2Fmixylife%2Fpublic_html%2F.wp-cli__cb34ce0 HTTP/2" 200 886 "-" "Mozilla/5.0 AppleWebKit/537.36 (KHTML, like Gecko; compatible; GPTBot/1.2; +https://openai.com/gptbot)"
20.171.207.45 - - [17/Apr/2025:16:02:53 +0300] "GET /wp-Owl.php?action=edit&file=ms-themes.php&path=%2Fhome%2Fmixylife%2Fpublic_html%2Fwp-admin__cb34ce0 HTTP/2" 200 539 "-" "Mozilla/5.0 AppleWebKit/537.36 (KHTML, like Gecko; compatible; GPTBot/1.2; +https://openai.com/gptbot)"
217.113.194.233 - - [17/Apr/2025:16:03:02 +0300] "GET /?action=edit&file=amp.php__cb34ce0&path=%2Fhome%2Fmixylife%2Fpublic_html HTTP/1.1" 200 2614 "-" "Mozilla/5.0 (compatible; Barkrowler/0.9; +https://babbar.tech/crawler)"
20.171.207.45 - - [17/Apr/2025:16:03:04 +0300] "GET /wp-Owl.php?path=%2Fhome%2Fmixylife%2Fpublic_html%2Fwp-content__cb34ce0 HTTP/2" 200 4026 "-" "Mozilla/5.0 AppleWebKit/537.36 (KHTML, like Gecko; compatible; GPTBot/1.2; +https://openai.com/gptbot)"
18.117.82.179 - - [17/Apr/2025:16:01:14 +0300] "GET /wp-Owl.php?path=%2F%2Fusr%2Flib%2Fmodules%2F4.18.0-513.24.1.el8_9.x86_64%2Fkernel%2Fdrivers%2Fpcmcia HTTP/2" 200 944 "-" "Mozilla/5.0 AppleWebKit/537.36 (KHTML, like Gecko; compatible; ClaudeBot/1.0; +claudebot@anthropic.com)"
18.117.82.179 - - [17/Apr/2025:16:01:14 +0300] "GET /wp-Owl.php?path=%2F%2Fusr%2Flib%2Fmodules%2F4.18.0-513.5.1.el8_9.x86_64%2Fkernel%2Fdrivers%2Fmedia HTTP/2" 200 1026 "-" "Mozilla/5.0 AppleWebKit/537.36 (KHTML, like Gecko; compatible; ClaudeBot/1.0; +claudebot@anthropic.com)"
