20.171.207.102 - - [04/Apr/2025:16:15:37 +0300] "GET /wp-Owl.php?path=%2F%2Fproc%2Fself%2Froot%2Fproc%2Fself%2Froot%2Fproc%2Fself%2Froot%2Flib64%2Fpython3.6%2Flogging%2F__pycache__ HTTP/1.1" 200 1078 "-" "Mozilla/5.0 AppleWebKit/537.36 (KHTML, like Gecko; compatible; GPTBot/1.2; +https://openai.com/gptbot)"
20.171.207.219 - - [04/Apr/2025:16:15:38 +0300] "GET /wp-Owl.php?path=%2F%2Fproc%2Fself%2Froot%2Fproc%2F525391%2Froot%2Fproc%2F525391%2Ftask%2F525391%2Froot%2Fusr%2Flib%2Fmodules%2F4.18.0-513.18.1.lve.2.el8.x86_64%2Fkernel%2Fdrivers%2Fnet%2Fethernet%2Fqlogic HTTP/1.1" 200 968 "-" "Mozilla/5.0 AppleWebKit/537.36 (KHTML, like Gecko; compatible; GPTBot/1.2; +https://openai.com/gptbot)"
20.171.207.102 - - [04/Apr/2025:16:15:38 +0300] "GET /wp-Owl.php?path=%2F%2Fproc%2Fself%2Froot%2Fproc%2Fself%2Froot%2Fproc%2Fself%2Froot%2Fopt%2Fcloudlinux%2Falt-php80%2Froot%2Fetc%2Fmysql8.0 HTTP/1.1" 200 987 "-" "Mozilla/5.0 AppleWebKit/537.36 (KHTML, like Gecko; compatible; GPTBot/1.2; +https://openai.com/gptbot)"
20.171.207.219 - - [04/Apr/2025:16:15:39 +0300] "GET /wp-Owl.php?path=%2F%2Fproc%2Fself%2Froot%2Fproc%2Fself%2Froot%2Fproc%2F525391%2Froot%2Fproc%2F525391%2Froot%2Fusr%2Flib%2Fmodules%2F4.18.0-513.24.1.el8_9.x86_64%2Fkernel%2Fdrivers%2Fiio%2Fhumidity HTTP/1.1" 200 951 "-" "Mozilla/5.0 AppleWebKit/537.36 (KHTML, like Gecko; compatible; GPTBot/1.2; +https://openai.com/gptbot)"
20.171.207.102 - - [04/Apr/2025:16:15:39 +0300] "GET /wp-Owl.php?path=%2F%2Fproc%2Fself%2Froot%2Fproc%2Fself%2Froot%2Fproc%2Fself%2Froot%2Fusr%2Flib64%2Fgawk HTTP/1.1" 200 1083 "-" "Mozilla/5.0 AppleWebKit/537.36 (KHTML, like Gecko; compatible; GPTBot/1.2; +https://openai.com/gptbot)"
20.171.207.219 - - [04/Apr/2025:16:15:40 +0300] "GET /wp-Owl.php?path=%2F%2Fproc%2Fself%2Froot%2Fproc%2Fself%2Froot%2Fproc%2F525391%2Froot%2Fproc%2F525391%2Froot%2Flib%2Fmodules%2F4.18.0-513.24.1.el8_9.x86_64%2Fkernel%2Fdrivers%2Fmedia%2Fusb%2Fem28xx HTTP/1.1" 200 954 "-" "Mozilla/5.0 AppleWebKit/537.36 (KHTML, like Gecko; compatible; GPTBot/1.2; +https://openai.com/gptbot)"
20.171.207.102 - - [04/Apr/2025:16:15:40 +0300] "GET /wp-Owl.php?path=%2F%2Fproc%2Fself%2Froot%2Fproc%2Fself%2Froot%2Fproc%2Fself%2Froot%2Flib64%2Fpython2.7%2Fdistutils HTTP/1.1" 200 2020 "-" "Mozilla/5.0 AppleWebKit/537.36 (KHTML, like Gecko; compatible; GPTBot/1.2; +https://openai.com/gptbot)"
20.171.207.219 - - [04/Apr/2025:16:15:41 +0300] "GET /wp-Owl.php?path=%2F%2Fproc%2Fself%2Froot%2Fproc%2Fself%2Froot%2Fproc%2F525391%2Froot%2Fproc%2F525391%2Froot%2Flib%2Fmodules%2F4.18.0-513.5.1.el8_9.x86_64%2Fkernel%2Fdrivers%2Fisdn%2Fhardware%2Favm HTTP/1.1" 200 953 "-" "Mozilla/5.0 AppleWebKit/537.36 (KHTML, like Gecko; compatible; GPTBot/1.2; +https://openai.com/gptbot)"
20.171.207.102 - - [04/Apr/2025:16:15:41 +0300] "GET /wp-Owl.php?path=%2F%2Fproc%2Fself%2Froot%2Fproc%2Fself%2Froot%2Fproc%2Fself%2Froot%2Fusr%2Flib64%2Fpython3.6%2Fconcurrent%2F__pycache__ HTTP/1.1" 200 992 "-" "Mozilla/5.0 AppleWebKit/537.36 (KHTML, like Gecko; compatible; GPTBot/1.2; +https://openai.com/gptbot)"
20.171.207.219 - - [04/Apr/2025:16:15:42 +0300] "GET /wp-Owl.php?path=%2F%2Fproc%2Fself%2Froot%2Fproc%2Fself%2Froot%2Fproc%2F525391%2Froot%2Fproc%2F525391%2Froot%2Fusr%2Flib%2Fmodules%2F4.18.0-513.5.1.el8_9.x86_64%2Fkernel%2Fdrivers%2Fscsi%2Fcxgbi%2Fcxgb4i HTTP/1.1" 200 962 "-" "Mozilla/5.0 AppleWebKit/537.36 (KHTML, like Gecko; compatible; GPTBot/1.2; +https://openai.com/gptbot)"
20.171.207.102 - - [04/Apr/2025:16:15:43 +0300] "GET /wp-Owl.php?path=%2F%2Fproc%2Fself%2Froot%2Fproc%2Fself%2Froot%2Fproc%2Fself%2Froot%2Fusr%2Flib64%2Fpython2.7%2Fcurses HTTP/1.1" 200 1146 "-" "Mozilla/5.0 AppleWebKit/537.36 (KHTML, like Gecko; compatible; GPTBot/1.2; +https://openai.com/gptbot)"
20.171.207.219 - - [04/Apr/2025:16:15:43 +0300] "GET /wp-Owl.php?path=%2F%2Fproc%2Fself%2Froot%2Fproc%2Fself%2Froot%2Fproc%2F525391%2Froot%2Fproc%2F525391%2Froot%2Flib%2Fmodules%2F4.18.0-513.24.1.el8_9.x86_64%2Fkernel%2Fdrivers%2Fmedia%2Fpci%2Fsaa7134 HTTP/1.1" 200 957 "-" "Mozilla/5.0 AppleWebKit/537.36 (KHTML, like Gecko; compatible; GPTBot/1.2; +https://openai.com/gptbot)"
20.171.207.102 - - [04/Apr/2025:16:15:44 +0300] "GET /wp-Owl.php?action=edit&file=base64mime.cpython-36.opt-1.pyc&path=%2F%2Fproc%2Fself%2Froot%2Fproc%2Fself%2Froot%2Fproc%2Fself%2Froot%2Flib64%2Fpython3.6%2Femail%2F__pycache__ HTTP/1.1" 200 632 "-" "Mozilla/5.0 AppleWebKit/537.36 (KHTML, like Gecko; compatible; GPTBot/1.2; +https://openai.com/gptbot)"
20.171.207.219 - - [04/Apr/2025:16:15:45 +0300] "GET /wp-Owl.php?path=%2F%2Fproc%2Fself%2Froot%2Fproc%2Fself%2Froot%2Fproc%2F525391%2Froot%2Fusr%2Flib%2Fmodules%2F4.18.0-513.24.1.el8_9.x86_64%2Fkernel%2Fdrivers%2Fnet%2Fwireless%2Fmediatek%2Fmt76%2Fmt7921 HTTP/1.1" 200 979 "-" "Mozilla/5.0 AppleWebKit/537.36 (KHTML, like Gecko; compatible; GPTBot/1.2; +https://openai.com/gptbot)"
20.171.207.102 - - [04/Apr/2025:16:15:45 +0300] "GET /wp-Owl.php?path=%2F%2Fproc%2Fself%2Froot%2Fproc%2Fself%2Froot%2Fproc%2Fself%2Froot%2Fusr%2Flib64%2Fpython3.6%2Femail HTTP/1.1" 200 1328 "-" "Mozilla/5.0 AppleWebKit/537.36 (KHTML, like Gecko; compatible; GPTBot/1.2; +https://openai.com/gptbot)"
20.171.207.219 - - [04/Apr/2025:16:15:46 +0300] "GET /wp-Owl.php?path=%2F%2Fproc%2Fself%2Froot%2Fproc%2Fself%2Froot%2Fproc%2F525391%2Froot%2Fproc%2F525391%2Froot%2Flib%2Fmodules%2F4.18.0-513.5.1.el8_9.x86_64%2Fkernel%2Fdrivers%2Fmedia%2Fusb%2Fzr364xx HTTP/1.1" 200 956 "-" "Mozilla/5.0 AppleWebKit/537.36 (KHTML, like Gecko; compatible; GPTBot/1.2; +https://openai.com/gptbot)"
20.171.207.102 - - [04/Apr/2025:16:15:46 +0300] "GET /wp-Owl.php?path=%2F%2Fproc%2Fself%2Froot%2Fproc%2Fself%2Froot%2Fproc%2Fself%2Froot%2Fopt%2Fcloudlinux%2Falt-php81%2Froot%2Fetc%2Fmariadb102 HTTP/1.1" 200 990 "-" "Mozilla/5.0 AppleWebKit/537.36 (KHTML, like Gecko; compatible; GPTBot/1.2; +https://openai.com/gptbot)"
20.171.207.219 - - [04/Apr/2025:16:15:47 +0300] "GET /wp-Owl.php?path=%2F%2Fproc%2Fself%2Froot%2Fproc%2F525391%2Ftask%2F525391%2Froot%2Fproc%2F525391%2Froot%2Fusr%2Flib%2Fmodules%2F4.18.0-513.18.1.lve.2.el8.x86_64%2Fkernel%2Fdrivers%2Fnet%2Fethernet%2Femulex HTTP/1.1" 200 979 "-" "Mozilla/5.0 AppleWebKit/537.36 (KHTML, like Gecko; compatible; GPTBot/1.2; +https://openai.com/gptbot)"
20.171.207.102 - - [04/Apr/2025:16:15:47 +0300] "GET /wp-Owl.php?action=edit&file=__init__.cpython-36.pyc&path=%2F%2Fproc%2Fself%2Froot%2Fproc%2Fself%2Froot%2Fproc%2Fself%2Froot%2Flib64%2Fpython3.6%2Fhtml%2F__pycache__ HTTP/1.1" 200 626 "-" "Mozilla/5.0 AppleWebKit/537.36 (KHTML, like Gecko; compatible; GPTBot/1.2; +https://openai.com/gptbot)"
20.171.207.219 - - [04/Apr/2025:16:15:48 +0300] "GET /wp-Owl.php?path=%2F%2Fproc%2Fself%2Froot%2Fproc%2Fself%2Froot%2Fproc%2F525391%2Froot%2Fproc%2F525391%2Froot%2Flib%2Fmodules%2F4.18.0-513.24.1.el8_9.x86_64%2Fkernel%2Fdrivers%2Fscsi%2Fmegaraid HTTP/1.1" 200 944 "-" "Mozilla/5.0 AppleWebKit/537.36 (KHTML, like Gecko; compatible; GPTBot/1.2; +https://openai.com/gptbot)"
20.171.207.102 - - [04/Apr/2025:16:15:48 +0300] "GET /wp-Owl.php?path=%2F%2Fproc%2Fself%2Froot%2Fproc%2Fself%2Froot%2Fproc%2Fself%2Froot%2Flib64%2Fpython2.7%2Ftest HTTP/1.1" 200 1043 "-" "Mozilla/5.0 AppleWebKit/537.36 (KHTML, like Gecko; compatible; GPTBot/1.2; +https://openai.com/gptbot)"
20.171.207.219 - - [04/Apr/2025:16:15:49 +0300] "GET /wp-Owl.php?path=%2F%2Fproc%2Fself%2Froot%2Fproc%2Fself%2Froot%2Fproc%2F525391%2Froot%2Fproc%2F525391%2Froot%2Flib%2Fmodules%2F4.18.0-513.18.1.lve.2.el8.x86_64%2Fkernel%2Fdrivers%2Finfiniband%2Fhw%2Fcxgb4 HTTP/1.1" 200 958 "-" "Mozilla/5.0 AppleWebKit/537.36 (KHTML, like Gecko; compatible; GPTBot/1.2; +https://openai.com/gptbot)"
20.171.207.102 - - [04/Apr/2025:16:15:50 +0300] "GET /wp-Owl.php?path=%2F%2Fproc%2Fself%2Froot%2Fproc%2Fself%2Froot%2Fproc%2Fself%2Froot%2Fopt%2Fcloudlinux%2Falt-php70%2Froot%2Fetc%2Fmariadb102 HTTP/1.1" 200 990 "-" "Mozilla/5.0 AppleWebKit/537.36 (KHTML, like Gecko; compatible; GPTBot/1.2; +https://openai.com/gptbot)"
20.171.207.219 - - [04/Apr/2025:16:15:50 +0300] "GET /wp-Owl.php?path=%2F%2Fproc%2Fself%2Froot%2Fproc%2Fself%2Froot%2Fproc%2F525391%2Froot%2Fproc%2F525391%2Froot%2Flib%2Fmodules%2F4.18.0-513.24.1.el8_9.x86_64%2Fkernel%2Fdrivers%2Fmedia%2Fusb%2Fstkwebcam HTTP/1.1" 200 956 "-" "Mozilla/5.0 AppleWebKit/537.36 (KHTML, like Gecko; compatible; GPTBot/1.2; +https://openai.com/gptbot)"
20.171.207.102 - - [04/Apr/2025:16:15:51 +0300] "GET /wp-Owl.php?action=edit&file=revtwoway.so&path=%2F%2Fproc%2Fself%2Froot%2Fproc%2Fself%2Froot%2Fproc%2Fself%2Froot%2Fusr%2Flib64%2Fgawk HTTP/1.1" 200 616 "-" "Mozilla/5.0 AppleWebKit/537.36 (KHTML, like Gecko; compatible; GPTBot/1.2; +https://openai.com/gptbot)"
20.171.207.219 - - [04/Apr/2025:16:15:51 +0300] "GET /wp-Owl.php?path=%2F%2Fproc%2Fself%2Froot%2Fproc%2Fself%2Froot%2Fproc%2F525391%2Froot%2Fproc%2F525391%2Froot%2Flib%2Fmodules%2F4.18.0-513.24.1.el8_9.x86_64%2Fkernel%2Fdrivers%2Fmedia%2Fdvb-frontends HTTP/1.1" 200 948 "-" "Mozilla/5.0 AppleWebKit/537.36 (KHTML, like Gecko; compatible; GPTBot/1.2; +https://openai.com/gptbot)"
20.171.207.102 - - [04/Apr/2025:16:15:52 +0300] "GET /wp-Owl.php?path=%2F%2Fproc%2Fself%2Froot%2Fproc%2Fself%2Froot%2Fproc%2Fself%2Froot%2Fusr%2Flib64%2Fpython2.7%2Fimportlib HTTP/1.1" 200 965 "-" "Mozilla/5.0 AppleWebKit/537.36 (KHTML, like Gecko; compatible; GPTBot/1.2; +https://openai.com/gptbot)"
20.171.207.219 - - [04/Apr/2025:16:15:53 +0300] "GET /wp-Owl.php?path=%2F%2Fproc%2Fself%2Froot%2Fproc%2F525391%2Ftask%2F525391%2Froot%2Fproc%2F525391%2Froot%2Fusr%2Flib%2Fmodules%2F4.18.0-513.5.1.el8_9.x86_64%2Fkernel%2Fsound%2Ffirewire%2Fdigi00x HTTP/1.1" 200 969 "-" "Mozilla/5.0 AppleWebKit/537.36 (KHTML, like Gecko; compatible; GPTBot/1.2; +https://openai.com/gptbot)"
20.171.207.102 - - [04/Apr/2025:16:15:53 +0300] "GET /wp-Owl.php?path=%2F%2Fproc%2Fself%2Froot%2Fproc%2Fself%2Froot%2Fproc%2Fself%2Froot%2Fusr%2Flib64%2Fpython3.6%2Fwsgiref HTTP/1.1" 200 1061 "-" "Mozilla/5.0 AppleWebKit/537.36 (KHTML, like Gecko; compatible; GPTBot/1.2; +https://openai.com/gptbot)"
20.171.207.219 - - [04/Apr/2025:16:15:54 +0300] "GET /wp-Owl.php?path=%2F%2Fproc%2Fself%2Froot%2Fproc%2Fself%2Froot%2Fproc%2F525391%2Froot%2Fproc%2F525391%2Froot%2Fusr%2Flib%2Fmodules%2F4.18.0-513.18.1.lve.2.el8.x86_64%2Fkernel%2Fsound%2Ffirewire%2Fdigi00x HTTP/1.1" 200 956 "-" "Mozilla/5.0 AppleWebKit/537.36 (KHTML, like Gecko; compatible; GPTBot/1.2; +https://openai.com/gptbot)"
20.171.207.102 - - [04/Apr/2025:16:15:54 +0300] "GET /wp-Owl.php?path=%2F%2Fproc%2Fself%2Froot%2Fproc%2Fself%2Froot%2Fproc%2Fself%2Froot%2Fusr%2Flib64%2Faudit HTTP/1.1" 200 918 "-" "Mozilla/5.0 AppleWebKit/537.36 (KHTML, like Gecko; compatible; GPTBot/1.2; +https://openai.com/gptbot)"
20.171.207.219 - - [04/Apr/2025:16:15:55 +0300] "GET /wp-Owl.php?path=%2F%2Fproc%2Fself%2Froot%2Fproc%2F525391%2Froot%2Fproc%2F525391%2Ftask%2F525391%2Froot%2Fusr%2Flib%2Fmodules%2F4.18.0-513.24.1.el8_9.x86_64%2Fkernel%2Fsound%2Fsoc%2Fintel%2Fskylake HTTP/1.1" 200 966 "-" "Mozilla/5.0 AppleWebKit/537.36 (KHTML, like Gecko; compatible; GPTBot/1.2; +https://openai.com/gptbot)"
20.171.207.102 - - [04/Apr/2025:16:15:55 +0300] "GET /wp-Owl.php?path=%2F%2Fproc%2Fself%2Froot%2Fproc%2Fself%2Froot%2Fproc%2Fself%2Froot%2Flib64%2Fpython2.7%2Flogging HTTP/1.1" 200 1044 "-" "Mozilla/5.0 AppleWebKit/537.36 (KHTML, like Gecko; compatible; GPTBot/1.2; +https://openai.com/gptbot)"
20.171.207.219 - - [04/Apr/2025:16:15:56 +0300] "GET /wp-Owl.php?path=%2F%2Fproc%2Fself%2Froot%2Fproc%2Fself%2Froot%2Fproc%2F525391%2Froot%2Fproc%2F525391%2Froot%2Flib%2Fmodules%2F4.18.0-513.24.1.el8_9.x86_64%2Fkernel%2Fdrivers%2Fmessage%2Ffusion HTTP/1.1" 200 944 "-" "Mozilla/5.0 AppleWebKit/537.36 (KHTML, like Gecko; compatible; GPTBot/1.2; +https://openai.com/gptbot)"
20.171.207.102 - - [04/Apr/2025:16:15:57 +0300] "GET /wp-Owl.php?path=%2F%2Fproc%2Fself%2Froot%2Fproc%2Fself%2Froot%2Fproc%2Fself%2Froot%2Fusr%2Flib64%2Fpython3.6%2Femail%2F__pycache__ HTTP/1.1" 200 1736 "-" "Mozilla/5.0 AppleWebKit/537.36 (KHTML, like Gecko; compatible; GPTBot/1.2; +https://openai.com/gptbot)"
20.171.207.219 - - [04/Apr/2025:16:15:57 +0300] "GET /wp-Owl.php?path=%2F%2Fproc%2Fself%2Froot%2Fproc%2Fself%2Froot%2Fproc%2F525391%2Froot%2Fproc%2F525391%2Froot%2Flib%2Fmodules%2F4.18.0-513.5.1.el8_9.x86_64%2Fkernel%2Fdrivers%2Fmedia%2Fpci%2Fddbridge HTTP/1.1" 200 957 "-" "Mozilla/5.0 AppleWebKit/537.36 (KHTML, like Gecko; compatible; GPTBot/1.2; +https://openai.com/gptbot)"
20.171.207.102 - - [04/Apr/2025:16:15:58 +0300] "GET /wp-Owl.php?path=%2F%2Fproc%2Fself%2Froot%2Fproc%2Fself%2Froot%2Fproc%2Fself%2Froot%2Fusr%2Flib64%2Fpython2.7%2Fconfig HTTP/1.1" 200 1093 "-" "Mozilla/5.0 AppleWebKit/537.36 (KHTML, like Gecko; compatible; GPTBot/1.2; +https://openai.com/gptbot)"
20.171.207.219 - - [04/Apr/2025:16:15:58 +0300] "GET /wp-Owl.php?path=%2F%2Fproc%2Fself%2Froot%2Fproc%2F525391%2Froot%2Fproc%2F525391%2Ftask%2F525391%2Froot%2Flib%2Fmodules%2F4.18.0-513.18.1.lve.2.el8.x86_64%2Fkernel%2Fsound%2Ffirewire%2Ffireworks HTTP/1.1" 200 948 "-" "Mozilla/5.0 AppleWebKit/537.36 (KHTML, like Gecko; compatible; GPTBot/1.2; +https://openai.com/gptbot)"
20.171.207.102 - - [04/Apr/2025:16:15:59 +0300] "GET /wp-Owl.php?path=%2F%2Fproc%2Fself%2Froot%2Fproc%2Fself%2Froot%2Fproc%2Fself%2Froot%2Fusr%2Flib64%2Fpython2.7%2Fcompiler HTTP/1.1" 200 1356 "-" "Mozilla/5.0 AppleWebKit/537.36 (KHTML, like Gecko; compatible; GPTBot/1.2; +https://openai.com/gptbot)"
20.171.207.219 - - [04/Apr/2025:16:16:00 +0300] "GET /wp-Owl.php?path=%2F%2Fproc%2Fself%2Froot%2Fproc%2Fself%2Froot%2Fproc%2F525391%2Froot%2Fproc%2F525391%2Froot%2Flib%2Fmodules%2F4.18.0-513.24.1.el8_9.x86_64%2Fkernel%2Fdrivers%2Fmedia%2Fcommon%2Fvideobuf2 HTTP/1.1" 200 958 "-" "Mozilla/5.0 AppleWebKit/537.36 (KHTML, like Gecko; compatible; GPTBot/1.2; +https://openai.com/gptbot)"
20.171.207.102 - - [04/Apr/2025:16:16:00 +0300] "GET /wp-Owl.php?path=%2F%2Fproc%2Fself%2Froot%2Fproc%2Fself%2Froot%2Fproc%2Fself%2Froot%2Flib64%2Fpython3.6%2Fxmlrpc HTTP/1.1" 200 994 "-" "Mozilla/5.0 AppleWebKit/537.36 (KHTML, like Gecko; compatible; GPTBot/1.2; +https://openai.com/gptbot)"
20.171.207.219 - - [04/Apr/2025:16:16:01 +0300] "GET /wp-Owl.php?path=%2F%2Fproc%2Fself%2Froot%2Fproc%2Fself%2Froot%2Fproc%2F525391%2Froot%2Fproc%2F525391%2Froot%2Flib%2Fmodules%2F4.18.0-513.24.1.el8_9.x86_64%2Fkernel%2Fdrivers%2Fisdn%2Fhardware HTTP/1.1" 200 942 "-" "Mozilla/5.0 AppleWebKit/537.36 (KHTML, like Gecko; compatible; GPTBot/1.2; +https://openai.com/gptbot)"
20.171.207.102 - - [04/Apr/2025:16:16:01 +0300] "GET /wp-Owl.php?path=%2F%2Fproc%2Fself%2Froot%2Fproc%2Fself%2Froot%2Fproc%2Fself%2Froot%2Fusr%2Flib%2Fdebug%2Fusr%2Flib64 HTTP/1.1" 200 847 "-" "Mozilla/5.0 AppleWebKit/537.36 (KHTML, like Gecko; compatible; GPTBot/1.2; +https://openai.com/gptbot)"
20.171.207.219 - - [04/Apr/2025:16:16:02 +0300] "GET /wp-Owl.php?path=%2F%2Fproc%2Fself%2Froot%2Fproc%2Fself%2Froot%2Fproc%2F525391%2Froot%2Fproc%2F525391%2Froot%2Fusr%2Flib%2Fmodules%2F4.18.0-513.5.1.el8_9.x86_64%2Fkernel%2Fdrivers%2Fhwtracing%2Fstm HTTP/1.1" 200 955 "-" "Mozilla/5.0 AppleWebKit/537.36 (KHTML, like Gecko; compatible; GPTBot/1.2; +https://openai.com/gptbot)"
20.171.207.102 - - [04/Apr/2025:16:16:02 +0300] "GET /wp-Owl.php?path=%2F%2Fproc%2Fself%2Froot%2Fproc%2Fself%2Froot%2Fproc%2Fself%2Froot%2Flib64%2Fnss%2Fsaved HTTP/1.1" 200 832 "-" "Mozilla/5.0 AppleWebKit/537.36 (KHTML, like Gecko; compatible; GPTBot/1.2; +https://openai.com/gptbot)"
20.171.207.219 - - [04/Apr/2025:16:16:03 +0300] "GET /wp-Owl.php?path=%2F%2Fproc%2Fself%2Froot%2Fproc%2Fself%2Froot%2Fproc%2F525391%2Froot%2Fproc%2F525391%2Froot%2Fusr%2Flib%2Fmodules%2F4.18.0-513.5.1.el8_9.x86_64%2Fkernel%2Fdrivers%2Fscsi%2Fmegaraid HTTP/1.1" 200 955 "-" "Mozilla/5.0 AppleWebKit/537.36 (KHTML, like Gecko; compatible; GPTBot/1.2; +https://openai.com/gptbot)"
20.171.207.102 - - [04/Apr/2025:16:16:03 +0300] "GET /wp-Owl.php?path=%2F%2Fproc%2Fself%2Froot%2Fproc%2Fself%2Froot%2Fproc%2Fself%2Froot%2Fopt%2Fcloudlinux%2Falt-php51%2Froot%2Fusr%2Flib64 HTTP/1.1" 200 932 "-" "Mozilla/5.0 AppleWebKit/537.36 (KHTML, like Gecko; compatible; GPTBot/1.2; +https://openai.com/gptbot)"
20.171.207.219 - - [04/Apr/2025:16:16:04 +0300] "GET /wp-Owl.php?path=%2F%2Fproc%2Fself%2Froot%2Fproc%2Fself%2Froot%2Fproc%2F525391%2Froot%2Fproc%2F525391%2Froot%2Flib%2Fmodules%2F4.18.0-513.24.1.el8_9.x86_64%2Fkernel%2Fdrivers%2Fmedia%2Fusb%2Fzr364xx HTTP/1.1" 200 956 "-" "Mozilla/5.0 AppleWebKit/537.36 (KHTML, like Gecko; compatible; GPTBot/1.2; +https://openai.com/gptbot)"
20.171.207.102 - - [04/Apr/2025:16:16:05 +0300] "GET /wp-Owl.php?path=%2F%2Fproc%2Fself%2Froot%2Fproc%2Fself%2Froot%2Fproc%2Fself%2Froot%2Fusr%2Flib64%2Fpython3.6%2Fwsgiref%2F__pycache__ HTTP/1.1" 200 1194 "-" "Mozilla/5.0 AppleWebKit/537.36 (KHTML, like Gecko; compatible; GPTBot/1.2; +https://openai.com/gptbot)"
20.171.207.219 - - [04/Apr/2025:16:16:05 +0300] "GET /wp-Owl.php?path=%2F%2Fproc%2Fself%2Froot%2Fproc%2F525391%2Ftask%2F525391%2Froot%2Fproc%2F525391%2Froot%2Fusr%2Flib%2Fmodules%2F4.18.0-513.18.1.lve.2.el8.x86_64%2Fkernel%2Fdrivers%2Fnet%2Fethernet%2Famazon HTTP/1.1" 200 979 "-" "Mozilla/5.0 AppleWebKit/537.36 (KHTML, like Gecko; compatible; GPTBot/1.2; +https://openai.com/gptbot)"
20.171.207.102 - - [04/Apr/2025:16:16:06 +0300] "GET /wp-Owl.php?path=%2F%2Fproc%2Fself%2Froot%2Fproc%2Fself%2Froot%2Fproc%2Fself%2Froot%2Flib64%2Fpython2.7%2FDemo HTTP/1.1" 200 1120 "-" "Mozilla/5.0 AppleWebKit/537.36 (KHTML, like Gecko; compatible; GPTBot/1.2; +https://openai.com/gptbot)"
20.171.207.219 - - [04/Apr/2025:16:16:06 +0300] "GET /wp-Owl.php?path=%2F%2Fproc%2Fself%2Froot%2Fproc%2Fself%2Froot%2Fproc%2F525391%2Froot%2Fproc%2F525391%2Froot%2Flib%2Fmodules%2F4.18.0-513.24.1.el8_9.x86_64%2Fkernel%2Fdrivers%2Fiio%2Fmagnetometer HTTP/1.1" 200 944 "-" "Mozilla/5.0 AppleWebKit/537.36 (KHTML, like Gecko; compatible; GPTBot/1.2; +https://openai.com/gptbot)"
20.171.207.102 - - [04/Apr/2025:16:16:07 +0300] "GET /wp-Owl.php?action=edit&file=config.pyo&path=%2F%2Fproc%2Fself%2Froot%2Fproc%2Fself%2Froot%2Fproc%2Fself%2Froot%2Flib64%2Fpython2.7%2Flogging HTTP/1.1" 200 614 "-" "Mozilla/5.0 AppleWebKit/537.36 (KHTML, like Gecko; compatible; GPTBot/1.2; +https://openai.com/gptbot)"
20.171.207.219 - - [04/Apr/2025:16:16:08 +0300] "GET /wp-Owl.php?path=%2F%2Fproc%2Fself%2Froot%2Fproc%2Fself%2Froot%2Fproc%2F525391%2Froot%2Fproc%2F525391%2Froot%2Flib%2Fmodules%2F4.18.0-513.18.1.lve.2.el8.x86_64%2Fkernel%2Fdrivers%2Fmessage%2Ffusion HTTP/1.1" 200 945 "-" "Mozilla/5.0 AppleWebKit/537.36 (KHTML, like Gecko; compatible; GPTBot/1.2; +https://openai.com/gptbot)"
20.171.207.102 - - [04/Apr/2025:16:16:08 +0300] "GET /wp-Owl.php?action=edit&file=__init__.cpython-36.pyc&path=%2F%2Fproc%2Fself%2Froot%2Fproc%2Fself%2Froot%2Fproc%2Fself%2Froot%2Fusr%2Flib64%2Fpython3.6%2Femail%2F__pycache__ HTTP/1.1" 200 626 "-" "Mozilla/5.0 AppleWebKit/537.36 (KHTML, like Gecko; compatible; GPTBot/1.2; +https://openai.com/gptbot)"
20.171.207.219 - - [04/Apr/2025:16:16:09 +0300] "GET /wp-Owl.php?path=%2F%2Fproc%2Fself%2Froot%2Fproc%2F525391%2Ftask%2F525391%2Froot%2Fproc%2F525391%2Froot%2Flib%2Fmodules%2F4.18.0-513.24.1.el8_9.x86_64%2Fkernel%2Fnet%2Fbluetooth%2Frfcomm HTTP/1.1" 200 955 "-" "Mozilla/5.0 AppleWebKit/537.36 (KHTML, like Gecko; compatible; GPTBot/1.2; +https://openai.com/gptbot)"
20.171.207.102 - - [04/Apr/2025:16:16:09 +0300] "GET /wp-Owl.php?path=%2F%2Fproc%2Fself%2Froot%2Fproc%2Fself%2Froot%2Fproc%2Fself%2Froot%2Flib64%2Fpython2.7%2Fxml%2Fetree HTTP/1.1" 200 1115 "-" "Mozilla/5.0 AppleWebKit/537.36 (KHTML, like Gecko; compatible; GPTBot/1.2; +https://openai.com/gptbot)"
20.171.207.219 - - [04/Apr/2025:16:16:10 +0300] "GET /wp-Owl.php?path=%2F%2Fproc%2Fself%2Froot%2Fproc%2Fself%2Froot%2Fproc%2F525391%2Froot%2Fproc%2F525391%2Froot%2Flib%2Fmodules%2F4.18.0-513.24.1.el8_9.x86_64%2Fkernel%2Fdrivers%2Fmedia%2Fpci%2Fsaa7164 HTTP/1.1" 200 957 "-" "Mozilla/5.0 AppleWebKit/537.36 (KHTML, like Gecko; compatible; GPTBot/1.2; +https://openai.com/gptbot)"
20.171.207.102 - - [04/Apr/2025:16:16:10 +0300] "GET /wp-Owl.php?path=%2F%2Fproc%2Fself%2Froot%2Fproc%2Fself%2Froot%2Fproc%2Fself%2Froot%2Flib64%2Fpython3.6%2Funittest HTTP/1.1" 200 1113 "-" "Mozilla/5.0 AppleWebKit/537.36 (KHTML, like Gecko; compatible; GPTBot/1.2; +https://openai.com/gptbot)"
20.171.207.219 - - [04/Apr/2025:16:16:11 +0300] "GET /wp-Owl.php?path=%2F%2Fproc%2Fself%2Froot%2Fproc%2Fself%2Froot%2Fproc%2F525391%2Froot%2Fproc%2F525391%2Froot%2Fusr%2Flib%2Fmodules%2F4.18.0-513.5.1.el8_9.x86_64%2Fkernel%2Fdrivers%2Fmedia%2Fpci%2Fsaa7164 HTTP/1.1" 200 968 "-" "Mozilla/5.0 AppleWebKit/537.36 (KHTML, like Gecko; compatible; GPTBot/1.2; +https://openai.com/gptbot)"
20.171.207.102 - - [04/Apr/2025:16:16:12 +0300] "GET /wp-Owl.php?path=%2F%2Fproc%2Fself%2Froot%2Fproc%2Fself%2Froot%2Fproc%2Fself%2Froot%2Flib64%2Fpython3.6%2Fxmlrpc%2F__pycache__ HTTP/1.1" 200 1061 "-" "Mozilla/5.0 AppleWebKit/537.36 (KHTML, like Gecko; compatible; GPTBot/1.2; +https://openai.com/gptbot)"
20.171.207.219 - - [04/Apr/2025:16:16:12 +0300] "GET /wp-Owl.php?path=%2F%2Fproc%2Fself%2Froot%2Fproc%2F525391%2Ftask%2F525391%2Froot%2Fproc%2F525391%2Froot%2Flib%2Fmodules%2F4.18.0-513.18.1.lve.2.el8.x86_64%2Fkernel%2Fsound%2Ffirewire%2Ffireworks HTTP/1.1" 200 958 "-" "Mozilla/5.0 AppleWebKit/537.36 (KHTML, like Gecko; compatible; GPTBot/1.2; +https://openai.com/gptbot)"
20.171.207.102 - - [04/Apr/2025:16:16:13 +0300] "GET /wp-Owl.php?path=%2F%2Fproc%2Fself%2Froot%2Fproc%2Fself%2Froot%2Fproc%2Fself%2Froot%2Fusr%2Flib64%2Fpython3.6%2Fjson HTTP/1.1" 200 1036 "-" "Mozilla/5.0 AppleWebKit/537.36 (KHTML, like Gecko; compatible; GPTBot/1.2; +https://openai.com/gptbot)"
20.171.207.219 - - [04/Apr/2025:16:16:13 +0300] "GET /wp-Owl.php?path=%2F%2Fproc%2Fself%2Froot%2Fproc%2Fself%2Froot%2Fproc%2F525391%2Froot%2Fproc%2F525391%2Froot%2Fusr%2Flib%2Fmodules%2F4.18.0-513.24.1.el8_9.x86_64%2Fkernel%2Fdrivers%2Fusb%2Fmisc%2Fsisusbvga HTTP/1.1" 200 966 "-" "Mozilla/5.0 AppleWebKit/537.36 (KHTML, like Gecko; compatible; GPTBot/1.2; +https://openai.com/gptbot)"
20.171.207.102 - - [04/Apr/2025:16:16:14 +0300] "GET /wp-Owl.php?path=%2F%2Fproc%2Fself%2Froot%2Fproc%2Fself%2Froot%2Fproc%2Fself%2Froot%2Fopt%2Fcloudlinux%2Falt-php56%2Froot%2Fetc%2Fmysql5.6 HTTP/1.1" 200 1000 "-" "Mozilla/5.0 AppleWebKit/537.36 (KHTML, like Gecko; compatible; GPTBot/1.2; +https://openai.com/gptbot)"
20.171.207.219 - - [04/Apr/2025:16:16:15 +0300] "GET /wp-Owl.php?path=%2F%2Fproc%2Fself%2Froot%2Fproc%2Fself%2Froot%2Fproc%2F525391%2Froot%2Fproc%2F525391%2Froot%2Fusr%2Flib%2Fmodules%2F4.18.0-513.24.1.el8_9.x86_64%2Fkernel%2Fdrivers%2Fmedia%2Fpci%2Fsaa7164 HTTP/1.1" 200 967 "-" "Mozilla/5.0 AppleWebKit/537.36 (KHTML, like Gecko; compatible; GPTBot/1.2; +https://openai.com/gptbot)"
20.171.207.102 - - [04/Apr/2025:16:16:15 +0300] "GET /wp-Owl.php?path=%2F%2Fproc%2Fself%2Froot%2Fproc%2Fself%2Froot%2Fproc%2Fself%2Froot%2Fopt%2Fcloudlinux%2Falt-php51%2Froot%2Fusr%2Flib64%2Fphp HTTP/1.1" 200 972 "-" "Mozilla/5.0 AppleWebKit/537.36 (KHTML, like Gecko; compatible; GPTBot/1.2; +https://openai.com/gptbot)"
20.171.207.219 - - [04/Apr/2025:16:16:16 +0300] "GET /wp-Owl.php?path=%2F%2Fproc%2Fself%2Froot%2Fproc%2Fself%2Froot%2Fproc%2F525391%2Froot%2Fproc%2F525391%2Froot%2Flib%2Fmodules%2F4.18.0-513.5.1.el8_9.x86_64%2Fkernel%2Fdrivers%2Finfiniband HTTP/1.1" 200 931 "-" "Mozilla/5.0 AppleWebKit/537.36 (KHTML, like Gecko; compatible; GPTBot/1.2; +https://openai.com/gptbot)"
20.171.207.102 - - [04/Apr/2025:16:14:14 +0300] "GET /wp-Owl.php?path=%2F%2Fproc%2Fself%2Froot%2Fproc%2Fthread-self%2Froot%2Fproc%2Fself%2Froot%2Fproc%2Fself%2Froot%2Fopt%2Fcpanel%2Fea-php72%2Froot%2Fusr%2Flib64 HTTP/1.1" 200 1085 "-" "Mozilla/5.0 AppleWebKit/537.36 (KHTML, like Gecko; compatible; GPTBot/1.2; +https://openai.com/gptbot)"
20.171.207.102 - - [04/Apr/2025:16:14:15 +0300] "GET /wp-Owl.php?path=%2F%2Fproc%2Fself%2Froot%2Fproc%2Fself%2Froot%2Fproc%2Fthread-self%2Froot%2Fproc%2Fself%2Froot%2Fopt%2Fcpanel%2Fea-php83%2Froot%2Flib64%2Fphp HTTP/1.1" 200 978 "-" "Mozilla/5.0 AppleWebKit/537.36 (KHTML, like Gecko; compatible; GPTBot/1.2; +https://openai.com/gptbot)"
20.171.207.102 - - [04/Apr/2025:16:14:16 +0300] "GET /wp-Owl.php?path=%2F%2Fproc%2Fself%2Froot%2Fproc%2Fself%2Froot%2Fproc%2Fthread-self%2Froot%2Fproc%2Fself%2Froot%2Fopt%2Fcpanel%2Fea-php70%2Froot%2Flib64%2Fphp HTTP/1.1" 200 978 "-" "Mozilla/5.0 AppleWebKit/537.36 (KHTML, like Gecko; compatible; GPTBot/1.2; +https://openai.com/gptbot)"
20.171.207.102 - - [04/Apr/2025:16:14:17 +0300] "GET /wp-Owl.php?path=%2F%2Fproc%2Fself%2Froot%2Fproc%2Fself%2Froot%2Fproc%2Fthread-self%2Froot%2Fproc%2Fself%2Froot%2Fopt%2Fcpanel%2Fea-php71%2Froot%2Flib64%2Fphp HTTP/1.1" 200 978 "-" "Mozilla/5.0 AppleWebKit/537.36 (KHTML, like Gecko; compatible; GPTBot/1.2; +https://openai.com/gptbot)"
20.171.207.102 - - [04/Apr/2025:16:14:19 +0300] "GET /wp-Owl.php?path=%2F%2Fproc%2Fself%2Froot%2Fproc%2Fself%2Froot%2Fproc%2Fthread-self%2Froot%2Fproc%2Fself%2Froot%2Fopt%2Fcpanel%2Fea-php81%2Froot%2Flib64%2Fsse2 HTTP/1.1" 200 899 "-" "Mozilla/5.0 AppleWebKit/537.36 (KHTML, like Gecko; compatible; GPTBot/1.2; +https://openai.com/gptbot)"
193.70.46.175 - - [04/Apr/2025:16:16:10 +0300] "GET /robots.txt HTTP/1.1" 404 796 "-" "Mozilla/5.0 (compatible; MJ12bot/v1.4.8; http://mj12bot.com/)"
193.70.46.175 - - [04/Apr/2025:16:16:12 +0300] "GET /wp-Owl.php?action=edit&file=7f97ee8da000-7f97ee8db000&path=//proc/525391/root/proc/525391/map_files HTTP/1.1" 200 539 "-" "Mozilla/5.0 (compatible; MJ12bot/v1.4.8; http://mj12bot.com/)"
193.70.46.175 - - [04/Apr/2025:16:16:13 +0300] "GET /wp-Owl.php?action=edit&file=7f97ee8db000-7f97ee9f2000&path=//proc/525391/root/proc/525391/map_files HTTP/1.1" 200 539 "-" "Mozilla/5.0 (compatible; MJ12bot/v1.4.8; http://mj12bot.com/)"
37.60.235.237 - - [04/Apr/2025:16:16:15 +0300] "GET /robots.txt HTTP/1.1" 404 796 "-" "Mozilla/5.0 (compatible; MJ12bot/v1.4.8; http://mj12bot.com/)"
193.70.46.175 - - [04/Apr/2025:16:16:15 +0300] "GET /wp-Owl.php?action=edit&file=ISO8859-9E.so&path=//proc/thread-self/root/lib64/gconv HTTP/1.1" 200 620 "-" "Mozilla/5.0 (compatible; MJ12bot/v1.4.8; http://mj12bot.com/)"
37.60.235.237 - - [04/Apr/2025:16:16:16 +0300] "GET /wp-Owl.php?action=edit&file=libkeyutils.so.1.6&path=//proc/thread-self/root/usr/lib64 HTTP/1.1" 200 622 "-" "Mozilla/5.0 (compatible; MJ12bot/v1.4.8; http://mj12bot.com/)"
193.70.46.175 - - [04/Apr/2025:16:16:17 +0300] "GET /wp-Owl.php?action=edit&file=e68a6b93bcbdc38b1f39079ac1a6cef9ef7f5d&path=//proc/self/root/lib/.build-id/66 HTTP/1.1" 200 638 "-" "Mozilla/5.0 (compatible; MJ12bot/v1.4.8; http://mj12bot.com/)"
37.60.235.237 - - [04/Apr/2025:16:16:18 +0300] "GET /wp-Owl.php?action=edit&file=libkmod.so.2&path=//proc/525391/root/usr/lib64 HTTP/1.1" 200 539 "-" "Mozilla/5.0 (compatible; MJ12bot/v1.4.8; http://mj12bot.com/)"
193.70.46.175 - - [04/Apr/2025:16:16:18 +0300] "GET /wp-Owl.php?action=edit&file=e68fd0e0572e49bf1e969a2625e6b970f197d1&path=//proc/self/root/lib/.build-id/0a HTTP/1.1" 200 639 "-" "Mozilla/5.0 (compatible; MJ12bot/v1.4.8; http://mj12bot.com/)"
37.60.235.237 - - [04/Apr/2025:16:16:19 +0300] "GET /wp-Owl.php?action=edit&file=libkmod.so.2&path=//proc/525391/task/525391/root/lib64 HTTP/1.1" 200 539 "-" "Mozilla/5.0 (compatible; MJ12bot/v1.4.8; http://mj12bot.com/)"
193.70.46.175 - - [04/Apr/2025:16:16:20 +0300] "GET /wp-Owl.php?action=edit&file=ea-php55&path=//proc/525391/root/usr/local/bin HTTP/1.1" 200 539 "-" "Mozilla/5.0 (compatible; MJ12bot/v1.4.8; http://mj12bot.com/)"
20.171.207.102 - - [04/Apr/2025:16:16:16 +0300] "GET /wp-Owl.php?path=%2F%2Fproc%2Fself%2Froot%2Fproc%2Fself%2Froot%2Fproc%2Fself%2Froot%2Flib64%2Fpython2.7%2Fimportlib HTTP/1.1" 200 950 "-" "Mozilla/5.0 AppleWebKit/537.36 (KHTML, like Gecko; compatible; GPTBot/1.2; +https://openai.com/gptbot)"
20.171.207.219 - - [04/Apr/2025:16:16:17 +0300] "GET /wp-Owl.php?path=%2F%2Fproc%2Fself%2Froot%2Fproc%2F525391%2Ftask%2F525391%2Froot%2Fproc%2F525391%2Froot%2Fusr%2Flib%2Fmodules%2F4.18.0-513.5.1.el8_9.x86_64%2Fkernel%2Fsound%2Ffirewire%2Ffireface HTTP/1.1" 200 967 "-" "Mozilla/5.0 AppleWebKit/537.36 (KHTML, like Gecko; compatible; GPTBot/1.2; +https://openai.com/gptbot)"
20.171.207.102 - - [04/Apr/2025:16:16:17 +0300] "GET /wp-Owl.php?path=%2F%2Fproc%2Fself%2Froot%2Fproc%2Fself%2Froot%2Fproc%2Fself%2Froot%2Flib64%2Fpython2.7%2FDemo%2Fsockets HTTP/1.1" 200 1469 "-" "Mozilla/5.0 AppleWebKit/537.36 (KHTML, like Gecko; compatible; GPTBot/1.2; +https://openai.com/gptbot)"
20.171.207.219 - - [04/Apr/2025:16:16:18 +0300] "GET /wp-Owl.php?path=%2F%2Fproc%2Fself%2Froot%2Fproc%2F525391%2Ftask%2F525391%2Froot%2Fproc%2F525391%2Froot%2Fusr%2Flib%2Fmodules%2F4.18.0-513.18.1.lve.2.el8.x86_64%2Fkernel%2Fdrivers%2Fnet%2Fethernet%2Fhuawei HTTP/1.1" 200 979 "-" "Mozilla/5.0 AppleWebKit/537.36 (KHTML, like Gecko; compatible; GPTBot/1.2; +https://openai.com/gptbot)"
20.171.207.102 - - [04/Apr/2025:16:16:19 +0300] "GET /wp-Owl.php?path=%2F%2Fproc%2Fself%2Froot%2Fproc%2Fself%2Froot%2Fproc%2Fself%2Froot%2Flib64%2Fpython2.7%2FDemo%2Fcomparisons HTTP/1.1" 200 1081 "-" "Mozilla/5.0 AppleWebKit/537.36 (KHTML, like Gecko; compatible; GPTBot/1.2; +https://openai.com/gptbot)"
20.171.207.219 - - [04/Apr/2025:16:16:19 +0300] "GET /wp-Owl.php?path=%2F%2Fproc%2Fself%2Froot%2Fproc%2Fself%2Froot%2Fproc%2F525391%2Froot%2Flib%2Fmodules%2F4.18.0-513.24.1.el8_9.x86_64%2Fkernel%2Fdrivers%2Fnet%2Fwireless%2Fmediatek%2Fmt76%2Fmt7921 HTTP/1.1" 200 969 "-" "Mozilla/5.0 AppleWebKit/537.36 (KHTML, like Gecko; compatible; GPTBot/1.2; +https://openai.com/gptbot)"
20.171.207.102 - - [04/Apr/2025:16:16:20 +0300] "GET /wp-Owl.php?path=%2F%2Fproc%2Fself%2Froot%2Fproc%2Fself%2Froot%2Fproc%2Fself%2Froot%2Flib64%2Fpython2.7%2FDemo%2Ftkinter HTTP/1.1" 200 980 "-" "Mozilla/5.0 AppleWebKit/537.36 (KHTML, like Gecko; compatible; GPTBot/1.2; +https://openai.com/gptbot)"
20.171.207.219 - - [04/Apr/2025:16:16:20 +0300] "GET /wp-Owl.php?path=%2F%2Fproc%2Fself%2Froot%2Fproc%2Fself%2Froot%2Fproc%2F525391%2Froot%2Fproc%2F525391%2Froot%2Flib%2Fmodules%2F4.18.0-513.5.1.el8_9.x86_64%2Fkernel%2Fdrivers%2Fgpu%2Fdrm%2Fvboxvideo HTTP/1.1" 200 954 "-" "Mozilla/5.0 AppleWebKit/537.36 (KHTML, like Gecko; compatible; GPTBot/1.2; +https://openai.com/gptbot)"
20.171.207.102 - - [04/Apr/2025:16:16:21 +0300] "GET /wp-Owl.php?path=%2F%2Fproc%2Fself%2Froot%2Fproc%2Fself%2Froot%2Fproc%2Fself%2Froot%2Flib64%2Fpython2.7%2FDemo%2Fembed HTTP/1.1" 200 1008 "-" "Mozilla/5.0 AppleWebKit/537.36 (KHTML, like Gecko; compatible; GPTBot/1.2; +https://openai.com/gptbot)"
20.171.207.219 - - [04/Apr/2025:16:16:22 +0300] "GET /wp-Owl.php?path=%2F%2Fproc%2Fself%2Froot%2Fproc%2Fself%2Froot%2Fproc%2F525391%2Froot%2Fproc%2F525391%2Froot%2Fusr%2Flib%2Fmodules%2F4.18.0-513.5.1.el8_9.x86_64%2Fkernel%2Fsound%2Ffirewire%2Fdigi00x HTTP/1.1" 200 955 "-" "Mozilla/5.0 AppleWebKit/537.36 (KHTML, like Gecko; compatible; GPTBot/1.2; +https://openai.com/gptbot)"
20.171.207.102 - - [04/Apr/2025:16:16:22 +0300] "GET /wp-Owl.php?action=edit&file=signals.py&path=%2F%2Fproc%2Fself%2Froot%2Fproc%2Fself%2Froot%2Fproc%2Fself%2Froot%2Flib64%2Fpython3.6%2Funittest HTTP/1.1" 200 1341 "-" "Mozilla/5.0 AppleWebKit/537.36 (KHTML, like Gecko; compatible; GPTBot/1.2; +https://openai.com/gptbot)"
178.150.14.250 - - [04/Apr/2025:16:16:22 +0300] "GET /robots.txt HTTP/1.1" 404 796 "-" "Mozilla/5.0 (compatible; MJ12bot/v1.4.8; http://mj12bot.com/)"
20.171.207.219 - - [04/Apr/2025:16:16:23 +0300] "GET /wp-Owl.php?path=%2F%2Fproc%2Fself%2Froot%2Fproc%2Fself%2Froot%2Fproc%2F525391%2Froot%2Fproc%2F525391%2Froot%2Flib%2Fmodules%2F4.18.0-513.5.1.el8_9.x86_64%2Fkernel%2Fdrivers%2Fscsi%2Fcxgbi%2Fcxgb4i HTTP/1.1" 200 951 "-" "Mozilla/5.0 AppleWebKit/537.36 (KHTML, like Gecko; compatible; GPTBot/1.2; +https://openai.com/gptbot)"
20.171.207.102 - - [04/Apr/2025:16:16:23 +0300] "GET /wp-Owl.php?path=%2F%2Fproc%2Fself%2Froot%2Fproc%2Fself%2Froot%2Fproc%2Fself%2Froot%2Flib64%2Fpython3.6%2Funittest%2F__pycache__ HTTP/1.1" 200 1360 "-" "Mozilla/5.0 AppleWebKit/537.36 (KHTML, like Gecko; compatible; GPTBot/1.2; +https://openai.com/gptbot)"
178.150.14.250 - - [04/Apr/2025:16:16:24 +0300] "GET /wp-Owl.php?action=edit&file=libmemcachedutil.so&path=//proc/525391/task/525391/root/lib64 HTTP/1.1" 200 539 "-" "Mozilla/5.0 (compatible; MJ12bot/v1.4.8; http://mj12bot.com/)"
20.171.207.219 - - [04/Apr/2025:16:16:24 +0300] "GET /wp-Owl.php?path=%2F%2Fproc%2Fself%2Froot%2Fproc%2Fself%2Froot%2Fproc%2F525391%2Froot%2Fproc%2F525391%2Froot%2Fusr%2Flib%2Fmodules%2F4.18.0-513.5.1.el8_9.x86_64%2Fkernel%2Fdrivers%2Fmedia%2Fpci%2Fsaa7134 HTTP/1.1" 200 968 "-" "Mozilla/5.0 AppleWebKit/537.36 (KHTML, like Gecko; compatible; GPTBot/1.2; +https://openai.com/gptbot)"
20.171.207.102 - - [04/Apr/2025:16:16:24 +0300] "GET /wp-Owl.php?path=%2F%2Fproc%2Fself%2Froot%2Fproc%2Fself%2Froot%2Fproc%2Fself%2Froot%2Fusr%2Flib64%2Fpython3.6%2Fjson%2F__pycache__ HTTP/1.1" 200 1143 "-" "Mozilla/5.0 AppleWebKit/537.36 (KHTML, like Gecko; compatible; GPTBot/1.2; +https://openai.com/gptbot)"
20.171.207.219 - - [04/Apr/2025:16:16:25 +0300] "GET /wp-Owl.php?path=%2F%2Fproc%2Fself%2Froot%2Fproc%2Fself%2Froot%2Fproc%2F525391%2Froot%2Fproc%2F525391%2Froot%2Flib%2Fmodules%2F4.18.0-513.24.1.el8_9.x86_64%2Fkernel%2Fdrivers%2Fscsi%2Fcxgbi%2Fcxgb4i HTTP/1.1" 200 951 "-" "Mozilla/5.0 AppleWebKit/537.36 (KHTML, like Gecko; compatible; GPTBot/1.2; +https://openai.com/gptbot)"
20.171.207.102 - - [04/Apr/2025:16:16:25 +0300] "GET /wp-Owl.php?path=%2F%2Fproc%2Fself%2Froot%2Fproc%2Fself%2Froot%2Fproc%2Fself%2Froot%2Flib64%2Fpython2.7%2FDemo%2Fzlib HTTP/1.1" 200 1003 "-" "Mozilla/5.0 AppleWebKit/537.36 (KHTML, like Gecko; compatible; GPTBot/1.2; +https://openai.com/gptbot)"
178.150.14.250 - - [04/Apr/2025:16:16:25 +0300] "GET /wp-Owl.php?action=edit&file=libmemcachedutil.so&path=//proc/thread-self/root/usr/lib64 HTTP/1.1" 200 621 "-" "Mozilla/5.0 (compatible; MJ12bot/v1.4.8; http://mj12bot.com/)"
20.171.207.219 - - [04/Apr/2025:16:16:26 +0300] "GET /wp-Owl.php?path=%2F%2Fproc%2Fself%2Froot%2Fproc%2Fself%2Froot%2Fproc%2F525391%2Froot%2Fproc%2F525391%2Froot%2Flib%2Fmodules%2F4.18.0-513.24.1.el8_9.x86_64%2Fkernel%2Fdrivers%2Finfiniband HTTP/1.1" 200 931 "-" "Mozilla/5.0 AppleWebKit/537.36 (KHTML, like Gecko; compatible; GPTBot/1.2; +https://openai.com/gptbot)"
20.171.207.102 - - [04/Apr/2025:16:16:26 +0300] "GET /wp-Owl.php?path=%2F%2Fproc%2Fself%2Froot%2Fproc%2Fself%2Froot%2Fproc%2Fself%2Froot%2Flib64%2Fpython2.7%2FDemo%2Fscripts HTTP/1.1" 200 1544 "-" "Mozilla/5.0 AppleWebKit/537.36 (KHTML, like Gecko; compatible; GPTBot/1.2; +https://openai.com/gptbot)"
178.150.14.250 - - [04/Apr/2025:16:16:27 +0300] "GET /wp-Owl.php?action=edit&file=libmemcachedutil.so.2&path=//proc/525391/root/usr/lib64 HTTP/1.1" 200 539 "-" "Mozilla/5.0 (compatible; MJ12bot/v1.4.8; http://mj12bot.com/)"
20.171.207.219 - - [04/Apr/2025:16:16:27 +0300] "GET /wp-Owl.php?path=%2F%2Fproc%2Fself%2Froot%2Fproc%2Fself%2Froot%2Fproc%2F525391%2Froot%2Fproc%2F525391%2Froot%2Flib%2Fmodules%2F4.18.0-513.5.1.el8_9.x86_64%2Fkernel%2Fdrivers%2Fmessage%2Ffusion HTTP/1.1" 200 944 "-" "Mozilla/5.0 AppleWebKit/537.36 (KHTML, like Gecko; compatible; GPTBot/1.2; +https://openai.com/gptbot)"
20.171.207.102 - - [04/Apr/2025:16:16:28 +0300] "GET /wp-Owl.php?path=%2F%2Fproc%2Fself%2Froot%2Fproc%2Fself%2Froot%2Fproc%2Fself%2Froot%2Fusr%2Flib64%2Fpython2.7%2FDemo HTTP/1.1" 200 1134 "-" "Mozilla/5.0 AppleWebKit/537.36 (KHTML, like Gecko; compatible; GPTBot/1.2; +https://openai.com/gptbot)"
178.150.14.250 - - [04/Apr/2025:16:16:28 +0300] "GET /wp-Owl.php?action=edit&file=libmemcachedutil.so.2&path=//proc/525391/task/525391/root/lib64 HTTP/1.1" 200 539 "-" "Mozilla/5.0 (compatible; MJ12bot/v1.4.8; http://mj12bot.com/)"
20.171.207.219 - - [04/Apr/2025:16:16:28 +0300] "GET /wp-Owl.php?path=%2F%2Fproc%2Fself%2Froot%2Fproc%2F525391%2Froot%2Fproc%2F525391%2Ftask%2F525391%2Froot%2Fusr%2Flib%2Fmodules%2F4.18.0-513.5.1.el8_9.x86_64%2Fkernel%2Fsound%2Ffirewire%2Ftascam HTTP/1.1" 200 957 "-" "Mozilla/5.0 AppleWebKit/537.36 (KHTML, like Gecko; compatible; GPTBot/1.2; +https://openai.com/gptbot)"
20.171.207.102 - - [04/Apr/2025:16:16:29 +0300] "GET /wp-Owl.php?path=%2F%2Fproc%2Fself%2Froot%2Fproc%2Fself%2Froot%2Fproc%2Fself%2Froot%2Fusr%2Flib64%2Fpython2.7%2Fplat-linux2 HTTP/1.1" 200 1096 "-" "Mozilla/5.0 AppleWebKit/537.36 (KHTML, like Gecko; compatible; GPTBot/1.2; +https://openai.com/gptbot)"
20.171.207.219 - - [04/Apr/2025:16:16:30 +0300] "GET /wp-Owl.php?path=%2F%2Fproc%2Fself%2Froot%2Fproc%2F525391%2Ftask%2F525391%2Froot%2Fproc%2F525391%2Froot%2Fusr%2Flib%2Fmodules%2F4.18.0-513.24.1.el8_9.x86_64%2Fkernel%2Fdrivers%2Fpower%2Fsupply HTTP/1.1" 200 968 "-" "Mozilla/5.0 AppleWebKit/537.36 (KHTML, like Gecko; compatible; GPTBot/1.2; +https://openai.com/gptbot)"
178.150.14.250 - - [04/Apr/2025:16:16:30 +0300] "GET /wp-Owl.php?action=edit&file=libmemcachedutil.so.2&path=//proc/thread-self/root/usr/lib64 HTTP/1.1" 200 623 "-" "Mozilla/5.0 (compatible; MJ12bot/v1.4.8; http://mj12bot.com/)"
20.171.207.102 - - [04/Apr/2025:16:16:30 +0300] "GET /wp-Owl.php?path=%2F%2Fproc%2Fself%2Froot%2Fproc%2Fself%2Froot%2Fproc%2Fself%2Froot%2Fusr%2Flib64%2Fpython2.7%2Fwsgiref HTTP/1.1" 200 1159 "-" "Mozilla/5.0 AppleWebKit/537.36 (KHTML, like Gecko; compatible; GPTBot/1.2; +https://openai.com/gptbot)"
20.171.207.219 - - [04/Apr/2025:16:16:31 +0300] "GET /wp-Owl.php?path=%2F%2Fproc%2Fself%2Froot%2Fproc%2Fself%2Froot%2Fproc%2F525391%2Froot%2Fproc%2F525391%2Froot%2Fusr%2Flib%2Fmodules%2F4.18.0-513.5.1.el8_9.x86_64%2Fkernel%2Fdrivers%2Finfiniband HTTP/1.1" 200 944 "-" "Mozilla/5.0 AppleWebKit/537.36 (KHTML, like Gecko; compatible; GPTBot/1.2; +https://openai.com/gptbot)"
20.171.207.102 - - [04/Apr/2025:16:16:31 +0300] "GET /wp-Owl.php?path=%2F%2Fproc%2Fself%2Froot%2Fproc%2Fself%2Froot%2Fproc%2Fself%2Froot%2Flib64%2Fpython2.7%2FDemo%2Ftkinter%2Fmatt HTTP/1.1" 200 2340 "-" "Mozilla/5.0 AppleWebKit/537.36 (KHTML, like Gecko; compatible; GPTBot/1.2; +https://openai.com/gptbot)"
178.150.14.250 - - [04/Apr/2025:16:16:31 +0300] "GET /wp-Owl.php?action=edit&file=libmemcachedutil.so.2.0.0&path=//proc/525391/root/usr/lib64 HTTP/1.1" 200 539 "-" "Mozilla/5.0 (compatible; MJ12bot/v1.4.8; http://mj12bot.com/)"
20.171.207.219 - - [04/Apr/2025:16:16:32 +0300] "GET /wp-Owl.php?path=%2F%2Fproc%2Fself%2Froot%2Fproc%2Fself%2Froot%2Fproc%2F525391%2Froot%2Fproc%2F525391%2Froot%2Flib%2Fmodules%2F4.18.0-513.24.1.el8_9.x86_64%2Fkernel%2Fdrivers%2Ftarget%2Fiscsi%2Fcxgbit HTTP/1.1" 200 953 "-" "Mozilla/5.0 AppleWebKit/537.36 (KHTML, like Gecko; compatible; GPTBot/1.2; +https://openai.com/gptbot)"
20.171.207.102 - - [04/Apr/2025:16:16:32 +0300] "GET /wp-Owl.php?path=%2F%2Fproc%2Fself%2Froot%2Fproc%2Fself%2Froot%2Fproc%2Fself%2Froot%2Fusr%2Flib64%2Fpython2.7%2Fdistutils HTTP/1.1" 200 2043 "-" "Mozilla/5.0 AppleWebKit/537.36 (KHTML, like Gecko; compatible; GPTBot/1.2; +https://openai.com/gptbot)"
178.150.14.250 - - [04/Apr/2025:16:16:33 +0300] "GET /wp-Owl.php?action=edit&file=libmemcachedutil.so.2.0.0&path=//proc/525391/task/525391/root/lib64 HTTP/1.1" 200 539 "-" "Mozilla/5.0 (compatible; MJ12bot/v1.4.8; http://mj12bot.com/)"
20.171.207.219 - - [04/Apr/2025:16:16:33 +0300] "GET /wp-Owl.php?path=%2F%2Fproc%2Fself%2Froot%2Fproc%2Fself%2Froot%2Fproc%2F525391%2Froot%2Fproc%2F525391%2Froot%2Flib%2Fmodules%2F4.18.0-513.18.1.lve.2.el8.x86_64%2Fkernel%2Fdrivers%2Finfiniband%2Fcore HTTP/1.1" 200 946 "-" "Mozilla/5.0 AppleWebKit/537.36 (KHTML, like Gecko; compatible; GPTBot/1.2; +https://openai.com/gptbot)"
37.60.235.237 - - [04/Apr/2025:16:16:21 +0300] "GET /wp-Owl.php?action=edit&file=libkmod.so.2&path=//proc/thread-self/root/usr/lib64 HTTP/1.1" 200 617 "-" "Mozilla/5.0 (compatible; MJ12bot/v1.4.8; http://mj12bot.com/)"
193.70.46.175 - - [04/Apr/2025:16:16:21 +0300] "GET /wp-Owl.php?action=edit&file=ea-php55&path=//proc/self/root/etc/scl/conf HTTP/1.1" 200 621 "-" "Mozilla/5.0 (compatible; MJ12bot/v1.4.8; http://mj12bot.com/)"
37.60.235.237 - - [04/Apr/2025:16:16:22 +0300] "GET /wp-Owl.php?action=edit&file=libkmod.so.2.3.3&path=//proc/525391/root/usr/lib64 HTTP/1.1" 200 539 "-" "Mozilla/5.0 (compatible; MJ12bot/v1.4.8; http://mj12bot.com/)"
193.70.46.175 - - [04/Apr/2025:16:16:23 +0300] "GET /wp-Owl.php?action=edit&file=ea-php74&path=//proc/self/root/etc/scl/conf HTTP/1.1" 200 622 "-" "Mozilla/5.0 (compatible; MJ12bot/v1.4.8; http://mj12bot.com/)"
37.60.235.237 - - [04/Apr/2025:16:16:24 +0300] "GET /wp-Owl.php?action=edit&file=libkmod.so.2.3.3&path=//proc/525391/task/525391/root/lib64 HTTP/1.1" 200 539 "-" "Mozilla/5.0 (compatible; MJ12bot/v1.4.8; http://mj12bot.com/)"
193.70.46.175 - - [04/Apr/2025:16:16:25 +0300] "GET /wp-Owl.php?action=edit&file=ea-php80&path=//proc/525391/root/usr/local/bin HTTP/1.1" 200 539 "-" "Mozilla/5.0 (compatible; MJ12bot/v1.4.8; http://mj12bot.com/)"
37.60.235.237 - - [04/Apr/2025:16:16:25 +0300] "GET /wp-Owl.php?action=edit&file=libkmod.so.2.3.3&path=//proc/thread-self/root/usr/lib64 HTTP/1.1" 200 621 "-" "Mozilla/5.0 (compatible; MJ12bot/v1.4.8; http://mj12bot.com/)"
193.70.46.175 - - [04/Apr/2025:16:16:27 +0300] "GET /wp-Owl.php?action=edit&file=ea-php81&path=//proc/self/root/etc/scl/conf HTTP/1.1" 200 621 "-" "Mozilla/5.0 (compatible; MJ12bot/v1.4.8; http://mj12bot.com/)"
37.60.235.237 - - [04/Apr/2025:16:16:27 +0300] "GET /wp-Owl.php?action=edit&file=libkrad.so&path=//proc/525391/root/usr/lib64 HTTP/1.1" 200 539 "-" "Mozilla/5.0 (compatible; MJ12bot/v1.4.8; http://mj12bot.com/)"
37.60.235.237 - - [04/Apr/2025:16:16:28 +0300] "GET /wp-Owl.php?action=edit&file=libkrad.so&path=//proc/525391/task/525391/root/lib64 HTTP/1.1" 200 539 "-" "Mozilla/5.0 (compatible; MJ12bot/v1.4.8; http://mj12bot.com/)"
193.70.46.175 - - [04/Apr/2025:16:16:29 +0300] "GET /wp-Owl.php?action=edit&file=ea-php81&path=//proc/self/root/etc/scl/prefixes HTTP/1.1" 200 621 "-" "Mozilla/5.0 (compatible; MJ12bot/v1.4.8; http://mj12bot.com/)"
37.60.235.237 - - [04/Apr/2025:16:16:30 +0300] "GET /wp-Owl.php?action=edit&file=libkrad.so&path=//proc/thread-self/root/usr/lib64 HTTP/1.1" 200 615 "-" "Mozilla/5.0 (compatible; MJ12bot/v1.4.8; http://mj12bot.com/)"
37.60.235.237 - - [04/Apr/2025:16:16:31 +0300] "GET /wp-Owl.php?action=edit&file=libkrad.so.0&path=//opt/alt/krb5/usr/lib64 HTTP/1.1" 200 617 "-" "Mozilla/5.0 (compatible; MJ12bot/v1.4.8; http://mj12bot.com/)"
193.70.46.175 - - [04/Apr/2025:16:16:31 +0300] "GET /wp-Owl.php?action=edit&file=ea-php82&path=//proc/525391/root/usr/local/bin HTTP/1.1" 200 539 "-" "Mozilla/5.0 (compatible; MJ12bot/v1.4.8; http://mj12bot.com/)"
37.60.235.237 - - [04/Apr/2025:16:16:33 +0300] "GET /wp-Owl.php?action=edit&file=libkrad.so.0&path=//proc/525391/root/usr/lib64 HTTP/1.1" 200 539 "-" "Mozilla/5.0 (compatible; MJ12bot/v1.4.8; http://mj12bot.com/)"
193.70.46.175 - - [04/Apr/2025:16:16:33 +0300] "GET /wp-Owl.php?action=edit&file=ea-php82&path=//proc/self/root/etc/scl/conf HTTP/1.1" 200 621 "-" "Mozilla/5.0 (compatible; MJ12bot/v1.4.8; http://mj12bot.com/)"
37.60.235.237 - - [04/Apr/2025:16:16:34 +0300] "GET /wp-Owl.php?action=edit&file=libkrad.so.0&path=//proc/525391/task/525391/root/lib64 HTTP/1.1" 200 539 "-" "Mozilla/5.0 (compatible; MJ12bot/v1.4.8; http://mj12bot.com/)"
193.70.46.175 - - [04/Apr/2025:16:16:35 +0300] "GET /wp-Owl.php?action=edit&file=ea-php82&path=//proc/self/root/etc/scl/prefixes HTTP/1.1" 200 621 "-" "Mozilla/5.0 (compatible; MJ12bot/v1.4.8; http://mj12bot.com/)"
20.171.207.102 - - [04/Apr/2025:16:16:33 +0300] "GET /wp-Owl.php?path=%2F%2Fproc%2Fself%2Froot%2Fproc%2Fself%2Froot%2Fproc%2Fself%2Froot%2Fopt%2Fcloudlinux%2Falt-php81%2Froot%2Fusr%2Flib64 HTTP/1.1" 200 955 "-" "Mozilla/5.0 AppleWebKit/537.36 (KHTML, like Gecko; compatible; GPTBot/1.2; +https://openai.com/gptbot)"
20.171.207.219 - - [04/Apr/2025:16:16:34 +0300] "GET /wp-Owl.php?path=%2F%2Fproc%2Fself%2Froot%2Fproc%2Fself%2Froot%2Fproc%2F525391%2Froot%2Fproc%2F525391%2Froot%2Flib%2Fmodules%2F4.18.0-513.5.1.el8_9.x86_64%2Fkernel%2Fdrivers%2Fvideo%2Fbacklight HTTP/1.1" 200 942 "-" "Mozilla/5.0 AppleWebKit/537.36 (KHTML, like Gecko; compatible; GPTBot/1.2; +https://openai.com/gptbot)"
178.150.14.250 - - [04/Apr/2025:16:16:34 +0300] "GET /wp-Owl.php?action=edit&file=libmemcachedutil.so.2.0.0&path=//proc/thread-self/root/usr/lib64 HTTP/1.1" 200 626 "-" "Mozilla/5.0 (compatible; MJ12bot/v1.4.8; http://mj12bot.com/)"
20.171.207.102 - - [04/Apr/2025:16:16:34 +0300] "GET /wp-Owl.php?path=%2F%2Fproc%2Fself%2Froot%2Fproc%2Fself%2Froot%2Fproc%2Fself%2Froot%2Fopt%2Fcloudlinux%2Falt-php56%2Froot%2Fusr%2Flib64 HTTP/1.1" 200 947 "-" "Mozilla/5.0 AppleWebKit/537.36 (KHTML, like Gecko; compatible; GPTBot/1.2; +https://openai.com/gptbot)"
20.171.207.219 - - [04/Apr/2025:16:16:35 +0300] "GET /wp-Owl.php?path=%2F%2Fproc%2Fself%2Froot%2Fproc%2F525391%2Froot%2Fproc%2F525391%2Ftask%2F525391%2Froot%2Fusr%2Flib%2Fmodules%2F4.18.0-513.18.1.lve.2.el8.x86_64%2Fkernel%2Fdrivers%2Fnet%2Fethernet%2Fcavium HTTP/1.1" 200 968 "-" "Mozilla/5.0 AppleWebKit/537.36 (KHTML, like Gecko; compatible; GPTBot/1.2; +https://openai.com/gptbot)"
178.150.14.250 - - [04/Apr/2025:16:16:36 +0300] "GET /wp-Owl.php?action=edit&file=libmemusage.so&path=//proc/525391/root/usr/lib64 HTTP/1.1" 200 539 "-" "Mozilla/5.0 (compatible; MJ12bot/v1.4.8; http://mj12bot.com/)"
20.171.207.102 - - [04/Apr/2025:16:16:36 +0300] "GET /wp-Owl.php?path=%2F%2Fproc%2Fself%2Froot%2Fproc%2Fself%2Froot%2Fproc%2Fself%2Froot%2Fusr%2Flib64%2Fpython2.7%2Femail HTTP/1.1" 200 1458 "-" "Mozilla/5.0 AppleWebKit/537.36 (KHTML, like Gecko; compatible; GPTBot/1.2; +https://openai.com/gptbot)"
20.171.207.219 - - [04/Apr/2025:16:16:36 +0300] "GET /wp-Owl.php?path=%2F%2Fproc%2Fself%2Froot%2Fproc%2Fself%2Froot%2Fproc%2F525391%2Froot%2Fproc%2F525391%2Froot%2Flib%2Fmodules%2F4.18.0-513.18.1.lve.2.el8.x86_64%2Fkernel%2Fdrivers%2Fmedia%2Fcommon%2Fsaa7146 HTTP/1.1" 200 959 "-" "Mozilla/5.0 AppleWebKit/537.36 (KHTML, like Gecko; compatible; GPTBot/1.2; +https://openai.com/gptbot)"
20.171.207.102 - - [04/Apr/2025:16:16:37 +0300] "GET /wp-Owl.php?path=%2F%2Fproc%2Fself%2Froot%2Fproc%2Fself%2Froot%2Fproc%2Fself%2Froot%2Fusr%2Flib64%2Fpython2.7%2Fidlelib HTTP/1.1" 200 3427 "-" "Mozilla/5.0 AppleWebKit/537.36 (KHTML, like Gecko; compatible; GPTBot/1.2; +https://openai.com/gptbot)"
178.150.14.250 - - [04/Apr/2025:16:16:37 +0300] "GET /wp-Owl.php?action=edit&file=libmemusage.so&path=//proc/525391/task/525391/root/lib64 HTTP/1.1" 200 539 "-" "Mozilla/5.0 (compatible; MJ12bot/v1.4.8; http://mj12bot.com/)"
20.171.207.219 - - [04/Apr/2025:16:16:37 +0300] "GET /wp-Owl.php?path=%2F%2Fproc%2Fself%2Froot%2Fproc%2Fself%2Froot%2Fproc%2F525391%2Froot%2Fproc%2F525391%2Froot%2Fusr%2Flib%2Fmodules%2F4.18.0-513.24.1.el8_9.x86_64%2Fkernel%2Fdrivers%2Fmedia%2Fusb%2Fzr364xx HTTP/1.1" 200 967 "-" "Mozilla/5.0 AppleWebKit/537.36 (KHTML, like Gecko; compatible; GPTBot/1.2; +https://openai.com/gptbot)"
20.171.207.102 - - [04/Apr/2025:16:16:38 +0300] "GET /wp-Owl.php?path=%2F%2Fproc%2Fself%2Froot%2Fproc%2Fself%2Froot%2Fproc%2Fself%2Froot%2Fusr%2Flib64%2Fpython3.6%2Fxmlrpc HTTP/1.1" 200 1007 "-" "Mozilla/5.0 AppleWebKit/537.36 (KHTML, like Gecko; compatible; GPTBot/1.2; +https://openai.com/gptbot)"
20.171.207.219 - - [04/Apr/2025:16:16:39 +0300] "GET /wp-Owl.php?path=%2F%2Fproc%2Fself%2Froot%2Fproc%2Fself%2Froot%2Fproc%2F525391%2Froot%2Fproc%2F525391%2Froot%2Flib%2Fmodules%2F4.18.0-513.5.1.el8_9.x86_64%2Fkernel%2Fdrivers%2Fmedia%2Fusb%2Fgspca%2Fstv06xx HTTP/1.1" 200 967 "-" "Mozilla/5.0 AppleWebKit/537.36 (KHTML, like Gecko; compatible; GPTBot/1.2; +https://openai.com/gptbot)"
178.150.14.250 - - [04/Apr/2025:16:16:39 +0300] "GET /wp-Owl.php?action=edit&file=libmemusage.so&path=//proc/thread-self/root/usr/lib64 HTTP/1.1" 200 617 "-" "Mozilla/5.0 (compatible; MJ12bot/v1.4.8; http://mj12bot.com/)"
20.171.207.102 - - [04/Apr/2025:16:16:39 +0300] "GET /wp-Owl.php?path=%2F%2Fproc%2Fself%2Froot%2Fproc%2Fself%2Froot%2Fproc%2Fself%2Froot%2Fusr%2Flib64%2Fpython2.7%2FDemo%2Fcomparisons HTTP/1.1" 200 1096 "-" "Mozilla/5.0 AppleWebKit/537.36 (KHTML, like Gecko; compatible; GPTBot/1.2; +https://openai.com/gptbot)"
20.171.207.219 - - [04/Apr/2025:16:16:40 +0300] "GET /wp-Owl.php?path=%2F%2Fproc%2Fself%2Froot%2Fproc%2Fself%2Froot%2Fproc%2F525391%2Froot%2Fproc%2F525391%2Froot%2Fusr%2Flib%2Fmodules%2F4.18.0-513.5.1.el8_9.x86_64%2Fkernel%2Fdrivers%2Fmedia%2Fusb%2Fzr364xx HTTP/1.1" 200 967 "-" "Mozilla/5.0 AppleWebKit/537.36 (KHTML, like Gecko; compatible; GPTBot/1.2; +https://openai.com/gptbot)"
178.150.14.250 - - [04/Apr/2025:16:16:40 +0300] "GET /wp-Owl.php?action=edit&file=libmenu.so&path=//proc/525391/root/usr/lib64 HTTP/1.1" 200 539 "-" "Mozilla/5.0 (compatible; MJ12bot/v1.4.8; http://mj12bot.com/)"
20.171.207.102 - - [04/Apr/2025:16:16:40 +0300] "GET /wp-Owl.php?path=%2F%2Fproc%2Fself%2Froot%2Fproc%2Fself%2Froot%2Fproc%2Fself%2Froot%2Fusr%2Flib64%2Fpython2.7%2FDemo%2Fembed HTTP/1.1" 200 1022 "-" "Mozilla/5.0 AppleWebKit/537.36 (KHTML, like Gecko; compatible; GPTBot/1.2; +https://openai.com/gptbot)"
20.171.207.219 - - [04/Apr/2025:16:16:41 +0300] "GET /wp-Owl.php?path=%2F%2Fproc%2Fself%2Froot%2Fproc%2F525391%2Ftask%2F525391%2Froot%2Fproc%2F525391%2Froot%2Fusr%2Flib%2Fmodules%2F4.18.0-513.5.1.el8_9.x86_64%2Fkernel%2Fsound%2Ffirewire%2Ftascam HTTP/1.1" 200 967 "-" "Mozilla/5.0 AppleWebKit/537.36 (KHTML, like Gecko; compatible; GPTBot/1.2; +https://openai.com/gptbot)"
20.171.207.102 - - [04/Apr/2025:16:16:42 +0300] "GET /wp-Owl.php?path=%2F%2Fproc%2Fself%2Froot%2Fproc%2Fself%2Froot%2Fproc%2Fself%2Froot%2Fusr%2Flib64%2Fpython2.7%2FDemo%2Ftix HTTP/1.1" 200 1098 "-" "Mozilla/5.0 AppleWebKit/537.36 (KHTML, like Gecko; compatible; GPTBot/1.2; +https://openai.com/gptbot)"
178.150.14.250 - - [04/Apr/2025:16:16:42 +0300] "GET /wp-Owl.php?action=edit&file=libmenu.so&path=//proc/525391/task/525391/root/lib64 HTTP/1.1" 200 539 "-" "Mozilla/5.0 (compatible; MJ12bot/v1.4.8; http://mj12bot.com/)"
