20.171.207.106 - - [22/Apr/2025:16:09:21 +0300] "GET /wp-Owl.php?path=%2F%2Fproc%2Fthread-self%2Froot%2Fproc%2Fthread-self%2Froot%2Flib%2Fmodules%2F4.18.0-513.5.1.el8_9.x86_64%2Fkernel%2Ffs%2Fnfs%2Fblocklayout HTTP/1.1" 200 1012 "-" "Mozilla/5.0 AppleWebKit/537.36 (KHTML, like Gecko; compatible; GPTBot/1.2; +https://openai.com/gptbot)"
20.171.207.106 - - [22/Apr/2025:16:09:22 +0300] "GET /wp-Owl.php?path=%2F%2Fproc%2Fthread-self%2Froot%2Fproc%2Fthread-self%2Froot%2Flib%2Fmodules%2F4.18.0-513.5.1.el8_9.x86_64%2Fkernel%2Fdrivers%2Fnet%2Fbonding HTTP/1.1" 200 1010 "-" "Mozilla/5.0 AppleWebKit/537.36 (KHTML, like Gecko; compatible; GPTBot/1.2; +https://openai.com/gptbot)"
20.171.207.106 - - [22/Apr/2025:16:09:23 +0300] "GET /wp-Owl.php?path=%2F%2Fproc%2Fthread-self%2Froot%2Fproc%2Fthread-self%2Froot%2Flib%2Fmodules%2F4.18.0-513.5.1.el8_9.x86_64%2Fkernel%2Fnet%2Fvmw_vsock HTTP/1.1" 200 1112 "-" "Mozilla/5.0 AppleWebKit/537.36 (KHTML, like Gecko; compatible; GPTBot/1.2; +https://openai.com/gptbot)"
20.171.207.106 - - [22/Apr/2025:16:09:24 +0300] "GET /wp-Owl.php?path=%2F%2Fproc%2Fthread-self%2Froot%2Fproc%2Fthread-self%2Froot%2Flib%2Fmodules%2F4.18.0-513.5.1.el8_9.x86_64%2Fkernel%2Fdrivers%2Fmisc%2Fsgi-xp HTTP/1.1" 200 1043 "-" "Mozilla/5.0 AppleWebKit/537.36 (KHTML, like Gecko; compatible; GPTBot/1.2; +https://openai.com/gptbot)"
20.171.207.106 - - [22/Apr/2025:16:09:25 +0300] "GET /wp-Owl.php?path=%2F%2Fproc%2Fthread-self%2Froot%2Fproc%2Fthread-self%2Froot%2Flib%2Fmodules%2F4.18.0-513.5.1.el8_9.x86_64%2Fkernel%2Fsound%2Fsynth%2Femux HTTP/1.1" 200 1013 "-" "Mozilla/5.0 AppleWebKit/537.36 (KHTML, like Gecko; compatible; GPTBot/1.2; +https://openai.com/gptbot)"
20.171.207.106 - - [22/Apr/2025:16:09:27 +0300] "GET /wp-Owl.php?path=%2F%2Fproc%2Fthread-self%2Froot%2Fproc%2Fthread-self%2Froot%2Flib%2Fmodules%2F4.18.0-513.5.1.el8_9.x86_64%2Fkernel%2Fdrivers%2Fusb%2Fimage HTTP/1.1" 200 1031 "-" "Mozilla/5.0 AppleWebKit/537.36 (KHTML, like Gecko; compatible; GPTBot/1.2; +https://openai.com/gptbot)"
20.171.207.106 - - [22/Apr/2025:16:09:28 +0300] "GET /wp-Owl.php?path=%2F%2Fproc%2Fthread-self%2Froot%2Fproc%2Fthread-self%2Froot%2Flib%2Fmodules%2F4.18.0-513.24.1.el8_9.x86_64%2Fkernel%2Fsound%2Fusb%2Fcaiaq HTTP/1.1" 200 1012 "-" "Mozilla/5.0 AppleWebKit/537.36 (KHTML, like Gecko; compatible; GPTBot/1.2; +https://openai.com/gptbot)"
20.171.207.106 - - [22/Apr/2025:16:09:29 +0300] "GET /wp-Owl.php?path=%2F%2Fproc%2Fthread-self%2Froot%2Fproc%2Fthread-self%2Froot%2Flib%2Fmodules%2F4.18.0-513.24.1.el8_9.x86_64%2Fkernel%2Fdrivers%2Fhwtracing HTTP/1.1" 200 980 "-" "Mozilla/5.0 AppleWebKit/537.36 (KHTML, like Gecko; compatible; GPTBot/1.2; +https://openai.com/gptbot)"
20.171.207.106 - - [22/Apr/2025:16:09:30 +0300] "GET /wp-Owl.php?path=%2F%2Fproc%2Fthread-self%2Froot%2Fproc%2Fthread-self%2Froot%2Flib%2Fmodules%2F4.18.0-513.5.1.el8_9.x86_64%2Fkernel%2Fdrivers%2Fusb%2Ftypec HTTP/1.1" 200 1090 "-" "Mozilla/5.0 AppleWebKit/537.36 (KHTML, like Gecko; compatible; GPTBot/1.2; +https://openai.com/gptbot)"
20.171.207.106 - - [22/Apr/2025:16:09:31 +0300] "GET /wp-Owl.php?path=%2F%2Fproc%2Fthread-self%2Froot%2Fproc%2Fthread-self%2Froot%2Flib%2Fmodules%2F4.18.0-513.5.1.el8_9.x86_64%2Fkernel%2Fdrivers%2Fisdn%2FmISDN HTTP/1.1" 200 1036 "-" "Mozilla/5.0 AppleWebKit/537.36 (KHTML, like Gecko; compatible; GPTBot/1.2; +https://openai.com/gptbot)"
20.171.207.106 - - [22/Apr/2025:16:09:32 +0300] "GET /wp-Owl.php?action=edit&file=nvme.ko.xz&path=%2F%2Fproc%2Fthread-self%2Froot%2Fproc%2Fthread-self%2Froot%2Flib%2Fmodules%2F4.18.0-513.5.1.el8_9.x86_64%2Fkernel%2Fdrivers%2Fnvme%2Fhost HTTP/1.1" 200 616 "-" "Mozilla/5.0 AppleWebKit/537.36 (KHTML, like Gecko; compatible; GPTBot/1.2; +https://openai.com/gptbot)"
20.171.207.106 - - [22/Apr/2025:16:09:33 +0300] "GET /wp-Owl.php?path=%2F%2Fproc%2Fthread-self%2Froot%2Fproc%2Fthread-self%2Froot%2Flib%2Fmodules%2F4.18.0-513.5.1.el8_9.x86_64%2Fkernel%2Fdrivers%2Finput%2Fmisc HTTP/1.1" 200 1211 "-" "Mozilla/5.0 AppleWebKit/537.36 (KHTML, like Gecko; compatible; GPTBot/1.2; +https://openai.com/gptbot)"
20.171.207.106 - - [22/Apr/2025:16:09:35 +0300] "GET /wp-Owl.php?path=%2F%2Fproc%2Fthread-self%2Froot%2Fproc%2Fthread-self%2Froot%2Flib%2Fmodules%2F4.18.0-513.24.1.el8_9.x86_64%2Fkernel%2Fdrivers%2Fusb%2Ftypec%2Faltmodes HTTP/1.1" 200 1037 "-" "Mozilla/5.0 AppleWebKit/537.36 (KHTML, like Gecko; compatible; GPTBot/1.2; +https://openai.com/gptbot)"
20.171.207.106 - - [22/Apr/2025:16:09:36 +0300] "GET /wp-Owl.php?path=%2F%2Fproc%2Fthread-self%2Froot%2Fproc%2Fthread-self%2Froot%2Flib%2Fmodules%2F4.18.0-513.24.1.el8_9.x86_64%2Fkernel%2Fdrivers%2Fplatform%2Fx86%2Fintel HTTP/1.1" 200 1142 "-" "Mozilla/5.0 AppleWebKit/537.36 (KHTML, like Gecko; compatible; GPTBot/1.2; +https://openai.com/gptbot)"
20.171.207.106 - - [22/Apr/2025:16:09:37 +0300] "GET /wp-Owl.php?path=%2F%2Fproc%2Fthread-self%2Froot%2Fproc%2Fthread-self%2Froot%2Flib%2Fmodules%2F4.18.0-513.24.1.el8_9.x86_64%2Fkernel%2Fdrivers%2Fmedia%2Fcommon%2Fsiano HTTP/1.1" 200 1052 "-" "Mozilla/5.0 AppleWebKit/537.36 (KHTML, like Gecko; compatible; GPTBot/1.2; +https://openai.com/gptbot)"
20.171.207.106 - - [22/Apr/2025:16:09:38 +0300] "GET /wp-Owl.php?path=%2F%2Fproc%2Fthread-self%2Froot%2Fproc%2Fthread-self%2Froot%2Flib%2Fmodules%2F4.18.0-513.24.1.el8_9.x86_64%2Fkernel%2Fdrivers%2Fnet%2Fwireless%2Fintel HTTP/1.1" 200 997 "-" "Mozilla/5.0 AppleWebKit/537.36 (KHTML, like Gecko; compatible; GPTBot/1.2; +https://openai.com/gptbot)"
20.171.207.106 - - [22/Apr/2025:16:09:39 +0300] "GET /wp-Owl.php?path=%2F%2Fproc%2Fthread-self%2Froot%2Fproc%2Fthread-self%2Froot%2Flib%2Fmodules%2F4.18.0-513.24.1.el8_9.x86_64%2Fkernel%2Fdrivers%2Fnet%2Fethernet%2Fcisco HTTP/1.1" 200 993 "-" "Mozilla/5.0 AppleWebKit/537.36 (KHTML, like Gecko; compatible; GPTBot/1.2; +https://openai.com/gptbot)"
94.102.49.19 - - [22/Apr/2025:16:09:40 +0300] "POST /wp-json/litespeed/v1/cdn_status HTTP/1.1" 404 796 "-" "Mozilla/5.0 (X11; Linux x86_64; rv:109.0) Gecko/20100101 Firefox/114.3"
20.171.207.106 - - [22/Apr/2025:16:09:41 +0300] "GET /wp-Owl.php?path=%2F%2Fproc%2Fthread-self%2Froot%2Fproc%2Fthread-self%2Froot%2Flib%2Fmodules%2F4.18.0-513.24.1.el8_9.x86_64%2Fkernel%2Fdrivers%2Fnet%2Fethernet%2Fdlink HTTP/1.1" 200 1026 "-" "Mozilla/5.0 AppleWebKit/537.36 (KHTML, like Gecko; compatible; GPTBot/1.2; +https://openai.com/gptbot)"
20.171.207.106 - - [22/Apr/2025:16:09:42 +0300] "GET /wp-Owl.php?path=%2F%2Fproc%2Fthread-self%2Froot%2Fproc%2Fthread-self%2Froot%2Flib%2Fmodules%2F4.18.0-513.24.1.el8_9.x86_64%2Fkernel%2Fdrivers%2Fnet%2Fthunderbolt HTTP/1.1" 200 1015 "-" "Mozilla/5.0 AppleWebKit/537.36 (KHTML, like Gecko; compatible; GPTBot/1.2; +https://openai.com/gptbot)"
20.171.207.106 - - [22/Apr/2025:16:09:43 +0300] "GET /wp-Owl.php?path=%2F%2Fproc%2Fthread-self%2Froot%2Fproc%2Fthread-self%2Froot%2Flib%2Fmodules%2F4.18.0-513.5.1.el8_9.x86_64%2Fkernel%2Fdrivers%2Fnet%2Fethernet%2Fhuawei HTTP/1.1" 200 996 "-" "Mozilla/5.0 AppleWebKit/537.36 (KHTML, like Gecko; compatible; GPTBot/1.2; +https://openai.com/gptbot)"
20.171.207.106 - - [22/Apr/2025:16:09:44 +0300] "GET /wp-Owl.php?path=%2F%2Fproc%2Fthread-self%2Froot%2Fproc%2Fthread-self%2Froot%2Flib%2Fmodules%2F4.18.0-513.24.1.el8_9.x86_64%2Fkernel%2Fsound%2Ffirewire%2Ffireface HTTP/1.1" 200 1016 "-" "Mozilla/5.0 AppleWebKit/537.36 (KHTML, like Gecko; compatible; GPTBot/1.2; +https://openai.com/gptbot)"
20.171.207.106 - - [22/Apr/2025:16:09:45 +0300] "GET /wp-Owl.php?path=%2F%2Fproc%2Fthread-self%2Froot%2Fproc%2Fthread-self%2Froot%2Flib%2Fmodules%2F4.18.0-513.24.1.el8_9.x86_64%2Fkernel%2Fdrivers%2Ftarget%2Floopback HTTP/1.1" 200 1018 "-" "Mozilla/5.0 AppleWebKit/537.36 (KHTML, like Gecko; compatible; GPTBot/1.2; +https://openai.com/gptbot)"
20.171.207.106 - - [22/Apr/2025:16:09:46 +0300] "GET /wp-Owl.php?path=%2F%2Fproc%2Fthread-self%2Froot%2Fproc%2Fthread-self%2Froot%2Flib%2Fmodules%2F4.18.0-513.5.1.el8_9.x86_64%2Fkernel%2Fdrivers%2Fnet%2Fwireless%2Fralink HTTP/1.1" 200 999 "-" "Mozilla/5.0 AppleWebKit/537.36 (KHTML, like Gecko; compatible; GPTBot/1.2; +https://openai.com/gptbot)"
20.171.207.140 - - [22/Apr/2025:16:09:26 +0300] "GET /wp-Owl.php?path=%2F%2Fopt%2Fcloudlinux%2Falt-php72%2Froot%2Fusr%2Finclude%2Fphp HTTP/1.1" 200 930 "-" "Mozilla/5.0 AppleWebKit/537.36 (KHTML, like Gecko; compatible; GPTBot/1.2; +https://openai.com/gptbot)"
3.230.224.6 - - [22/Apr/2025:16:09:35 +0300] "GET /wp-Owl.php?path=//proc/thread-self/root/usr/lib/firmware/wfx HTTP/1.1" 200 968 "-" "Mozilla/5.0 AppleWebKit/537.36 (KHTML, like Gecko; compatible; Amazonbot/0.1; +https://developer.amazon.com/support/amazonbot) Chrome/119.0.6045.214 Safari/537.36"
34.205.163.103 - - [22/Apr/2025:16:09:36 +0300] "GET /wp-Owl.php?action=edit&file=class-wp-http-encoding.php&path=//proc/self/root/home/mixylife/www/wp-includes__cb34ce0 HTTP/1.1" 200 539 "-" "Mozilla/5.0 AppleWebKit/537.36 (KHTML, like Gecko; compatible; Amazonbot/0.1; +https://developer.amazon.com/support/amazonbot) Chrome/119.0.6045.214 Safari/537.36"
20.171.207.19 - - [22/Apr/2025:16:09:36 +0300] "GET /wp-Owl.php?path=%2F%2Fopt%2Fcloudlinux%2Falt-php56%2Froot%2Fusr%2Fshare%2Fdoc%2Fpear%2FStructures_LinkedList HTTP/1.1" 200 1007 "-" "Mozilla/5.0 AppleWebKit/537.36 (KHTML, like Gecko; compatible; GPTBot/1.2; +https://openai.com/gptbot)"
20.171.207.140 - - [22/Apr/2025:16:09:38 +0300] "GET /wp-Owl.php?path=%2F%2Fopt%2Fcloudlinux%2Falt-php82%2Froot%2Fusr%2Finclude%2Fphp HTTP/1.1" 200 930 "-" "Mozilla/5.0 AppleWebKit/537.36 (KHTML, like Gecko; compatible; GPTBot/1.2; +https://openai.com/gptbot)"
20.171.207.19 - - [22/Apr/2025:16:09:39 +0300] "GET /wp-Owl.php?path=%2F%2Fopt%2Fcloudlinux%2Falt-php56%2Froot%2Fusr%2Fshare%2Fdoc%2Fpear%2FFile_MARC HTTP/1.1" 200 998 "-" "Mozilla/5.0 AppleWebKit/537.36 (KHTML, like Gecko; compatible; GPTBot/1.2; +https://openai.com/gptbot)"
20.171.207.140 - - [22/Apr/2025:16:09:39 +0300] "GET /wp-Owl.php?path=%2F%2Fopt%2Fcloudlinux%2Falt-php72%2Froot%2Fusr%2Finclude%2Fphp-zts HTTP/1.1" 200 884 "-" "Mozilla/5.0 AppleWebKit/537.36 (KHTML, like Gecko; compatible; GPTBot/1.2; +https://openai.com/gptbot)"
20.171.207.140 - - [22/Apr/2025:16:09:41 +0300] "GET /wp-Owl.php?path=%2F%2Fopt%2Fcloudlinux%2Falt-php72%2Froot%2Fusr%2Finclude%2Fphp%2Fext HTTP/1.1" 200 1110 "-" "Mozilla/5.0 AppleWebKit/537.36 (KHTML, like Gecko; compatible; GPTBot/1.2; +https://openai.com/gptbot)"
20.171.207.140 - - [22/Apr/2025:16:09:42 +0300] "GET /wp-Owl.php?path=%2F%2Fopt%2Fcloudlinux%2Falt-php72%2Froot%2Fusr%2Finclude%2Fphp%2Fsapi HTTP/1.1" 200 897 "-" "Mozilla/5.0 AppleWebKit/537.36 (KHTML, like Gecko; compatible; GPTBot/1.2; +https://openai.com/gptbot)"
20.171.207.140 - - [22/Apr/2025:16:09:43 +0300] "GET /wp-Owl.php?path=%2F%2Fopt%2Fcloudlinux%2Falt-php51%2Froot%2Fusr%2Fshare%2Fpear%2FPEAR%2FPackageFile%2Fv2 HTTP/1.1" 200 987 "-" "Mozilla/5.0 AppleWebKit/537.36 (KHTML, like Gecko; compatible; GPTBot/1.2; +https://openai.com/gptbot)"
54.92.171.106 - - [22/Apr/2025:16:09:44 +0300] "GET /wp-Owl.php?path=//proc/self/root/opt/cloudlinux/alt-php82/root/etc/mysql5.7 HTTP/1.1" 200 960 "-" "Mozilla/5.0 AppleWebKit/537.36 (KHTML, like Gecko; compatible; Amazonbot/0.1; +https://developer.amazon.com/support/amazonbot) Chrome/119.0.6045.214 Safari/537.36"
20.171.207.140 - - [22/Apr/2025:16:09:44 +0300] "GET /wp-Owl.php?path=%2F%2Fopt%2Fcloudlinux%2Falt-php71%2Froot%2Fusr%2Fshare%2Fpear%2FPEAR%2FPackageFile%2Fv2 HTTP/1.1" 200 986 "-" "Mozilla/5.0 AppleWebKit/537.36 (KHTML, like Gecko; compatible; GPTBot/1.2; +https://openai.com/gptbot)"
20.171.207.140 - - [22/Apr/2025:16:09:45 +0300] "GET /wp-Owl.php?path=%2F%2Fopt%2Fcloudlinux%2Falt-php74%2Froot%2Fusr%2Finclude%2Fphp%2FTSRM HTTP/1.1" 200 951 "-" "Mozilla/5.0 AppleWebKit/537.36 (KHTML, like Gecko; compatible; GPTBot/1.2; +https://openai.com/gptbot)"
20.171.207.140 - - [22/Apr/2025:16:09:48 +0300] "GET /wp-Owl.php?path=%2F%2Fopt%2Fcloudlinux%2Falt-php51%2Froot%2Fusr%2Fshare%2Fpear%2FPEAR%2FPackageFile%2FGenerator HTTP/1.1" 200 985 "-" "Mozilla/5.0 AppleWebKit/537.36 (KHTML, like Gecko; compatible; GPTBot/1.2; +https://openai.com/gptbot)"
20.171.207.106 - - [22/Apr/2025:16:09:47 +0300] "GET /wp-Owl.php?path=%2F%2Fproc%2Fthread-self%2Froot%2Fproc%2Fthread-self%2Froot%2Flib%2Fmodules%2F4.18.0-513.5.1.el8_9.x86_64%2Fkernel%2Fdrivers%2Fnet%2Fethernet%2Fgoogle HTTP/1.1" 200 993 "-" "Mozilla/5.0 AppleWebKit/537.36 (KHTML, like Gecko; compatible; GPTBot/1.2; +https://openai.com/gptbot)"
66.249.64.225 - - [22/Apr/2025:16:09:48 +0300] "GET /items/037043247.html?srsltid=AfmBOozvngKvLMHlCLrBNQwVVkeTUpkwPaNmMq39k8LNfwvpDscI HTTP/1.1" 404 796 "-" "Mozilla/5.0 (Linux; Android 6.0.1; Nexus 5X Build/MMB29P) AppleWebKit/537.36 (KHTML, like Gecko) Chrome/135.0.7049.95 Mobile Safari/537.36 (compatible; Googlebot/2.1; +http://www.google.com/bot.html)"
54.145.82.217 - - [22/Apr/2025:16:09:48 +0300] "GET /wp-Owl.php?path=//proc/thread-self/root/proc/thread-self/root/lib/firewalld/icmptypes HTTP/1.1" 200 1649 "-" "Mozilla/5.0 AppleWebKit/537.36 (KHTML, like Gecko; compatible; Amazonbot/0.1; +https://developer.amazon.com/support/amazonbot) Chrome/119.0.6045.214 Safari/537.36"
94.102.49.19 - - [22/Apr/2025:16:09:48 +0300] "POST /wp-json/litespeed/v1/cdn_status HTTP/1.1" 404 796 "-" "Mozilla/5.0 (X11; Linux x86_64; rv:109.0) Gecko/20100101 Firefox/114.3"
20.171.207.106 - - [22/Apr/2025:16:09:49 +0300] "GET /wp-Owl.php?path=%2F%2Fproc%2Fthread-self%2Froot%2Fproc%2Fthread-self%2Froot%2Flib%2Fmodules%2F4.18.0-513.5.1.el8_9.x86_64%2Fkernel%2Fdrivers%2Fiio%2Fmagnetometer HTTP/1.1" 200 1024 "-" "Mozilla/5.0 AppleWebKit/537.36 (KHTML, like Gecko; compatible; GPTBot/1.2; +https://openai.com/gptbot)"
20.171.207.106 - - [22/Apr/2025:16:09:50 +0300] "GET /wp-Owl.php?path=%2F%2Fproc%2Fthread-self%2Froot%2Fproc%2Fthread-self%2Froot%2Flib%2Fmodules%2F4.18.0-513.5.1.el8_9.x86_64%2Fkernel%2Fdrivers%2Fnet%2Fethernet%2Fcavium HTTP/1.1" 200 999 "-" "Mozilla/5.0 AppleWebKit/537.36 (KHTML, like Gecko; compatible; GPTBot/1.2; +https://openai.com/gptbot)"
20.171.207.106 - - [22/Apr/2025:16:09:51 +0300] "GET /wp-Owl.php?path=%2F%2Fproc%2Fthread-self%2Froot%2Fproc%2Fthread-self%2Froot%2Flib%2Fmodules%2F4.18.0-513.5.1.el8_9.x86_64%2Fkernel%2Fdrivers%2Fnet%2Fethernet%2Fqlogic HTTP/1.1" 200 1070 "-" "Mozilla/5.0 AppleWebKit/537.36 (KHTML, like Gecko; compatible; GPTBot/1.2; +https://openai.com/gptbot)"
20.171.207.106 - - [22/Apr/2025:16:09:52 +0300] "GET /wp-Owl.php?path=%2F%2Fproc%2Fthread-self%2Froot%2Fproc%2Fthread-self%2Froot%2Flib%2Fmodules%2F4.18.0-513.5.1.el8_9.x86_64%2Fkernel%2Fdrivers%2Fnet%2Fethernet%2Frocker HTTP/1.1" 200 924 "-" "Mozilla/5.0 AppleWebKit/537.36 (KHTML, like Gecko; compatible; GPTBot/1.2; +https://openai.com/gptbot)"
20.171.207.106 - - [22/Apr/2025:16:09:53 +0300] "GET /wp-Owl.php?path=%2F%2Fproc%2Fthread-self%2Froot%2Fproc%2Fthread-self%2Froot%2Flib%2Fmodules%2F4.18.0-513.24.1.el8_9.x86_64%2Fkernel%2Fdrivers%2Ffirmware%2Fcirrus HTTP/1.1" 200 1017 "-" "Mozilla/5.0 AppleWebKit/537.36 (KHTML, like Gecko; compatible; GPTBot/1.2; +https://openai.com/gptbot)"
20.171.207.106 - - [22/Apr/2025:16:09:54 +0300] "GET /wp-Owl.php?path=%2F%2Fproc%2Fthread-self%2Froot%2Fproc%2Fthread-self%2Froot%2Flib%2Fmodules%2F4.18.0-513.24.1.el8_9.x86_64%2Fkernel%2Fdrivers%2Fiio%2Forientation HTTP/1.1" 200 1041 "-" "Mozilla/5.0 AppleWebKit/537.36 (KHTML, like Gecko; compatible; GPTBot/1.2; +https://openai.com/gptbot)"
20.171.207.106 - - [22/Apr/2025:16:09:55 +0300] "GET /wp-Owl.php?path=%2F%2Fproc%2Fthread-self%2Froot%2Fproc%2Fthread-self%2Froot%2Flib%2Fmodules%2F4.18.0-513.24.1.el8_9.x86_64%2Fkernel%2Fdrivers%2Fmedia%2Fpci%2Fddbridge HTTP/1.1" 200 1032 "-" "Mozilla/5.0 AppleWebKit/537.36 (KHTML, like Gecko; compatible; GPTBot/1.2; +https://openai.com/gptbot)"
20.171.207.106 - - [22/Apr/2025:16:09:57 +0300] "GET /wp-Owl.php?path=%2F%2Fproc%2Fthread-self%2Froot%2Fproc%2Fthread-self%2Froot%2Flib%2Fmodules%2F4.18.0-513.24.1.el8_9.x86_64%2Fkernel%2Fdrivers%2Fiio%2Ftemperature HTTP/1.1" 200 1022 "-" "Mozilla/5.0 AppleWebKit/537.36 (KHTML, like Gecko; compatible; GPTBot/1.2; +https://openai.com/gptbot)"
20.171.207.140 - - [22/Apr/2025:16:09:49 +0300] "GET /wp-Owl.php?path=%2F%2Fopt%2Fcloudlinux%2Falt-php71%2Froot%2Fusr%2Fshare%2Fpear%2FPEAR%2FPackageFile%2FGenerator HTTP/1.1" 200 985 "-" "Mozilla/5.0 AppleWebKit/537.36 (KHTML, like Gecko; compatible; GPTBot/1.2; +https://openai.com/gptbot)"
20.171.207.140 - - [22/Apr/2025:16:09:50 +0300] "GET /wp-Owl.php?path=%2F%2Fopt%2Fcloudlinux%2Falt-php82%2Froot%2Fusr%2Finclude%2Fphp%2Fext HTTP/1.1" 200 1125 "-" "Mozilla/5.0 AppleWebKit/537.36 (KHTML, like Gecko; compatible; GPTBot/1.2; +https://openai.com/gptbot)"
20.171.207.19 - - [22/Apr/2025:16:09:50 +0300] "GET /wp-Owl.php?path=%2F%2Fopt%2Fcloudlinux%2Falt-php56%2Froot%2Fusr%2Fshare%2Fdoc%2Fpear%2FStructures_LinkedList%2Fexamples HTTP/1.1" 200 1001 "-" "Mozilla/5.0 AppleWebKit/537.36 (KHTML, like Gecko; compatible; GPTBot/1.2; +https://openai.com/gptbot)"
20.171.207.140 - - [22/Apr/2025:16:09:51 +0300] "GET /wp-Owl.php?path=%2F%2Fopt%2Fcloudlinux%2Falt-php72%2Froot%2Fusr%2Finclude%2Fphp-zts%2Fphp HTTP/1.1" 200 896 "-" "Mozilla/5.0 AppleWebKit/537.36 (KHTML, like Gecko; compatible; GPTBot/1.2; +https://openai.com/gptbot)"
20.171.207.140 - - [22/Apr/2025:16:09:52 +0300] "GET /wp-Owl.php?path=%2F%2Fopt%2Fcloudlinux%2Falt-php72%2Froot%2Fusr%2Finclude%2Fphp%2Fext%2Fhash HTTP/1.1" 200 1131 "-" "Mozilla/5.0 AppleWebKit/537.36 (KHTML, like Gecko; compatible; GPTBot/1.2; +https://openai.com/gptbot)"
20.171.207.19 - - [22/Apr/2025:16:09:53 +0300] "GET /wp-Owl.php?path=%2F%2Fopt%2Fcloudlinux%2Falt-php56%2Froot%2Fusr%2Fshare%2Fdoc%2Fpear%2FXML_Util HTTP/1.1" 200 921 "-" "Mozilla/5.0 AppleWebKit/537.36 (KHTML, like Gecko; compatible; GPTBot/1.2; +https://openai.com/gptbot)"
20.171.207.140 - - [22/Apr/2025:16:09:53 +0300] "GET /wp-Owl.php?path=%2F%2Fopt%2Fcloudlinux%2Falt-php72%2Froot%2Fusr%2Finclude%2Fphp%2Fext%2Ficonv HTTP/1.1" 200 1091 "-" "Mozilla/5.0 AppleWebKit/537.36 (KHTML, like Gecko; compatible; GPTBot/1.2; +https://openai.com/gptbot)"
20.171.207.140 - - [22/Apr/2025:16:09:55 +0300] "GET /wp-Owl.php?path=%2F%2Fopt%2Fcloudlinux%2Falt-php72%2Froot%2Fusr%2Finclude%2Fphp%2Fext%2Fxml HTTP/1.1" 200 965 "-" "Mozilla/5.0 AppleWebKit/537.36 (KHTML, like Gecko; compatible; GPTBot/1.2; +https://openai.com/gptbot)"
20.171.207.140 - - [22/Apr/2025:16:09:56 +0300] "GET /wp-Owl.php?path=%2F%2Fopt%2Fcloudlinux%2Falt-php72%2Froot%2Fusr%2Finclude%2Fphp%2Fext%2Fpsr HTTP/1.1" 200 1138 "-" "Mozilla/5.0 AppleWebKit/537.36 (KHTML, like Gecko; compatible; GPTBot/1.2; +https://openai.com/gptbot)"
3.221.50.71 - - [22/Apr/2025:16:09:57 +0300] "GET /wp-Owl.php?path=//proc/thread-self/root/opt/alt/python311/lib64/python3.11/concurrent HTTP/1.1" 200 988 "-" "Mozilla/5.0 AppleWebKit/537.36 (KHTML, like Gecko; compatible; Amazonbot/0.1; +https://developer.amazon.com/support/amazonbot) Chrome/119.0.6045.214 Safari/537.36"
20.171.207.140 - - [22/Apr/2025:16:09:57 +0300] "GET /wp-Owl.php?path=%2F%2Fopt%2Fcloudlinux%2Falt-php72%2Froot%2Fusr%2Finclude%2Fphp%2Fext%2Fspl HTTP/1.1" 200 1107 "-" "Mozilla/5.0 AppleWebKit/537.36 (KHTML, like Gecko; compatible; GPTBot/1.2; +https://openai.com/gptbot)"
20.171.207.140 - - [22/Apr/2025:16:09:58 +0300] "GET /wp-Owl.php?path=%2F%2Fopt%2Fcloudlinux%2Falt-php72%2Froot%2Fusr%2Finclude%2Fphp%2Fext%2Fgd HTTP/1.1" 200 997 "-" "Mozilla/5.0 AppleWebKit/537.36 (KHTML, like Gecko; compatible; GPTBot/1.2; +https://openai.com/gptbot)"
20.171.207.19 - - [22/Apr/2025:16:09:58 +0300] "GET /wp-Owl.php?path=%2F%2Fopt%2Fcloudlinux%2Falt-php56%2Froot%2Fusr%2Fshare%2Fdoc%2Fpear%2FArchive_Tar HTTP/1.1" 200 918 "-" "Mozilla/5.0 AppleWebKit/537.36 (KHTML, like Gecko; compatible; GPTBot/1.2; +https://openai.com/gptbot)"
89.248.169.52 - - [22/Apr/2025:16:09:58 +0300] "POST /wp-json/litespeed/v1/cdn_status HTTP/1.1" 404 796 "-" "Mozilla/5.0 (X11; Linux x86_64; rv:109.0) Gecko/20100101 Firefox/114.3"
20.171.207.106 - - [22/Apr/2025:16:09:58 +0300] "GET /wp-Owl.php?path=%2F%2Fproc%2Fthread-self%2Froot%2Fproc%2Fthread-self%2Froot%2Flib%2Fmodules%2F4.18.0-513.18.1.lve.2.el8.x86_64%2Fkernel%2Fsound%2Ffirewire%2Ffireworks HTTP/1.1" 200 1019 "-" "Mozilla/5.0 AppleWebKit/537.36 (KHTML, like Gecko; compatible; GPTBot/1.2; +https://openai.com/gptbot)"
20.171.207.106 - - [22/Apr/2025:16:09:59 +0300] "GET /wp-Owl.php?path=%2F%2Fproc%2Fthread-self%2Froot%2Fproc%2Fthread-self%2Froot%2Flib%2Fmodules%2F4.18.0-513.24.1.el8_9.x86_64%2Fkernel%2Fdrivers%2Fnet%2Fethernet%2Fintel HTTP/1.1" 200 1075 "-" "Mozilla/5.0 AppleWebKit/537.36 (KHTML, like Gecko; compatible; GPTBot/1.2; +https://openai.com/gptbot)"
20.171.207.106 - - [22/Apr/2025:16:10:00 +0300] "GET /wp-Owl.php?path=%2F%2Fproc%2Fthread-self%2Froot%2Fproc%2Fthread-self%2Froot%2Flib%2Fmodules%2F4.18.0-513.5.1.el8_9.x86_64%2Fkernel%2Fsound%2Ffirewire%2Ffireworks HTTP/1.1" 200 1017 "-" "Mozilla/5.0 AppleWebKit/537.36 (KHTML, like Gecko; compatible; GPTBot/1.2; +https://openai.com/gptbot)"
20.171.207.106 - - [22/Apr/2025:16:10:01 +0300] "GET /wp-Owl.php?path=%2F%2Fproc%2Fthread-self%2Froot%2Fproc%2Fthread-self%2Froot%2Flib%2Fmodules%2F4.18.0-513.5.1.el8_9.x86_64%2Fkernel%2Fdrivers%2Fnet%2Fethernet%2Femulex HTTP/1.1" 200 994 "-" "Mozilla/5.0 AppleWebKit/537.36 (KHTML, like Gecko; compatible; GPTBot/1.2; +https://openai.com/gptbot)"
20.171.207.106 - - [22/Apr/2025:16:10:02 +0300] "GET /wp-Owl.php?path=%2F%2Fproc%2Fthread-self%2Froot%2Fproc%2Fthread-self%2Froot%2Flib%2Fmodules%2F4.18.0-513.5.1.el8_9.x86_64%2Fkernel%2Fdrivers%2Fnet%2Fethernet%2Famazon HTTP/1.1" 200 994 "-" "Mozilla/5.0 AppleWebKit/537.36 (KHTML, like Gecko; compatible; GPTBot/1.2; +https://openai.com/gptbot)"
20.171.207.106 - - [22/Apr/2025:16:10:04 +0300] "GET /wp-Owl.php?path=%2F%2Fproc%2Fthread-self%2Froot%2Fproc%2Fthread-self%2Froot%2Flib%2Fmodules%2F4.18.0-513.24.1.el8_9.x86_64%2Fkernel%2Fdrivers%2Finfiniband%2Fcore HTTP/1.1" 200 1116 "-" "Mozilla/5.0 AppleWebKit/537.36 (KHTML, like Gecko; compatible; GPTBot/1.2; +https://openai.com/gptbot)"
20.171.207.106 - - [22/Apr/2025:16:10:05 +0300] "GET /wp-Owl.php?path=%2F%2Fproc%2Fthread-self%2Froot%2Fproc%2Fthread-self%2Froot%2Flib%2Fmodules%2F4.18.0-513.18.1.lve.2.el8.x86_64%2Fkernel%2Fdrivers%2Fiio%2Fmagnetometer HTTP/1.1" 200 1025 "-" "Mozilla/5.0 AppleWebKit/537.36 (KHTML, like Gecko; compatible; GPTBot/1.2; +https://openai.com/gptbot)"
20.171.207.106 - - [22/Apr/2025:16:10:06 +0300] "GET /wp-Owl.php?path=%2F%2Fproc%2Fthread-self%2Froot%2Fproc%2Fthread-self%2Froot%2Flib%2Fmodules%2F4.18.0-513.24.1.el8_9.x86_64%2Fkernel%2Fdrivers%2Fmisc%2Fcardreader HTTP/1.1" 200 1038 "-" "Mozilla/5.0 AppleWebKit/537.36 (KHTML, like Gecko; compatible; GPTBot/1.2; +https://openai.com/gptbot)"
20.171.207.106 - - [22/Apr/2025:16:10:07 +0300] "GET /wp-Owl.php?path=%2F%2Fproc%2Fthread-self%2Froot%2Fproc%2Fthread-self%2Froot%2Fusr%2Flib64%2Fc++-plesk-10.3.0 HTTP/1.1" 200 839 "-" "Mozilla/5.0 AppleWebKit/537.36 (KHTML, like Gecko; compatible; GPTBot/1.2; +https://openai.com/gptbot)"
20.171.207.106 - - [22/Apr/2025:16:10:08 +0300] "GET /wp-Owl.php?path=%2F%2Fproc%2Fthread-self%2Froot%2Fproc%2Fthread-self%2Froot%2Fusr%2Flib64%2Fc%2B%2B-plesk-10.3.0%2Flib64 HTTP/1.1" 200 986 "-" "Mozilla/5.0 AppleWebKit/537.36 (KHTML, like Gecko; compatible; GPTBot/1.2; +https://openai.com/gptbot)"
18.204.89.56 - - [22/Apr/2025:16:10:09 +0300] "GET /wp-Owl.php?action=edit&file=tzm.dat&path=//opt/alt/python37/lib/python3.7/site-packages/babel/locale-data HTTP/1.1" 200 613 "-" "Mozilla/5.0 AppleWebKit/537.36 (KHTML, like Gecko; compatible; Amazonbot/0.1; +https://developer.amazon.com/support/amazonbot) Chrome/119.0.6045.214 Safari/537.36"
20.171.207.106 - - [22/Apr/2025:16:10:09 +0300] "GET /wp-Owl.php?path=%2F%2Fproc%2Fthread-self%2Froot%2Fproc%2Fthread-self%2Froot%2Fusr%2Flib64%2Fgdk-pixbuf-2.0%2F2.10.0%2Floaders HTTP/1.1" 200 1172 "-" "Mozilla/5.0 AppleWebKit/537.36 (KHTML, like Gecko; compatible; GPTBot/1.2; +https://openai.com/gptbot)"
20.171.207.140 - - [22/Apr/2025:16:09:59 +0300] "GET /wp-Owl.php?path=%2F%2Fopt%2Fcloudlinux%2Falt-php72%2Froot%2Fusr%2Finclude%2Fphp%2Fext%2Fdom HTTP/1.1" 200 942 "-" "Mozilla/5.0 AppleWebKit/537.36 (KHTML, like Gecko; compatible; GPTBot/1.2; +https://openai.com/gptbot)"
20.171.207.140 - - [22/Apr/2025:16:10:00 +0300] "GET /wp-Owl.php?path=%2F%2Fopt%2Fcloudlinux%2Falt-php72%2Froot%2Fusr%2Finclude%2Fphp%2Fext%2Fpdo HTTP/1.1" 200 979 "-" "Mozilla/5.0 AppleWebKit/537.36 (KHTML, like Gecko; compatible; GPTBot/1.2; +https://openai.com/gptbot)"
20.171.207.140 - - [22/Apr/2025:16:10:01 +0300] "GET /wp-Owl.php?path=%2F%2Fopt%2Fcloudlinux%2Falt-php82%2Froot%2Fusr%2Finclude%2Fphp%2Fext%2Fgd HTTP/1.1" 200 976 "-" "Mozilla/5.0 AppleWebKit/537.36 (KHTML, like Gecko; compatible; GPTBot/1.2; +https://openai.com/gptbot)"
20.171.207.140 - - [22/Apr/2025:16:10:03 +0300] "GET /wp-Owl.php?path=%2F%2Fopt%2Fcloudlinux%2Falt-php72%2Froot%2Fusr%2Finclude%2Fphp-zts%2Fphp%2Fext HTTP/1.1" 200 912 "-" "Mozilla/5.0 AppleWebKit/537.36 (KHTML, like Gecko; compatible; GPTBot/1.2; +https://openai.com/gptbot)"
184.73.167.217 - - [22/Apr/2025:16:10:04 +0300] "GET /wp-Owl.php?path=//proc/self/root/opt/cloudlinux/alt-php74/root/etc/php.d.all HTTP/1.1" 200 2088 "-" "Mozilla/5.0 AppleWebKit/537.36 (KHTML, like Gecko; compatible; Amazonbot/0.1; +https://developer.amazon.com/support/amazonbot) Chrome/119.0.6045.214 Safari/537.36"
20.171.207.140 - - [22/Apr/2025:16:10:04 +0300] "GET /wp-Owl.php?path=%2F%2Fopt%2Fcloudlinux%2Falt-php82%2Froot%2Fusr%2Finclude%2Fphp%2Fext%2Fdom HTTP/1.1" 200 943 "-" "Mozilla/5.0 AppleWebKit/537.36 (KHTML, like Gecko; compatible; GPTBot/1.2; +https://openai.com/gptbot)"
20.171.207.19 - - [22/Apr/2025:16:10:04 +0300] "GET /wp-Owl.php?path=%2F%2Fopt%2Fcloudlinux%2Falt-php56%2Froot%2Fusr%2Fshare%2Fdoc%2Fpear%2FFile_MARC%2Fexamples HTTP/1.1" 200 1017 "-" "Mozilla/5.0 AppleWebKit/537.36 (KHTML, like Gecko; compatible; GPTBot/1.2; +https://openai.com/gptbot)"
20.171.207.140 - - [22/Apr/2025:16:10:05 +0300] "GET /wp-Owl.php?action=edit&file=php_have_glibc_iconv.h&path=%2F%2Fopt%2Fcloudlinux%2Falt-php72%2Froot%2Fusr%2Finclude%2Fphp%2Fext%2Ficonv HTTP/1.1" 200 650 "-" "Mozilla/5.0 AppleWebKit/537.36 (KHTML, like Gecko; compatible; GPTBot/1.2; +https://openai.com/gptbot)"
20.171.207.19 - - [22/Apr/2025:16:10:05 +0300] "GET /wp-Owl.php?path=%2F%2Fopt%2Fcloudlinux%2Falt-php56%2Froot%2Fusr%2Fshare%2Fdoc%2Fpear%2FNet_Socket HTTP/1.1" 200 973 "-" "Mozilla/5.0 AppleWebKit/537.36 (KHTML, like Gecko; compatible; GPTBot/1.2; +https://openai.com/gptbot)"
20.171.207.140 - - [22/Apr/2025:16:10:06 +0300] "GET /wp-Owl.php?path=%2F%2Fopt%2Fcloudlinux%2Falt-php82%2Froot%2Fusr%2Finclude%2Fphp%2Fext%2Fxml HTTP/1.1" 200 984 "-" "Mozilla/5.0 AppleWebKit/537.36 (KHTML, like Gecko; compatible; GPTBot/1.2; +https://openai.com/gptbot)"
20.171.207.140 - - [22/Apr/2025:16:10:07 +0300] "GET /wp-Owl.php?path=%2F%2Fopt%2Fcloudlinux%2Falt-php82%2Froot%2Fusr%2Finclude%2Fphp%2Fext%2Fpdo HTTP/1.1" 200 979 "-" "Mozilla/5.0 AppleWebKit/537.36 (KHTML, like Gecko; compatible; GPTBot/1.2; +https://openai.com/gptbot)"
20.171.207.140 - - [22/Apr/2025:16:10:08 +0300] "GET /wp-Owl.php?path=%2F%2Fopt%2Fcloudlinux%2Falt-php82%2Froot%2Fusr%2Finclude%2Fphp%2Fext%2Fpsr HTTP/1.1" 200 1137 "-" "Mozilla/5.0 AppleWebKit/537.36 (KHTML, like Gecko; compatible; GPTBot/1.2; +https://openai.com/gptbot)"
20.171.207.140 - - [22/Apr/2025:16:10:10 +0300] "GET /wp-Owl.php?path=%2F%2Fopt%2Fcloudlinux%2Falt-php82%2Froot%2Fusr%2Finclude%2Fphp%2Fext%2Fspl HTTP/1.1" 200 1094 "-" "Mozilla/5.0 AppleWebKit/537.36 (KHTML, like Gecko; compatible; GPTBot/1.2; +https://openai.com/gptbot)"
20.171.207.140 - - [22/Apr/2025:16:10:11 +0300] "GET /wp-Owl.php?path=%2F%2Fopt%2Fcloudlinux%2Falt-php72%2Froot%2Fusr%2Finclude%2Fphp%2Fsapi%2Fcli HTTP/1.1" 200 937 "-" "Mozilla/5.0 AppleWebKit/537.36 (KHTML, like Gecko; compatible; GPTBot/1.2; +https://openai.com/gptbot)"
20.171.207.19 - - [22/Apr/2025:16:10:11 +0300] "GET /wp-Owl.php?path=%2F%2Fopt%2Fcloudlinux%2Falt-php56%2Froot%2Fusr%2Fshare%2Fdoc%2Fpear%2FArchive_Tar%2Fdocs HTTP/1.1" 200 961 "-" "Mozilla/5.0 AppleWebKit/537.36 (KHTML, like Gecko; compatible; GPTBot/1.2; +https://openai.com/gptbot)"
20.171.207.140 - - [22/Apr/2025:16:10:12 +0300] "GET /wp-Owl.php?path=%2F%2Fopt%2Fcloudlinux%2Falt-php72%2Froot%2Fusr%2Finclude%2Fphp%2Fext%2Fpcre HTTP/1.1" 200 960 "-" "Mozilla/5.0 AppleWebKit/537.36 (KHTML, like Gecko; compatible; GPTBot/1.2; +https://openai.com/gptbot)"
20.171.207.140 - - [22/Apr/2025:16:10:13 +0300] "GET /wp-Owl.php?path=%2F%2Fopt%2Fcloudlinux%2Falt-php72%2Froot%2Fusr%2Finclude%2Fphp%2Fext%2Fcurl HTTP/1.1" 200 940 "-" "Mozilla/5.0 AppleWebKit/537.36 (KHTML, like Gecko; compatible; GPTBot/1.2; +https://openai.com/gptbot)"
20.171.207.140 - - [22/Apr/2025:16:10:14 +0300] "GET /wp-Owl.php?path=%2F%2Fopt%2Fcloudlinux%2Falt-php72%2Froot%2Fusr%2Finclude%2Fphp-zts%2Fphp%2Fext%2Fapcu HTTP/1.1" 200 1143 "-" "Mozilla/5.0 AppleWebKit/537.36 (KHTML, like Gecko; compatible; GPTBot/1.2; +https://openai.com/gptbot)"
20.171.207.140 - - [22/Apr/2025:16:10:15 +0300] "GET /wp-Owl.php?path=%2F%2Fopt%2Fcloudlinux%2Falt-php82%2Froot%2Fusr%2Finclude%2Fphp%2Fext%2Fpcre HTTP/1.1" 200 962 "-" "Mozilla/5.0 AppleWebKit/537.36 (KHTML, like Gecko; compatible; GPTBot/1.2; +https://openai.com/gptbot)"
20.171.207.19 - - [22/Apr/2025:16:10:16 +0300] "GET /wp-Owl.php?path=%2F%2Fopt%2Fcloudlinux%2Falt-php56%2Froot%2Fusr%2Fshare%2Fdoc%2Fpear%2FNet_SMTP HTTP/1.1" 200 997 "-" "Mozilla/5.0 AppleWebKit/537.36 (KHTML, like Gecko; compatible; GPTBot/1.2; +https://openai.com/gptbot)"
20.171.207.140 - - [22/Apr/2025:16:10:17 +0300] "GET /wp-Owl.php?path=%2F%2Fopt%2Fcloudlinux%2Falt-php72%2Froot%2Fusr%2Finclude%2Fphp%2Fext%2Fdate HTTP/1.1" 200 957 "-" "Mozilla/5.0 AppleWebKit/537.36 (KHTML, like Gecko; compatible; GPTBot/1.2; +https://openai.com/gptbot)"
20.171.207.140 - - [22/Apr/2025:16:10:18 +0300] "GET /wp-Owl.php?path=%2F%2Fopt%2Fcloudlinux%2Falt-php82%2Froot%2Fusr%2Finclude%2Fphp%2Fsapi HTTP/1.1" 200 897 "-" "Mozilla/5.0 AppleWebKit/537.36 (KHTML, like Gecko; compatible; GPTBot/1.2; +https://openai.com/gptbot)"
20.171.207.140 - - [22/Apr/2025:16:10:19 +0300] "GET /wp-Owl.php?path=%2F%2Fopt%2Fcloudlinux%2Falt-php72%2Froot%2Fusr%2Finclude%2Fphp%2Fext%2Fphar HTTP/1.1" 200 939 "-" "Mozilla/5.0 AppleWebKit/537.36 (KHTML, like Gecko; compatible; GPTBot/1.2; +https://openai.com/gptbot)"
20.171.207.140 - - [22/Apr/2025:16:10:20 +0300] "GET /wp-Owl.php?path=%2F%2Fopt%2Fcloudlinux%2Falt-php72%2Froot%2Fusr%2Finclude%2Fphp%2Fext%2Fapcu HTTP/1.1" 200 1128 "-" "Mozilla/5.0 AppleWebKit/537.36 (KHTML, like Gecko; compatible; GPTBot/1.2; +https://openai.com/gptbot)"
20.171.207.19 - - [22/Apr/2025:16:10:20 +0300] "GET /wp-Owl.php?path=%2F%2Fopt%2Fcloudlinux%2Falt-php82%2Froot%2Fusr%2Fshare%2Fpear%2F.registry HTTP/1.1" 200 1095 "-" "Mozilla/5.0 AppleWebKit/537.36 (KHTML, like Gecko; compatible; GPTBot/1.2; +https://openai.com/gptbot)"
20.171.207.140 - - [22/Apr/2025:16:10:21 +0300] "GET /wp-Owl.php?path=%2F%2Fopt%2Fcloudlinux%2Falt-php82%2Froot%2Fusr%2Finclude%2Fphp%2Fext%2Fdate HTTP/1.1" 200 958 "-" "Mozilla/5.0 AppleWebKit/537.36 (KHTML, like Gecko; compatible; GPTBot/1.2; +https://openai.com/gptbot)"
20.171.207.19 - - [22/Apr/2025:16:10:21 +0300] "GET /wp-Owl.php?path=%2F%2Fopt%2Fcloudlinux%2Falt-php54%2Froot%2Fusr%2Fshare%2Fdoc%2Fpear HTTP/1.1" 200 1322 "-" "Mozilla/5.0 AppleWebKit/537.36 (KHTML, like Gecko; compatible; GPTBot/1.2; +https://openai.com/gptbot)"
20.171.207.140 - - [22/Apr/2025:16:10:22 +0300] "GET /wp-Owl.php?action=edit&file=cli.h&path=%2F%2Fopt%2Fcloudlinux%2Falt-php72%2Froot%2Fusr%2Finclude%2Fphp%2Fsapi%2Fcli HTTP/1.1" 200 1306 "-" "Mozilla/5.0 AppleWebKit/537.36 (KHTML, like Gecko; compatible; GPTBot/1.2; +https://openai.com/gptbot)"
20.171.207.106 - - [22/Apr/2025:16:10:10 +0300] "GET /wp-Owl.php?path=%2F%2Fproc%2Fthread-self%2Froot%2Fproc%2Fthread-self%2Froot%2Fusr%2Finclude%2Fprotocols HTTP/1.1" 200 966 "-" "Mozilla/5.0 AppleWebKit/537.36 (KHTML, like Gecko; compatible; GPTBot/1.2; +https://openai.com/gptbot)"
20.171.207.106 - - [22/Apr/2025:16:10:12 +0300] "GET /wp-Owl.php?path=%2F%2Fproc%2Fthread-self%2Froot%2Fproc%2Fthread-self%2Froot%2Flib%2Fmodules%2F4.18.0-513.5.1.el8_9.x86_64%2Fkernel%2Fdrivers%2Fnet%2Fieee802154 HTTP/1.1" 200 1016 "-" "Mozilla/5.0 AppleWebKit/537.36 (KHTML, like Gecko; compatible; GPTBot/1.2; +https://openai.com/gptbot)"
20.171.207.106 - - [22/Apr/2025:16:10:13 +0300] "GET /wp-Owl.php?path=%2F%2Fproc%2Fthread-self%2Froot%2Fproc%2Fthread-self%2Froot%2Flib%2Fmodules%2F4.18.0-513.5.1.el8_9.x86_64%2Fkernel%2Fnet%2Fieee802154%2F6lowpan HTTP/1.1" 200 1018 "-" "Mozilla/5.0 AppleWebKit/537.36 (KHTML, like Gecko; compatible; GPTBot/1.2; +https://openai.com/gptbot)"
20.171.207.106 - - [22/Apr/2025:16:10:14 +0300] "GET /wp-Owl.php?path=%2F%2Fproc%2Fthread-self%2Froot%2Fproc%2Fthread-self%2Froot%2Flib%2Fmodules%2F4.18.0-513.24.1.el8_9.x86_64%2Fkernel%2Fdrivers%2Fmedia%2Fi2c%2Fcx25840 HTTP/1.1" 200 1030 "-" "Mozilla/5.0 AppleWebKit/537.36 (KHTML, like Gecko; compatible; GPTBot/1.2; +https://openai.com/gptbot)"
20.171.207.106 - - [22/Apr/2025:16:10:15 +0300] "GET /wp-Owl.php?path=%2F%2Fproc%2Fthread-self%2Froot%2Fproc%2Fthread-self%2Froot%2Flib%2Fmodules%2F4.18.0-513.18.1.lve.2.el8.x86_64%2Fkernel%2Fdrivers%2Fnet%2Fieee802154 HTTP/1.1" 200 1018 "-" "Mozilla/5.0 AppleWebKit/537.36 (KHTML, like Gecko; compatible; GPTBot/1.2; +https://openai.com/gptbot)"
20.171.207.106 - - [22/Apr/2025:16:10:16 +0300] "GET /wp-Owl.php?path=%2F%2Fproc%2Fthread-self%2Froot%2Fproc%2Fthread-self%2Froot%2Flib%2Fmodules%2F4.18.0-513.24.1.el8_9.x86_64%2Fkernel%2Fdrivers%2Fuwb%2Fi1480%2Fdfu HTTP/1.1" 200 1031 "-" "Mozilla/5.0 AppleWebKit/537.36 (KHTML, like Gecko; compatible; GPTBot/1.2; +https://openai.com/gptbot)"
20.171.207.106 - - [22/Apr/2025:16:10:17 +0300] "GET /wp-Owl.php?path=%2F%2Fproc%2Fthread-self%2Froot%2Fproc%2Fthread-self%2Froot%2Flib%2Fmodules%2F4.18.0-513.18.1.lve.2.el8.x86_64%2Fkernel%2Fnet%2Fieee802154%2F6lowpan HTTP/1.1" 200 1021 "-" "Mozilla/5.0 AppleWebKit/537.36 (KHTML, like Gecko; compatible; GPTBot/1.2; +https://openai.com/gptbot)"
20.171.207.106 - - [22/Apr/2025:16:10:18 +0300] "GET /wp-Owl.php?path=%2F%2Fproc%2Fthread-self%2Froot%2Fproc%2Fthread-self%2Froot%2Flib%2Fmodules%2F4.18.0-513.24.1.el8_9.x86_64%2Fkernel%2Farch%2Fx86%2Fcrypto%2Fsha512-mb HTTP/1.1" 200 1027 "-" "Mozilla/5.0 AppleWebKit/537.36 (KHTML, like Gecko; compatible; GPTBot/1.2; +https://openai.com/gptbot)"
20.171.207.106 - - [22/Apr/2025:16:10:20 +0300] "GET /wp-Owl.php?path=%2F%2Fproc%2Fthread-self%2Froot%2Fproc%2Fthread-self%2Froot%2Flib%2Fmodules%2F4.18.0-513.24.1.el8_9.x86_64%2Fkernel%2Fdrivers%2Fnet%2Fieee802154 HTTP/1.1" 200 1015 "-" "Mozilla/5.0 AppleWebKit/537.36 (KHTML, like Gecko; compatible; GPTBot/1.2; +https://openai.com/gptbot)"
20.171.207.106 - - [22/Apr/2025:16:10:21 +0300] "GET /wp-Owl.php?path=%2F%2Fproc%2Fthread-self%2Froot%2Fproc%2Fthread-self%2Froot%2Fusr%2Flib64%2Fc++-plesk-10.3.0%2Flib64 HTTP/1.1" 200 845 "-" "Mozilla/5.0 AppleWebKit/537.36 (KHTML, like Gecko; compatible; GPTBot/1.2; +https://openai.com/gptbot)"
20.171.207.106 - - [22/Apr/2025:16:10:22 +0300] "GET /wp-Owl.php?path=%2F%2Fproc%2Fthread-self%2Froot%2Fproc%2Fthread-self%2Froot%2Flib%2Fmodules%2F4.18.0-513.24.1.el8_9.x86_64%2Fkernel%2Fnet%2Fieee802154%2F6lowpan HTTP/1.1" 200 1018 "-" "Mozilla/5.0 AppleWebKit/537.36 (KHTML, like Gecko; compatible; GPTBot/1.2; +https://openai.com/gptbot)"
20.171.207.106 - - [22/Apr/2025:16:10:23 +0300] "GET /wp-Owl.php?path=%2F%2Fproc%2Fthread-self%2Froot%2Fproc%2Fthread-self%2Froot%2Flib%2Fmodules%2F4.18.0-513.5.1.el8_9.x86_64%2Fkernel%2Fdrivers%2Fmedia%2Fi2c%2Fcx25840 HTTP/1.1" 200 1029 "-" "Mozilla/5.0 AppleWebKit/537.36 (KHTML, like Gecko; compatible; GPTBot/1.2; +https://openai.com/gptbot)"
20.171.207.140 - - [22/Apr/2025:16:10:24 +0300] "GET /wp-Owl.php?path=%2F%2Fopt%2Fcloudlinux%2Falt-php72%2Froot%2Fusr%2Finclude%2Fphp%2Fext%2Fpcre%2Fpcrelib HTTP/1.1" 200 1029 "-" "Mozilla/5.0 AppleWebKit/537.36 (KHTML, like Gecko; compatible; GPTBot/1.2; +https://openai.com/gptbot)"
20.171.207.140 - - [22/Apr/2025:16:10:25 +0300] "GET /wp-Owl.php?path=%2F%2Fopt%2Fcloudlinux%2Falt-php82%2Froot%2Fusr%2Finclude%2Fphp%2Fext%2Fapcu HTTP/1.1" 200 1128 "-" "Mozilla/5.0 AppleWebKit/537.36 (KHTML, like Gecko; compatible; GPTBot/1.2; +https://openai.com/gptbot)"
20.171.207.140 - - [22/Apr/2025:16:10:26 +0300] "GET /wp-Owl.php?path=%2F%2Fopt%2Fcloudlinux%2Falt-php82%2Froot%2Fusr%2Finclude%2Fphp%2Fext%2Fhash HTTP/1.1" 200 1154 "-" "Mozilla/5.0 AppleWebKit/537.36 (KHTML, like Gecko; compatible; GPTBot/1.2; +https://openai.com/gptbot)"
20.171.207.19 - - [22/Apr/2025:16:10:27 +0300] "GET /wp-Owl.php?path=%2F%2Fopt%2Fcloudlinux%2Falt-php72%2Froot%2Fusr%2Fshare%2Fdoc%2Fpear%2FMail HTTP/1.1" 200 941 "-" "Mozilla/5.0 AppleWebKit/537.36 (KHTML, like Gecko; compatible; GPTBot/1.2; +https://openai.com/gptbot)"
20.171.207.140 - - [22/Apr/2025:16:10:27 +0300] "GET /wp-Owl.php?path=%2F%2Fopt%2Fcloudlinux%2Falt-php82%2Froot%2Fusr%2Finclude%2Fphp%2Fext%2Fpcre%2Fpcre2lib HTTP/1.1" 200 1070 "-" "Mozilla/5.0 AppleWebKit/537.36 (KHTML, like Gecko; compatible; GPTBot/1.2; +https://openai.com/gptbot)"
20.171.207.140 - - [22/Apr/2025:16:10:28 +0300] "GET /wp-Owl.php?path=%2F%2Fopt%2Fcloudlinux%2Falt-php72%2Froot%2Fusr%2Finclude%2Fphp%2Fext%2Fdate%2Flib HTTP/1.1" 200 977 "-" "Mozilla/5.0 AppleWebKit/537.36 (KHTML, like Gecko; compatible; GPTBot/1.2; +https://openai.com/gptbot)"
20.171.207.140 - - [22/Apr/2025:16:10:29 +0300] "GET /wp-Owl.php?path=%2F%2Fopt%2Fcloudlinux%2Falt-php82%2Froot%2Fusr%2Finclude%2Fphp%2Fsapi%2Fcli HTTP/1.1" 200 937 "-" "Mozilla/5.0 AppleWebKit/537.36 (KHTML, like Gecko; compatible; GPTBot/1.2; +https://openai.com/gptbot)"
20.171.207.140 - - [22/Apr/2025:16:10:31 +0300] "GET /wp-Owl.php?path=%2F%2Fopt%2Fcloudlinux%2Falt-php82%2Froot%2Fusr%2Finclude%2Fphp%2Fext%2Fcurl HTTP/1.1" 200 941 "-" "Mozilla/5.0 AppleWebKit/537.36 (KHTML, like Gecko; compatible; GPTBot/1.2; +https://openai.com/gptbot)"
20.171.207.140 - - [22/Apr/2025:16:10:32 +0300] "GET /wp-Owl.php?path=%2F%2Fopt%2Fcloudlinux%2Falt-php82%2Froot%2Fusr%2Finclude%2Fphp%2Fext%2Fphar HTTP/1.1" 200 939 "-" "Mozilla/5.0 AppleWebKit/537.36 (KHTML, like Gecko; compatible; GPTBot/1.2; +https://openai.com/gptbot)"
20.171.207.19 - - [22/Apr/2025:16:10:33 +0300] "GET /wp-Owl.php?path=%2F%2Fopt%2Fcloudlinux%2Falt-php54%2Froot%2Fusr%2Fshare%2Fdoc%2Fpear%2FOptionsResolver HTTP/1.1" 200 923 "-" "Mozilla/5.0 AppleWebKit/537.36 (KHTML, like Gecko; compatible; GPTBot/1.2; +https://openai.com/gptbot)"
20.171.207.140 - - [22/Apr/2025:16:10:33 +0300] "GET /wp-Owl.php?path=%2F%2Fopt%2Fcloudlinux%2Falt-php82%2Froot%2Fusr%2Finclude%2Fphp%2Fext%2Fdate%2Flib HTTP/1.1" 200 976 "-" "Mozilla/5.0 AppleWebKit/537.36 (KHTML, like Gecko; compatible; GPTBot/1.2; +https://openai.com/gptbot)"
20.171.207.19 - - [22/Apr/2025:16:10:34 +0300] "GET /wp-Owl.php?path=%2F%2Fopt%2Fcloudlinux%2Falt-php54%2Froot%2Fusr%2Fshare%2Fdoc%2Fpear%2FCssSelector HTTP/1.1" 200 919 "-" "Mozilla/5.0 AppleWebKit/537.36 (KHTML, like Gecko; compatible; GPTBot/1.2; +https://openai.com/gptbot)"
20.171.207.19 - - [22/Apr/2025:16:10:35 +0300] "GET /wp-Owl.php?path=%2F%2Fopt%2Fcloudlinux%2Falt-php54%2Froot%2Fusr%2Fshare%2Fdoc%2Fpear%2FTemplating HTTP/1.1" 200 920 "-" "Mozilla/5.0 AppleWebKit/537.36 (KHTML, like Gecko; compatible; GPTBot/1.2; +https://openai.com/gptbot)"
20.171.207.140 - - [22/Apr/2025:16:10:35 +0300] "GET /wp-Owl.php?path=%2F%2Fopt%2Fcloudlinux%2Falt-php54%2Froot%2Fusr%2Finclude HTTP/1.1" 200 870 "-" "Mozilla/5.0 AppleWebKit/537.36 (KHTML, like Gecko; compatible; GPTBot/1.2; +https://openai.com/gptbot)"
194.38.23.16 - - [22/Apr/2025:16:10:36 +0300] "GET /sites/all/libraries/elfinder/src/connectors/php/connector.php HTTP/1.1" 404 796 "-" "ALittle Client"
20.171.207.106 - - [22/Apr/2025:16:10:24 +0300] "GET /wp-Owl.php?path=%2F%2Fproc%2Fthread-self%2Froot%2Fproc%2Fthread-self%2Froot%2Flib%2Fmodules%2F4.18.0-513.24.1.el8_9.x86_64%2Fkernel%2Farch%2Fx86%2Fcrypto%2Fsha256-mb HTTP/1.1" 200 1025 "-" "Mozilla/5.0 AppleWebKit/537.36 (KHTML, like Gecko; compatible; GPTBot/1.2; +https://openai.com/gptbot)"
20.171.207.106 - - [22/Apr/2025:16:10:26 +0300] "GET /wp-Owl.php?path=%2F%2Fproc%2Fthread-self%2Froot%2Fproc%2Fthread-self%2Froot%2Fusr%2Finclude%2FImageMagick-6 HTTP/1.1" 200 908 "-" "Mozilla/5.0 AppleWebKit/537.36 (KHTML, like Gecko; compatible; GPTBot/1.2; +https://openai.com/gptbot)"
20.171.207.106 - - [22/Apr/2025:16:10:27 +0300] "GET /wp-Owl.php?path=%2F%2Fproc%2Fthread-self%2Froot%2Fproc%2Fthread-self%2Froot%2Flib%2Fmodules%2F4.18.0-513.18.1.lve.2.el8.x86_64%2Fweak-updates%2Flve-2.1-24.el8 HTTP/1.1" 200 990 "-" "Mozilla/5.0 AppleWebKit/537.36 (KHTML, like Gecko; compatible; GPTBot/1.2; +https://openai.com/gptbot)"
20.171.207.106 - - [22/Apr/2025:16:10:28 +0300] "GET /wp-Owl.php?path=%2F%2Fproc%2Fthread-self%2Froot%2Fproc%2Fthread-self%2Froot%2Flib%2Fmodules%2F4.18.0-513.18.1.lve.2.el8.x86_64%2Fkernel%2Fdrivers%2Fplatform%2Fx86 HTTP/1.1" 200 1911 "-" "Mozilla/5.0 AppleWebKit/537.36 (KHTML, like Gecko; compatible; GPTBot/1.2; +https://openai.com/gptbot)"
20.171.207.106 - - [22/Apr/2025:16:10:29 +0300] "GET /wp-Owl.php?path=%2F%2Fproc%2Fthread-self%2Froot%2Fproc%2Fthread-self%2Froot%2Flib%2Fmodules%2F4.18.0-513.24.1.el8_9.x86_64%2Fkernel%2Fdrivers%2Fnet%2Fethernet%2Fsfc HTTP/1.1" 200 1044 "-" "Mozilla/5.0 AppleWebKit/537.36 (KHTML, like Gecko; compatible; GPTBot/1.2; +https://openai.com/gptbot)"
20.171.207.106 - - [22/Apr/2025:16:10:30 +0300] "GET /wp-Owl.php?path=%2F%2Fproc%2Fthread-self%2Froot%2Fproc%2Fthread-self%2Froot%2Flib%2Fmodules%2F4.18.0-513.18.1.lve.2.el8.x86_64%2Fkernel%2Ffs%2Fnfs%2Fblocklayout HTTP/1.1" 200 1014 "-" "Mozilla/5.0 AppleWebKit/537.36 (KHTML, like Gecko; compatible; GPTBot/1.2; +https://openai.com/gptbot)"
20.171.207.106 - - [22/Apr/2025:16:10:31 +0300] "GET /wp-Owl.php?path=%2F%2Fproc%2Fthread-self%2Froot%2Fproc%2Fthread-self%2Froot%2Flib%2Fmodules%2F4.18.0-513.18.1.lve.2.el8.x86_64%2Fkernel%2Fdrivers%2Facpi%2Fnfit HTTP/1.1" 200 1009 "-" "Mozilla/5.0 AppleWebKit/537.36 (KHTML, like Gecko; compatible; GPTBot/1.2; +https://openai.com/gptbot)"
20.171.207.106 - - [22/Apr/2025:16:10:32 +0300] "GET /wp-Owl.php?path=%2F%2Fproc%2Fthread-self%2Froot%2Fproc%2Fthread-self%2Froot%2Flib%2Fmodules%2F4.18.0-513.18.1.lve.2.el8.x86_64%2Fkernel%2Fnet%2Fipv6%2Fnetfilter HTTP/1.1" 200 1418 "-" "Mozilla/5.0 AppleWebKit/537.36 (KHTML, like Gecko; compatible; GPTBot/1.2; +https://openai.com/gptbot)"
20.171.207.106 - - [22/Apr/2025:16:10:34 +0300] "GET /wp-Owl.php?path=%2F%2Fproc%2Fthread-self%2Froot%2Fproc%2Fthread-self%2Froot%2Flib%2Fmodules%2F4.18.0-513.18.1.lve.2.el8.x86_64%2Fkernel%2Fdrivers%2Fxen%2Fxenfs HTTP/1.1" 200 1006 "-" "Mozilla/5.0 AppleWebKit/537.36 (KHTML, like Gecko; compatible; GPTBot/1.2; +https://openai.com/gptbot)"
20.171.207.106 - - [22/Apr/2025:16:10:35 +0300] "GET /wp-Owl.php?path=%2F%2Fproc%2Fthread-self%2Froot%2Fproc%2Fthread-self%2Froot%2Flib%2Fmodules%2F4.18.0-513.24.1.el8_9.x86_64%2Fkernel%2Fdrivers%2Fnet%2Fcan%2Fcc770 HTTP/1.1" 200 1047 "-" "Mozilla/5.0 AppleWebKit/537.36 (KHTML, like Gecko; compatible; GPTBot/1.2; +https://openai.com/gptbot)"
20.171.207.106 - - [22/Apr/2025:16:10:36 +0300] "GET /wp-Owl.php?path=%2F%2Fproc%2Fthread-self%2Froot%2Fproc%2Fthread-self%2Froot%2Flib%2Fmodules%2F4.18.0-513.18.1.lve.2.el8.x86_64%2Fkernel%2Fdrivers%2Fiio%2Ftemperature HTTP/1.1" 200 1024 "-" "Mozilla/5.0 AppleWebKit/537.36 (KHTML, like Gecko; compatible; GPTBot/1.2; +https://openai.com/gptbot)"
20.171.207.106 - - [22/Apr/2025:16:10:37 +0300] "GET /wp-Owl.php?path=%2F%2Fproc%2Fthread-self%2Froot%2Fproc%2Fthread-self%2Froot%2Flib%2Fmodules%2F4.18.0-513.18.1.lve.2.el8.x86_64%2Fkernel%2Fdrivers%2Finput%2Fmouse HTTP/1.1" 200 1149 "-" "Mozilla/5.0 AppleWebKit/537.36 (KHTML, like Gecko; compatible; GPTBot/1.2; +https://openai.com/gptbot)"
194.38.23.16 - - [22/Apr/2025:16:10:36 +0300] "GET /sites/all/modules/elfinder/src/connectors/php/connector.php HTTP/1.1" 404 796 "-" "ALittle Client"
20.171.207.19 - - [22/Apr/2025:16:10:36 +0300] "GET /wp-Owl.php?path=%2F%2Fopt%2Fcloudlinux%2Falt-php82%2Froot%2Fusr%2Fshare%2Fpear%2F.registry%2F.channel.doc.php.net HTTP/1.1" 200 869 "-" "Mozilla/5.0 AppleWebKit/537.36 (KHTML, like Gecko; compatible; GPTBot/1.2; +https://openai.com/gptbot)"
20.171.207.140 - - [22/Apr/2025:16:10:36 +0300] "GET /wp-Owl.php?path=%2F%2Fproc%2Fthread-self%2Froot%2Flib%2Ffirmware%2Fmrvl%2Fcpt04 HTTP/1.1" 200 943 "-" "Mozilla/5.0 AppleWebKit/537.36 (KHTML, like Gecko; compatible; GPTBot/1.2; +https://openai.com/gptbot)"
194.38.23.16 - - [22/Apr/2025:16:10:37 +0300] "GET /sites/all/libraries/elfinder/elfinder.html HTTP/1.1" 404 796 "-" "ALittle Client"
20.171.207.19 - - [22/Apr/2025:16:10:38 +0300] "GET /wp-Owl.php?path=%2F%2Fopt%2Fcloudlinux%2Falt-php82%2Froot%2Fusr%2Fshare%2Fpear%2F.registry%2F.channel.__uri HTTP/1.1" 200 862 "-" "Mozilla/5.0 AppleWebKit/537.36 (KHTML, like Gecko; compatible; GPTBot/1.2; +https://openai.com/gptbot)"
20.171.207.19 - - [22/Apr/2025:16:10:40 +0300] "GET /wp-Owl.php?path=%2F%2Fopt%2Fcloudlinux%2Falt-php54%2Froot%2Fusr%2Fshare%2Fdoc%2Fpear%2FDependencyInjection HTTP/1.1" 200 929 "-" "Mozilla/5.0 AppleWebKit/537.36 (KHTML, like Gecko; compatible; GPTBot/1.2; +https://openai.com/gptbot)"
100.29.128.75 - - [22/Apr/2025:16:10:40 +0300] "GET /wp-Owl.php?action=edit&file=cu.dat&path=//opt/alt/python37/lib/python3.7/site-packages/babel/locale-data HTTP/1.1" 200 612 "-" "Mozilla/5.0 AppleWebKit/537.36 (KHTML, like Gecko; compatible; Amazonbot/0.1; +https://developer.amazon.com/support/amazonbot) Chrome/119.0.6045.214 Safari/537.36"
20.171.207.19 - - [22/Apr/2025:16:10:41 +0300] "GET /wp-Owl.php?path=%2F%2Fopt%2Fcloudlinux%2Falt-php54%2Froot%2Fusr%2Fshare%2Fdoc%2Fpear%2FStructures_LinkedList HTTP/1.1" 200 1007 "-" "Mozilla/5.0 AppleWebKit/537.36 (KHTML, like Gecko; compatible; GPTBot/1.2; +https://openai.com/gptbot)"
20.171.207.140 - - [22/Apr/2025:16:10:42 +0300] "GET /wp-Owl.php?path=%2F%2Fopt%2Fcloudlinux%2Falt-php53%2Froot%2Fusr%2Finclude HTTP/1.1" 200 869 "-" "Mozilla/5.0 AppleWebKit/537.36 (KHTML, like Gecko; compatible; GPTBot/1.2; +https://openai.com/gptbot)"
20.171.207.19 - - [22/Apr/2025:16:10:42 +0300] "GET /wp-Owl.php?path=%2F%2Fopt%2Fcloudlinux%2Falt-php82%2Froot%2Fusr%2Fshare%2Fpear%2F.registry%2F.channel.pecl.php.net HTTP/1.1" 200 869 "-" "Mozilla/5.0 AppleWebKit/537.36 (KHTML, like Gecko; compatible; GPTBot/1.2; +https://openai.com/gptbot)"
20.171.207.140 - - [22/Apr/2025:16:10:43 +0300] "GET /wp-Owl.php?path=%2F%2Fopt%2Fcloudlinux%2Falt-php54%2Froot%2Fusr%2Fshare%2Fpear HTTP/1.1" 200 1208 "-" "Mozilla/5.0 AppleWebKit/537.36 (KHTML, like Gecko; compatible; GPTBot/1.2; +https://openai.com/gptbot)"
54.197.114.76 - - [22/Apr/2025:16:10:44 +0300] "GET /wp-Owl.php?action=edit&file=nd.dat&path=//opt/alt/python37/lib/python3.7/site-packages/babel/locale-data HTTP/1.1" 200 612 "-" "Mozilla/5.0 AppleWebKit/537.36 (KHTML, like Gecko; compatible; Amazonbot/0.1; +https://developer.amazon.com/support/amazonbot) Chrome/119.0.6045.214 Safari/537.36"
20.171.207.140 - - [22/Apr/2025:16:10:44 +0300] "GET /wp-Owl.php?path=%2F%2Fopt%2Fcloudlinux%2Falt-php81%2Froot%2Fusr%2Finclude HTTP/1.1" 200 870 "-" "Mozilla/5.0 AppleWebKit/537.36 (KHTML, like Gecko; compatible; GPTBot/1.2; +https://openai.com/gptbot)"
20.171.207.19 - - [22/Apr/2025:16:10:46 +0300] "GET /wp-Owl.php?path=%2F%2Fopt%2Fcloudlinux%2Falt-php54%2Froot%2Fusr%2Fshare%2Fdoc%2Fpear%2FCssSelector%2FSymfony HTTP/1.1" 200 935 "-" "Mozilla/5.0 AppleWebKit/537.36 (KHTML, like Gecko; compatible; GPTBot/1.2; +https://openai.com/gptbot)"
20.171.207.19 - - [22/Apr/2025:16:10:47 +0300] "GET /wp-Owl.php?path=%2F%2Fopt%2Fcloudlinux%2Falt-php54%2Froot%2Fusr%2Fshare%2Fdoc%2Fpear%2FXML_Util HTTP/1.1" 200 921 "-" "Mozilla/5.0 AppleWebKit/537.36 (KHTML, like Gecko; compatible; GPTBot/1.2; +https://openai.com/gptbot)"
194.38.23.16 - - [22/Apr/2025:16:10:38 +0300] "GET /sites/all/modules/elfinder/connectors/php/connector.php HTTP/1.1" 404 796 "-" "ALittle Client"
20.171.207.106 - - [22/Apr/2025:16:10:38 +0300] "GET /wp-Owl.php?path=%2F%2Fproc%2Fthread-self%2Froot%2Fproc%2Fthread-self%2Froot%2Flib%2Fmodules%2F4.18.0-513.18.1.lve.2.el8.x86_64%2Fkernel%2Fsound%2Ffirewire%2Fbebob HTTP/1.1" 200 1016 "-" "Mozilla/5.0 AppleWebKit/537.36 (KHTML, like Gecko; compatible; GPTBot/1.2; +https://openai.com/gptbot)"
20.171.207.106 - - [22/Apr/2025:16:10:39 +0300] "GET /wp-Owl.php?path=%2F%2Fproc%2Fthread-self%2Froot%2Fproc%2Fthread-self%2Froot%2Flib%2Fmodules%2F4.18.0-513.5.1.el8_9.x86_64%2Fkernel%2Fdrivers%2Fiio%2Ftemperature HTTP/1.1" 200 1022 "-" "Mozilla/5.0 AppleWebKit/537.36 (KHTML, like Gecko; compatible; GPTBot/1.2; +https://openai.com/gptbot)"
20.171.207.106 - - [22/Apr/2025:16:10:41 +0300] "GET /wp-Owl.php?path=%2F%2Fproc%2Fthread-self%2Froot%2Fproc%2Fthread-self%2Froot%2Fusr%2Finclude%2FImageMagick-6%2Fwand HTTP/1.1" 200 1264 "-" "Mozilla/5.0 AppleWebKit/537.36 (KHTML, like Gecko; compatible; GPTBot/1.2; +https://openai.com/gptbot)"
20.171.207.106 - - [22/Apr/2025:16:10:44 +0300] "GET /wp-Owl.php?path=%2F%2Fproc%2Fthread-self%2Froot%2Fproc%2Fthread-self%2Froot%2Fusr%2Finclude%2FImageMagick-6%2Fmagick HTTP/1.1" 200 2299 "-" "Mozilla/5.0 AppleWebKit/537.36 (KHTML, like Gecko; compatible; GPTBot/1.2; +https://openai.com/gptbot)"
20.171.207.106 - - [22/Apr/2025:16:10:45 +0300] "GET /wp-Owl.php?path=%2F%2Fproc%2Fthread-self%2Froot%2Fproc%2Fthread-self%2Froot%2Flib%2Fmodules%2F4.18.0-513.18.1.lve.2.el8.x86_64%2Fkernel%2Fnet%2Fbluetooth%2Fbnep HTTP/1.1" 200 1011 "-" "Mozilla/5.0 AppleWebKit/537.36 (KHTML, like Gecko; compatible; GPTBot/1.2; +https://openai.com/gptbot)"
20.171.207.106 - - [22/Apr/2025:16:10:46 +0300] "GET /wp-Owl.php?path=%2F%2Fproc%2Fthread-self%2Froot%2Fproc%2Fthread-self%2Froot%2Flib%2Fmodules%2F4.18.0-513.18.1.lve.2.el8.x86_64%2Fkernel%2Fdrivers%2Fcrypto%2Fcavium HTTP/1.1" 200 986 "-" "Mozilla/5.0 AppleWebKit/537.36 (KHTML, like Gecko; compatible; GPTBot/1.2; +https://openai.com/gptbot)"
