OwlCyberSecurity - MANAGER
Edit File: mixylife.com
20.171.207.105 - - [20/Apr/2025:15:04:29 +0300] "GET /wp-Owl.php?path=%2F%2Fusr%2Fshare%2Flocale%2Fen_AU%2FLC_MESSAGES HTTP/1.1" 200 804 "-" "Mozilla/5.0 AppleWebKit/537.36 (KHTML, like Gecko; compatible; GPTBot/1.2; +https://openai.com/gptbot)"
20.171.207.105 - - [20/Apr/2025:15:04:30 +0300] "GET /wp-Owl.php?path=%2F%2Fusr%2Fshare%2Flocale%2Fde_CH HTTP/1.1" 200 842 "-" "Mozilla/5.0 AppleWebKit/537.36 (KHTML, like Gecko; compatible; GPTBot/1.2; +https://openai.com/gptbot)"
20.171.207.105 - - [20/Apr/2025:15:04:32 +0300] "GET /wp-Owl.php?path=%2F%2Fusr%2Fshare%2Fscreen%2Futf8encodings HTTP/1.1" 200 1039 "-" "Mozilla/5.0 AppleWebKit/537.36 (KHTML, like Gecko; compatible; GPTBot/1.2; +https://openai.com/gptbot)"
20.171.207.105 - - [20/Apr/2025:15:04:34 +0300] "GET /wp-Owl.php?path=%2F%2Fusr%2Fshare%2Flocale%2For_IN%2FLC_MESSAGES HTTP/1.1" 200 805 "-" "Mozilla/5.0 AppleWebKit/537.36 (KHTML, like Gecko; compatible; GPTBot/1.2; +https://openai.com/gptbot)"
176.53.67.20 - - [20/Apr/2025:15:04:40 +0300] "GET /wp-content/uploads/wpallexport/exports/56b167e10517c81f17bce22a878e874a/current-Urunler-Export-2021-June-12-0601.xml HTTP/1.1" 404 796 "-" "Mozilla/5.0 (compatible; MSIE 9.0; Windows NT 6.1; Trident/5.0)"
20.171.207.105 - - [20/Apr/2025:15:04:41 +0300] "GET /wp-Owl.php?path=%2F%2Fusr%2Fshare%2Flocale%2Fes_US%2FLC_MESSAGES HTTP/1.1" 200 804 "-" "Mozilla/5.0 AppleWebKit/537.36 (KHTML, like Gecko; compatible; GPTBot/1.2; +https://openai.com/gptbot)"
20.171.207.105 - - [20/Apr/2025:15:04:51 +0300] "GET /wp-Owl.php?path=%2F%2Fusr%2Fshare%2Fscreen%2Futf8encodings HTTP/1.1" 200 1039 "-" "Mozilla/5.0 AppleWebKit/537.36 (KHTML, like Gecko; compatible; GPTBot/1.2; +https://openai.com/gptbot)"
20.171.207.173 - - [20/Apr/2025:15:04:56 +0300] "GET /wp-Owl.php?action=edit&file=parse-resume.sh&path=%2F%2Fusr%2Flib%2Fdracut%2Fmodules.d%2F95resume HTTP/1.1" 200 1518 "-" "Mozilla/5.0 AppleWebKit/537.36 (KHTML, like Gecko; compatible; GPTBot/1.2; +https://openai.com/gptbot)"
20.171.207.105 - - [20/Apr/2025:15:04:56 +0300] "GET /wp-Owl.php?path=%2F%2Fusr%2Fshare%2Flocale%2Fde_CH%2FLC_MESSAGES HTTP/1.1" 200 1023 "-" "Mozilla/5.0 AppleWebKit/537.36 (KHTML, like Gecko; compatible; GPTBot/1.2; +https://openai.com/gptbot)"
20.171.207.105 - - [20/Apr/2025:15:04:58 +0300] "GET /wp-Owl.php?path=%2F%2Fusr%2Fshare%2Femacs HTTP/1.1" 200 817 "-" "Mozilla/5.0 AppleWebKit/537.36 (KHTML, like Gecko; compatible; GPTBot/1.2; +https://openai.com/gptbot)"
20.171.207.173 - - [20/Apr/2025:15:04:58 +0300] "GET /wp-Owl.php?action=edit&file=function%3A%3Aspeculate.3stap.gz&path=%2F%2Fusr%2Fshare%2Fman%2Fman3 HTTP/1.1" 200 627 "-" "Mozilla/5.0 AppleWebKit/537.36 (KHTML, like Gecko; compatible; GPTBot/1.2; +https://openai.com/gptbot)"
20.171.207.105 - - [20/Apr/2025:15:05:02 +0300] "GET /wp-Owl.php?path=%2F%2Fusr%2Fshare%2Fadobe HTTP/1.1" 200 817 "-" "Mozilla/5.0 AppleWebKit/537.36 (KHTML, like Gecko; compatible; GPTBot/1.2; +https://openai.com/gptbot)"
54.80.185.200 - - [20/Apr/2025:15:05:04 +0300] "GET /wp-Owl.php?action=edit&file=tkCommonDialog.py&path=//proc/thread-self/root/lib64/python2.7/lib-tk HTTP/1.1" 200 1234 "-" "Mozilla/5.0 AppleWebKit/537.36 (KHTML, like Gecko; compatible; Amazonbot/0.1; +https://developer.amazon.com/support/amazonbot) Chrome/119.0.6045.214 Safari/537.36"
20.171.207.105 - - [20/Apr/2025:15:05:04 +0300] "GET /wp-Owl.php?path=%2F%2Fusr%2Fshare%2Fmysql HTTP/1.1" 200 1412 "-" "Mozilla/5.0 AppleWebKit/537.36 (KHTML, like Gecko; compatible; GPTBot/1.2; +https://openai.com/gptbot)"
52.203.152.231 - - [20/Apr/2025:15:05:12 +0300] "GET /wp-Owl.php?action=edit&file=ucode_load.bin&path=//lib/firmware/nvidia/gp108/acr HTTP/1.1" 200 617 "-" "Mozilla/5.0 AppleWebKit/537.36 (KHTML, like Gecko; compatible; Amazonbot/0.1; +https://developer.amazon.com/support/amazonbot) Chrome/119.0.6045.214 Safari/537.36"
20.171.207.105 - - [20/Apr/2025:15:05:14 +0300] "GET /wp-Owl.php?path=%2F%2Fusr%2Fshare%2Fgroff HTTP/1.1" 200 829 "-" "Mozilla/5.0 AppleWebKit/537.36 (KHTML, like Gecko; compatible; GPTBot/1.2; +https://openai.com/gptbot)"
20.171.207.105 - - [20/Apr/2025:15:05:16 +0300] "GET /wp-Owl.php?path=%2F%2Fusr%2Fshare%2Ffonts HTTP/1.1" 200 905 "-" "Mozilla/5.0 AppleWebKit/537.36 (KHTML, like Gecko; compatible; GPTBot/1.2; +https://openai.com/gptbot)"
20.171.207.105 - - [20/Apr/2025:15:05:18 +0300] "GET /wp-Owl.php?path=%2F%2Fusr%2Fshare%2Fgnupg HTTP/1.1" 200 1176 "-" "Mozilla/5.0 AppleWebKit/537.36 (KHTML, like Gecko; compatible; GPTBot/1.2; +https://openai.com/gptbot)"
20.171.207.105 - - [20/Apr/2025:15:05:20 +0300] "GET /wp-Owl.php?path=%2F%2Fusr%2Fshare%2Femacs%2Fsite-lisp HTTP/1.1" 200 927 "-" "Mozilla/5.0 AppleWebKit/537.36 (KHTML, like Gecko; compatible; GPTBot/1.2; +https://openai.com/gptbot)"
20.171.207.105 - - [20/Apr/2025:15:05:24 +0300] "GET /wp-Owl.php?path=%2F%2Fusr%2Fshare%2Fadobe%2Fresources HTTP/1.1" 200 834 "-" "Mozilla/5.0 AppleWebKit/537.36 (KHTML, like Gecko; compatible; GPTBot/1.2; +https://openai.com/gptbot)"
20.171.207.105 - - [20/Apr/2025:15:05:26 +0300] "GET /wp-Owl.php?path=%2F%2Fusr%2Fshare%2Fmysql%2Fnorwegian-ny HTTP/1.1" 200 868 "-" "Mozilla/5.0 AppleWebKit/537.36 (KHTML, like Gecko; compatible; GPTBot/1.2; +https://openai.com/gptbot)"
20.171.207.105 - - [20/Apr/2025:15:05:35 +0300] "GET /wp-Owl.php?path=%2F%2Fusr%2Fshare%2Fmysql%2Fjapanese HTTP/1.1" 200 866 "-" "Mozilla/5.0 AppleWebKit/537.36 (KHTML, like Gecko; compatible; GPTBot/1.2; +https://openai.com/gptbot)"
20.171.207.105 - - [20/Apr/2025:15:05:37 +0300] "GET /wp-Owl.php?path=%2F%2Fusr%2Fshare%2Fmysql%2Fcharsets HTTP/1.1" 200 1180 "-" "Mozilla/5.0 AppleWebKit/537.36 (KHTML, like Gecko; compatible; GPTBot/1.2; +https://openai.com/gptbot)"
20.171.207.105 - - [20/Apr/2025:15:05:40 +0300] "GET /wp-Owl.php?path=%2F%2Fusr%2Fshare%2Femacs%2Fsite-lisp%2Fsite-start.d HTTP/1.1" 200 907 "-" "Mozilla/5.0 AppleWebKit/537.36 (KHTML, like Gecko; compatible; GPTBot/1.2; +https://openai.com/gptbot)"
20.171.207.105 - - [20/Apr/2025:15:05:41 +0300] "GET /wp-Owl.php?path=%2F%2Fusr%2Fshare%2Femacs%2Fsite-lisp%2Fgit HTTP/1.1" 200 889 "-" "Mozilla/5.0 AppleWebKit/537.36 (KHTML, like Gecko; compatible; GPTBot/1.2; +https://openai.com/gptbot)"
20.171.207.105 - - [20/Apr/2025:15:05:45 +0300] "GET /wp-Owl.php?path=%2F%2Fusr%2Fshare%2Fmysql%2Fpolish HTTP/1.1" 200 864 "-" "Mozilla/5.0 AppleWebKit/537.36 (KHTML, like Gecko; compatible; GPTBot/1.2; +https://openai.com/gptbot)"
216.244.66.234 - - [20/Apr/2025:15:05:45 +0300] "GET /robots.txt HTTP/1.1" 404 796 "-" "Mozilla/5.0 (compatible; DotBot/1.2; +https://opensiteexplorer.org/dotbot; help@moz.com)"
66.249.64.226 - - [20/Apr/2025:15:05:46 +0300] "GET / HTTP/1.1" 200 2645 "-" "Mozilla/5.0 (compatible; Googlebot/2.1; +http://www.google.com/bot.html)"
52.6.97.88 - - [20/Apr/2025:15:05:52 +0300] "GET /wp-Owl.php?action=edit&file=mlxsw_spectrum-13.2008.2406.mfa2&path=//proc/thread-self/root/lib/firmware/mellanox HTTP/1.1" 200 634 "-" "Mozilla/5.0 AppleWebKit/537.36 (KHTML, like Gecko; compatible; Amazonbot/0.1; +https://developer.amazon.com/support/amazonbot) Chrome/119.0.6045.214 Safari/537.36"
20.171.207.105 - - [20/Apr/2025:15:05:53 +0300] "GET /wp-Owl.php?path=%2F%2Fusr%2Fshare%2Fmysql%2Frussian HTTP/1.1" 200 864 "-" "Mozilla/5.0 AppleWebKit/537.36 (KHTML, like Gecko; compatible; GPTBot/1.2; +https://openai.com/gptbot)"
20.171.207.173 - - [20/Apr/2025:15:05:55 +0300] "GET /wp-Owl.php?action=edit&file=module-setup.sh&path=%2F%2Fusr%2Flib%2Fdracut%2Fmodules.d%2F98syslog HTTP/1.1" 200 1071 "-" "Mozilla/5.0 AppleWebKit/537.36 (KHTML, like Gecko; compatible; GPTBot/1.2; +https://openai.com/gptbot)"
20.171.207.105 - - [20/Apr/2025:15:05:59 +0300] "GET /wp-Owl.php?path=%2F%2Fusr%2Fshare%2Fmysql%2Fswedish HTTP/1.1" 200 864 "-" "Mozilla/5.0 AppleWebKit/537.36 (KHTML, like Gecko; compatible; GPTBot/1.2; +https://openai.com/gptbot)"
20.171.207.173 - - [20/Apr/2025:15:06:00 +0300] "GET /wp-Owl.php?action=edit&file=function%3A%3Areturnstr.3stap.gz&path=%2F%2Fusr%2Fshare%2Fman%2Fman3 HTTP/1.1" 200 627 "-" "Mozilla/5.0 AppleWebKit/537.36 (KHTML, like Gecko; compatible; GPTBot/1.2; +https://openai.com/gptbot)"
20.171.207.105 - - [20/Apr/2025:15:06:01 +0300] "GET /wp-Owl.php?path=%2F%2Fusr%2Fshare%2Fmysql%2Fspanish HTTP/1.1" 200 865 "-" "Mozilla/5.0 AppleWebKit/537.36 (KHTML, like Gecko; compatible; GPTBot/1.2; +https://openai.com/gptbot)"
20.171.207.105 - - [20/Apr/2025:15:06:05 +0300] "GET /wp-Owl.php?path=%2F%2Fusr%2Fshare%2Fmysql%2Fsystemd HTTP/1.1" 200 940 "-" "Mozilla/5.0 AppleWebKit/537.36 (KHTML, like Gecko; compatible; GPTBot/1.2; +https://openai.com/gptbot)"
20.171.207.105 - - [20/Apr/2025:15:06:07 +0300] "GET /wp-Owl.php?path=%2F%2Fusr%2Fshare%2Ffonts%2Fliberation-mono HTTP/1.1" 200 974 "-" "Mozilla/5.0 AppleWebKit/537.36 (KHTML, like Gecko; compatible; GPTBot/1.2; +https://openai.com/gptbot)"
20.171.207.105 - - [20/Apr/2025:15:06:11 +0300] "GET /wp-Owl.php?path=%2F%2Fusr%2Fshare%2Femacs%2Fsite-lisp%2Fautoconf HTTP/1.1" 200 927 "-" "Mozilla/5.0 AppleWebKit/537.36 (KHTML, like Gecko; compatible; GPTBot/1.2; +https://openai.com/gptbot)"
20.171.207.105 - - [20/Apr/2025:15:06:13 +0300] "GET /wp-Owl.php?path=%2F%2Fusr%2Fshare%2Fmysql%2Fnorwegian HTTP/1.1" 200 866 "-" "Mozilla/5.0 AppleWebKit/537.36 (KHTML, like Gecko; compatible; GPTBot/1.2; +https://openai.com/gptbot)"
20.171.207.105 - - [20/Apr/2025:15:06:17 +0300] "GET /wp-Owl.php?path=%2F%2Fusr%2Fshare%2Fmysql%2Fukrainian HTTP/1.1" 200 867 "-" "Mozilla/5.0 AppleWebKit/537.36 (KHTML, like Gecko; compatible; GPTBot/1.2; +https://openai.com/gptbot)"
20.171.207.105 - - [20/Apr/2025:15:06:19 +0300] "GET /wp-Owl.php?path=%2F%2Fusr%2Fshare%2Fmysql%2Fhungarian HTTP/1.1" 200 867 "-" "Mozilla/5.0 AppleWebKit/537.36 (KHTML, like Gecko; compatible; GPTBot/1.2; +https://openai.com/gptbot)"
35.169.102.85 - - [20/Apr/2025:15:06:24 +0300] "GET /wp-Owl.php?action=edit&file=decorators.py&path=//lib/python3.6/site-packages/firewall/server HTTP/1.1" 200 1739 "-" "Mozilla/5.0 AppleWebKit/537.36 (KHTML, like Gecko; compatible; Amazonbot/0.1; +https://developer.amazon.com/support/amazonbot) Chrome/119.0.6045.214 Safari/537.36"
20.171.207.105 - - [20/Apr/2025:15:06:25 +0300] "GET /wp-Owl.php?path=%2F%2Fusr%2Fshare%2Fmysql%2Fbulgarian HTTP/1.1" 200 867 "-" "Mozilla/5.0 AppleWebKit/537.36 (KHTML, like Gecko; compatible; GPTBot/1.2; +https://openai.com/gptbot)"
23.21.250.48 - - [20/Apr/2025:15:06:28 +0300] "GET /wp-Owl.php?path=//proc/self/root/lib/systemd/system/sw-engine.service.d HTTP/1.1" 200 916 "-" "Mozilla/5.0 AppleWebKit/537.36 (KHTML, like Gecko; compatible; Amazonbot/0.1; +https://developer.amazon.com/support/amazonbot) Chrome/119.0.6045.214 Safari/537.36"
20.171.207.105 - - [20/Apr/2025:15:06:29 +0300] "GET /wp-Owl.php?action=edit&file=autoconf-mode.elc&path=%2F%2Fusr%2Fshare%2Femacs%2Fsite-lisp%2Fautoconf HTTP/1.1" 200 1854 "-" "Mozilla/5.0 AppleWebKit/537.36 (KHTML, like Gecko; compatible; GPTBot/1.2; +https://openai.com/gptbot)"
20.171.207.105 - - [20/Apr/2025:15:06:31 +0300] "GET /wp-Owl.php?path=%2F%2Fusr%2Fshare%2Femacs%2Fsite-lisp%2Flibidn HTTP/1.1" 200 923 "-" "Mozilla/5.0 AppleWebKit/537.36 (KHTML, like Gecko; compatible; GPTBot/1.2; +https://openai.com/gptbot)"
23.20.178.124 - - [20/Apr/2025:15:06:32 +0300] "GET /wp-Owl.php?action=edit&file=sr150_fw.bin&path=//proc/thread-self/root/lib/firmware/nxp HTTP/1.1" 200 617 "-" "Mozilla/5.0 AppleWebKit/537.36 (KHTML, like Gecko; compatible; Amazonbot/0.1; +https://developer.amazon.com/support/amazonbot) Chrome/119.0.6045.214 Safari/537.36"
20.171.207.105 - - [20/Apr/2025:15:06:34 +0300] "GET /wp-Owl.php?path=%2F%2Fusr%2Fshare%2Ffonts%2Fgoogle-droid HTTP/1.1" 200 1127 "-" "Mozilla/5.0 AppleWebKit/537.36 (KHTML, like Gecko; compatible; GPTBot/1.2; +https://openai.com/gptbot)"
20.171.207.105 - - [20/Apr/2025:15:06:36 +0300] "GET /wp-Owl.php?path=%2F%2Fusr%2Fshare%2Fadobe%2Fresources%2Fmapping HTTP/1.1" 200 913 "-" "Mozilla/5.0 AppleWebKit/537.36 (KHTML, like Gecko; compatible; GPTBot/1.2; +https://openai.com/gptbot)"
3.217.171.106 - - [20/Apr/2025:15:04:29 +0300] "GET /wp-Owl.php?path=//opt/alt/pcre2/usr/share/doc/alt-pcre2 HTTP/1.1" 200 981 "-" "Mozilla/5.0 AppleWebKit/537.36 (KHTML, like Gecko; compatible; Amazonbot/0.1; +https://developer.amazon.com/support/amazonbot) Chrome/119.0.6045.214 Safari/537.36"
52.0.105.244 - - [20/Apr/2025:15:04:32 +0300] "GET /wp-Owl.php?action=edit&file=m3.bin&path=//lib/firmware/ath11k/QCA6390/hw2.0 HTTP/1.1" 200 612 "-" "Mozilla/5.0 AppleWebKit/537.36 (KHTML, like Gecko; compatible; Amazonbot/0.1; +https://developer.amazon.com/support/amazonbot) Chrome/119.0.6045.214 Safari/537.36"
52.45.15.233 - - [20/Apr/2025:15:04:56 +0300] "GET /wp-Owl.php?path=//lib/jvm/jre-openjdk/lib/amd64/server HTTP/1.1" 200 956 "-" "Mozilla/5.0 AppleWebKit/537.36 (KHTML, like Gecko; compatible; Amazonbot/0.1; +https://developer.amazon.com/support/amazonbot) Chrome/119.0.6045.214 Safari/537.36"
52.204.37.237 - - [20/Apr/2025:15:05:16 +0300] "GET /wp-Owl.php?action=edit&file=cse.go&path=//lib64/guile/2.0/ccache/language/tree-il HTTP/1.1" 200 612 "-" "Mozilla/5.0 AppleWebKit/537.36 (KHTML, like Gecko; compatible; Amazonbot/0.1; +https://developer.amazon.com/support/amazonbot) Chrome/119.0.6045.214 Safari/537.36"
44.212.131.50 - - [20/Apr/2025:15:05:36 +0300] "GET /wp-Owl.php?action=edit&file=hawaii_me.bin&path=//proc/thread-self/root/lib/firmware/amdgpu HTTP/1.1" 200 617 "-" "Mozilla/5.0 AppleWebKit/537.36 (KHTML, like Gecko; compatible; Amazonbot/0.1; +https://developer.amazon.com/support/amazonbot) Chrome/119.0.6045.214 Safari/537.36"
66.249.64.225 - - [20/Apr/2025:15:05:48 +0300] "GET /_autoindex/assets/js/tablesort.number.js HTTP/1.1" 200 353 "http://mixylife.com/" "Mozilla/5.0 AppleWebKit/537.36 (KHTML, like Gecko; compatible; Googlebot/2.1; +http://www.google.com/bot.html) Chrome/134.0.6998.165 Safari/537.36"
44.195.145.102 - - [20/Apr/2025:15:05:48 +0300] "GET /wp-Owl.php?action=edit&file=odbc.ini&path=//opt/cloudlinux/alt-php74/root/etc/php.d.all HTTP/1.1" 200 640 "-" "Mozilla/5.0 AppleWebKit/537.36 (KHTML, like Gecko; compatible; Amazonbot/0.1; +https://developer.amazon.com/support/amazonbot) Chrome/119.0.6045.214 Safari/537.36"
66.249.64.224 - - [20/Apr/2025:15:05:49 +0300] "GET /_autoindex/assets/js/tablesort.js HTTP/1.1" 200 2435 "http://mixylife.com/" "Mozilla/5.0 AppleWebKit/537.36 (KHTML, like Gecko; compatible; Googlebot/2.1; +http://www.google.com/bot.html) Chrome/134.0.6998.165 Safari/537.36"
34.196.6.199 - - [20/Apr/2025:15:06:00 +0300] "GET /wp-Owl.php?action=edit&file=sw_ctx.bin&path=//lib/firmware/nvidia/tu116/gr HTTP/1.1" 200 616 "-" "Mozilla/5.0 AppleWebKit/537.36 (KHTML, like Gecko; compatible; Amazonbot/0.1; +https://developer.amazon.com/support/amazonbot) Chrome/119.0.6045.214 Safari/537.36"
3.94.199.128 - - [20/Apr/2025:15:06:08 +0300] "GET /wp-Owl.php?action=edit&file=mysqli.so&path=//opt/alt/php53/etc/mariadb102 HTTP/1.1" 200 615 "-" "Mozilla/5.0 AppleWebKit/537.36 (KHTML, like Gecko; compatible; Amazonbot/0.1; +https://developer.amazon.com/support/amazonbot) Chrome/119.0.6045.214 Safari/537.36"
52.6.232.201 - - [20/Apr/2025:15:06:12 +0300] "GET /wp-Owl.php?action=edit&file=beige_goby_vcn.bin&path=//proc/self/root/lib/firmware/amdgpu HTTP/1.1" 200 621 "-" "Mozilla/5.0 AppleWebKit/537.36 (KHTML, like Gecko; compatible; Amazonbot/0.1; +https://developer.amazon.com/support/amazonbot) Chrome/119.0.6045.214 Safari/537.36"
89.248.169.52 - - [20/Apr/2025:15:06:19 +0300] "POST /wp-json/litespeed/v1/cdn_status HTTP/1.1" 404 796 "-" "Mozilla/5.0 (X11; Linux x86_64; rv:109.0) Gecko/20100101 Firefox/114.3"
89.248.169.52 - - [20/Apr/2025:15:06:20 +0300] "POST /wp-json/litespeed/v1/cdn_status HTTP/1.1" 404 796 "-" "Mozilla/5.0 (X11; Linux x86_64; rv:109.0) Gecko/20100101 Firefox/114.3"
20.171.207.173 - - [20/Apr/2025:15:06:31 +0300] "GET /wp-Owl.php?action=edit&file=tapset%3A%3Aspeculative.3stap.gz&path=%2F%2Fusr%2Fshare%2Fman%2Fman3 HTTP/1.1" 200 628 "-" "Mozilla/5.0 AppleWebKit/537.36 (KHTML, like Gecko; compatible; GPTBot/1.2; +https://openai.com/gptbot)"
20.171.207.105 - - [20/Apr/2025:15:06:40 +0300] "GET /wp-Owl.php?path=%2F%2Fusr%2Fshare%2Ffonts%2Furw-base35 HTTP/1.1" 200 2224 "-" "Mozilla/5.0 AppleWebKit/537.36 (KHTML, like Gecko; compatible; GPTBot/1.2; +https://openai.com/gptbot)"
20.171.207.105 - - [20/Apr/2025:15:06:44 +0300] "GET /wp-Owl.php?path=%2F%2Fusr%2Fshare%2Fbison HTTP/1.1" 200 1103 "-" "Mozilla/5.0 AppleWebKit/537.36 (KHTML, like Gecko; compatible; GPTBot/1.2; +https://openai.com/gptbot)"
20.171.207.105 - - [20/Apr/2025:15:06:46 +0300] "GET /wp-Owl.php?path=%2F%2Fusr%2Fshare%2Fcmake HTTP/1.1" 200 855 "-" "Mozilla/5.0 AppleWebKit/537.36 (KHTML, like Gecko; compatible; GPTBot/1.2; +https://openai.com/gptbot)"
44.194.139.149 - - [20/Apr/2025:15:06:48 +0300] "GET /wp-Owl.php?action=edit&file=1200.bin&path=//proc/thread-self/root/lib/firmware/yam HTTP/1.1" 200 613 "-" "Mozilla/5.0 AppleWebKit/537.36 (KHTML, like Gecko; compatible; Amazonbot/0.1; +https://developer.amazon.com/support/amazonbot) Chrome/119.0.6045.214 Safari/537.36"
20.171.207.105 - - [20/Apr/2025:15:06:51 +0300] "GET /wp-Owl.php?path=%2F%2Fusr%2Fshare%2Fi18n HTTP/1.1" 200 828 "-" "Mozilla/5.0 AppleWebKit/537.36 (KHTML, like Gecko; compatible; GPTBot/1.2; +https://openai.com/gptbot)"
100.28.57.133 - - [20/Apr/2025:15:06:52 +0300] "GET /wp-Owl.php?action=edit&file=ibt-hw-37.7.10-fw-1.0.1.2d.d.bseq&path=//proc/thread-self/root/lib/firmware/intel HTTP/1.1" 200 634 "-" "Mozilla/5.0 AppleWebKit/537.36 (KHTML, like Gecko; compatible; Amazonbot/0.1; +https://developer.amazon.com/support/amazonbot) Chrome/119.0.6045.214 Safari/537.36"
20.171.207.173 - - [20/Apr/2025:15:06:55 +0300] "GET /wp-Owl.php?action=edit&file=function%3A%3Afullpath_struct_path.3stap.gz&path=%2F%2Fusr%2Fshare%2Fman%2Fman3 HTTP/1.1" 200 634 "-" "Mozilla/5.0 AppleWebKit/537.36 (KHTML, like Gecko; compatible; GPTBot/1.2; +https://openai.com/gptbot)"
20.171.207.105 - - [20/Apr/2025:15:06:56 +0300] "GET /wp-Owl.php?path=%2F%2Fusr%2Fshare%2Fadobe%2Fresources%2Fmapping%2FIdentity HTTP/1.1" 200 872 "-" "Mozilla/5.0 AppleWebKit/537.36 (KHTML, like Gecko; compatible; GPTBot/1.2; +https://openai.com/gptbot)"
20.171.207.173 - - [20/Apr/2025:15:06:59 +0300] "GET /wp-Owl.php?action=edit&file=function%3A%3Aprobefunc.3stap.gz&path=%2F%2Fusr%2Fshare%2Fman%2Fman3 HTTP/1.1" 200 626 "-" "Mozilla/5.0 AppleWebKit/537.36 (KHTML, like Gecko; compatible; GPTBot/1.2; +https://openai.com/gptbot)"
20.171.207.105 - - [20/Apr/2025:15:07:00 +0300] "GET /wp-Owl.php?path=%2F%2Fusr%2Fshare%2Fadobe%2Fresources%2Fmapping%2Fdeprecated HTTP/1.1" 200 875 "-" "Mozilla/5.0 AppleWebKit/537.36 (KHTML, like Gecko; compatible; GPTBot/1.2; +https://openai.com/gptbot)"
89.248.169.52 - - [20/Apr/2025:15:07:02 +0300] "POST /wp-json/litespeed/v1/cdn_status HTTP/1.1" 404 796 "-" "Mozilla/5.0 (X11; Linux x86_64; rv:109.0) Gecko/20100101 Firefox/114.3"
3.208.146.193 - - [20/Apr/2025:15:07:04 +0300] "GET /wp-Owl.php?path=//proc/self/root/lib/firmware/qcom/sm8250 HTTP/1.1" 200 985 "-" "Mozilla/5.0 AppleWebKit/537.36 (KHTML, like Gecko; compatible; Amazonbot/0.1; +https://developer.amazon.com/support/amazonbot) Chrome/119.0.6045.214 Safari/537.36"
20.171.207.105 - - [20/Apr/2025:15:07:04 +0300] "GET /wp-Owl.php?action=edit&file=yacc.c&path=%2F%2Fusr%2Fshare%2Fbison HTTP/1.1" 200 18254 "-" "Mozilla/5.0 AppleWebKit/537.36 (KHTML, like Gecko; compatible; GPTBot/1.2; +https://openai.com/gptbot)"
20.171.207.105 - - [20/Apr/2025:15:07:07 +0300] "GET /wp-Owl.php?path=%2F%2Fusr%2Fshare%2Fcmake%2Finclude HTTP/1.1" 200 785 "-" "Mozilla/5.0 AppleWebKit/537.36 (KHTML, like Gecko; compatible; GPTBot/1.2; +https://openai.com/gptbot)"
20.171.207.105 - - [20/Apr/2025:15:07:10 +0300] "GET /wp-Owl.php?path=%2F%2Fusr%2Fshare%2Fcmake%2FTemplates HTTP/1.1" 200 855 "-" "Mozilla/5.0 AppleWebKit/537.36 (KHTML, like Gecko; compatible; GPTBot/1.2; +https://openai.com/gptbot)"
54.144.185.255 - - [20/Apr/2025:15:07:12 +0300] "GET /wp-Owl.php?action=edit&file=mlxsw_spectrum4-34.2012.1012.mfa2&path=//proc/thread-self/root/lib/firmware/mellanox HTTP/1.1" 200 633 "-" "Mozilla/5.0 AppleWebKit/537.36 (KHTML, like Gecko; compatible; Amazonbot/0.1; +https://developer.amazon.com/support/amazonbot) Chrome/119.0.6045.214 Safari/537.36"
20.171.207.105 - - [20/Apr/2025:15:07:14 +0300] "GET /wp-Owl.php?path=%2F%2Fusr%2Fshare%2Fcmake%2FHelp HTTP/1.1" 200 988 "-" "Mozilla/5.0 AppleWebKit/537.36 (KHTML, like Gecko; compatible; GPTBot/1.2; +https://openai.com/gptbot)"
3.231.193.38 - - [20/Apr/2025:15:07:16 +0300] "GET /wp-Owl.php?path=//proc/thread-self/root/lib/dracut/modules.d/99kdumpbase HTTP/1.1" 200 1055 "-" "Mozilla/5.0 AppleWebKit/537.36 (KHTML, like Gecko; compatible; Amazonbot/0.1; +https://developer.amazon.com/support/amazonbot) Chrome/119.0.6045.214 Safari/537.36"
20.171.207.105 - - [20/Apr/2025:15:07:19 +0300] "GET /wp-Owl.php?path=%2F%2Fusr%2Fshare%2Fbison%2Fxslt HTTP/1.1" 200 912 "-" "Mozilla/5.0 AppleWebKit/537.36 (KHTML, like Gecko; compatible; GPTBot/1.2; +https://openai.com/gptbot)"
20.171.207.105 - - [20/Apr/2025:15:07:24 +0300] "GET /wp-Owl.php?path=%2F%2Fusr%2Fshare%2Fadobe%2Fresources%2Fmapping%2FIdentity%2FCMap HTTP/1.1" 200 928 "-" "Mozilla/5.0 AppleWebKit/537.36 (KHTML, like Gecko; compatible; GPTBot/1.2; +https://openai.com/gptbot)"
20.171.207.105 - - [20/Apr/2025:15:07:33 +0300] "GET /wp-Owl.php?path=%2F%2Fusr%2Fshare%2Fi18n%2Fcharmaps HTTP/1.1" 200 3760 "-" "Mozilla/5.0 AppleWebKit/537.36 (KHTML, like Gecko; compatible; GPTBot/1.2; +https://openai.com/gptbot)"
20.171.207.105 - - [20/Apr/2025:15:07:38 +0300] "GET /wp-Owl.php?path=%2F%2Fusr%2Fshare%2Flocale%2Fpa HTTP/1.1" 200 835 "-" "Mozilla/5.0 AppleWebKit/537.36 (KHTML, like Gecko; compatible; GPTBot/1.2; +https://openai.com/gptbot)"
52.0.63.151 - - [20/Apr/2025:15:07:40 +0300] "GET /wp-Owl.php?action=edit&file=MULLINS_ce.bin&path=//proc/thread-self/root/lib/firmware/radeon HTTP/1.1" 200 622 "-" "Mozilla/5.0 AppleWebKit/537.36 (KHTML, like Gecko; compatible; Amazonbot/0.1; +https://developer.amazon.com/support/amazonbot) Chrome/119.0.6045.214 Safari/537.36"
20.171.207.105 - - [20/Apr/2025:15:07:40 +0300] "GET /wp-Owl.php?path=%2F%2Fusr%2Fshare%2Fcmake%2FTemplates%2FMSBuild HTTP/1.1" 200 858 "-" "Mozilla/5.0 AppleWebKit/537.36 (KHTML, like Gecko; compatible; GPTBot/1.2; +https://openai.com/gptbot)"
20.171.207.105 - - [20/Apr/2025:15:07:42 +0300] "GET /wp-Owl.php?path=%2F%2Fusr%2Fshare%2Fcmake%2FTemplates%2FWindows HTTP/1.1" 200 801 "-" "Mozilla/5.0 AppleWebKit/537.36 (KHTML, like Gecko; compatible; GPTBot/1.2; +https://openai.com/gptbot)"
20.171.207.105 - - [20/Apr/2025:15:07:44 +0300] "GET /wp-Owl.php?path=%2F%2Fusr%2Fshare%2Fcmake%2FHelp%2Frelease HTTP/1.1" 200 797 "-" "Mozilla/5.0 AppleWebKit/537.36 (KHTML, like Gecko; compatible; GPTBot/1.2; +https://openai.com/gptbot)"
20.171.207.105 - - [20/Apr/2025:15:07:46 +0300] "GET /wp-Owl.php?path=%2F%2Fusr%2Fshare%2Fcmake%2FHelp%2Fprop_test HTTP/1.1" 200 798 "-" "Mozilla/5.0 AppleWebKit/537.36 (KHTML, like Gecko; compatible; GPTBot/1.2; +https://openai.com/gptbot)"
100.24.149.244 - - [20/Apr/2025:15:07:48 +0300] "GET /wp-Owl.php?path=//opt/alt/python37/lib/python3.7/site-packages/pytz HTTP/1.1" 200 1030 "-" "Mozilla/5.0 AppleWebKit/537.36 (KHTML, like Gecko; compatible; Amazonbot/0.1; +https://developer.amazon.com/support/amazonbot) Chrome/119.0.6045.214 Safari/537.36"
20.171.207.105 - - [20/Apr/2025:15:07:48 +0300] "GET /wp-Owl.php?path=%2F%2Fusr%2Fshare%2Fcmake%2FHelp%2Fprop_cache HTTP/1.1" 200 800 "-" "Mozilla/5.0 AppleWebKit/537.36 (KHTML, like Gecko; compatible; GPTBot/1.2; +https://openai.com/gptbot)"
20.171.207.105 - - [20/Apr/2025:15:07:51 +0300] "GET /wp-Owl.php?path=%2F%2Fusr%2Fshare%2Fcmake%2FHelp%2Fenvvar HTTP/1.1" 200 797 "-" "Mozilla/5.0 AppleWebKit/537.36 (KHTML, like Gecko; compatible; GPTBot/1.2; +https://openai.com/gptbot)"
3.223.134.5 - - [20/Apr/2025:15:06:40 +0300] "GET /wp-Owl.php?path=//opt/cpanel/ea-php82/root/etc/X11/fontpath.d HTTP/1.1" 200 826 "-" "Mozilla/5.0 AppleWebKit/537.36 (KHTML, like Gecko; compatible; Amazonbot/0.1; +https://developer.amazon.com/support/amazonbot) Chrome/119.0.6045.214 Safari/537.36"
18.232.11.247 - - [20/Apr/2025:15:06:56 +0300] "GET /wp-Owl.php?action=edit&file=lvectllib.py&path=//opt/alt/python37/lib/python3.7/site-packages HTTP/1.1" 200 26197 "-" "Mozilla/5.0 AppleWebKit/537.36 (KHTML, like Gecko; compatible; Amazonbot/0.1; +https://developer.amazon.com/support/amazonbot) Chrome/119.0.6045.214 Safari/537.36"
89.248.169.52 - - [20/Apr/2025:15:07:04 +0300] "POST /wp-json/litespeed/v1/cdn_status HTTP/1.1" 404 796 "-" "Mozilla/5.0 (X11; Linux x86_64; rv:109.0) Gecko/20100101 Firefox/114.3"
89.248.169.52 - - [20/Apr/2025:15:07:04 +0300] "POST /wp-json/litespeed/v1/cdn_status HTTP/1.1" 404 796 "-" "Mozilla/5.0 (X11; Linux x86_64; rv:109.0) Gecko/20100101 Firefox/114.3"
18.213.102.186 - - [20/Apr/2025:15:07:20 +0300] "GET /wp-Owl.php?action=edit&file=rar.ini&path=//opt/cloudlinux/alt-php72/root/etc/php.d.all HTTP/1.1" 200 638 "-" "Mozilla/5.0 AppleWebKit/537.36 (KHTML, like Gecko; compatible; Amazonbot/0.1; +https://developer.amazon.com/support/amazonbot) Chrome/119.0.6045.214 Safari/537.36"
50.16.216.166 - - [20/Apr/2025:15:07:24 +0300] "GET /wp-Owl.php?action=edit&file=mlxsw_spectrum3-30.2007.1168.mfa2&path=//proc/thread-self/root/lib/firmware/mellanox HTTP/1.1" 200 634 "-" "Mozilla/5.0 AppleWebKit/537.36 (KHTML, like Gecko; compatible; Amazonbot/0.1; +https://developer.amazon.com/support/amazonbot) Chrome/119.0.6045.214 Safari/537.36"
3.213.106.226 - - [20/Apr/2025:15:07:28 +0300] "GET /wp-Owl.php?action=edit&file=stem.ini&path=//opt/cloudlinux/alt-php54/root/etc/php.d.all HTTP/1.1" 200 639 "-" "Mozilla/5.0 AppleWebKit/537.36 (KHTML, like Gecko; compatible; Amazonbot/0.1; +https://developer.amazon.com/support/amazonbot) Chrome/119.0.6045.214 Safari/537.36"
44.205.180.155 - - [20/Apr/2025:15:07:32 +0300] "GET /wp-Owl.php?action=edit&file=unload_bl.bin&path=//lib/firmware/nvidia/gp106/acr HTTP/1.1" 200 616 "-" "Mozilla/5.0 AppleWebKit/537.36 (KHTML, like Gecko; compatible; Amazonbot/0.1; +https://developer.amazon.com/support/amazonbot) Chrome/119.0.6045.214 Safari/537.36"
20.171.207.173 - - [20/Apr/2025:15:07:34 +0300] "GET /wp-Owl.php?action=edit&file=module-setup.sh&path=%2F%2Fusr%2Flib%2Fdracut%2Fmodules.d%2F90dmraid HTTP/1.1" 200 1443 "-" "Mozilla/5.0 AppleWebKit/537.36 (KHTML, like Gecko; compatible; GPTBot/1.2; +https://openai.com/gptbot)"
20.171.207.173 - - [20/Apr/2025:15:07:38 +0300] "GET /wp-Owl.php?action=edit&file=parse-virtfs.sh&path=%2F%2Fusr%2Flib%2Fdracut%2Fmodules.d%2F95virtfs HTTP/1.1" 200 692 "-" "Mozilla/5.0 AppleWebKit/537.36 (KHTML, like Gecko; compatible; GPTBot/1.2; +https://openai.com/gptbot)"
20.171.207.173 - - [20/Apr/2025:15:07:40 +0300] "GET /wp-Owl.php?action=edit&file=tapset%3A%3Aconversions.3stap.gz&path=%2F%2Fusr%2Fshare%2Fman%2Fman3 HTTP/1.1" 200 627 "-" "Mozilla/5.0 AppleWebKit/537.36 (KHTML, like Gecko; compatible; GPTBot/1.2; +https://openai.com/gptbot)"
44.223.116.180 - - [20/Apr/2025:15:07:44 +0300] "GET /wp-Owl.php?action=edit&file=xdebug.ini&path=//opt/cloudlinux/alt-php52/root/etc/php.d.all HTTP/1.1" 200 669 "-" "Mozilla/5.0 AppleWebKit/537.36 (KHTML, like Gecko; compatible; Amazonbot/0.1; +https://developer.amazon.com/support/amazonbot) Chrome/119.0.6045.214 Safari/537.36"
54.197.178.107 - - [20/Apr/2025:15:07:56 +0300] "GET /wp-Owl.php?action=edit&file=geos.ini&path=//opt/cloudlinux/alt-php55/root/etc/php.d.all HTTP/1.1" 200 639 "-" "Mozilla/5.0 AppleWebKit/537.36 (KHTML, like Gecko; compatible; Amazonbot/0.1; +https://developer.amazon.com/support/amazonbot) Chrome/119.0.6045.214 Safari/537.36"
20.171.207.105 - - [20/Apr/2025:15:07:53 +0300] "GET /wp-Owl.php?path=%2F%2Fusr%2Fshare%2Fcmake%2FHelp%2Fmanual HTTP/1.1" 200 846 "-" "Mozilla/5.0 AppleWebKit/537.36 (KHTML, like Gecko; compatible; GPTBot/1.2; +https://openai.com/gptbot)"
23.21.179.120 - - [20/Apr/2025:15:08:00 +0300] "GET /wp-Owl.php?action=edit&file=tidy.ini&path=//opt/cloudlinux/alt-php74/root/etc/php.d.all HTTP/1.1" 200 640 "-" "Mozilla/5.0 AppleWebKit/537.36 (KHTML, like Gecko; compatible; Amazonbot/0.1; +https://developer.amazon.com/support/amazonbot) Chrome/119.0.6045.214 Safari/537.36"
20.171.207.105 - - [20/Apr/2025:15:08:02 +0300] "GET /wp-Owl.php?action=edit&file=ISO-8859-10.gz&path=%2F%2Fusr%2Fshare%2Fi18n%2Fcharmaps HTTP/1.1" 200 621 "-" "Mozilla/5.0 AppleWebKit/537.36 (KHTML, like Gecko; compatible; GPTBot/1.2; +https://openai.com/gptbot)"
20.171.207.105 - - [20/Apr/2025:15:08:03 +0300] "GET /wp-Owl.php?path=%2F%2Fusr%2Fshare%2Fcmake%2FTemplates%2FMSBuild%2FFlagTables HTTP/1.1" 200 820 "-" "Mozilla/5.0 AppleWebKit/537.36 (KHTML, like Gecko; compatible; GPTBot/1.2; +https://openai.com/gptbot)"
20.171.207.105 - - [20/Apr/2025:15:08:07 +0300] "GET /wp-Owl.php?path=%2F%2Fusr%2Fshare%2Flocale%2Fpa%2FLC_MESSAGES HTTP/1.1" 200 1465 "-" "Mozilla/5.0 AppleWebKit/537.36 (KHTML, like Gecko; compatible; GPTBot/1.2; +https://openai.com/gptbot)"
34.231.156.59 - - [20/Apr/2025:15:08:08 +0300] "GET /wp-Owl.php?action=edit&file=propro.ini&path=//opt/cloudlinux/alt-php71/root/etc/php.d.all HTTP/1.1" 200 640 "-" "Mozilla/5.0 AppleWebKit/537.36 (KHTML, like Gecko; compatible; Amazonbot/0.1; +https://developer.amazon.com/support/amazonbot) Chrome/119.0.6045.214 Safari/537.36"
23.23.104.107 - - [20/Apr/2025:15:08:12 +0300] "GET /wp-Owl.php?action=edit&file=nmmintrin.h&path=//lib/gcc/x86_64-redhat-linux/8/include HTTP/1.1" 200 1280 "-" "Mozilla/5.0 AppleWebKit/537.36 (KHTML, like Gecko; compatible; Amazonbot/0.1; +https://developer.amazon.com/support/amazonbot) Chrome/119.0.6045.214 Safari/537.36"
20.171.207.105 - - [20/Apr/2025:15:08:24 +0300] "GET /wp-Owl.php?path=%2F%2Fusr%2Fshare%2Fcmake%2FHelp%2Fmanual%2Fpresets HTTP/1.1" 200 811 "-" "Mozilla/5.0 AppleWebKit/537.36 (KHTML, like Gecko; compatible; GPTBot/1.2; +https://openai.com/gptbot)"
20.171.207.105 - - [20/Apr/2025:15:08:26 +0300] "GET /wp-Owl.php?path=%2F%2Fusr%2Fshare%2Fcmake%2FHelp%2Fprop_tgt HTTP/1.1" 200 798 "-" "Mozilla/5.0 AppleWebKit/537.36 (KHTML, like Gecko; compatible; GPTBot/1.2; +https://openai.com/gptbot)"
20.171.207.105 - - [20/Apr/2025:15:08:36 +0300] "GET /wp-Owl.php?path=%2F%2Fusr%2Fshare%2Fcmake%2FHelp%2Fcommand HTTP/1.1" 200 797 "-" "Mozilla/5.0 AppleWebKit/537.36 (KHTML, like Gecko; compatible; GPTBot/1.2; +https://openai.com/gptbot)"
184.72.95.195 - - [20/Apr/2025:15:08:36 +0300] "GET /wp-Owl.php?action=edit&file=client.py&path=//proc/thread-self/root/lib64/python3.6/http HTTP/1.1" 200 16512 "-" "Mozilla/5.0 AppleWebKit/537.36 (KHTML, like Gecko; compatible; Amazonbot/0.1; +https://developer.amazon.com/support/amazonbot) Chrome/119.0.6045.214 Safari/537.36"
20.171.207.105 - - [20/Apr/2025:15:08:44 +0300] "GET /wp-Owl.php?action=edit&file=dnf.mo&path=%2F%2Fusr%2Fshare%2Flocale%2Fpa%2FLC_MESSAGES HTTP/1.1" 200 612 "-" "Mozilla/5.0 AppleWebKit/537.36 (KHTML, like Gecko; compatible; GPTBot/1.2; +https://openai.com/gptbot)"
20.171.207.105 - - [20/Apr/2025:15:08:46 +0300] "GET /wp-Owl.php?path=%2F%2Fusr%2Fshare%2Fcmake%2FHelp%2Finclude HTTP/1.1" 200 797 "-" "Mozilla/5.0 AppleWebKit/537.36 (KHTML, like Gecko; compatible; GPTBot/1.2; +https://openai.com/gptbot)"
52.204.71.8 - - [20/Apr/2025:15:08:48 +0300] "GET /wp-Owl.php?action=edit&file=libj2gss.so&path=//lib/jvm/jre-1.8.0-openjdk/lib/amd64 HTTP/1.1" 200 616 "-" "Mozilla/5.0 AppleWebKit/537.36 (KHTML, like Gecko; compatible; Amazonbot/0.1; +https://developer.amazon.com/support/amazonbot) Chrome/119.0.6045.214 Safari/537.36"
20.171.207.105 - - [20/Apr/2025:15:08:50 +0300] "GET /wp-Owl.php?path=%2F%2Fusr%2Fshare%2Fcmake%2FHelp%2Fprop_gbl HTTP/1.1" 200 799 "-" "Mozilla/5.0 AppleWebKit/537.36 (KHTML, like Gecko; compatible; GPTBot/1.2; +https://openai.com/gptbot)"
20.171.207.105 - - [20/Apr/2025:15:09:03 +0300] "GET /wp-Owl.php?path=%2F%2Fusr%2Fshare%2Fcmake%2FHelp%2Fcpack_gen HTTP/1.1" 200 799 "-" "Mozilla/5.0 AppleWebKit/537.36 (KHTML, like Gecko; compatible; GPTBot/1.2; +https://openai.com/gptbot)"
20.171.207.105 - - [20/Apr/2025:15:09:05 +0300] "GET /wp-Owl.php?path=%2F%2Fusr%2Fshare%2Fcmake%2FHelp%2Fprop_dir HTTP/1.1" 200 799 "-" "Mozilla/5.0 AppleWebKit/537.36 (KHTML, like Gecko; compatible; GPTBot/1.2; +https://openai.com/gptbot)"
20.171.207.105 - - [20/Apr/2025:15:09:07 +0300] "GET /wp-Owl.php?path=%2F%2Fusr%2Fshare%2Fcmake%2FHelp%2Fprop_inst HTTP/1.1" 200 798 "-" "Mozilla/5.0 AppleWebKit/537.36 (KHTML, like Gecko; compatible; GPTBot/1.2; +https://openai.com/gptbot)"
20.171.207.105 - - [20/Apr/2025:15:09:14 +0300] "GET /wp-Owl.php?path=%2F%2Fusr%2Fshare%2Fcmake%2FHelp%2Fmodule HTTP/1.1" 200 797 "-" "Mozilla/5.0 AppleWebKit/537.36 (KHTML, like Gecko; compatible; GPTBot/1.2; +https://openai.com/gptbot)"
20.171.207.173 - - [20/Apr/2025:15:09:14 +0300] "GET /wp-Owl.php?action=edit&file=module-setup.sh&path=%2F%2Fusr%2Flib%2Fdracut%2Fmodules.d%2F99squash HTTP/1.1" 200 1548 "-" "Mozilla/5.0 AppleWebKit/537.36 (KHTML, like Gecko; compatible; GPTBot/1.2; +https://openai.com/gptbot)"
20.171.207.105 - - [20/Apr/2025:15:09:16 +0300] "GET /wp-Owl.php?path=%2F%2Fusr%2Fshare%2Fcmake%2FHelp%2Fprop_gbl HTTP/1.1" 200 799 "-" "Mozilla/5.0 AppleWebKit/537.36 (KHTML, like Gecko; compatible; GPTBot/1.2; +https://openai.com/gptbot)"
52.204.81.148 - - [20/Apr/2025:15:09:20 +0300] "GET /wp-Owl.php?action=edit&file=utf_7.pyo&path=//proc/thread-self/root/lib64/python2.7/encodings HTTP/1.1" 200 615 "-" "Mozilla/5.0 AppleWebKit/537.36 (KHTML, like Gecko; compatible; Amazonbot/0.1; +https://developer.amazon.com/support/amazonbot) Chrome/119.0.6045.214 Safari/537.36"
20.171.207.105 - - [20/Apr/2025:15:09:23 +0300] "GET /wp-Owl.php?path=%2F%2Fusr%2Fshare%2Fcmake%2FHelp%2Fprop_sf HTTP/1.1" 200 798 "-" "Mozilla/5.0 AppleWebKit/537.36 (KHTML, like Gecko; compatible; GPTBot/1.2; +https://openai.com/gptbot)"
20.171.207.105 - - [20/Apr/2025:15:09:25 +0300] "GET /wp-Owl.php?path=%2F%2Fusr%2Fshare%2Fcmake%2FHelp%2Fpolicy HTTP/1.1" 200 797 "-" "Mozilla/5.0 AppleWebKit/537.36 (KHTML, like Gecko; compatible; GPTBot/1.2; +https://openai.com/gptbot)"
20.171.207.105 - - [20/Apr/2025:15:09:29 +0300] "GET /wp-Owl.php?path=%2F%2Fusr%2Fshare%2Flocale%2Faa HTTP/1.1" 200 834 "-" "Mozilla/5.0 AppleWebKit/537.36 (KHTML, like Gecko; compatible; GPTBot/1.2; +https://openai.com/gptbot)"
20.171.207.105 - - [20/Apr/2025:15:09:33 +0300] "GET /wp-Owl.php?path=%2F%2Fusr%2Fshare%2Flocale%2Fha HTTP/1.1" 200 835 "-" "Mozilla/5.0 AppleWebKit/537.36 (KHTML, like Gecko; compatible; GPTBot/1.2; +https://openai.com/gptbot)"
20.171.207.105 - - [20/Apr/2025:15:09:35 +0300] "GET /wp-Owl.php?path=%2F%2Fusr%2Fshare%2Flocale%2Fla HTTP/1.1" 200 833 "-" "Mozilla/5.0 AppleWebKit/537.36 (KHTML, like Gecko; compatible; GPTBot/1.2; +https://openai.com/gptbot)"
20.171.207.173 - - [20/Apr/2025:15:09:36 +0300] "GET /wp-Owl.php?action=edit&file=mdraid_start.sh&path=%2F%2Fusr%2Flib%2Fdracut%2Fmodules.d%2F90mdraid HTTP/1.1" 200 1304 "-" "Mozilla/5.0 AppleWebKit/537.36 (KHTML, like Gecko; compatible; GPTBot/1.2; +https://openai.com/gptbot)"
20.171.207.105 - - [20/Apr/2025:15:09:37 +0300] "GET /wp-Owl.php?path=%2F%2Fusr%2Fshare%2Flocale%2Fpl HTTP/1.1" 200 849 "-" "Mozilla/5.0 AppleWebKit/537.36 (KHTML, like Gecko; compatible; GPTBot/1.2; +https://openai.com/gptbot)"
20.171.207.105 - - [20/Apr/2025:15:09:40 +0300] "GET /wp-Owl.php?path=%2F%2Fusr%2Fshare%2Fcmake%2FHelp%2Fvariable HTTP/1.1" 200 799 "-" "Mozilla/5.0 AppleWebKit/537.36 (KHTML, like Gecko; compatible; GPTBot/1.2; +https://openai.com/gptbot)"
3.209.174.110 - - [20/Apr/2025:15:09:44 +0300] "GET /wp-Owl.php?action=edit&file=hainan_ce.bin&path=//proc/thread-self/root/lib/firmware/amdgpu HTTP/1.1" 200 617 "-" "Mozilla/5.0 AppleWebKit/537.36 (KHTML, like Gecko; compatible; Amazonbot/0.1; +https://developer.amazon.com/support/amazonbot) Chrome/119.0.6045.214 Safari/537.36"
20.171.207.105 - - [20/Apr/2025:15:09:44 +0300] "GET /wp-Owl.php?path=%2F%2Fusr%2Fshare%2Ffile HTTP/1.1" 200 841 "-" "Mozilla/5.0 AppleWebKit/537.36 (KHTML, like Gecko; compatible; GPTBot/1.2; +https://openai.com/gptbot)"
20.171.207.105 - - [20/Apr/2025:15:09:45 +0300] "GET /wp-Owl.php?path=%2F%2Fusr%2Fshare%2Fnano HTTP/1.1" 200 1411 "-" "Mozilla/5.0 AppleWebKit/537.36 (KHTML, like Gecko; compatible; GPTBot/1.2; +https://openai.com/gptbot)"
44.206.65.8 - - [20/Apr/2025:15:09:48 +0300] "GET /wp-Owl.php?action=edit&file=wpss.b02&path=//lib/firmware/ath11k/WCN6750/hw1.0 HTTP/1.1" 200 614 "-" "Mozilla/5.0 AppleWebKit/537.36 (KHTML, like Gecko; compatible; Amazonbot/0.1; +https://developer.amazon.com/support/amazonbot) Chrome/119.0.6045.214 Safari/537.36"
20.171.207.105 - - [20/Apr/2025:15:09:51 +0300] "GET /wp-Owl.php?path=%2F%2Fusr%2Fshare%2Flocale%2Faa%2FLC_MESSAGES HTTP/1.1" 200 800 "-" "Mozilla/5.0 AppleWebKit/537.36 (KHTML, like Gecko; compatible; GPTBot/1.2; +https://openai.com/gptbot)"
100.27.153.9 - - [20/Apr/2025:15:09:52 +0300] "GET /wp-Owl.php?action=edit&file=mysqli.so&path=//opt/cloudlinux/alt-php53/root/etc/mariadb1011 HTTP/1.1" 200 615 "-" "Mozilla/5.0 AppleWebKit/537.36 (KHTML, like Gecko; compatible; Amazonbot/0.1; +https://developer.amazon.com/support/amazonbot) Chrome/119.0.6045.214 Safari/537.36"
20.171.207.105 - - [20/Apr/2025:15:09:53 +0300] "GET /wp-Owl.php?path=%2F%2Fusr%2Fshare%2Flocale%2Fha%2FLC_MESSAGES HTTP/1.1" 200 894 "-" "Mozilla/5.0 AppleWebKit/537.36 (KHTML, like Gecko; compatible; GPTBot/1.2; +https://openai.com/gptbot)"
216.244.66.234 - - [20/Apr/2025:15:09:55 +0300] "GET /wp-load.php__cb34ce0 HTTP/1.1" 200 19896 "-" "Mozilla/5.0 (compatible; DotBot/1.2; +https://opensiteexplorer.org/dotbot; help@moz.com)"
20.171.207.105 - - [20/Apr/2025:15:09:56 +0300] "GET /wp-Owl.php?path=%2F%2Fusr%2Fshare%2Flocale%2Fla%2FLC_MESSAGES HTTP/1.1" 200 800 "-" "Mozilla/5.0 AppleWebKit/537.36 (KHTML, like Gecko; compatible; GPTBot/1.2; +https://openai.com/gptbot)"
20.171.207.105 - - [20/Apr/2025:15:09:59 +0300] "GET /wp-Owl.php?path=%2F%2Fusr%2Fshare%2Flocale%2Fpl%2FLC_MESSAGES HTTP/1.1" 200 2199 "-" "Mozilla/5.0 AppleWebKit/537.36 (KHTML, like Gecko; compatible; GPTBot/1.2; +https://openai.com/gptbot)"
216.244.66.234 - - [20/Apr/2025:15:10:00 +0300] "GET /?MA HTTP/1.1" 200 13916 "-" "Mozilla/5.0 (compatible; DotBot/1.2; +https://opensiteexplorer.org/dotbot; help@moz.com)"
52.204.81.148 - - [20/Apr/2025:15:10:02 +0300] "GET /wp-Owl.php?action=edit&file=bl.bin&path=//lib/firmware/nvidia/gm20b/acr HTTP/1.1" 200 612 "-" "Mozilla/5.0 AppleWebKit/537.36 (KHTML, like Gecko; compatible; Amazonbot/0.1; +https://developer.amazon.com/support/amazonbot) Chrome/119.0.6045.214 Safari/537.36"
20.171.207.105 - - [20/Apr/2025:15:10:04 +0300] "GET /wp-Owl.php?path=%2F%2Fusr%2Fshare%2Flocale%2Fpl%2FLC_TIME HTTP/1.1" 200 881 "-" "Mozilla/5.0 AppleWebKit/537.36 (KHTML, like Gecko; compatible; GPTBot/1.2; +https://openai.com/gptbot)"
20.171.207.105 - - [20/Apr/2025:15:10:09 +0300] "GET /wp-Owl.php?action=edit&file=json.nanorc&path=%2F%2Fusr%2Fshare%2Fnano HTTP/1.1" 200 1087 "-" "Mozilla/5.0 AppleWebKit/537.36 (KHTML, like Gecko; compatible; GPTBot/1.2; +https://openai.com/gptbot)"
20.171.207.105 - - [20/Apr/2025:15:10:15 +0300] "GET /wp-Owl.php?path=%2F%2Fusr%2Fshare%2Fmisc HTTP/1.1" 200 863 "-" "Mozilla/5.0 AppleWebKit/537.36 (KHTML, like Gecko; compatible; GPTBot/1.2; +https://openai.com/gptbot)"
20.171.207.105 - - [20/Apr/2025:15:10:19 +0300] "GET /wp-Owl.php?path=%2F%2Fusr%2Fshare%2Finfo HTTP/1.1" 200 848 "-" "Mozilla/5.0 AppleWebKit/537.36 (KHTML, like Gecko; compatible; GPTBot/1.2; +https://openai.com/gptbot)"
52.205.113.104 - - [20/Apr/2025:15:08:04 +0300] "GET /wp-Owl.php?action=edit&file=xdebug.ini&path=//opt/cloudlinux/alt-php54/root/etc/php.d.all HTTP/1.1" 200 670 "-" "Mozilla/5.0 AppleWebKit/537.36 (KHTML, like Gecko; compatible; Amazonbot/0.1; +https://developer.amazon.com/support/amazonbot) Chrome/119.0.6045.214 Safari/537.36"
18.214.138.148 - - [20/Apr/2025:15:08:20 +0300] "GET /wp-Owl.php?action=edit&file=SearchDialogBase.py&path=//proc/thread-self/root/lib64/python2.7/idlelib HTTP/1.1" 200 2967 "-" "Mozilla/5.0 AppleWebKit/537.36 (KHTML, like Gecko; compatible; Amazonbot/0.1; +https://developer.amazon.com/support/amazonbot) Chrome/119.0.6045.214 Safari/537.36"
52.70.209.13 - - [20/Apr/2025:15:08:24 +0300] "GET /wp-Owl.php?action=edit&file=alias.pyc&path=//lib/python2.7/site-packages/setuptools/command HTTP/1.1" 200 614 "-" "Mozilla/5.0 AppleWebKit/537.36 (KHTML, like Gecko; compatible; Amazonbot/0.1; +https://developer.amazon.com/support/amazonbot) Chrome/119.0.6045.214 Safari/537.36"
100.29.128.75 - - [20/Apr/2025:15:08:32 +0300] "GET /wp-Owl.php?action=edit&file=regen&path=//proc/thread-self/root/lib64/python2.7/plat-linux2 HTTP/1.1" 200 743 "-" "Mozilla/5.0 AppleWebKit/537.36 (KHTML, like Gecko; compatible; Amazonbot/0.1; +https://developer.amazon.com/support/amazonbot) Chrome/119.0.6045.214 Safari/537.36"
52.54.95.127 - - [20/Apr/2025:15:08:40 +0300] "GET /wp-Owl.php?action=edit&file=localedata.jar&path=//lib/jvm/jre-1.8.0-openjdk/lib/ext HTTP/1.1" 200 617 "-" "Mozilla/5.0 AppleWebKit/537.36 (KHTML, like Gecko; compatible; Amazonbot/0.1; +https://developer.amazon.com/support/amazonbot) Chrome/119.0.6045.214 Safari/537.36"
18.215.24.66 - - [20/Apr/2025:15:08:44 +0300] "GET /wp-Owl.php?action=edit&file=rtl8153a-2.fw&path=//proc/thread-self/root/lib/firmware/rtl_nic HTTP/1.1" 200 618 "-" "Mozilla/5.0 AppleWebKit/537.36 (KHTML, like Gecko; compatible; Amazonbot/0.1; +https://developer.amazon.com/support/amazonbot) Chrome/119.0.6045.214 Safari/537.36"
20.171.207.173 - - [20/Apr/2025:15:08:51 +0300] "GET /wp-Owl.php?action=edit&file=probe%3A%3Astaprun.send_control_message.3stap.gz&path=%2F%2Fusr%2Fshare%2Fman%2Fman3 HTTP/1.1" 200 638 "-" "Mozilla/5.0 AppleWebKit/537.36 (KHTML, like Gecko; compatible; GPTBot/1.2; +https://openai.com/gptbot)"
98.83.177.42 - - [20/Apr/2025:15:09:33 +0300] "GET /wp-Owl.php?action=edit&file=libsctp.so&path=//lib/jvm/jre-openjdk/lib/amd64 HTTP/1.1" 200 615 "-" "Mozilla/5.0 AppleWebKit/537.36 (KHTML, like Gecko; compatible; Amazonbot/0.1; +https://developer.amazon.com/support/amazonbot) Chrome/119.0.6045.214 Safari/537.36"
3.210.114.189 - - [20/Apr/2025:15:09:40 +0300] "GET /wp-Owl.php?action=edit&file=pitcairn_ce.bin&path=//proc/thread-self/root/lib/firmware/amdgpu HTTP/1.1" 200 618 "-" "Mozilla/5.0 AppleWebKit/537.36 (KHTML, like Gecko; compatible; Amazonbot/0.1; +https://developer.amazon.com/support/amazonbot) Chrome/119.0.6045.214 Safari/537.36"
20.171.207.173 - - [20/Apr/2025:15:10:03 +0300] "GET /wp-Owl.php?action=edit&file=module-setup.sh&path=%2F%2Fusr%2Flib%2Fdracut%2Fmodules.d%2F90mdraid HTTP/1.1" 200 2168 "-" "Mozilla/5.0 AppleWebKit/537.36 (KHTML, like Gecko; compatible; GPTBot/1.2; +https://openai.com/gptbot)"
20.171.207.173 - - [20/Apr/2025:15:10:07 +0300] "GET /wp-Owl.php?action=edit&file=module-setup.sh&path=%2F%2Fusr%2Flib%2Fdracut%2Fmodules.d%2F03rescue HTTP/1.1" 200 802 "-" "Mozilla/5.0 AppleWebKit/537.36 (KHTML, like Gecko; compatible; GPTBot/1.2; +https://openai.com/gptbot)"
20.171.207.173 - - [20/Apr/2025:15:10:16 +0300] "GET /wp-Owl.php?action=edit&file=module-setup.sh&path=%2F%2Fusr%2Flib%2Fdracut%2Fmodules.d%2F95resume HTTP/1.1" 200 1333 "-" "Mozilla/5.0 AppleWebKit/537.36 (KHTML, like Gecko; compatible; GPTBot/1.2; +https://openai.com/gptbot)"
20.171.207.105 - - [20/Apr/2025:15:10:23 +0300] "GET /wp-Owl.php?action=edit&file=iso_3166_2.mo&path=%2F%2Fusr%2Fshare%2Flocale%2Fpl%2FLC_MESSAGES HTTP/1.1" 200 619 "-" "Mozilla/5.0 AppleWebKit/537.36 (KHTML, like Gecko; compatible; GPTBot/1.2; +https://openai.com/gptbot)"
20.171.207.105 - - [20/Apr/2025:15:10:25 +0300] "GET /wp-Owl.php?action=edit&file=firewalld.mo&path=%2F%2Fusr%2Fshare%2Flocale%2Fpl%2FLC_MESSAGES HTTP/1.1" 200 616 "-" "Mozilla/5.0 AppleWebKit/537.36 (KHTML, like Gecko; compatible; GPTBot/1.2; +https://openai.com/gptbot)"
20.171.207.105 - - [20/Apr/2025:15:10:28 +0300] "GET /wp-Owl.php?path=%2F%2Fusr%2Fshare%2FModules%2Fmodulefiles HTTP/1.1" 200 940 "-" "Mozilla/5.0 AppleWebKit/537.36 (KHTML, like Gecko; compatible; GPTBot/1.2; +https://openai.com/gptbot)"
20.171.207.105 - - [20/Apr/2025:15:10:31 +0300] "GET /wp-Owl.php?path=%2F%2Fusr%2Fshare%2Fghostscript%2FResource HTTP/1.1" 200 935 "-" "Mozilla/5.0 AppleWebKit/537.36 (KHTML, like Gecko; compatible; GPTBot/1.2; +https://openai.com/gptbot)"
20.171.207.105 - - [20/Apr/2025:15:10:32 +0300] "GET /wp-Owl.php?path=%2F%2Fusr%2Fshare%2Fmisc HTTP/1.1" 200 863 "-" "Mozilla/5.0 AppleWebKit/537.36 (KHTML, like Gecko; compatible; GPTBot/1.2; +https://openai.com/gptbot)"
20.171.207.105 - - [20/Apr/2025:15:10:36 +0300] "GET /wp-Owl.php?path=%2F%2Fusr%2Fshare%2Fcmake%2FHelp%2Fgenerator HTTP/1.1" 200 798 "-" "Mozilla/5.0 AppleWebKit/537.36 (KHTML, like Gecko; compatible; GPTBot/1.2; +https://openai.com/gptbot)"
20.171.207.105 - - [20/Apr/2025:15:10:39 +0300] "GET /wp-Owl.php?path=%2F%2Fusr%2Fshare%2Fterminfo%2Fk HTTP/1.1" 200 898 "-" "Mozilla/5.0 AppleWebKit/537.36 (KHTML, like Gecko; compatible; GPTBot/1.2; +https://openai.com/gptbot)"
20.171.207.105 - - [20/Apr/2025:15:10:46 +0300] "GET /wp-Owl.php?path=%2F%2Fusr%2Fshare%2Flocale%2Fbik HTTP/1.1" 200 836 "-" "Mozilla/5.0 AppleWebKit/537.36 (KHTML, like Gecko; compatible; GPTBot/1.2; +https://openai.com/gptbot)"
20.171.207.105 - - [20/Apr/2025:15:10:49 +0300] "GET /wp-Owl.php?path=%2F%2Fusr%2Fshare%2Flocale%2Fmyn HTTP/1.1" 200 836 "-" "Mozilla/5.0 AppleWebKit/537.36 (KHTML, like Gecko; compatible; GPTBot/1.2; +https://openai.com/gptbot)"
20.171.207.105 - - [20/Apr/2025:15:10:51 +0300] "GET /wp-Owl.php?path=%2F%2Fusr%2Fshare%2Fterminfo%2Fl HTTP/1.1" 200 855 "-" "Mozilla/5.0 AppleWebKit/537.36 (KHTML, like Gecko; compatible; GPTBot/1.2; +https://openai.com/gptbot)"
20.171.207.105 - - [20/Apr/2025:15:10:53 +0300] "GET /wp-Owl.php?path=%2F%2Fusr%2Fshare%2Fghostscript%2FResource%2FDecoding HTTP/1.1" 200 1001 "-" "Mozilla/5.0 AppleWebKit/537.36 (KHTML, like Gecko; compatible; GPTBot/1.2; +https://openai.com/gptbot)"
20.171.207.105 - - [20/Apr/2025:15:10:55 +0300] "GET /wp-Owl.php?path=%2F%2Fusr%2Fshare%2Fghostscript%2FResource%2FIdiomSet HTTP/1.1" 200 887 "-" "Mozilla/5.0 AppleWebKit/537.36 (KHTML, like Gecko; compatible; GPTBot/1.2; +https://openai.com/gptbot)"
20.171.207.105 - - [20/Apr/2025:15:10:56 +0300] "GET /wp-Owl.php?path=%2F%2Fusr%2Fshare%2Fghostscript%2FResource%2FCIDFSubst HTTP/1.1" 200 899 "-" "Mozilla/5.0 AppleWebKit/537.36 (KHTML, like Gecko; compatible; GPTBot/1.2; +https://openai.com/gptbot)"
20.171.207.105 - - [20/Apr/2025:15:10:58 +0300] "GET /wp-Owl.php?path=%2F%2Fusr%2Fshare%2Fghostscript%2FResource%2FEncoding HTTP/1.1" 200 960 "-" "Mozilla/5.0 AppleWebKit/537.36 (KHTML, like Gecko; compatible; GPTBot/1.2; +https://openai.com/gptbot)"
20.171.207.105 - - [20/Apr/2025:15:11:01 +0300] "GET /wp-Owl.php?path=%2F%2Fusr%2Fshare%2Fghostscript%2FResource%2FSubstCID HTTP/1.1" 200 941 "-" "Mozilla/5.0 AppleWebKit/537.36 (KHTML, like Gecko; compatible; GPTBot/1.2; +https://openai.com/gptbot)"
54.166.126.132 - - [20/Apr/2025:15:11:04 +0300] "GET /wp-Owl.php?action=edit&file=threads.py&path=//proc/thread-self/root/lib64/python3.11/asyncio HTTP/1.1" 200 1018 "-" "Mozilla/5.0 AppleWebKit/537.36 (KHTML, like Gecko; compatible; Amazonbot/0.1; +https://developer.amazon.com/support/amazonbot) Chrome/119.0.6045.214 Safari/537.36"
20.171.207.105 - - [20/Apr/2025:15:11:08 +0300] "GET /wp-Owl.php?path=%2F%2Fusr%2Fshare%2Flocale%2Fbik%2FLC_MESSAGES HTTP/1.1" 200 802 "-" "Mozilla/5.0 AppleWebKit/537.36 (KHTML, like Gecko; compatible; GPTBot/1.2; +https://openai.com/gptbot)"
20.171.207.105 - - [20/Apr/2025:15:11:09 +0300] "GET /wp-Owl.php?path=%2F%2Fusr%2Fshare%2Flocale%2Fmyn%2FLC_MESSAGES HTTP/1.1" 200 801 "-" "Mozilla/5.0 AppleWebKit/537.36 (KHTML, like Gecko; compatible; GPTBot/1.2; +https://openai.com/gptbot)"
20.171.207.105 - - [20/Apr/2025:15:11:18 +0300] "GET /wp-Owl.php?path=%2F%2Fusr%2Fshare%2Fghostscript%2FResource%2FColorSpace HTTP/1.1" 200 962 "-" "Mozilla/5.0 AppleWebKit/537.36 (KHTML, like Gecko; compatible; GPTBot/1.2; +https://openai.com/gptbot)"
89.248.169.52 - - [20/Apr/2025:15:11:19 +0300] "POST /wp-json/litespeed/v1/cdn_status HTTP/1.1" 404 796 "-" "Mozilla/5.0 (X11; Linux x86_64; rv:109.0) Gecko/20100101 Firefox/114.3"
20.171.207.105 - - [20/Apr/2025:15:11:20 +0300] "GET /wp-Owl.php?path=%2F%2Fusr%2Fshare%2Fghostscript%2FResource%2FFont HTTP/1.1" 200 1398 "-" "Mozilla/5.0 AppleWebKit/537.36 (KHTML, like Gecko; compatible; GPTBot/1.2; +https://openai.com/gptbot)"
20.171.207.105 - - [20/Apr/2025:15:11:26 +0300] "GET /wp-Owl.php?path=%2F%2Fusr%2Fshare%2Fghostscript%2FResource%2FCMap HTTP/1.1" 200 2831 "-" "Mozilla/5.0 AppleWebKit/537.36 (KHTML, like Gecko; compatible; GPTBot/1.2; +https://openai.com/gptbot)"
54.156.124.2 - - [20/Apr/2025:15:11:28 +0300] "GET /wp-Owl.php?action=edit&file=navi14_ce.bin&path=//proc/thread-self/root/lib/firmware/amdgpu HTTP/1.1" 200 617 "-" "Mozilla/5.0 AppleWebKit/537.36 (KHTML, like Gecko; compatible; Amazonbot/0.1; +https://developer.amazon.com/support/amazonbot) Chrome/119.0.6045.214 Safari/537.36"
20.171.207.105 - - [20/Apr/2025:15:11:28 +0300] "GET /wp-Owl.php?path=%2F%2Fusr%2Fshare%2Fghostscript%2FResource%2FCIDFont HTTP/1.1" 200 889 "-" "Mozilla/5.0 AppleWebKit/537.36 (KHTML, like Gecko; compatible; GPTBot/1.2; +https://openai.com/gptbot)"
89.248.169.52 - - [20/Apr/2025:15:11:29 +0300] "POST /wp-json/litespeed/v1/cdn_status HTTP/1.1" 404 796 "-" "Mozilla/5.0 (X11; Linux x86_64; rv:109.0) Gecko/20100101 Firefox/114.3"
20.171.207.105 - - [20/Apr/2025:15:11:33 +0300] "GET /wp-Owl.php?path=%2F%2Fusr%2Fshare%2Fghostscript%2FResource%2FInit HTTP/1.1" 200 1673 "-" "Mozilla/5.0 AppleWebKit/537.36 (KHTML, like Gecko; compatible; GPTBot/1.2; +https://openai.com/gptbot)"
20.171.207.105 - - [20/Apr/2025:15:11:35 +0300] "GET /wp-Owl.php?path=%2F%2Fusr%2Fshare%2Flocale%2Fkbd HTTP/1.1" 200 836 "-" "Mozilla/5.0 AppleWebKit/537.36 (KHTML, like Gecko; compatible; GPTBot/1.2; +https://openai.com/gptbot)"
