217.182.134.134 - - [05/Apr/2025:22:35:22 +0300] "GET /wp-Owl.php?action=edit&file=asus_atk0110.ko.xz&path=//lib/modules/4.18.0-513.24.1.el8_9.x86_64/kernel/drivers/hwmon HTTP/1.1" 200 623 "-" "Mozilla/5.0 (compatible; MJ12bot/v1.4.8; http://mj12bot.com/)"
217.182.134.134 - - [05/Apr/2025:22:35:24 +0300] "GET /wp-Owl.php?action=edit&file=async_memcpy.ko.xz&path=//lib/modules/4.18.0-513.24.1.el8_9.x86_64/kernel/crypto/async_tx HTTP/1.1" 200 623 "-" "Mozilla/5.0 (compatible; MJ12bot/v1.4.8; http://mj12bot.com/)"
217.182.134.134 - - [05/Apr/2025:22:35:25 +0300] "GET /wp-Owl.php?action=edit&file=async_pq.ko.xz&path=//lib/modules/4.18.0-513.24.1.el8_9.x86_64/kernel/crypto/async_tx HTTP/1.1" 200 620 "-" "Mozilla/5.0 (compatible; MJ12bot/v1.4.8; http://mj12bot.com/)"
217.182.134.134 - - [05/Apr/2025:22:35:27 +0300] "GET /wp-Owl.php?action=edit&file=async_raid6_recov.ko.xz&path=//lib/modules/4.18.0-513.24.1.el8_9.x86_64/kernel/crypto/async_tx HTTP/1.1" 200 626 "-" "Mozilla/5.0 (compatible; MJ12bot/v1.4.8; http://mj12bot.com/)"
65.108.110.26 - - [05/Apr/2025:22:35:27 +0300] "GET /wp-Owl.php?action=edit&file=hid-tmff.ko.xz&path=//lib/modules/4.18.0-513.24.1.el8_9.x86_64/kernel/drivers/hid HTTP/1.1" 200 619 "-" "Mozilla/5.0 (compatible; MJ12bot/v1.4.8; http://mj12bot.com/)"
217.182.134.134 - - [05/Apr/2025:22:35:29 +0300] "GET /wp-Owl.php?action=edit&file=async_tx.ko.xz&path=//lib/modules/4.18.0-513.24.1.el8_9.x86_64/kernel/crypto/async_tx HTTP/1.1" 200 620 "-" "Mozilla/5.0 (compatible; MJ12bot/v1.4.8; http://mj12bot.com/)"
65.108.110.26 - - [05/Apr/2025:22:35:29 +0300] "GET /wp-Owl.php?action=edit&file=hid-topseed.ko.xz&path=//lib/modules/4.18.0-513.24.1.el8_9.x86_64/kernel/drivers/hid HTTP/1.1" 200 620 "-" "Mozilla/5.0 (compatible; MJ12bot/v1.4.8; http://mj12bot.com/)"
217.182.134.134 - - [05/Apr/2025:22:35:30 +0300] "GET /wp-Owl.php?action=edit&file=async_xor.ko.xz&path=//lib/modules/4.18.0-513.24.1.el8_9.x86_64/kernel/crypto/async_tx HTTP/1.1" 200 620 "-" "Mozilla/5.0 (compatible; MJ12bot/v1.4.8; http://mj12bot.com/)"
65.108.110.26 - - [05/Apr/2025:22:35:30 +0300] "GET /wp-Owl.php?action=edit&file=hid-twinhan.ko.xz&path=//lib/modules/4.18.0-513.24.1.el8_9.x86_64/kernel/drivers/hid HTTP/1.1" 200 621 "-" "Mozilla/5.0 (compatible; MJ12bot/v1.4.8; http://mj12bot.com/)"
217.182.134.134 - - [05/Apr/2025:22:35:32 +0300] "GET /wp-Owl.php?action=edit&file=ata_generic.ko.xz&path=//lib/modules/4.18.0-513.24.1.el8_9.x86_64/kernel/drivers/ata HTTP/1.1" 200 621 "-" "Mozilla/5.0 (compatible; MJ12bot/v1.4.8; http://mj12bot.com/)"
217.182.134.134 - - [05/Apr/2025:22:35:33 +0300] "GET /wp-Owl.php?action=edit&file=ata_piix.ko.xz&path=//lib/modules/4.18.0-513.24.1.el8_9.x86_64/kernel/drivers/ata HTTP/1.1" 200 620 "-" "Mozilla/5.0 (compatible; MJ12bot/v1.4.8; http://mj12bot.com/)"
65.108.110.26 - - [05/Apr/2025:22:35:33 +0300] "GET /wp-Owl.php?action=edit&file=hid-waltop.ko.xz&path=//lib/modules/4.18.0-513.24.1.el8_9.x86_64/kernel/drivers/hid HTTP/1.1" 200 620 "-" "Mozilla/5.0 (compatible; MJ12bot/v1.4.8; http://mj12bot.com/)"
217.182.134.134 - - [05/Apr/2025:22:35:40 +0300] "GET /wp-Owl.php?action=edit&file=ath3k.ko.xz&path=//lib/modules/4.18.0-513.24.1.el8_9.x86_64/kernel/drivers/bluetooth HTTP/1.1" 200 618 "-" "Mozilla/5.0 (compatible; MJ12bot/v1.4.8; http://mj12bot.com/)"
65.108.110.26 - - [05/Apr/2025:22:35:41 +0300] "GET /wp-Owl.php?action=edit&file=hidp.ko.xz&path=//lib/modules/4.18.0-513.24.1.el8_9.x86_64/kernel/net/bluetooth/hidp HTTP/1.1" 200 616 "-" "Mozilla/5.0 (compatible; MJ12bot/v1.4.8; http://mj12bot.com/)"
65.108.110.26 - - [05/Apr/2025:22:35:45 +0300] "GET /wp-Owl.php?action=edit&file=hpilo.ko.xz&path=//lib/modules/4.18.0-513.24.1.el8_9.x86_64/kernel/drivers/misc HTTP/1.1" 200 617 "-" "Mozilla/5.0 (compatible; MJ12bot/v1.4.8; http://mj12bot.com/)"
65.108.110.26 - - [05/Apr/2025:22:35:48 +0300] "GET /wp-Owl.php?action=edit&file=hpsa.ko.xz&path=//lib/modules/4.18.0-513.24.1.el8_9.x86_64/kernel/drivers/scsi HTTP/1.1" 200 616 "-" "Mozilla/5.0 (compatible; MJ12bot/v1.4.8; http://mj12bot.com/)"
217.182.134.134 - - [05/Apr/2025:22:35:48 +0300] "GET /wp-Owl.php?action=edit&file=atm.ko.xz&path=//lib/modules/4.18.0-513.18.1.lve.2.el8.x86_64/kernel/net/atm HTTP/1.1" 200 616 "-" "Mozilla/5.0 (compatible; MJ12bot/v1.4.8; http://mj12bot.com/)"
217.182.134.134 - - [05/Apr/2025:22:35:50 +0300] "GET /wp-Owl.php?action=edit&file=atxp1.ko.xz&path=//lib/modules/4.18.0-513.24.1.el8_9.x86_64/kernel/drivers/hwmon HTTP/1.1" 200 617 "-" "Mozilla/5.0 (compatible; MJ12bot/v1.4.8; http://mj12bot.com/)"
217.182.134.134 - - [05/Apr/2025:22:35:51 +0300] "GET /wp-Owl.php?action=edit&file=auth_rpcgss.ko.xz&path=//lib/modules/4.18.0-513.24.1.el8_9.x86_64/kernel/net/sunrpc/auth_gss HTTP/1.1" 200 621 "-" "Mozilla/5.0 (compatible; MJ12bot/v1.4.8; http://mj12bot.com/)"
217.182.134.134 - - [05/Apr/2025:22:35:52 +0300] "GET /wp-Owl.php?action=edit&file=bcm203x.ko.xz&path=//lib/modules/4.18.0-513.24.1.el8_9.x86_64/kernel/drivers/bluetooth HTTP/1.1" 200 619 "-" "Mozilla/5.0 (compatible; MJ12bot/v1.4.8; http://mj12bot.com/)"
217.182.134.134 - - [05/Apr/2025:22:35:54 +0300] "GET /wp-Owl.php?action=edit&file=bcma.ko.xz&path=//lib/modules/4.18.0-513.24.1.el8_9.x86_64/kernel/drivers/bcma HTTP/1.1" 200 617 "-" "Mozilla/5.0 (compatible; MJ12bot/v1.4.8; http://mj12bot.com/)"
217.182.134.134 - - [05/Apr/2025:22:35:57 +0300] "GET /wp-Owl.php?action=edit&file=bfusb.ko.xz&path=//lib/modules/4.18.0-513.24.1.el8_9.x86_64/kernel/drivers/bluetooth HTTP/1.1" 200 617 "-" "Mozilla/5.0 (compatible; MJ12bot/v1.4.8; http://mj12bot.com/)"
217.182.134.134 - - [05/Apr/2025:22:35:58 +0300] "GET /wp-Owl.php?action=edit&file=bh1770glc.ko.xz&path=//lib/modules/4.18.0-513.24.1.el8_9.x86_64/kernel/drivers/misc HTTP/1.1" 200 621 "-" "Mozilla/5.0 (compatible; MJ12bot/v1.4.8; http://mj12bot.com/)"
65.108.110.26 - - [05/Apr/2025:22:35:58 +0300] "GET /wp-Owl.php?action=edit&file=hv_utils.ko.xz&path=//lib/modules/4.18.0-513.24.1.el8_9.x86_64/kernel/drivers/hv HTTP/1.1" 200 620 "-" "Mozilla/5.0 (compatible; MJ12bot/v1.4.8; http://mj12bot.com/)"
217.182.134.134 - - [05/Apr/2025:22:36:00 +0300] "GET /wp-Owl.php?action=edit&file=blocklayoutdriver.ko.xz&path=//lib/modules/4.18.0-513.24.1.el8_9.x86_64/kernel/fs/nfs/blocklayout HTTP/1.1" 200 625 "-" "Mozilla/5.0 (compatible; MJ12bot/v1.4.8; http://mj12bot.com/)"
65.108.110.26 - - [05/Apr/2025:22:35:24 +0300] "GET /wp-Owl.php?action=edit&file=hid-thrustmaster.ko.xz&path=//lib/modules/4.18.0-513.24.1.el8_9.x86_64/kernel/drivers/hid HTTP/1.1" 200 624 "-" "Mozilla/5.0 (compatible; MJ12bot/v1.4.8; http://mj12bot.com/)"
65.108.110.26 - - [05/Apr/2025:22:35:26 +0300] "GET /wp-Owl.php?action=edit&file=hid-tivo.ko.xz&path=//lib/modules/4.18.0-513.24.1.el8_9.x86_64/kernel/drivers/hid HTTP/1.1" 200 619 "-" "Mozilla/5.0 (compatible; MJ12bot/v1.4.8; http://mj12bot.com/)"
65.108.110.26 - - [05/Apr/2025:22:35:32 +0300] "GET /wp-Owl.php?action=edit&file=hid-uclogic.ko.xz&path=//lib/modules/4.18.0-513.24.1.el8_9.x86_64/kernel/drivers/hid HTTP/1.1" 200 621 "-" "Mozilla/5.0 (compatible; MJ12bot/v1.4.8; http://mj12bot.com/)"
65.108.110.26 - - [05/Apr/2025:22:35:35 +0300] "GET /wp-Owl.php?action=edit&file=hid-wiimote.ko.xz&path=//lib/modules/4.18.0-513.24.1.el8_9.x86_64/kernel/drivers/hid HTTP/1.1" 200 620 "-" "Mozilla/5.0 (compatible; MJ12bot/v1.4.8; http://mj12bot.com/)"
65.108.110.26 - - [05/Apr/2025:22:35:36 +0300] "GET /wp-Owl.php?action=edit&file=hid-xinmo.ko.xz&path=//lib/modules/4.18.0-513.24.1.el8_9.x86_64/kernel/drivers/hid HTTP/1.1" 200 619 "-" "Mozilla/5.0 (compatible; MJ12bot/v1.4.8; http://mj12bot.com/)"
65.108.110.26 - - [05/Apr/2025:22:35:38 +0300] "GET /wp-Owl.php?action=edit&file=hid-zpff.ko.xz&path=//lib/modules/4.18.0-513.24.1.el8_9.x86_64/kernel/drivers/hid HTTP/1.1" 200 620 "-" "Mozilla/5.0 (compatible; MJ12bot/v1.4.8; http://mj12bot.com/)"
65.108.110.26 - - [05/Apr/2025:22:35:39 +0300] "GET /wp-Owl.php?action=edit&file=hid-zydacron.ko.xz&path=//lib/modules/4.18.0-513.24.1.el8_9.x86_64/kernel/drivers/hid HTTP/1.1" 200 622 "-" "Mozilla/5.0 (compatible; MJ12bot/v1.4.8; http://mj12bot.com/)"
65.108.110.26 - - [05/Apr/2025:22:35:46 +0300] "GET /wp-Owl.php?action=edit&file=hpsa.ko.xz&path=//lib/modules/4.18.0-513.18.1.lve.2.el8.x86_64/kernel/drivers/scsi HTTP/1.1" 200 616 "-" "Mozilla/5.0 (compatible; MJ12bot/v1.4.8; http://mj12bot.com/)"
65.108.110.26 - - [05/Apr/2025:22:35:49 +0300] "GET /wp-Owl.php?action=edit&file=hpwdt.ko.xz&path=//lib/modules/4.18.0-513.18.1.lve.2.el8.x86_64/kernel/drivers/watchdog HTTP/1.1" 200 617 "-" "Mozilla/5.0 (compatible; MJ12bot/v1.4.8; http://mj12bot.com/)"
65.108.110.26 - - [05/Apr/2025:22:35:51 +0300] "GET /wp-Owl.php?action=edit&file=hpwdt.ko.xz&path=//lib/modules/4.18.0-513.24.1.el8_9.x86_64/kernel/drivers/watchdog HTTP/1.1" 200 617 "-" "Mozilla/5.0 (compatible; MJ12bot/v1.4.8; http://mj12bot.com/)"
65.108.110.26 - - [05/Apr/2025:22:35:52 +0300] "GET /wp-Owl.php?action=edit&file=hv_balloon.ko.xz&path=//lib/modules/4.18.0-513.24.1.el8_9.x86_64/kernel/drivers/hv HTTP/1.1" 200 621 "-" "Mozilla/5.0 (compatible; MJ12bot/v1.4.8; http://mj12bot.com/)"
65.108.110.26 - - [05/Apr/2025:22:35:54 +0300] "GET /wp-Owl.php?action=edit&file=hv_sock.ko.xz&path=//lib/modules/4.18.0-513.18.1.lve.2.el8.x86_64/kernel/net/vmw_vsock HTTP/1.1" 200 619 "-" "Mozilla/5.0 (compatible; MJ12bot/v1.4.8; http://mj12bot.com/)"
65.108.110.26 - - [05/Apr/2025:22:35:55 +0300] "GET /wp-Owl.php?action=edit&file=hv_storvsc.ko.xz&path=//lib/modules/4.18.0-513.18.1.lve.2.el8.x86_64/kernel/drivers/scsi HTTP/1.1" 200 621 "-" "Mozilla/5.0 (compatible; MJ12bot/v1.4.8; http://mj12bot.com/)"
65.108.110.26 - - [05/Apr/2025:22:35:57 +0300] "GET /wp-Owl.php?action=edit&file=hv_storvsc.ko.xz&path=//lib/modules/4.18.0-513.24.1.el8_9.x86_64/kernel/drivers/scsi HTTP/1.1" 200 621 "-" "Mozilla/5.0 (compatible; MJ12bot/v1.4.8; http://mj12bot.com/)"
65.108.110.26 - - [05/Apr/2025:22:36:00 +0300] "GET /wp-Owl.php?action=edit&file=hv_vmbus.ko.xz&path=//lib/modules/4.18.0-513.24.1.el8_9.x86_64/kernel/drivers/hv HTTP/1.1" 200 620 "-" "Mozilla/5.0 (compatible; MJ12bot/v1.4.8; http://mj12bot.com/)"
65.108.110.26 - - [05/Apr/2025:22:36:03 +0300] "GET /wp-Owl.php?action=edit&file=i10nm_edac.ko.xz&path=//lib/modules/4.18.0-513.24.1.el8_9.x86_64/kernel/drivers/edac HTTP/1.1" 200 621 "-" "Mozilla/5.0 (compatible; MJ12bot/v1.4.8; http://mj12bot.com/)"
217.182.134.134 - - [05/Apr/2025:22:36:01 +0300] "GET /wp-Owl.php?action=edit&file=bluetooth.ko.xz&path=//lib/modules/4.18.0-513.18.1.lve.2.el8.x86_64/kernel/net/bluetooth HTTP/1.1" 200 620 "-" "Mozilla/5.0 (compatible; MJ12bot/v1.4.8; http://mj12bot.com/)"
65.108.110.26 - - [05/Apr/2025:22:36:01 +0300] "GET /wp-Owl.php?action=edit&file=hwmon-vid.ko.xz&path=//lib/modules/4.18.0-513.24.1.el8_9.x86_64/kernel/drivers/hwmon HTTP/1.1" 200 620 "-" "Mozilla/5.0 (compatible; MJ12bot/v1.4.8; http://mj12bot.com/)"
217.182.134.134 - - [05/Apr/2025:22:36:03 +0300] "GET /wp-Owl.php?action=edit&file=bnep.ko.xz&path=//lib/modules/4.18.0-513.24.1.el8_9.x86_64/kernel/net/bluetooth/bnep HTTP/1.1" 200 616 "-" "Mozilla/5.0 (compatible; MJ12bot/v1.4.8; http://mj12bot.com/)"
65.108.110.26 - - [05/Apr/2025:22:36:06 +0300] "GET /wp-Owl.php?action=edit&file=i2c-mux.ko.xz&path=//lib/modules/4.18.0-513.24.1.el8_9.x86_64/kernel/drivers/i2c HTTP/1.1" 200 619 "-" "Mozilla/5.0 (compatible; MJ12bot/v1.4.8; http://mj12bot.com/)"
217.182.134.134 - - [05/Apr/2025:22:36:07 +0300] "GET /wp-Owl.php?action=edit&file=bpa10x.ko.xz&path=//lib/modules/4.18.0-513.24.1.el8_9.x86_64/kernel/drivers/bluetooth HTTP/1.1" 200 618 "-" "Mozilla/5.0 (compatible; MJ12bot/v1.4.8; http://mj12bot.com/)"
217.182.134.134 - - [05/Apr/2025:22:36:09 +0300] "GET /wp-Owl.php?action=edit&file=br_netfilter.ko.xz&path=//lib/modules/4.18.0-513.18.1.lve.2.el8.x86_64/kernel/net/bridge HTTP/1.1" 200 622 "-" "Mozilla/5.0 (compatible; MJ12bot/v1.4.8; http://mj12bot.com/)"
65.108.110.26 - - [05/Apr/2025:22:36:10 +0300] "GET /wp-Owl.php?action=edit&file=i3000_edac.ko.xz&path=//lib/modules/4.18.0-513.24.1.el8_9.x86_64/kernel/drivers/edac HTTP/1.1" 200 621 "-" "Mozilla/5.0 (compatible; MJ12bot/v1.4.8; http://mj12bot.com/)"
217.182.134.134 - - [05/Apr/2025:22:36:10 +0300] "GET /wp-Owl.php?action=edit&file=brd.ko.xz&path=//lib/modules/4.18.0-513.24.1.el8_9.x86_64/kernel/drivers/block HTTP/1.1" 200 616 "-" "Mozilla/5.0 (compatible; MJ12bot/v1.4.8; http://mj12bot.com/)"
65.108.110.26 - - [05/Apr/2025:22:36:12 +0300] "GET /wp-Owl.php?action=edit&file=i3200_edac.ko.xz&path=//lib/modules/4.18.0-513.24.1.el8_9.x86_64/kernel/drivers/edac HTTP/1.1" 200 621 "-" "Mozilla/5.0 (compatible; MJ12bot/v1.4.8; http://mj12bot.com/)"
217.182.134.134 - - [05/Apr/2025:22:36:12 +0300] "GET /wp-Owl.php?action=edit&file=bridge.ko.xz&path=//lib/modules/4.18.0-513.18.1.lve.2.el8.x86_64/kernel/net/bridge HTTP/1.1" 200 617 "-" "Mozilla/5.0 (compatible; MJ12bot/v1.4.8; http://mj12bot.com/)"
217.182.134.134 - - [05/Apr/2025:22:36:13 +0300] "GET /wp-Owl.php?action=edit&file=bsqldb.1&path=//opt/alt/freetds11/usr/share/man/man1 HTTP/1.1" 200 2255 "-" "Mozilla/5.0 (compatible; MJ12bot/v1.4.8; http://mj12bot.com/)"
65.108.110.26 - - [05/Apr/2025:22:36:14 +0300] "GET /wp-Owl.php?action=edit&file=i5000_edac.ko.xz&path=//lib/modules/4.18.0-513.24.1.el8_9.x86_64/kernel/drivers/edac HTTP/1.1" 200 621 "-" "Mozilla/5.0 (compatible; MJ12bot/v1.4.8; http://mj12bot.com/)"
217.182.134.134 - - [05/Apr/2025:22:36:15 +0300] "GET /wp-Owl.php?action=edit&file=bsqlodbc.1&path=//opt/alt/freetds11/usr/share/man/man1 HTTP/1.1" 200 1742 "-" "Mozilla/5.0 (compatible; MJ12bot/v1.4.8; http://mj12bot.com/)"
217.182.134.134 - - [05/Apr/2025:22:36:17 +0300] "GET /wp-Owl.php?action=edit&file=btbcm.ko.xz&path=//lib/modules/4.18.0-513.24.1.el8_9.x86_64/kernel/drivers/bluetooth HTTP/1.1" 200 617 "-" "Mozilla/5.0 (compatible; MJ12bot/v1.4.8; http://mj12bot.com/)"
217.182.134.134 - - [05/Apr/2025:22:36:18 +0300] "GET /wp-Owl.php?action=edit&file=btintel.ko.xz&path=//lib/modules/4.18.0-513.24.1.el8_9.x86_64/kernel/drivers/bluetooth HTTP/1.1" 200 618 "-" "Mozilla/5.0 (compatible; MJ12bot/v1.4.8; http://mj12bot.com/)"
217.182.134.134 - - [05/Apr/2025:22:36:19 +0300] "GET /wp-Owl.php?action=edit&file=btmrvl.ko.xz&path=//lib/modules/4.18.0-513.24.1.el8_9.x86_64/kernel/drivers/bluetooth HTTP/1.1" 200 617 "-" "Mozilla/5.0 (compatible; MJ12bot/v1.4.8; http://mj12bot.com/)"
217.182.134.134 - - [05/Apr/2025:22:36:21 +0300] "GET /wp-Owl.php?action=edit&file=btmrvl_sdio.ko.xz&path=//lib/modules/4.18.0-513.24.1.el8_9.x86_64/kernel/drivers/bluetooth HTTP/1.1" 200 621 "-" "Mozilla/5.0 (compatible; MJ12bot/v1.4.8; http://mj12bot.com/)"
217.182.134.134 - - [05/Apr/2025:22:36:22 +0300] "GET /wp-Owl.php?action=edit&file=btmtk.ko.xz&path=//lib/modules/4.18.0-513.24.1.el8_9.x86_64/kernel/drivers/bluetooth HTTP/1.1" 200 617 "-" "Mozilla/5.0 (compatible; MJ12bot/v1.4.8; http://mj12bot.com/)"
217.182.134.134 - - [05/Apr/2025:22:36:24 +0300] "GET /wp-Owl.php?action=edit&file=btrtl.ko.xz&path=//lib/modules/4.18.0-513.24.1.el8_9.x86_64/kernel/drivers/bluetooth HTTP/1.1" 200 617 "-" "Mozilla/5.0 (compatible; MJ12bot/v1.4.8; http://mj12bot.com/)"
217.182.134.134 - - [05/Apr/2025:22:36:25 +0300] "GET /wp-Owl.php?action=edit&file=btsdio.ko.xz&path=//lib/modules/4.18.0-513.24.1.el8_9.x86_64/kernel/drivers/bluetooth HTTP/1.1" 200 617 "-" "Mozilla/5.0 (compatible; MJ12bot/v1.4.8; http://mj12bot.com/)"
65.108.110.26 - - [05/Apr/2025:22:36:26 +0300] "GET /wp-Owl.php?action=edit&file=i7core_edac.ko.xz&path=//lib/modules/4.18.0-513.24.1.el8_9.x86_64/kernel/drivers/edac HTTP/1.1" 200 621 "-" "Mozilla/5.0 (compatible; MJ12bot/v1.4.8; http://mj12bot.com/)"
217.182.134.134 - - [05/Apr/2025:22:36:27 +0300] "GET /wp-Owl.php?action=edit&file=btusb.ko.xz&path=//lib/modules/4.18.0-513.24.1.el8_9.x86_64/kernel/drivers/bluetooth HTTP/1.1" 200 617 "-" "Mozilla/5.0 (compatible; MJ12bot/v1.4.8; http://mj12bot.com/)"
65.108.110.26 - - [05/Apr/2025:22:36:28 +0300] "GET /wp-Owl.php?action=edit&file=i82975x_edac.ko.xz&path=//lib/modules/4.18.0-513.24.1.el8_9.x86_64/kernel/drivers/edac HTTP/1.1" 200 624 "-" "Mozilla/5.0 (compatible; MJ12bot/v1.4.8; http://mj12bot.com/)"
65.108.110.26 - - [05/Apr/2025:22:36:31 +0300] "GET /wp-Owl.php?action=edit&file=iTCO_vendor_support.ko.xz&path=//lib/modules/4.18.0-513.24.1.el8_9.x86_64/kernel/drivers/watchdog HTTP/1.1" 200 628 "-" "Mozilla/5.0 (compatible; MJ12bot/v1.4.8; http://mj12bot.com/)"
65.108.110.26 - - [05/Apr/2025:22:36:32 +0300] "GET /wp-Owl.php?action=edit&file=iTCO_wdt.ko.xz&path=//lib/modules/4.18.0-513.18.1.lve.2.el8.x86_64/kernel/drivers/watchdog HTTP/1.1" 200 621 "-" "Mozilla/5.0 (compatible; MJ12bot/v1.4.8; http://mj12bot.com/)"
217.182.134.134 - - [05/Apr/2025:22:36:36 +0300] "GET /wp-Owl.php?action=edit&file=cachefiles.ko.xz&path=//lib/modules/4.18.0-513.18.1.lve.2.el8.x86_64/kernel/fs/cachefiles HTTP/1.1" 200 619 "-" "Mozilla/5.0 (compatible; MJ12bot/v1.4.8; http://mj12bot.com/)"
217.182.134.134 - - [05/Apr/2025:22:36:38 +0300] "GET /wp-Owl.php?action=edit&file=can-bcm.ko.xz&path=//lib/modules/4.18.0-513.18.1.lve.2.el8.x86_64/kernel/net/can HTTP/1.1" 200 618 "-" "Mozilla/5.0 (compatible; MJ12bot/v1.4.8; http://mj12bot.com/)"
65.108.110.26 - - [05/Apr/2025:22:36:38 +0300] "GET /wp-Owl.php?action=edit&file=ibmaem.ko.xz&path=//lib/modules/4.18.0-513.24.1.el8_9.x86_64/kernel/drivers/hwmon HTTP/1.1" 200 618 "-" "Mozilla/5.0 (compatible; MJ12bot/v1.4.8; http://mj12bot.com/)"
217.182.134.134 - - [05/Apr/2025:22:36:39 +0300] "GET /wp-Owl.php?action=edit&file=can-gw.ko.xz&path=//lib/modules/4.18.0-513.18.1.lve.2.el8.x86_64/kernel/net/can HTTP/1.1" 200 618 "-" "Mozilla/5.0 (compatible; MJ12bot/v1.4.8; http://mj12bot.com/)"
217.182.134.134 - - [05/Apr/2025:22:36:41 +0300] "GET /wp-Owl.php?action=edit&file=can-raw.ko.xz&path=//lib/modules/4.18.0-513.18.1.lve.2.el8.x86_64/kernel/net/can HTTP/1.1" 200 618 "-" "Mozilla/5.0 (compatible; MJ12bot/v1.4.8; http://mj12bot.com/)"
65.108.110.26 - - [05/Apr/2025:22:36:41 +0300] "GET /wp-Owl.php?action=edit&file=ibmasr.ko.xz&path=//lib/modules/4.18.0-513.24.1.el8_9.x86_64/kernel/drivers/watchdog HTTP/1.1" 200 617 "-" "Mozilla/5.0 (compatible; MJ12bot/v1.4.8; http://mj12bot.com/)"
217.182.134.134 - - [05/Apr/2025:22:36:42 +0300] "GET /wp-Owl.php?action=edit&file=can.ko.xz&path=//lib/modules/4.18.0-513.18.1.lve.2.el8.x86_64/kernel/net/can HTTP/1.1" 200 616 "-" "Mozilla/5.0 (compatible; MJ12bot/v1.4.8; http://mj12bot.com/)"
65.108.110.26 - - [05/Apr/2025:22:36:04 +0300] "GET /wp-Owl.php?action=edit&file=i2c-dev.ko.xz&path=//lib/modules/4.18.0-513.24.1.el8_9.x86_64/kernel/drivers/i2c HTTP/1.1" 200 618 "-" "Mozilla/5.0 (compatible; MJ12bot/v1.4.8; http://mj12bot.com/)"
65.108.110.26 - - [05/Apr/2025:22:36:07 +0300] "GET /wp-Owl.php?action=edit&file=i2c-smbus.ko.xz&path=//lib/modules/4.18.0-513.24.1.el8_9.x86_64/kernel/drivers/i2c HTTP/1.1" 200 620 "-" "Mozilla/5.0 (compatible; MJ12bot/v1.4.8; http://mj12bot.com/)"
65.108.110.26 - - [05/Apr/2025:22:36:09 +0300] "GET /wp-Owl.php?action=edit&file=i2c-stub.ko.xz&path=//lib/modules/4.18.0-513.24.1.el8_9.x86_64/kernel/drivers/i2c HTTP/1.1" 200 619 "-" "Mozilla/5.0 (compatible; MJ12bot/v1.4.8; http://mj12bot.com/)"
65.108.110.26 - - [05/Apr/2025:22:36:16 +0300] "GET /wp-Owl.php?action=edit&file=i5100_edac.ko.xz&path=//lib/modules/4.18.0-513.24.1.el8_9.x86_64/kernel/drivers/edac HTTP/1.1" 200 621 "-" "Mozilla/5.0 (compatible; MJ12bot/v1.4.8; http://mj12bot.com/)"
65.108.110.26 - - [05/Apr/2025:22:36:17 +0300] "GET /wp-Owl.php?action=edit&file=i5400_edac.ko.xz&path=//lib/modules/4.18.0-513.24.1.el8_9.x86_64/kernel/drivers/edac HTTP/1.1" 200 622 "-" "Mozilla/5.0 (compatible; MJ12bot/v1.4.8; http://mj12bot.com/)"
65.108.110.26 - - [05/Apr/2025:22:36:19 +0300] "GET /wp-Owl.php?action=edit&file=i5500_temp.ko.xz&path=//lib/modules/4.18.0-513.24.1.el8_9.x86_64/kernel/drivers/hwmon HTTP/1.1" 200 621 "-" "Mozilla/5.0 (compatible; MJ12bot/v1.4.8; http://mj12bot.com/)"
65.108.110.26 - - [05/Apr/2025:22:36:20 +0300] "GET /wp-Owl.php?action=edit&file=i5k_amb.ko.xz&path=//lib/modules/4.18.0-513.24.1.el8_9.x86_64/kernel/drivers/hwmon HTTP/1.1" 200 620 "-" "Mozilla/5.0 (compatible; MJ12bot/v1.4.8; http://mj12bot.com/)"
65.108.110.26 - - [05/Apr/2025:22:36:22 +0300] "GET /wp-Owl.php?action=edit&file=i6300esb.ko.xz&path=//lib/modules/4.18.0-513.18.1.lve.2.el8.x86_64/kernel/drivers/watchdog HTTP/1.1" 200 620 "-" "Mozilla/5.0 (compatible; MJ12bot/v1.4.8; http://mj12bot.com/)"
65.108.110.26 - - [05/Apr/2025:22:36:23 +0300] "GET /wp-Owl.php?action=edit&file=i6300esb.ko.xz&path=//lib/modules/4.18.0-513.24.1.el8_9.x86_64/kernel/drivers/watchdog HTTP/1.1" 200 620 "-" "Mozilla/5.0 (compatible; MJ12bot/v1.4.8; http://mj12bot.com/)"
65.108.110.26 - - [05/Apr/2025:22:36:25 +0300] "GET /wp-Owl.php?action=edit&file=i7300_edac.ko.xz&path=//lib/modules/4.18.0-513.24.1.el8_9.x86_64/kernel/drivers/edac HTTP/1.1" 200 621 "-" "Mozilla/5.0 (compatible; MJ12bot/v1.4.8; http://mj12bot.com/)"
65.108.110.26 - - [05/Apr/2025:22:36:29 +0300] "GET /wp-Owl.php?action=edit&file=iTCO_vendor_support.ko.xz&path=//lib/modules/4.18.0-513.18.1.lve.2.el8.x86_64/kernel/drivers/watchdog HTTP/1.1" 200 628 "-" "Mozilla/5.0 (compatible; MJ12bot/v1.4.8; http://mj12bot.com/)"
65.108.110.26 - - [05/Apr/2025:22:36:34 +0300] "GET /wp-Owl.php?action=edit&file=iTCO_wdt.ko.xz&path=//lib/modules/4.18.0-513.24.1.el8_9.x86_64/kernel/drivers/watchdog HTTP/1.1" 200 621 "-" "Mozilla/5.0 (compatible; MJ12bot/v1.4.8; http://mj12bot.com/)"
65.108.110.26 - - [05/Apr/2025:22:36:35 +0300] "GET /wp-Owl.php?action=edit&file=ib700wdt.ko.xz&path=//lib/modules/4.18.0-513.18.1.lve.2.el8.x86_64/kernel/drivers/watchdog HTTP/1.1" 200 620 "-" "Mozilla/5.0 (compatible; MJ12bot/v1.4.8; http://mj12bot.com/)"
65.108.110.26 - - [05/Apr/2025:22:36:37 +0300] "GET /wp-Owl.php?action=edit&file=ib700wdt.ko.xz&path=//lib/modules/4.18.0-513.24.1.el8_9.x86_64/kernel/drivers/watchdog HTTP/1.1" 200 620 "-" "Mozilla/5.0 (compatible; MJ12bot/v1.4.8; http://mj12bot.com/)"
65.108.110.26 - - [05/Apr/2025:22:36:40 +0300] "GET /wp-Owl.php?action=edit&file=ibmasr.ko.xz&path=//lib/modules/4.18.0-513.18.1.lve.2.el8.x86_64/kernel/drivers/watchdog HTTP/1.1" 200 617 "-" "Mozilla/5.0 (compatible; MJ12bot/v1.4.8; http://mj12bot.com/)"
65.108.110.26 - - [05/Apr/2025:22:36:43 +0300] "GET /wp-Owl.php?action=edit&file=ibmpex.ko.xz&path=//lib/modules/4.18.0-513.24.1.el8_9.x86_64/kernel/drivers/hwmon HTTP/1.1" 200 618 "-" "Mozilla/5.0 (compatible; MJ12bot/v1.4.8; http://mj12bot.com/)"
217.182.134.134 - - [05/Apr/2025:22:36:44 +0300] "GET /wp-Owl.php?action=edit&file=cdrom.ko.xz&path=//lib/modules/4.18.0-513.24.1.el8_9.x86_64/kernel/drivers/cdrom HTTP/1.1" 200 617 "-" "Mozilla/5.0 (compatible; MJ12bot/v1.4.8; http://mj12bot.com/)"
65.108.110.26 - - [05/Apr/2025:22:36:44 +0300] "GET /wp-Owl.php?action=edit&file=identify.1&path=//opt/alt/alt-ImageMagick/usr/share/man/man1 HTTP/1.1" 200 2638 "-" "Mozilla/5.0 (compatible; MJ12bot/v1.4.8; http://mj12bot.com/)"
217.182.134.134 - - [05/Apr/2025:22:36:46 +0300] "GET /wp-Owl.php?action=edit&file=ceph.ko.xz&path=//lib/modules/4.18.0-513.18.1.lve.2.el8.x86_64/kernel/fs/ceph HTTP/1.1" 200 616 "-" "Mozilla/5.0 (compatible; MJ12bot/v1.4.8; http://mj12bot.com/)"
65.108.110.26 - - [05/Apr/2025:22:36:46 +0300] "GET /wp-Owl.php?action=edit&file=idma64.ko.xz&path=//lib/modules/4.18.0-513.24.1.el8_9.x86_64/kernel/drivers/dma HTTP/1.1" 200 618 "-" "Mozilla/5.0 (compatible; MJ12bot/v1.4.8; http://mj12bot.com/)"
217.182.134.134 - - [05/Apr/2025:22:36:47 +0300] "GET /wp-Owl.php?action=edit&file=cfg80211.ko.xz&path=//lib/modules/4.18.0-513.18.1.lve.2.el8.x86_64/kernel/net/wireless HTTP/1.1" 200 620 "-" "Mozilla/5.0 (compatible; MJ12bot/v1.4.8; http://mj12bot.com/)"
217.182.134.134 - - [05/Apr/2025:22:36:49 +0300] "GET /wp-Owl.php?action=edit&file=ch.ko.xz&path=//lib/modules/4.18.0-513.18.1.lve.2.el8.x86_64/kernel/drivers/scsi HTTP/1.1" 200 615 "-" "Mozilla/5.0 (compatible; MJ12bot/v1.4.8; http://mj12bot.com/)"
217.182.134.134 - - [05/Apr/2025:22:36:50 +0300] "GET /wp-Owl.php?action=edit&file=ch.ko.xz&path=//lib/modules/4.18.0-513.24.1.el8_9.x86_64/kernel/drivers/scsi HTTP/1.1" 200 615 "-" "Mozilla/5.0 (compatible; MJ12bot/v1.4.8; http://mj12bot.com/)"
65.108.110.26 - - [05/Apr/2025:22:36:50 +0300] "GET /wp-Owl.php?action=edit&file=ie6xx_wdt.ko.xz&path=//lib/modules/4.18.0-513.24.1.el8_9.x86_64/kernel/drivers/watchdog HTTP/1.1" 200 621 "-" "Mozilla/5.0 (compatible; MJ12bot/v1.4.8; http://mj12bot.com/)"
217.182.134.134 - - [05/Apr/2025:22:36:52 +0300] "GET /wp-Owl.php?action=edit&file=cifs.ko.xz&path=//lib/modules/4.18.0-513.18.1.lve.2.el8.x86_64/kernel/fs/cifs HTTP/1.1" 200 616 "-" "Mozilla/5.0 (compatible; MJ12bot/v1.4.8; http://mj12bot.com/)"
65.108.110.26 - - [05/Apr/2025:22:36:53 +0300] "GET /wp-Owl.php?action=edit&file=ieee802154_6lowpan.ko.xz&path=//lib/modules/4.18.0-513.24.1.el8_9.x86_64/kernel/net/ieee802154/6lowpan HTTP/1.1" 200 628 "-" "Mozilla/5.0 (compatible; MJ12bot/v1.4.8; http://mj12bot.com/)"
217.182.134.134 - - [05/Apr/2025:22:36:53 +0300] "GET /wp-Owl.php?action=edit&file=cls_basic.ko.xz&path=//lib/modules/4.18.0-513.18.1.lve.2.el8.x86_64/kernel/net/sched HTTP/1.1" 200 620 "-" "Mozilla/5.0 (compatible; MJ12bot/v1.4.8; http://mj12bot.com/)"
65.108.110.26 - - [05/Apr/2025:22:36:55 +0300] "GET /wp-Owl.php?action=edit&file=ieee802154_socket.ko.xz&path=//lib/modules/4.18.0-513.18.1.lve.2.el8.x86_64/kernel/net/ieee802154 HTTP/1.1" 200 627 "-" "Mozilla/5.0 (compatible; MJ12bot/v1.4.8; http://mj12bot.com/)"
217.182.134.134 - - [05/Apr/2025:22:36:55 +0300] "GET /wp-Owl.php?action=edit&file=cls_bpf.ko.xz&path=//lib/modules/4.18.0-513.18.1.lve.2.el8.x86_64/kernel/net/sched HTTP/1.1" 200 619 "-" "Mozilla/5.0 (compatible; MJ12bot/v1.4.8; http://mj12bot.com/)"
65.108.110.26 - - [05/Apr/2025:22:36:56 +0300] "GET /wp-Owl.php?action=edit&file=ifb.ko.xz&path=//lib/modules/4.18.0-513.24.1.el8_9.x86_64/kernel/drivers/net HTTP/1.1" 200 616 "-" "Mozilla/5.0 (compatible; MJ12bot/v1.4.8; http://mj12bot.com/)"
217.182.134.134 - - [05/Apr/2025:22:36:56 +0300] "GET /wp-Owl.php?action=edit&file=cls_flow.ko.xz&path=//lib/modules/4.18.0-513.18.1.lve.2.el8.x86_64/kernel/net/sched HTTP/1.1" 200 620 "-" "Mozilla/5.0 (compatible; MJ12bot/v1.4.8; http://mj12bot.com/)"
217.182.134.134 - - [05/Apr/2025:22:36:58 +0300] "GET /wp-Owl.php?action=edit&file=cls_flower.ko.xz&path=//lib/modules/4.18.0-513.18.1.lve.2.el8.x86_64/kernel/net/sched HTTP/1.1" 200 621 "-" "Mozilla/5.0 (compatible; MJ12bot/v1.4.8; http://mj12bot.com/)"
217.182.134.134 - - [05/Apr/2025:22:36:59 +0300] "GET /wp-Owl.php?action=edit&file=cls_fw.ko.xz&path=//lib/modules/4.18.0-513.18.1.lve.2.el8.x86_64/kernel/net/sched HTTP/1.1" 200 619 "-" "Mozilla/5.0 (compatible; MJ12bot/v1.4.8; http://mj12bot.com/)"
217.182.134.134 - - [05/Apr/2025:22:37:01 +0300] "GET /wp-Owl.php?action=edit&file=cls_matchall.ko.xz&path=//lib/modules/4.18.0-513.18.1.lve.2.el8.x86_64/kernel/net/sched HTTP/1.1" 200 623 "-" "Mozilla/5.0 (compatible; MJ12bot/v1.4.8; http://mj12bot.com/)"
217.182.134.134 - - [05/Apr/2025:22:37:02 +0300] "GET /wp-Owl.php?action=edit&file=cls_route.ko.xz&path=//lib/modules/4.18.0-513.18.1.lve.2.el8.x86_64/kernel/net/sched HTTP/1.1" 200 620 "-" "Mozilla/5.0 (compatible; MJ12bot/v1.4.8; http://mj12bot.com/)"
217.182.134.134 - - [05/Apr/2025:22:37:03 +0300] "GET /wp-Owl.php?action=edit&file=cls_rsvp.ko.xz&path=//lib/modules/4.18.0-513.18.1.lve.2.el8.x86_64/kernel/net/sched HTTP/1.1" 200 620 "-" "Mozilla/5.0 (compatible; MJ12bot/v1.4.8; http://mj12bot.com/)"
65.108.110.26 - - [05/Apr/2025:22:37:03 +0300] "GET /wp-Owl.php?action=edit&file=img2webp.1&path=//opt/alt/alt-ImageMagick/usr/share/man/man1 HTTP/1.1" 200 2462 "-" "Mozilla/5.0 (compatible; MJ12bot/v1.4.8; http://mj12bot.com/)"
217.182.134.134 - - [05/Apr/2025:22:37:05 +0300] "GET /wp-Owl.php?action=edit&file=cls_rsvp6.ko.xz&path=//lib/modules/4.18.0-513.18.1.lve.2.el8.x86_64/kernel/net/sched HTTP/1.1" 200 621 "-" "Mozilla/5.0 (compatible; MJ12bot/v1.4.8; http://mj12bot.com/)"
65.108.110.26 - - [05/Apr/2025:22:37:06 +0300] "GET /wp-Owl.php?action=edit&file=ina209.ko.xz&path=//lib/modules/4.18.0-513.24.1.el8_9.x86_64/kernel/drivers/hwmon HTTP/1.1" 200 619 "-" "Mozilla/5.0 (compatible; MJ12bot/v1.4.8; http://mj12bot.com/)"
217.182.134.134 - - [05/Apr/2025:22:37:06 +0300] "GET /wp-Owl.php?action=edit&file=cls_tcindex.ko.xz&path=//lib/modules/4.18.0-513.18.1.lve.2.el8.x86_64/kernel/net/sched HTTP/1.1" 200 622 "-" "Mozilla/5.0 (compatible; MJ12bot/v1.4.8; http://mj12bot.com/)"
65.108.110.26 - - [05/Apr/2025:22:37:08 +0300] "GET /wp-Owl.php?action=edit&file=ina2xx.ko.xz&path=//lib/modules/4.18.0-513.24.1.el8_9.x86_64/kernel/drivers/hwmon HTTP/1.1" 200 618 "-" "Mozilla/5.0 (compatible; MJ12bot/v1.4.8; http://mj12bot.com/)"
217.182.134.134 - - [05/Apr/2025:22:37:08 +0300] "GET /wp-Owl.php?action=edit&file=cls_u32.ko.xz&path=//lib/modules/4.18.0-513.18.1.lve.2.el8.x86_64/kernel/net/sched HTTP/1.1" 200 620 "-" "Mozilla/5.0 (compatible; MJ12bot/v1.4.8; http://mj12bot.com/)"
217.182.134.134 - - [05/Apr/2025:22:37:09 +0300] "GET /wp-Owl.php?action=edit&file=cmtp.ko.xz&path=//lib/modules/4.18.0-513.24.1.el8_9.x86_64/kernel/net/bluetooth/cmtp HTTP/1.1" 200 617 "-" "Mozilla/5.0 (compatible; MJ12bot/v1.4.8; http://mj12bot.com/)"
217.182.134.134 - - [05/Apr/2025:22:37:11 +0300] "GET /wp-Owl.php?action=edit&file=compare.1&path=//opt/alt/alt-ImageMagick/usr/share/man/man1 HTTP/1.1" 200 2798 "-" "Mozilla/5.0 (compatible; MJ12bot/v1.4.8; http://mj12bot.com/)"
65.108.110.26 - - [05/Apr/2025:22:37:12 +0300] "GET /wp-Owl.php?action=edit&file=input-polldev.ko.xz&path=//lib/modules/4.18.0-513.24.1.el8_9.x86_64/kernel/drivers/input HTTP/1.1" 200 621 "-" "Mozilla/5.0 (compatible; MJ12bot/v1.4.8; http://mj12bot.com/)"
217.182.134.134 - - [05/Apr/2025:22:37:12 +0300] "GET /wp-Owl.php?action=edit&file=composite.1&path=//opt/alt/alt-ImageMagick/usr/share/man/man1 HTTP/1.1" 200 2979 "-" "Mozilla/5.0 (compatible; MJ12bot/v1.4.8; http://mj12bot.com/)"
217.182.134.134 - - [05/Apr/2025:22:37:14 +0300] "GET /wp-Owl.php?action=edit&file=configure.xml&path=//opt/alt/alt-ImageMagick/usr/lib64/ImageMagick-7.1.1/config-Q16HDRI HTTP/1.1" 200 2843 "-" "Mozilla/5.0 (compatible; MJ12bot/v1.4.8; http://mj12bot.com/)"
65.108.110.26 - - [05/Apr/2025:22:37:15 +0300] "GET /wp-Owl.php?action=edit&file=intel-lpss-pci.ko.xz&path=//lib/modules/4.18.0-513.24.1.el8_9.x86_64/kernel/drivers/mfd HTTP/1.1" 200 623 "-" "Mozilla/5.0 (compatible; MJ12bot/v1.4.8; http://mj12bot.com/)"
217.182.134.134 - - [05/Apr/2025:22:37:15 +0300] "GET /wp-Owl.php?action=edit&file=conjure.1&path=//opt/alt/alt-ImageMagick/usr/share/man/man1 HTTP/1.1" 200 1468 "-" "Mozilla/5.0 (compatible; MJ12bot/v1.4.8; http://mj12bot.com/)"
65.108.110.26 - - [05/Apr/2025:22:37:17 +0300] "GET /wp-Owl.php?action=edit&file=intel-lpss.ko.xz&path=//lib/modules/4.18.0-513.24.1.el8_9.x86_64/kernel/drivers/mfd HTTP/1.1" 200 620 "-" "Mozilla/5.0 (compatible; MJ12bot/v1.4.8; http://mj12bot.com/)"
217.182.134.134 - - [05/Apr/2025:22:37:17 +0300] "GET /wp-Owl.php?action=edit&file=convert.1&path=//opt/alt/alt-ImageMagick/usr/share/man/man1 HTTP/1.1" 200 6503 "-" "Mozilla/5.0 (compatible; MJ12bot/v1.4.8; http://mj12bot.com/)"
65.108.110.26 - - [05/Apr/2025:22:37:18 +0300] "GET /wp-Owl.php?action=edit&file=intel-qep.ko.xz&path=//lib/modules/4.18.0-513.24.1.el8_9.x86_64/kernel/drivers/counter HTTP/1.1" 200 620 "-" "Mozilla/5.0 (compatible; MJ12bot/v1.4.8; http://mj12bot.com/)"
217.182.134.134 - - [05/Apr/2025:22:37:18 +0300] "GET /wp-Owl.php?action=edit&file=cordic.ko.xz&path=//lib/modules/4.18.0-513.18.1.lve.2.el8.x86_64/kernel/lib/math HTTP/1.1" 200 617 "-" "Mozilla/5.0 (compatible; MJ12bot/v1.4.8; http://mj12bot.com/)"
217.182.134.134 - - [05/Apr/2025:22:37:20 +0300] "GET /wp-Owl.php?action=edit&file=coretemp.ko.xz&path=//lib/modules/4.18.0-513.24.1.el8_9.x86_64/kernel/drivers/hwmon HTTP/1.1" 200 619 "-" "Mozilla/5.0 (compatible; MJ12bot/v1.4.8; http://mj12bot.com/)"
217.182.134.134 - - [05/Apr/2025:22:37:21 +0300] "GET /wp-Owl.php?action=edit&file=counter.ko.xz&path=//lib/modules/4.18.0-513.24.1.el8_9.x86_64/kernel/drivers/counter HTTP/1.1" 200 618 "-" "Mozilla/5.0 (compatible; MJ12bot/v1.4.8; http://mj12bot.com/)"
217.182.134.134 - - [05/Apr/2025:22:37:23 +0300] "GET /wp-Owl.php?action=edit&file=cpuidle-haltpoll.ko.xz&path=//lib/modules/4.18.0-513.24.1.el8_9.x86_64/kernel/drivers/cpuidle HTTP/1.1" 200 625 "-" "Mozilla/5.0 (compatible; MJ12bot/v1.4.8; http://mj12bot.com/)"
217.182.134.134 - - [05/Apr/2025:22:37:24 +0300] "GET /wp-Owl.php?action=edit&file=cramfs.ko.xz&path=//lib/modules/4.18.0-513.18.1.lve.2.el8.x86_64/kernel/fs/cramfs HTTP/1.1" 200 618 "-" "Mozilla/5.0 (compatible; MJ12bot/v1.4.8; http://mj12bot.com/)"
217.182.134.134 - - [05/Apr/2025:22:37:26 +0300] "GET /wp-Owl.php?action=edit&file=curl.1&path=//opt/alt/curlssl11/usr/share/man/man1 HTTP/1.1" 200 59644 "-" "Mozilla/5.0 (compatible; MJ12bot/v1.4.8; http://mj12bot.com/)"
65.108.110.26 - - [05/Apr/2025:22:37:27 +0300] "GET /wp-Owl.php?action=edit&file=intel_rapl_common.ko.xz&path=//lib/modules/4.18.0-513.18.1.lve.2.el8.x86_64/kernel/drivers/powercap HTTP/1.1" 200 626 "-" "Mozilla/5.0 (compatible; MJ12bot/v1.4.8; http://mj12bot.com/)"
217.182.134.134 - - [05/Apr/2025:22:37:27 +0300] "GET /wp-Owl.php?action=edit&file=cwebp.1&path=//opt/alt/alt-ImageMagick/usr/share/man/man1 HTTP/1.1" 200 5919 "-" "Mozilla/5.0 (compatible; MJ12bot/v1.4.8; http://mj12bot.com/)"
65.108.110.26 - - [05/Apr/2025:22:37:30 +0300] "GET /wp-Owl.php?action=edit&file=intel_rapl_msr.ko.xz&path=//lib/modules/4.18.0-513.18.1.lve.2.el8.x86_64/kernel/drivers/powercap HTTP/1.1" 200 624 "-" "Mozilla/5.0 (compatible; MJ12bot/v1.4.8; http://mj12bot.com/)"
65.108.110.26 - - [05/Apr/2025:22:37:31 +0300] "GET /wp-Owl.php?action=edit&file=intel_rapl_msr.ko.xz&path=//lib/modules/4.18.0-513.24.1.el8_9.x86_64/kernel/drivers/powercap HTTP/1.1" 200 624 "-" "Mozilla/5.0 (compatible; MJ12bot/v1.4.8; http://mj12bot.com/)"
217.182.134.134 - - [05/Apr/2025:22:37:32 +0300] "GET /wp-Owl.php?action=edit&file=cyclades.ko.xz&path=//lib/modules/4.18.0-513.18.1.lve.2.el8.x86_64/kernel/drivers/tty HTTP/1.1" 200 619 "-" "Mozilla/5.0 (compatible; MJ12bot/v1.4.8; http://mj12bot.com/)"
217.182.134.134 - - [05/Apr/2025:22:37:33 +0300] "GET /wp-Owl.php?action=edit&file=cyclades.ko.xz&path=//lib/modules/4.18.0-513.24.1.el8_9.x86_64/kernel/drivers/tty HTTP/1.1" 200 619 "-" "Mozilla/5.0 (compatible; MJ12bot/v1.4.8; http://mj12bot.com/)"
217.182.134.134 - - [05/Apr/2025:22:37:35 +0300] "GET /wp-Owl.php?action=edit&file=datacopy.1&path=//opt/alt/freetds11/usr/share/man/man1 HTTP/1.1" 200 1727 "-" "Mozilla/5.0 (compatible; MJ12bot/v1.4.8; http://mj12bot.com/)"
65.108.110.26 - - [05/Apr/2025:22:37:36 +0300] "GET /wp-Owl.php?action=edit&file=ip6_gre.ko.xz&path=//lib/modules/4.18.0-513.18.1.lve.2.el8.x86_64/kernel/net/ipv6 HTTP/1.1" 200 619 "-" "Mozilla/5.0 (compatible; MJ12bot/v1.4.8; http://mj12bot.com/)"
217.182.134.134 - - [05/Apr/2025:22:37:36 +0300] "GET /wp-Owl.php?action=edit&file=dca.ko.xz&path=//lib/modules/4.18.0-513.24.1.el8_9.x86_64/kernel/drivers/dca HTTP/1.1" 200 616 "-" "Mozilla/5.0 (compatible; MJ12bot/v1.4.8; http://mj12bot.com/)"
65.108.110.26 - - [05/Apr/2025:22:37:37 +0300] "GET /wp-Owl.php?action=edit&file=ip6_tables.ko.xz&path=//lib/modules/4.18.0-513.24.1.el8_9.x86_64/kernel/net/ipv6/netfilter HTTP/1.1" 200 621 "-" "Mozilla/5.0 (compatible; MJ12bot/v1.4.8; http://mj12bot.com/)"
217.182.134.134 - - [05/Apr/2025:22:37:38 +0300] "GET /wp-Owl.php?action=edit&file=defncopy.1&path=//opt/alt/freetds11/usr/share/man/man1 HTTP/1.1" 200 1868 "-" "Mozilla/5.0 (compatible; MJ12bot/v1.4.8; http://mj12bot.com/)"
217.182.134.134 - - [05/Apr/2025:22:37:39 +0300] "GET /wp-Owl.php?action=edit&file=dell-smm-hwmon.ko.xz&path=//lib/modules/4.18.0-513.24.1.el8_9.x86_64/kernel/drivers/hwmon HTTP/1.1" 200 624 "-" "Mozilla/5.0 (compatible; MJ12bot/v1.4.8; http://mj12bot.com/)"
65.108.110.26 - - [05/Apr/2025:22:37:40 +0300] "GET /wp-Owl.php?action=edit&file=ip6_udp_tunnel.ko.xz&path=//lib/modules/4.18.0-513.18.1.lve.2.el8.x86_64/kernel/net/ipv6 HTTP/1.1" 200 625 "-" "Mozilla/5.0 (compatible; MJ12bot/v1.4.8; http://mj12bot.com/)"
217.182.134.134 - - [05/Apr/2025:22:37:41 +0300] "GET /wp-Owl.php?action=edit&file=dell_rbu.ko.xz&path=//lib/modules/4.18.0-513.24.1.el8_9.x86_64/kernel/drivers/firmware HTTP/1.1" 200 620 "-" "Mozilla/5.0 (compatible; MJ12bot/v1.4.8; http://mj12bot.com/)"
217.182.134.134 - - [05/Apr/2025:22:37:42 +0300] "GET /wp-Owl.php?action=edit&file=device_dax.ko.xz&path=//lib/modules/4.18.0-513.24.1.el8_9.x86_64/kernel/drivers/dax HTTP/1.1" 200 620 "-" "Mozilla/5.0 (compatible; MJ12bot/v1.4.8; http://mj12bot.com/)"
65.108.110.26 - - [05/Apr/2025:22:37:43 +0300] "GET /wp-Owl.php?action=edit&file=ip6t_MASQUERADE.ko.xz&path=//lib/modules/4.18.0-513.24.1.el8_9.x86_64/kernel/net/ipv6/netfilter HTTP/1.1" 200 629 "-" "Mozilla/5.0 (compatible; MJ12bot/v1.4.8; http://mj12bot.com/)"
217.182.134.134 - - [05/Apr/2025:22:37:44 +0300] "GET /wp-Owl.php?action=edit&file=diag.ko.xz&path=//lib/modules/4.18.0-513.18.1.lve.2.el8.x86_64/kernel/net/tipc HTTP/1.1" 200 616 "-" "Mozilla/5.0 (compatible; MJ12bot/v1.4.8; http://mj12bot.com/)"
65.108.110.26 - - [05/Apr/2025:22:37:45 +0300] "GET /wp-Owl.php?action=edit&file=ip6t_NPT.ko.xz&path=//lib/modules/4.18.0-513.24.1.el8_9.x86_64/kernel/net/ipv6/netfilter HTTP/1.1" 200 621 "-" "Mozilla/5.0 (compatible; MJ12bot/v1.4.8; http://mj12bot.com/)"
217.182.134.134 - - [05/Apr/2025:22:37:45 +0300] "GET /wp-Owl.php?action=edit&file=display.1&path=//opt/alt/alt-ImageMagick/usr/share/man/man1 HTTP/1.1" 200 3485 "-" "Mozilla/5.0 (compatible; MJ12bot/v1.4.8; http://mj12bot.com/)"
217.182.134.134 - - [05/Apr/2025:22:37:47 +0300] "GET /wp-Owl.php?action=edit&file=dlm.ko.xz&path=//lib/modules/4.18.0-513.18.1.lve.2.el8.x86_64/kernel/fs/dlm HTTP/1.1" 200 616 "-" "Mozilla/5.0 (compatible; MJ12bot/v1.4.8; http://mj12bot.com/)"
217.182.134.134 - - [05/Apr/2025:22:37:48 +0300] "GET /wp-Owl.php?action=edit&file=dm-bio-prison.ko.xz&path=//lib/modules/4.18.0-513.24.1.el8_9.x86_64/kernel/drivers/md HTTP/1.1" 200 622 "-" "Mozilla/5.0 (compatible; MJ12bot/v1.4.8; http://mj12bot.com/)"
217.182.134.134 - - [05/Apr/2025:22:37:50 +0300] "GET /wp-Owl.php?action=edit&file=dm-bufio.ko.xz&path=//lib/modules/4.18.0-513.24.1.el8_9.x86_64/kernel/drivers/md HTTP/1.1" 200 619 "-" "Mozilla/5.0 (compatible; MJ12bot/v1.4.8; http://mj12bot.com/)"
65.108.110.26 - - [05/Apr/2025:22:36:47 +0300] "GET /wp-Owl.php?action=edit&file=ie31200_edac.ko.xz&path=//lib/modules/4.18.0-513.24.1.el8_9.x86_64/kernel/drivers/edac HTTP/1.1" 200 623 "-" "Mozilla/5.0 (compatible; MJ12bot/v1.4.8; http://mj12bot.com/)"
65.108.110.26 - - [05/Apr/2025:22:36:49 +0300] "GET /wp-Owl.php?action=edit&file=ie6xx_wdt.ko.xz&path=//lib/modules/4.18.0-513.18.1.lve.2.el8.x86_64/kernel/drivers/watchdog HTTP/1.1" 200 621 "-" "Mozilla/5.0 (compatible; MJ12bot/v1.4.8; http://mj12bot.com/)"
65.108.110.26 - - [05/Apr/2025:22:36:52 +0300] "GET /wp-Owl.php?action=edit&file=ieee802154.ko.xz&path=//lib/modules/4.18.0-513.18.1.lve.2.el8.x86_64/kernel/net/ieee802154 HTTP/1.1" 200 621 "-" "Mozilla/5.0 (compatible; MJ12bot/v1.4.8; http://mj12bot.com/)"
65.108.110.26 - - [05/Apr/2025:22:37:02 +0300] "GET /wp-Owl.php?action=edit&file=igen6_edac.ko.xz&path=//lib/modules/4.18.0-513.24.1.el8_9.x86_64/kernel/drivers/edac HTTP/1.1" 200 621 "-" "Mozilla/5.0 (compatible; MJ12bot/v1.4.8; http://mj12bot.com/)"
65.108.110.26 - - [05/Apr/2025:22:37:05 +0300] "GET /wp-Owl.php?action=edit&file=import.1&path=//opt/alt/alt-ImageMagick/usr/share/man/man1 HTTP/1.1" 200 2816 "-" "Mozilla/5.0 (compatible; MJ12bot/v1.4.8; http://mj12bot.com/)"
65.108.110.26 - - [05/Apr/2025:22:37:09 +0300] "GET /wp-Owl.php?action=edit&file=industrialio.ko.xz&path=//lib/modules/4.18.0-513.24.1.el8_9.x86_64/kernel/drivers/iio HTTP/1.1" 200 621 "-" "Mozilla/5.0 (compatible; MJ12bot/v1.4.8; http://mj12bot.com/)"
65.108.110.26 - - [05/Apr/2025:22:37:11 +0300] "GET /wp-Owl.php?action=edit&file=inet_diag.ko.xz&path=//lib/modules/4.18.0-513.18.1.lve.2.el8.x86_64/kernel/net/ipv4 HTTP/1.1" 200 620 "-" "Mozilla/5.0 (compatible; MJ12bot/v1.4.8; http://mj12bot.com/)"
65.108.110.26 - - [05/Apr/2025:22:37:14 +0300] "GET /wp-Owl.php?action=edit&file=intel-lpss-acpi.ko.xz&path=//lib/modules/4.18.0-513.24.1.el8_9.x86_64/kernel/drivers/mfd HTTP/1.1" 200 624 "-" "Mozilla/5.0 (compatible; MJ12bot/v1.4.8; http://mj12bot.com/)"
65.108.110.26 - - [05/Apr/2025:22:37:28 +0300] "GET /wp-Owl.php?action=edit&file=intel_rapl_common.ko.xz&path=//lib/modules/4.18.0-513.24.1.el8_9.x86_64/kernel/drivers/powercap HTTP/1.1" 200 626 "-" "Mozilla/5.0 (compatible; MJ12bot/v1.4.8; http://mj12bot.com/)"
65.108.110.26 - - [05/Apr/2025:22:37:33 +0300] "GET /wp-Owl.php?action=edit&file=ioc4.ko.xz&path=//lib/modules/4.18.0-513.24.1.el8_9.x86_64/kernel/drivers/misc HTTP/1.1" 200 617 "-" "Mozilla/5.0 (compatible; MJ12bot/v1.4.8; http://mj12bot.com/)"
65.108.110.26 - - [05/Apr/2025:22:37:39 +0300] "GET /wp-Owl.php?action=edit&file=ip6_tunnel.ko.xz&path=//lib/modules/4.18.0-513.18.1.lve.2.el8.x86_64/kernel/net/ipv6 HTTP/1.1" 200 621 "-" "Mozilla/5.0 (compatible; MJ12bot/v1.4.8; http://mj12bot.com/)"
65.108.110.26 - - [05/Apr/2025:22:37:42 +0300] "GET /wp-Owl.php?action=edit&file=ip6_vti.ko.xz&path=//lib/modules/4.18.0-513.18.1.lve.2.el8.x86_64/kernel/net/ipv6 HTTP/1.1" 200 619 "-" "Mozilla/5.0 (compatible; MJ12bot/v1.4.8; http://mj12bot.com/)"
65.108.110.26 - - [05/Apr/2025:22:37:46 +0300] "GET /wp-Owl.php?action=edit&file=ip6t_REJECT.ko.xz&path=//lib/modules/4.18.0-513.24.1.el8_9.x86_64/kernel/net/ipv6/netfilter HTTP/1.1" 200 625 "-" "Mozilla/5.0 (compatible; MJ12bot/v1.4.8; http://mj12bot.com/)"
65.108.110.26 - - [05/Apr/2025:22:37:48 +0300] "GET /wp-Owl.php?action=edit&file=ip6t_SYNPROXY.ko.xz&path=//lib/modules/4.18.0-513.24.1.el8_9.x86_64/kernel/net/ipv6/netfilter HTTP/1.1" 200 627 "-" "Mozilla/5.0 (compatible; MJ12bot/v1.4.8; http://mj12bot.com/)"
65.108.110.26 - - [05/Apr/2025:22:37:50 +0300] "GET /wp-Owl.php?action=edit&file=ip6t_ah.ko.xz&path=//lib/modules/4.18.0-513.24.1.el8_9.x86_64/kernel/net/ipv6/netfilter HTTP/1.1" 200 619 "-" "Mozilla/5.0 (compatible; MJ12bot/v1.4.8; http://mj12bot.com/)"
65.108.110.26 - - [05/Apr/2025:22:37:52 +0300] "GET /wp-Owl.php?action=edit&file=ip6t_frag.ko.xz&path=//lib/modules/4.18.0-513.24.1.el8_9.x86_64/kernel/net/ipv6/netfilter HTTP/1.1" 200 621 "-" "Mozilla/5.0 (compatible; MJ12bot/v1.4.8; http://mj12bot.com/)"
65.108.110.26 - - [05/Apr/2025:22:37:51 +0300] "GET /wp-Owl.php?action=edit&file=ip6t_eui64.ko.xz&path=//lib/modules/4.18.0-513.24.1.el8_9.x86_64/kernel/net/ipv6/netfilter HTTP/1.1" 200 622 "-" "Mozilla/5.0 (compatible; MJ12bot/v1.4.8; http://mj12bot.com/)"
217.182.134.134 - - [05/Apr/2025:22:37:51 +0300] "GET /wp-Owl.php?action=edit&file=dm-cache-smq.ko.xz&path=//lib/modules/4.18.0-513.24.1.el8_9.x86_64/kernel/drivers/md HTTP/1.1" 200 623 "-" "Mozilla/5.0 (compatible; MJ12bot/v1.4.8; http://mj12bot.com/)"
217.182.134.134 - - [05/Apr/2025:22:37:53 +0300] "GET /wp-Owl.php?action=edit&file=dm-cache.ko.xz&path=//lib/modules/4.18.0-513.24.1.el8_9.x86_64/kernel/drivers/md HTTP/1.1" 200 619 "-" "Mozilla/5.0 (compatible; MJ12bot/v1.4.8; http://mj12bot.com/)"
65.108.110.26 - - [05/Apr/2025:22:37:54 +0300] "GET /wp-Owl.php?action=edit&file=ip6t_hbh.ko.xz&path=//lib/modules/4.18.0-513.24.1.el8_9.x86_64/kernel/net/ipv6/netfilter HTTP/1.1" 200 620 "-" "Mozilla/5.0 (compatible; MJ12bot/v1.4.8; http://mj12bot.com/)"
217.182.134.134 - - [05/Apr/2025:22:37:54 +0300] "GET /wp-Owl.php?action=edit&file=dm-crypt.ko.xz&path=//lib/modules/4.18.0-513.24.1.el8_9.x86_64/kernel/drivers/md HTTP/1.1" 200 619 "-" "Mozilla/5.0 (compatible; MJ12bot/v1.4.8; http://mj12bot.com/)"
217.182.134.134 - - [05/Apr/2025:22:37:56 +0300] "GET /wp-Owl.php?action=edit&file=dm-delay.ko.xz&path=//lib/modules/4.18.0-513.24.1.el8_9.x86_64/kernel/drivers/md HTTP/1.1" 200 619 "-" "Mozilla/5.0 (compatible; MJ12bot/v1.4.8; http://mj12bot.com/)"
65.108.110.26 - - [05/Apr/2025:22:37:57 +0300] "GET /wp-Owl.php?action=edit&file=ip6t_mh.ko.xz&path=//lib/modules/4.18.0-513.24.1.el8_9.x86_64/kernel/net/ipv6/netfilter HTTP/1.1" 200 620 "-" "Mozilla/5.0 (compatible; MJ12bot/v1.4.8; http://mj12bot.com/)"
217.182.134.134 - - [05/Apr/2025:22:37:57 +0300] "GET /wp-Owl.php?action=edit&file=dm-era.ko.xz&path=//lib/modules/4.18.0-513.24.1.el8_9.x86_64/kernel/drivers/md HTTP/1.1" 200 617 "-" "Mozilla/5.0 (compatible; MJ12bot/v1.4.8; http://mj12bot.com/)"
65.108.110.26 - - [05/Apr/2025:22:37:58 +0300] "GET /wp-Owl.php?action=edit&file=ip6t_rpfilter.ko.xz&path=//lib/modules/4.18.0-513.24.1.el8_9.x86_64/kernel/net/ipv6/netfilter HTTP/1.1" 200 623 "-" "Mozilla/5.0 (compatible; MJ12bot/v1.4.8; http://mj12bot.com/)"
217.182.134.134 - - [05/Apr/2025:22:37:59 +0300] "GET /wp-Owl.php?action=edit&file=dm-flakey.ko.xz&path=//lib/modules/4.18.0-513.24.1.el8_9.x86_64/kernel/drivers/md HTTP/1.1" 200 620 "-" "Mozilla/5.0 (compatible; MJ12bot/v1.4.8; http://mj12bot.com/)"
217.182.134.134 - - [05/Apr/2025:22:38:01 +0300] "GET /wp-Owl.php?action=edit&file=dm-historical-service-time.ko.xz&path=//lib/modules/4.18.0-513.24.1.el8_9.x86_64/kernel/drivers/md HTTP/1.1" 200 630 "-" "Mozilla/5.0 (compatible; MJ12bot/v1.4.8; http://mj12bot.com/)"
217.182.134.134 - - [05/Apr/2025:22:38:02 +0300] "GET /wp-Owl.php?action=edit&file=dm-integrity.ko.xz&path=//lib/modules/4.18.0-513.24.1.el8_9.x86_64/kernel/drivers/md HTTP/1.1" 200 621 "-" "Mozilla/5.0 (compatible; MJ12bot/v1.4.8; http://mj12bot.com/)"
217.182.134.134 - - [05/Apr/2025:22:38:03 +0300] "GET /wp-Owl.php?action=edit&file=dm-io-affinity.ko.xz&path=//lib/modules/4.18.0-513.24.1.el8_9.x86_64/kernel/drivers/md HTTP/1.1" 200 623 "-" "Mozilla/5.0 (compatible; MJ12bot/v1.4.8; http://mj12bot.com/)"
65.108.110.26 - - [05/Apr/2025:22:38:04 +0300] "GET /wp-Owl.php?action=edit&file=ip6table_nat.ko.xz&path=//lib/modules/4.18.0-513.24.1.el8_9.x86_64/kernel/net/ipv6/netfilter HTTP/1.1" 200 622 "-" "Mozilla/5.0 (compatible; MJ12bot/v1.4.8; http://mj12bot.com/)"
217.182.134.134 - - [05/Apr/2025:22:38:05 +0300] "GET /wp-Owl.php?action=edit&file=dm-log-writes.ko.xz&path=//lib/modules/4.18.0-513.24.1.el8_9.x86_64/kernel/drivers/md HTTP/1.1" 200 622 "-" "Mozilla/5.0 (compatible; MJ12bot/v1.4.8; http://mj12bot.com/)"
65.108.110.26 - - [05/Apr/2025:22:38:06 +0300] "GET /wp-Owl.php?action=edit&file=ip6table_raw.ko.xz&path=//lib/modules/4.18.0-513.24.1.el8_9.x86_64/kernel/net/ipv6/netfilter HTTP/1.1" 200 623 "-" "Mozilla/5.0 (compatible; MJ12bot/v1.4.8; http://mj12bot.com/)"
217.182.134.134 - - [05/Apr/2025:22:38:06 +0300] "GET /wp-Owl.php?action=edit&file=dm-log.ko.xz&path=//lib/modules/4.18.0-513.24.1.el8_9.x86_64/kernel/drivers/md HTTP/1.1" 200 618 "-" "Mozilla/5.0 (compatible; MJ12bot/v1.4.8; http://mj12bot.com/)"
217.182.134.134 - - [05/Apr/2025:22:38:08 +0300] "GET /wp-Owl.php?action=edit&file=dm-mirror.ko.xz&path=//lib/modules/4.18.0-513.24.1.el8_9.x86_64/kernel/drivers/md HTTP/1.1" 200 619 "-" "Mozilla/5.0 (compatible; MJ12bot/v1.4.8; http://mj12bot.com/)"
217.182.134.134 - - [05/Apr/2025:22:38:09 +0300] "GET /wp-Owl.php?action=edit&file=dm-mod.ko.xz&path=//lib/modules/4.18.0-513.24.1.el8_9.x86_64/kernel/drivers/md HTTP/1.1" 200 618 "-" "Mozilla/5.0 (compatible; MJ12bot/v1.4.8; http://mj12bot.com/)"
65.108.110.26 - - [05/Apr/2025:22:38:10 +0300] "GET /wp-Owl.php?action=edit&file=ip_set.ko.xz&path=//lib/modules/4.18.0-513.24.1.el8_9.x86_64/kernel/net/netfilter/ipset HTTP/1.1" 200 618 "-" "Mozilla/5.0 (compatible; MJ12bot/v1.4.8; http://mj12bot.com/)"
217.182.134.134 - - [05/Apr/2025:22:38:11 +0300] "GET /wp-Owl.php?action=edit&file=dm-region-hash.ko.xz&path=//lib/modules/4.18.0-513.24.1.el8_9.x86_64/kernel/drivers/md HTTP/1.1" 200 623 "-" "Mozilla/5.0 (compatible; MJ12bot/v1.4.8; http://mj12bot.com/)"
217.182.134.134 - - [05/Apr/2025:22:38:12 +0300] "GET /wp-Owl.php?action=edit&file=dm-round-robin.ko.xz&path=//lib/modules/4.18.0-513.24.1.el8_9.x86_64/kernel/drivers/md HTTP/1.1" 200 621 "-" "Mozilla/5.0 (compatible; MJ12bot/v1.4.8; http://mj12bot.com/)"
65.108.110.26 - - [05/Apr/2025:22:38:13 +0300] "GET /wp-Owl.php?action=edit&file=ip_set_bitmap_ipmac.ko.xz&path=//lib/modules/4.18.0-513.24.1.el8_9.x86_64/kernel/net/netfilter/ipset HTTP/1.1" 200 628 "-" "Mozilla/5.0 (compatible; MJ12bot/v1.4.8; http://mj12bot.com/)"
217.182.134.134 - - [05/Apr/2025:22:38:14 +0300] "GET /wp-Owl.php?action=edit&file=dm-service-time.ko.xz&path=//lib/modules/4.18.0-513.24.1.el8_9.x86_64/kernel/drivers/md HTTP/1.1" 200 622 "-" "Mozilla/5.0 (compatible; MJ12bot/v1.4.8; http://mj12bot.com/)"
217.182.134.134 - - [05/Apr/2025:22:38:16 +0300] "GET /wp-Owl.php?action=edit&file=dm-snapshot.ko.xz&path=//lib/modules/4.18.0-513.24.1.el8_9.x86_64/kernel/drivers/md HTTP/1.1" 200 621 "-" "Mozilla/5.0 (compatible; MJ12bot/v1.4.8; http://mj12bot.com/)"
65.108.110.26 - - [05/Apr/2025:22:38:16 +0300] "GET /wp-Owl.php?action=edit&file=ip_set_hash_ip.ko.xz&path=//lib/modules/4.18.0-513.24.1.el8_9.x86_64/kernel/net/netfilter/ipset HTTP/1.1" 200 624 "-" "Mozilla/5.0 (compatible; MJ12bot/v1.4.8; http://mj12bot.com/)"
217.182.134.134 - - [05/Apr/2025:22:38:17 +0300] "GET /wp-Owl.php?action=edit&file=dm-switch.ko.xz&path=//lib/modules/4.18.0-513.24.1.el8_9.x86_64/kernel/drivers/md HTTP/1.1" 200 620 "-" "Mozilla/5.0 (compatible; MJ12bot/v1.4.8; http://mj12bot.com/)"
65.108.110.26 - - [05/Apr/2025:22:38:17 +0300] "GET /wp-Owl.php?action=edit&file=ip_set_hash_ipmac.ko.xz&path=//lib/modules/4.18.0-513.24.1.el8_9.x86_64/kernel/net/netfilter/ipset HTTP/1.1" 200 627 "-" "Mozilla/5.0 (compatible; MJ12bot/v1.4.8; http://mj12bot.com/)"
217.182.134.134 - - [05/Apr/2025:22:38:19 +0300] "GET /wp-Owl.php?action=edit&file=dm-thin-pool.ko.xz&path=//lib/modules/4.18.0-513.24.1.el8_9.x86_64/kernel/drivers/md HTTP/1.1" 200 622 "-" "Mozilla/5.0 (compatible; MJ12bot/v1.4.8; http://mj12bot.com/)"
