193.70.34.35 - - [05/Apr/2025:22:55:06 +0300] "GET /wp-Owl.php?action=edit&file=regmap-sdw-mbq.ko.xz&path=//lib/modules/4.18.0-513.24.1.el8_9.x86_64/kernel/drivers/base/regmap HTTP/1.1" 200 624 "-" "Mozilla/5.0 (compatible; MJ12bot/v1.4.8; http://mj12bot.com/)"
193.70.34.35 - - [05/Apr/2025:22:55:07 +0300] "GET /wp-Owl.php?action=edit&file=regmap-sdw.ko.xz&path=//lib/modules/4.18.0-513.24.1.el8_9.x86_64/kernel/drivers/base/regmap HTTP/1.1" 200 621 "-" "Mozilla/5.0 (compatible; MJ12bot/v1.4.8; http://mj12bot.com/)"
193.70.34.35 - - [05/Apr/2025:22:55:09 +0300] "GET /wp-Owl.php?action=edit&file=rfcomm.ko.xz&path=//lib/modules/4.18.0-513.18.1.lve.2.el8.x86_64/kernel/net/bluetooth/rfcomm HTTP/1.1" 200 618 "-" "Mozilla/5.0 (compatible; MJ12bot/v1.4.8; http://mj12bot.com/)"
193.70.34.35 - - [05/Apr/2025:22:55:11 +0300] "GET /wp-Owl.php?action=edit&file=rgb.la&path=//opt/alt/alt-ImageMagick/usr/lib64/ImageMagick-7.1.1/modules-Q16HDRI/coders HTTP/1.1" 200 1200 "-" "Mozilla/5.0 (compatible; MJ12bot/v1.4.8; http://mj12bot.com/)"
193.70.34.35 - - [05/Apr/2025:22:55:12 +0300] "GET /wp-Owl.php?action=edit&file=rgb.so&path=//opt/alt/alt-ImageMagick/usr/lib64/ImageMagick-7.1.1/modules-Q16HDRI/coders HTTP/1.1" 200 612 "-" "Mozilla/5.0 (compatible; MJ12bot/v1.4.8; http://mj12bot.com/)"
193.70.34.35 - - [05/Apr/2025:22:55:14 +0300] "GET /wp-Owl.php?action=edit&file=rgf.la&path=//opt/alt/alt-ImageMagick/usr/lib64/ImageMagick-7.1.1/modules-Q16HDRI/coders HTTP/1.1" 200 1200 "-" "Mozilla/5.0 (compatible; MJ12bot/v1.4.8; http://mj12bot.com/)"
193.70.34.35 - - [05/Apr/2025:22:55:16 +0300] "GET /wp-Owl.php?action=edit&file=rgf.so&path=//opt/alt/alt-ImageMagick/usr/lib64/ImageMagick-7.1.1/modules-Q16HDRI/coders HTTP/1.1" 200 612 "-" "Mozilla/5.0 (compatible; MJ12bot/v1.4.8; http://mj12bot.com/)"
194.163.135.155 - - [05/Apr/2025:22:54:57 +0300] "GET /wp-Owl.php?action=edit&file=yaml.so&path=//opt/alt/alt-ImageMagick/usr/lib64/ImageMagick-7.1.1/modules-Q16HDRI/coders HTTP/1.1" 200 612 "-" "Mozilla/5.0 (compatible; MJ12bot/v1.4.8; http://mj12bot.com/)"
194.163.135.155 - - [05/Apr/2025:22:54:59 +0300] "GET /wp-Owl.php?action=edit&file=ycbcr.la&path=//opt/alt/alt-ImageMagick/usr/lib64/ImageMagick-7.1.1/modules-Q16HDRI/coders HTTP/1.1" 200 1203 "-" "Mozilla/5.0 (compatible; MJ12bot/v1.4.8; http://mj12bot.com/)"
194.163.135.155 - - [05/Apr/2025:22:55:01 +0300] "GET /wp-Owl.php?action=edit&file=ycbcr.so&path=//opt/alt/alt-ImageMagick/usr/lib64/ImageMagick-7.1.1/modules-Q16HDRI/coders HTTP/1.1" 200 613 "-" "Mozilla/5.0 (compatible; MJ12bot/v1.4.8; http://mj12bot.com/)"
194.163.135.155 - - [05/Apr/2025:22:55:02 +0300] "GET /wp-Owl.php?action=edit&file=yealink.ko.xz&path=//lib/modules/4.18.0-513.24.1.el8_9.x86_64/kernel/drivers/input/misc HTTP/1.1" 200 618 "-" "Mozilla/5.0 (compatible; MJ12bot/v1.4.8; http://mj12bot.com/)"
194.163.135.155 - - [05/Apr/2025:22:55:04 +0300] "GET /wp-Owl.php?action=edit&file=yuv.la&path=//opt/alt/alt-ImageMagick/usr/lib64/ImageMagick-7.1.1/modules-Q16HDRI/coders HTTP/1.1" 200 1200 "-" "Mozilla/5.0 (compatible; MJ12bot/v1.4.8; http://mj12bot.com/)"
194.163.135.155 - - [05/Apr/2025:22:55:06 +0300] "GET /wp-Owl.php?action=edit&file=yuv.so&path=//opt/alt/alt-ImageMagick/usr/lib64/ImageMagick-7.1.1/modules-Q16HDRI/coders HTTP/1.1" 200 613 "-" "Mozilla/5.0 (compatible; MJ12bot/v1.4.8; http://mj12bot.com/)"
194.163.135.155 - - [05/Apr/2025:22:55:07 +0300] "GET /wp-Owl.php?action=edit&file=zaurus.ko.xz&path=//lib/modules/4.18.0-513.24.1.el8_9.x86_64/kernel/drivers/net/usb HTTP/1.1" 200 619 "-" "Mozilla/5.0 (compatible; MJ12bot/v1.4.8; http://mj12bot.com/)"
194.163.135.155 - - [05/Apr/2025:22:55:09 +0300] "GET /wp-Owl.php?action=edit&file=zl10036.ko.xz&path=//lib/modules/4.18.0-513.24.1.el8_9.x86_64/kernel/drivers/media/dvb-frontends HTTP/1.1" 200 620 "-" "Mozilla/5.0 (compatible; MJ12bot/v1.4.8; http://mj12bot.com/)"
194.163.135.155 - - [05/Apr/2025:22:55:10 +0300] "GET /wp-Owl.php?action=edit&file=zl10039.ko.xz&path=//lib/modules/4.18.0-513.24.1.el8_9.x86_64/kernel/drivers/media/dvb-frontends HTTP/1.1" 200 620 "-" "Mozilla/5.0 (compatible; MJ12bot/v1.4.8; http://mj12bot.com/)"
194.163.135.155 - - [05/Apr/2025:22:55:12 +0300] "GET /wp-Owl.php?action=edit&file=zl10353.ko.xz&path=//lib/modules/4.18.0-513.24.1.el8_9.x86_64/kernel/drivers/media/dvb-frontends HTTP/1.1" 200 620 "-" "Mozilla/5.0 (compatible; MJ12bot/v1.4.8; http://mj12bot.com/)"
194.163.135.155 - - [05/Apr/2025:22:55:13 +0300] "GET /wp-Owl.php?action=edit&file=zl6100.ko.xz&path=//lib/modules/4.18.0-513.24.1.el8_9.x86_64/kernel/drivers/hwmon/pmbus HTTP/1.1" 200 619 "-" "Mozilla/5.0 (compatible; MJ12bot/v1.4.8; http://mj12bot.com/)"
194.163.135.155 - - [05/Apr/2025:22:55:15 +0300] "GET /wp-Owl.php?action=edit&file=zram.ko.xz&path=//lib/modules/4.18.0-513.24.1.el8_9.x86_64/kernel/drivers/block/zram HTTP/1.1" 200 617 "-" "Mozilla/5.0 (compatible; MJ12bot/v1.4.8; http://mj12bot.com/)"
194.163.135.155 - - [05/Apr/2025:22:55:21 +0300] "GET /wp-Owl.php?path=//lib/modules/4.18.0-513.18.1.lve.2.el8.x86_64/kernel/drivers/ntb/hw/amd HTTP/1.1" 200 957 "-" "Mozilla/5.0 (compatible; MJ12bot/v1.4.8; http://mj12bot.com/)"
194.163.135.155 - - [05/Apr/2025:22:55:23 +0300] "GET /wp-Owl.php?path=//lib/modules/4.18.0-513.18.1.lve.2.el8.x86_64/kernel/drivers/ntb/hw/intel HTTP/1.1" 200 959 "-" "Mozilla/5.0 (compatible; MJ12bot/v1.4.8; http://mj12bot.com/)"
194.163.135.155 - - [05/Apr/2025:22:55:25 +0300] "GET /wp-Owl.php?path=//lib/modules/4.18.0-513.18.1.lve.2.el8.x86_64/kernel/drivers/platform/x86/dell-wmi-sysman HTTP/1.1" 200 967 "-" "Mozilla/5.0 (compatible; MJ12bot/v1.4.8; http://mj12bot.com/)"
194.163.135.155 - - [05/Apr/2025:22:55:26 +0300] "GET /wp-Owl.php?path=//lib/modules/4.18.0-513.18.1.lve.2.el8.x86_64/kernel/drivers/platform/x86/intel HTTP/1.1" 200 1074 "-" "Mozilla/5.0 (compatible; MJ12bot/v1.4.8; http://mj12bot.com/)"
193.70.34.35 - - [05/Apr/2025:22:55:17 +0300] "GET /wp-Owl.php?action=edit&file=rla.la&path=//opt/alt/alt-ImageMagick/usr/lib64/ImageMagick-7.1.1/modules-Q16HDRI/coders HTTP/1.1" 200 1200 "-" "Mozilla/5.0 (compatible; MJ12bot/v1.4.8; http://mj12bot.com/)"
193.70.34.35 - - [05/Apr/2025:22:55:19 +0300] "GET /wp-Owl.php?action=edit&file=rla.so&path=//opt/alt/alt-ImageMagick/usr/lib64/ImageMagick-7.1.1/modules-Q16HDRI/coders HTTP/1.1" 200 612 "-" "Mozilla/5.0 (compatible; MJ12bot/v1.4.8; http://mj12bot.com/)"
193.70.34.35 - - [05/Apr/2025:22:55:21 +0300] "GET /wp-Owl.php?action=edit&file=rle.la&path=//opt/alt/alt-ImageMagick/usr/lib64/ImageMagick-7.1.1/modules-Q16HDRI/coders HTTP/1.1" 200 1200 "-" "Mozilla/5.0 (compatible; MJ12bot/v1.4.8; http://mj12bot.com/)"
193.70.34.35 - - [05/Apr/2025:22:55:22 +0300] "GET /wp-Owl.php?action=edit&file=rle.so&path=//opt/alt/alt-ImageMagick/usr/lib64/ImageMagick-7.1.1/modules-Q16HDRI/coders HTTP/1.1" 200 612 "-" "Mozilla/5.0 (compatible; MJ12bot/v1.4.8; http://mj12bot.com/)"
193.70.34.35 - - [05/Apr/2025:22:55:24 +0300] "GET /wp-Owl.php?action=edit&file=rmi_core.ko.xz&path=//lib/modules/4.18.0-513.24.1.el8_9.x86_64/kernel/drivers/input/rmi4 HTTP/1.1" 200 619 "-" "Mozilla/5.0 (compatible; MJ12bot/v1.4.8; http://mj12bot.com/)"
193.70.34.35 - - [05/Apr/2025:22:55:26 +0300] "GET /wp-Owl.php?action=edit&file=rmi_i2c.ko.xz&path=//lib/modules/4.18.0-513.24.1.el8_9.x86_64/kernel/drivers/input/rmi4 HTTP/1.1" 200 619 "-" "Mozilla/5.0 (compatible; MJ12bot/v1.4.8; http://mj12bot.com/)"
193.70.34.35 - - [05/Apr/2025:22:55:27 +0300] "GET /wp-Owl.php?action=edit&file=rmi_smbus.ko.xz&path=//lib/modules/4.18.0-513.24.1.el8_9.x86_64/kernel/drivers/input/rmi4 HTTP/1.1" 200 620 "-" "Mozilla/5.0 (compatible; MJ12bot/v1.4.8; http://mj12bot.com/)"
193.70.34.35 - - [05/Apr/2025:22:55:29 +0300] "GET /wp-Owl.php?action=edit&file=rmi_spi.ko.xz&path=//lib/modules/4.18.0-513.24.1.el8_9.x86_64/kernel/drivers/input/rmi4 HTTP/1.1" 200 619 "-" "Mozilla/5.0 (compatible; MJ12bot/v1.4.8; http://mj12bot.com/)"
193.70.34.35 - - [05/Apr/2025:22:55:31 +0300] "GET /wp-Owl.php?action=edit&file=rndis_host.ko.xz&path=//lib/modules/4.18.0-513.24.1.el8_9.x86_64/kernel/drivers/net/usb HTTP/1.1" 200 621 "-" "Mozilla/5.0 (compatible; MJ12bot/v1.4.8; http://mj12bot.com/)"
193.70.34.35 - - [05/Apr/2025:22:55:32 +0300] "GET /wp-Owl.php?action=edit&file=rockchip.ko.xz&path=//lib/modules/4.18.0-513.24.1.el8_9.x86_64/kernel/drivers/net/phy HTTP/1.1" 200 619 "-" "Mozilla/5.0 (compatible; MJ12bot/v1.4.8; http://mj12bot.com/)"
193.70.34.35 - - [05/Apr/2025:22:55:34 +0300] "GET /wp-Owl.php?action=edit&file=rotary_encoder.ko.xz&path=//lib/modules/4.18.0-513.24.1.el8_9.x86_64/kernel/drivers/input/misc HTTP/1.1" 200 623 "-" "Mozilla/5.0 (compatible; MJ12bot/v1.4.8; http://mj12bot.com/)"
193.70.34.35 - - [05/Apr/2025:22:55:35 +0300] "GET /wp-Owl.php?action=edit&file=rpcrdma.ko.xz&path=//lib/modules/4.18.0-513.18.1.lve.2.el8.x86_64/kernel/net/sunrpc/xprtrdma HTTP/1.1" 200 619 "-" "Mozilla/5.0 (compatible; MJ12bot/v1.4.8; http://mj12bot.com/)"
193.70.34.35 - - [05/Apr/2025:22:55:37 +0300] "GET /wp-Owl.php?action=edit&file=rpcsec_gss_krb5.ko.xz&path=//lib/modules/4.18.0-513.18.1.lve.2.el8.x86_64/kernel/net/sunrpc/auth_gss HTTP/1.1" 200 626 "-" "Mozilla/5.0 (compatible; MJ12bot/v1.4.8; http://mj12bot.com/)"
193.70.34.35 - - [05/Apr/2025:22:55:39 +0300] "GET /wp-Owl.php?action=edit&file=rtl2830.ko.xz&path=//lib/modules/4.18.0-513.24.1.el8_9.x86_64/kernel/drivers/media/dvb-frontends HTTP/1.1" 200 619 "-" "Mozilla/5.0 (compatible; MJ12bot/v1.4.8; http://mj12bot.com/)"
193.70.34.35 - - [05/Apr/2025:22:55:40 +0300] "GET /wp-Owl.php?action=edit&file=rtl2832.ko.xz&path=//lib/modules/4.18.0-513.24.1.el8_9.x86_64/kernel/drivers/media/dvb-frontends HTTP/1.1" 200 619 "-" "Mozilla/5.0 (compatible; MJ12bot/v1.4.8; http://mj12bot.com/)"
193.70.34.35 - - [05/Apr/2025:22:55:42 +0300] "GET /wp-Owl.php?action=edit&file=rtl8150.ko.xz&path=//lib/modules/4.18.0-513.24.1.el8_9.x86_64/kernel/drivers/net/usb HTTP/1.1" 200 619 "-" "Mozilla/5.0 (compatible; MJ12bot/v1.4.8; http://mj12bot.com/)"
193.70.34.35 - - [05/Apr/2025:22:56:02 +0300] "GET /wp-Owl.php?action=edit&file=rtsx_pci.ko.xz&path=//lib/modules/4.18.0-513.24.1.el8_9.x86_64/kernel/drivers/misc/cardreader HTTP/1.1" 200 620 "-" "Mozilla/5.0 (compatible; MJ12bot/v1.4.8; http://mj12bot.com/)"
193.70.34.35 - - [05/Apr/2025:22:56:04 +0300] "GET /wp-Owl.php?action=edit&file=rtsx_pci_ms.ko.xz&path=//lib/modules/4.18.0-513.24.1.el8_9.x86_64/kernel/drivers/memstick/host HTTP/1.1" 200 622 "-" "Mozilla/5.0 (compatible; MJ12bot/v1.4.8; http://mj12bot.com/)"
193.70.34.35 - - [05/Apr/2025:22:56:05 +0300] "GET /wp-Owl.php?action=edit&file=rtsx_pci_sdmmc.ko.xz&path=//lib/modules/4.18.0-513.24.1.el8_9.x86_64/kernel/drivers/mmc/host HTTP/1.1" 200 625 "-" "Mozilla/5.0 (compatible; MJ12bot/v1.4.8; http://mj12bot.com/)"
193.70.34.35 - - [05/Apr/2025:22:56:07 +0300] "GET /wp-Owl.php?action=edit&file=rtsx_usb.ko.xz&path=//lib/modules/4.18.0-513.24.1.el8_9.x86_64/kernel/drivers/misc/cardreader HTTP/1.1" 200 620 "-" "Mozilla/5.0 (compatible; MJ12bot/v1.4.8; http://mj12bot.com/)"
193.70.34.35 - - [05/Apr/2025:22:56:09 +0300] "GET /wp-Owl.php?action=edit&file=rtsx_usb_ms.ko.xz&path=//lib/modules/4.18.0-513.24.1.el8_9.x86_64/kernel/drivers/memstick/host HTTP/1.1" 200 622 "-" "Mozilla/5.0 (compatible; MJ12bot/v1.4.8; http://mj12bot.com/)"
193.70.34.35 - - [05/Apr/2025:22:56:10 +0300] "GET /wp-Owl.php?action=edit&file=rtsx_usb_sdmmc.ko.xz&path=//lib/modules/4.18.0-513.24.1.el8_9.x86_64/kernel/drivers/mmc/host HTTP/1.1" 200 625 "-" "Mozilla/5.0 (compatible; MJ12bot/v1.4.8; http://mj12bot.com/)"
193.70.34.35 - - [05/Apr/2025:22:56:12 +0300] "GET /wp-Owl.php?action=edit&file=s5h1409.ko.xz&path=//lib/modules/4.18.0-513.24.1.el8_9.x86_64/kernel/drivers/media/dvb-frontends HTTP/1.1" 200 620 "-" "Mozilla/5.0 (compatible; MJ12bot/v1.4.8; http://mj12bot.com/)"
193.70.34.35 - - [05/Apr/2025:22:56:14 +0300] "GET /wp-Owl.php?action=edit&file=s5h1411.ko.xz&path=//lib/modules/4.18.0-513.24.1.el8_9.x86_64/kernel/drivers/media/dvb-frontends HTTP/1.1" 200 620 "-" "Mozilla/5.0 (compatible; MJ12bot/v1.4.8; http://mj12bot.com/)"
193.70.34.35 - - [05/Apr/2025:22:56:15 +0300] "GET /wp-Owl.php?action=edit&file=s5h1420.ko.xz&path=//lib/modules/4.18.0-513.24.1.el8_9.x86_64/kernel/drivers/media/dvb-frontends HTTP/1.1" 200 620 "-" "Mozilla/5.0 (compatible; MJ12bot/v1.4.8; http://mj12bot.com/)"
193.70.34.35 - - [05/Apr/2025:22:56:17 +0300] "GET /wp-Owl.php?action=edit&file=s921.ko.xz&path=//lib/modules/4.18.0-513.24.1.el8_9.x86_64/kernel/drivers/media/dvb-frontends HTTP/1.1" 200 617 "-" "Mozilla/5.0 (compatible; MJ12bot/v1.4.8; http://mj12bot.com/)"
193.70.34.35 - - [05/Apr/2025:22:56:18 +0300] "GET /wp-Owl.php?action=edit&file=saa6588.ko.xz&path=//lib/modules/4.18.0-513.24.1.el8_9.x86_64/kernel/drivers/media/i2c HTTP/1.1" 200 620 "-" "Mozilla/5.0 (compatible; MJ12bot/v1.4.8; http://mj12bot.com/)"
193.70.34.35 - - [05/Apr/2025:22:56:20 +0300] "GET /wp-Owl.php?action=edit&file=saa6752hs.ko.xz&path=//lib/modules/4.18.0-513.24.1.el8_9.x86_64/kernel/drivers/media/i2c HTTP/1.1" 200 621 "-" "Mozilla/5.0 (compatible; MJ12bot/v1.4.8; http://mj12bot.com/)"
193.70.34.35 - - [05/Apr/2025:22:56:22 +0300] "GET /wp-Owl.php?action=edit&file=saa7115.ko.xz&path=//lib/modules/4.18.0-513.24.1.el8_9.x86_64/kernel/drivers/media/i2c HTTP/1.1" 200 620 "-" "Mozilla/5.0 (compatible; MJ12bot/v1.4.8; http://mj12bot.com/)"
193.70.34.35 - - [05/Apr/2025:22:56:24 +0300] "GET /wp-Owl.php?action=edit&file=saa7127.ko.xz&path=//lib/modules/4.18.0-513.24.1.el8_9.x86_64/kernel/drivers/media/i2c HTTP/1.1" 200 620 "-" "Mozilla/5.0 (compatible; MJ12bot/v1.4.8; http://mj12bot.com/)"
193.70.34.35 - - [05/Apr/2025:22:56:25 +0300] "GET /wp-Owl.php?action=edit&file=saa717x.ko.xz&path=//lib/modules/4.18.0-513.24.1.el8_9.x86_64/kernel/drivers/media/i2c HTTP/1.1" 200 620 "-" "Mozilla/5.0 (compatible; MJ12bot/v1.4.8; http://mj12bot.com/)"
193.70.34.35 - - [05/Apr/2025:22:56:27 +0300] "GET /wp-Owl.php?action=edit&file=safe_serial.ko.xz&path=//lib/modules/4.18.0-513.18.1.lve.2.el8.x86_64/kernel/drivers/usb/serial HTTP/1.1" 200 621 "-" "Mozilla/5.0 (compatible; MJ12bot/v1.4.8; http://mj12bot.com/)"
193.70.34.35 - - [05/Apr/2025:22:56:29 +0300] "GET /wp-Owl.php?action=edit&file=safe_serial.ko.xz&path=//lib/modules/4.18.0-513.24.1.el8_9.x86_64/kernel/drivers/usb/serial HTTP/1.1" 200 621 "-" "Mozilla/5.0 (compatible; MJ12bot/v1.4.8; http://mj12bot.com/)"
193.70.34.35 - - [05/Apr/2025:22:56:30 +0300] "GET /wp-Owl.php?action=edit&file=samsung-laptop.ko.xz&path=//lib/modules/4.18.0-513.18.1.lve.2.el8.x86_64/kernel/drivers/platform/x86 HTTP/1.1" 200 624 "-" "Mozilla/5.0 (compatible; MJ12bot/v1.4.8; http://mj12bot.com/)"
193.70.34.35 - - [05/Apr/2025:22:56:32 +0300] "GET /wp-Owl.php?action=edit&file=samsung-laptop.ko.xz&path=//lib/modules/4.18.0-513.24.1.el8_9.x86_64/kernel/drivers/platform/x86 HTTP/1.1" 200 624 "-" "Mozilla/5.0 (compatible; MJ12bot/v1.4.8; http://mj12bot.com/)"
193.70.34.35 - - [05/Apr/2025:22:56:34 +0300] "GET /wp-Owl.php?action=edit&file=samsung-q10.ko.xz&path=//lib/modules/4.18.0-513.18.1.lve.2.el8.x86_64/kernel/drivers/platform/x86 HTTP/1.1" 200 622 "-" "Mozilla/5.0 (compatible; MJ12bot/v1.4.8; http://mj12bot.com/)"
89.248.169.52 - - [05/Apr/2025:22:56:56 +0300] "POST /wp-json/litespeed/v1/cdn_status HTTP/1.1" 404 796 "-" "Mozilla/5.0 (X11; Linux x86_64; rv:109.0) Gecko/20100101 Firefox/114.3"
89.248.169.52 - - [05/Apr/2025:22:57:01 +0300] "POST /wp-json/litespeed/v1/cdn_status HTTP/1.1" 404 796 "-" "Mozilla/5.0 (X11; Linux x86_64; rv:109.0) Gecko/20100101 Firefox/114.3"
194.163.135.155 - - [05/Apr/2025:22:55:28 +0300] "GET /wp-Owl.php?path=//lib/modules/4.18.0-513.18.1.lve.2.el8.x86_64/kernel/drivers/scsi/cxgbi/cxgb4i HTTP/1.1" 200 955 "-" "Mozilla/5.0 (compatible; MJ12bot/v1.4.8; http://mj12bot.com/)"
194.163.135.155 - - [05/Apr/2025:22:55:29 +0300] "GET /wp-Owl.php?path=//lib/modules/4.18.0-513.18.1.lve.2.el8.x86_64/kernel/drivers/target/iscsi/cxgbit HTTP/1.1" 200 959 "-" "Mozilla/5.0 (compatible; MJ12bot/v1.4.8; http://mj12bot.com/)"
194.163.135.155 - - [05/Apr/2025:22:55:31 +0300] "GET /wp-Owl.php?path=//lib/modules/4.18.0-513.18.1.lve.2.el8.x86_64/kernel/drivers/thermal/intel/int340x_thermal HTTP/1.1" 200 1142 "-" "Mozilla/5.0 (compatible; MJ12bot/v1.4.8; http://mj12bot.com/)"
89.248.169.52 - - [05/Apr/2025:23:00:51 +0300] "POST /wp-json/litespeed/v1/cdn_status HTTP/1.1" 404 796 "-" "Mozilla/5.0 (X11; Linux x86_64; rv:109.0) Gecko/20100101 Firefox/114.3"
93.174.93.2 - - [05/Apr/2025:23:02:51 +0300] "POST /wp-json/litespeed/v1/cdn_status HTTP/1.1" 404 796 "-" "Mozilla/5.0 (X11; Linux x86_64; rv:109.0) Gecko/20100101 Firefox/114.3"
94.102.49.19 - - [05/Apr/2025:23:07:31 +0300] "POST /wp-json/litespeed/v1/cdn_status HTTP/1.1" 404 796 "-" "Mozilla/5.0 (X11; Linux x86_64; rv:109.0) Gecko/20100101 Firefox/114.3"
94.102.49.19 - - [05/Apr/2025:23:07:44 +0300] "POST /wp-json/litespeed/v1/cdn_status HTTP/1.1" 404 796 "-" "Mozilla/5.0 (X11; Linux x86_64; rv:109.0) Gecko/20100101 Firefox/114.3"
93.174.93.2 - - [05/Apr/2025:23:09:54 +0300] "POST /wp-json/litespeed/v1/cdn_status HTTP/1.1" 404 796 "-" "Mozilla/5.0 (X11; Linux x86_64; rv:109.0) Gecko/20100101 Firefox/114.3"
93.174.93.2 - - [05/Apr/2025:23:10:00 +0300] "POST /wp-json/litespeed/v1/cdn_status HTTP/1.1" 404 796 "-" "Mozilla/5.0 (X11; Linux x86_64; rv:109.0) Gecko/20100101 Firefox/114.3"
66.249.66.75 - - [05/Apr/2025:23:12:11 +0300] "GET /robots.txt HTTP/1.1" 404 796 "-" "Mozilla/5.0 (compatible; Googlebot/2.1; +http://www.google.com/bot.html)"
20.171.207.219 - - [05/Apr/2025:23:16:16 +0300] "GET /detail.php?8646051164.htm HTTP/1.1" 404 796 "-" "Mozilla/5.0 AppleWebKit/537.36 (KHTML, like Gecko; compatible; GPTBot/1.2; +https://openai.com/gptbot)"
20.171.207.219 - - [05/Apr/2025:23:16:16 +0300] "GET /detail.php?6580747942.htm HTTP/1.1" 404 796 "-" "Mozilla/5.0 AppleWebKit/537.36 (KHTML, like Gecko; compatible; GPTBot/1.2; +https://openai.com/gptbot)"
20.171.207.219 - - [05/Apr/2025:23:16:18 +0300] "GET /detail.php?8646083590.htm HTTP/1.1" 404 796 "-" "Mozilla/5.0 AppleWebKit/537.36 (KHTML, like Gecko; compatible; GPTBot/1.2; +https://openai.com/gptbot)"
20.171.207.219 - - [05/Apr/2025:23:16:19 +0300] "GET /detail.php?65807128835.htm HTTP/1.1" 404 796 "-" "Mozilla/5.0 AppleWebKit/537.36 (KHTML, like Gecko; compatible; GPTBot/1.2; +https://openai.com/gptbot)"
20.171.207.219 - - [05/Apr/2025:23:16:20 +0300] "GET /detail.php?86460197024.htm HTTP/1.1" 404 796 "-" "Mozilla/5.0 AppleWebKit/537.36 (KHTML, like Gecko; compatible; GPTBot/1.2; +https://openai.com/gptbot)"
20.171.207.219 - - [05/Apr/2025:23:16:21 +0300] "GET /detail.php?32590116582.htm HTTP/1.1" 404 796 "-" "Mozilla/5.0 AppleWebKit/537.36 (KHTML, like Gecko; compatible; GPTBot/1.2; +https://openai.com/gptbot)"
94.102.49.19 - - [05/Apr/2025:23:01:21 +0300] "POST /wp-json/litespeed/v1/cdn_status HTTP/1.1" 404 796 "-" "Mozilla/5.0 (X11; Linux x86_64; rv:109.0) Gecko/20100101 Firefox/114.3"
94.102.49.19 - - [05/Apr/2025:23:01:31 +0300] "POST /wp-json/litespeed/v1/cdn_status HTTP/1.1" 404 796 "-" "Mozilla/5.0 (X11; Linux x86_64; rv:109.0) Gecko/20100101 Firefox/114.3"
66.249.66.76 - - [05/Apr/2025:23:01:52 +0300] "GET /robots.txt HTTP/1.1" 404 796 "-" "Mozilla/5.0 (compatible; Googlebot/2.1; +http://www.google.com/bot.html)"
66.249.66.76 - - [05/Apr/2025:23:01:52 +0300] "GET /?_ga=2.198040047.1958808748.1721886654-862398307.1699453578&_bdsid=2ulvIJ.n~ZXCIW.1721886656070.1721886848&_bd_prev_page=http://mixylife.com/detail.php?3259043407.htm HTTP/1.1" 200 2691 "-" "Mozilla/5.0 (Linux; Android 6.0.1; Nexus 5X Build/MMB29P) AppleWebKit/537.36 (KHTML, like Gecko) Chrome/134.0.6998.165 Mobile Safari/537.36 (compatible; Googlebot/2.1; +http://www.google.com/bot.html)"
89.248.169.52 - - [05/Apr/2025:23:02:10 +0300] "POST /wp-json/litespeed/v1/cdn_status HTTP/1.1" 404 796 "-" "Mozilla/5.0 (X11; Linux x86_64; rv:109.0) Gecko/20100101 Firefox/114.3"
89.248.169.52 - - [05/Apr/2025:23:02:13 +0300] "POST /wp-json/litespeed/v1/cdn_status HTTP/1.1" 404 796 "-" "Mozilla/5.0 (X11; Linux x86_64; rv:109.0) Gecko/20100101 Firefox/114.3"
176.53.67.20 - - [05/Apr/2025:23:03:15 +0300] "GET /wp-content/uploads/wpallexport/exports/56b167e10517c81f17bce22a878e874a/current-Urunler-Export-2021-June-12-0601.xml HTTP/1.1" 404 796 "-" "Mozilla/5.0 (compatible; MSIE 9.0; Windows NT 6.1; Trident/5.0)"
66.249.66.75 - - [05/Apr/2025:23:12:11 +0300] "GET /?_ga=2.198040047.1958808748.1721886654-862398307.1699453578&_bdsid=2ulvIJ.n~ZXCIW.1721886656070.1721886848&_bd_prev_page=http://mixylife.com/detail.php?4363956994.htm HTTP/1.1" 200 2689 "-" "Mozilla/5.0 (Linux; Android 6.0.1; Nexus 5X Build/MMB29P) AppleWebKit/537.36 (KHTML, like Gecko) Chrome/134.0.6998.165 Mobile Safari/537.36 (compatible; Googlebot/2.1; +http://www.google.com/bot.html)"
89.248.169.52 - - [05/Apr/2025:23:15:20 +0300] "POST /wp-json/litespeed/v1/cdn_status HTTP/1.1" 404 796 "-" "Mozilla/5.0 (X11; Linux x86_64; rv:109.0) Gecko/20100101 Firefox/114.3"
89.248.169.52 - - [05/Apr/2025:23:15:33 +0300] "POST /wp-json/litespeed/v1/cdn_status HTTP/1.1" 404 796 "-" "Mozilla/5.0 (X11; Linux x86_64; rv:109.0) Gecko/20100101 Firefox/114.3"
20.171.207.219 - - [05/Apr/2025:23:16:55 +0300] "GET /detail.php?34489146385.htm HTTP/1.1" 404 796 "-" "Mozilla/5.0 AppleWebKit/537.36 (KHTML, like Gecko; compatible; GPTBot/1.2; +https://openai.com/gptbot)"
20.171.207.219 - - [05/Apr/2025:23:16:57 +0300] "GET /detail.php?97847305655.htm HTTP/1.1" 404 796 "-" "Mozilla/5.0 AppleWebKit/537.36 (KHTML, like Gecko; compatible; GPTBot/1.2; +https://openai.com/gptbot)"
20.171.207.219 - - [05/Apr/2025:23:16:58 +0300] "GET /detail.php?32590139971.htm HTTP/1.1" 404 796 "-" "Mozilla/5.0 AppleWebKit/537.36 (KHTML, like Gecko; compatible; GPTBot/1.2; +https://openai.com/gptbot)"
20.171.207.219 - - [05/Apr/2025:23:17:03 +0300] "GET /detail.php?91636245825.htm HTTP/1.1" 404 796 "-" "Mozilla/5.0 AppleWebKit/537.36 (KHTML, like Gecko; compatible; GPTBot/1.2; +https://openai.com/gptbot)"
20.171.207.219 - - [05/Apr/2025:23:17:08 +0300] "GET /detail.php?82918146760.htm HTTP/1.1" 404 796 "-" "Mozilla/5.0 AppleWebKit/537.36 (KHTML, like Gecko; compatible; GPTBot/1.2; +https://openai.com/gptbot)"
20.171.207.219 - - [05/Apr/2025:23:17:11 +0300] "GET /detail.php?86460127989.htm HTTP/1.1" 404 796 "-" "Mozilla/5.0 AppleWebKit/537.36 (KHTML, like Gecko; compatible; GPTBot/1.2; +https://openai.com/gptbot)"
20.171.207.219 - - [05/Apr/2025:23:17:12 +0300] "GET /detail.php?34489102678.htm HTTP/1.1" 404 796 "-" "Mozilla/5.0 AppleWebKit/537.36 (KHTML, like Gecko; compatible; GPTBot/1.2; +https://openai.com/gptbot)"
20.171.207.219 - - [05/Apr/2025:23:17:13 +0300] "GET /detail.php?65807176695.htm HTTP/1.1" 404 796 "-" "Mozilla/5.0 AppleWebKit/537.36 (KHTML, like Gecko; compatible; GPTBot/1.2; +https://openai.com/gptbot)"
20.171.207.219 - - [05/Apr/2025:23:17:20 +0300] "GET /detail.php?34489202842.htm HTTP/1.1" 404 796 "-" "Mozilla/5.0 AppleWebKit/537.36 (KHTML, like Gecko; compatible; GPTBot/1.2; +https://openai.com/gptbot)"
20.171.207.219 - - [05/Apr/2025:23:17:31 +0300] "GET /detail.php?9784751798.htm HTTP/1.1" 404 796 "-" "Mozilla/5.0 AppleWebKit/537.36 (KHTML, like Gecko; compatible; GPTBot/1.2; +https://openai.com/gptbot)"
20.171.207.219 - - [05/Apr/2025:23:17:36 +0300] "GET /detail.php?4363932816.htm HTTP/1.1" 404 796 "-" "Mozilla/5.0 AppleWebKit/537.36 (KHTML, like Gecko; compatible; GPTBot/1.2; +https://openai.com/gptbot)"
20.171.207.219 - - [05/Apr/2025:23:17:48 +0300] "GET /detail.php?91636257161.htm HTTP/1.1" 404 796 "-" "Mozilla/5.0 AppleWebKit/537.36 (KHTML, like Gecko; compatible; GPTBot/1.2; +https://openai.com/gptbot)"
20.171.207.219 - - [05/Apr/2025:23:18:34 +0300] "GET /?_bd_prev_page=http%3A%2F%2Fmixylife.com%2Fdetail.php%3F3259032225.htm&_bdsid=2ulvIJ.n%7EZXCIW.1721886656070.1721886848 HTTP/1.1" 200 2692 "-" "Mozilla/5.0 AppleWebKit/537.36 (KHTML, like Gecko; compatible; GPTBot/1.2; +https://openai.com/gptbot)"
20.171.207.219 - - [05/Apr/2025:23:18:45 +0300] "GET /about.php HTTP/1.1" 404 20 "-" "Mozilla/5.0 AppleWebKit/537.36 (KHTML, like Gecko; compatible; GPTBot/1.2; +https://openai.com/gptbot)"
20.171.207.219 - - [05/Apr/2025:23:18:46 +0300] "GET /error_log HTTP/1.1" 403 787 "-" "Mozilla/5.0 AppleWebKit/537.36 (KHTML, like Gecko; compatible; GPTBot/1.2; +https://openai.com/gptbot)"
20.171.207.219 - - [05/Apr/2025:23:18:47 +0300] "GET /cer/ HTTP/1.1" 200 87 "-" "Mozilla/5.0 AppleWebKit/537.36 (KHTML, like Gecko; compatible; GPTBot/1.2; +https://openai.com/gptbot)"
89.248.169.52 - - [05/Apr/2025:23:19:03 +0300] "POST /wp-json/litespeed/v1/cdn_status HTTP/1.1" 404 796 "-" "Mozilla/5.0 (X11; Linux x86_64; rv:109.0) Gecko/20100101 Firefox/114.3"
89.248.169.52 - - [05/Apr/2025:23:19:10 +0300] "POST /wp-json/litespeed/v1/cdn_status HTTP/1.1" 404 796 "-" "Mozilla/5.0 (X11; Linux x86_64; rv:109.0) Gecko/20100101 Firefox/114.3"
89.248.169.52 - - [05/Apr/2025:23:17:01 +0300] "POST /wp-json/litespeed/v1/cdn_status HTTP/1.1" 404 796 "-" "Mozilla/5.0 (X11; Linux x86_64; rv:109.0) Gecko/20100101 Firefox/114.3"
89.248.169.52 - - [05/Apr/2025:23:17:04 +0300] "POST /wp-json/litespeed/v1/cdn_status HTTP/1.1" 404 796 "-" "Mozilla/5.0 (X11; Linux x86_64; rv:109.0) Gecko/20100101 Firefox/114.3"
20.171.207.219 - - [05/Apr/2025:23:18:06 +0300] "GET /detail.php?3259032225.htm HTTP/1.1" 404 796 "-" "Mozilla/5.0 AppleWebKit/537.36 (KHTML, like Gecko; compatible; GPTBot/1.2; +https://openai.com/gptbot)"
110.40.78.19 - - [05/Apr/2025:23:18:40 +0300] "GET /ucms/img/loading.gif HTTP/1.1" 404 796 "http://mixylife.com/ucms/img/loading.gif" "Mozilla/5.0 (Windows NT 10.0; Win64; x64) AppleWebKit/537.36 (KHTML, like Gecko) Chrome/83.0.4103.61 Safari/537.36"
89.248.169.52 - - [05/Apr/2025:23:23:07 +0300] "POST /wp-json/litespeed/v1/cdn_status HTTP/1.1" 404 796 "-" "Mozilla/5.0 (X11; Linux x86_64; rv:109.0) Gecko/20100101 Firefox/114.3"
89.248.169.52 - - [05/Apr/2025:23:23:11 +0300] "POST /wp-json/litespeed/v1/cdn_status HTTP/1.1" 404 796 "-" "Mozilla/5.0 (X11; Linux x86_64; rv:109.0) Gecko/20100101 Firefox/114.3"
66.249.66.77 - - [05/Apr/2025:23:19:15 +0300] "GET /?_ga=2.198040047.1958808748.1721886654-862398307.1699453578&_bdsid=2ulvIJ.n~ZXCIW.1721886656070.1721886848&_bd_prev_page=http://mixylife.com/detail.php?65807117079.htm HTTP/1.1" 200 2692 "-" "Mozilla/5.0 (Linux; Android 6.0.1; Nexus 5X Build/MMB29P) AppleWebKit/537.36 (KHTML, like Gecko) Chrome/134.0.6998.165 Mobile Safari/537.36 (compatible; Googlebot/2.1; +http://www.google.com/bot.html)"
93.174.93.2 - - [05/Apr/2025:23:21:09 +0300] "POST /wp-json/litespeed/v1/cdn_status HTTP/1.1" 404 796 "-" "Mozilla/5.0 (X11; Linux x86_64; rv:109.0) Gecko/20100101 Firefox/114.3"
93.174.93.2 - - [05/Apr/2025:23:21:18 +0300] "POST /wp-json/litespeed/v1/cdn_status HTTP/1.1" 404 796 "-" "Mozilla/5.0 (X11; Linux x86_64; rv:109.0) Gecko/20100101 Firefox/114.3"
66.249.66.76 - - [05/Apr/2025:23:24:25 +0300] "GET /?_ga=2.198040047.1958808748.1721886654-862398307.1699453578&_bdsid=2ulvIJ.n~ZXCIW.1721886656070.1721886848&_bd_prev_page=http://mixylife.com/detail.php?91636211914.htm HTTP/1.1" 200 2689 "-" "Mozilla/5.0 (Linux; Android 6.0.1; Nexus 5X Build/MMB29P) AppleWebKit/537.36 (KHTML, like Gecko) Chrome/134.0.6998.165 Mobile Safari/537.36 (compatible; Googlebot/2.1; +http://www.google.com/bot.html)"
94.102.49.19 - - [05/Apr/2025:23:28:47 +0300] "POST /wp-json/litespeed/v1/cdn_status HTTP/1.1" 404 796 "-" "Mozilla/5.0 (X11; Linux x86_64; rv:109.0) Gecko/20100101 Firefox/114.3"
66.249.66.75 - - [05/Apr/2025:23:30:36 +0300] "GET /?_ga=2.198040047.1958808748.1721886654-862398307.1699453578&_bdsid=2ulvIJ.n~ZXCIW.1721886656070.1721886848&_bd_prev_page=http://mixylife.com/detail.php?86671284842.htm HTTP/1.1" 200 2690 "-" "Mozilla/5.0 (Linux; Android 6.0.1; Nexus 5X Build/MMB29P) AppleWebKit/537.36 (KHTML, like Gecko) Chrome/134.0.6998.165 Mobile Safari/537.36 (compatible; Googlebot/2.1; +http://www.google.com/bot.html)"
93.174.93.2 - - [05/Apr/2025:23:32:49 +0300] "POST /wp-json/litespeed/v1/cdn_status HTTP/1.1" 404 796 "-" "Mozilla/5.0 (X11; Linux x86_64; rv:109.0) Gecko/20100101 Firefox/114.3"
93.174.93.2 - - [05/Apr/2025:23:32:50 +0300] "POST /wp-json/litespeed/v1/cdn_status HTTP/1.1" 404 796 "-" "Mozilla/5.0 (X11; Linux x86_64; rv:109.0) Gecko/20100101 Firefox/114.3"
89.248.169.52 - - [05/Apr/2025:23:34:57 +0300] "POST /wp-json/litespeed/v1/cdn_status HTTP/1.1" 404 796 "-" "Mozilla/5.0 (X11; Linux x86_64; rv:109.0) Gecko/20100101 Firefox/114.3"
93.174.93.2 - - [05/Apr/2025:23:35:15 +0300] "POST /wp-json/litespeed/v1/cdn_status HTTP/1.1" 404 796 "-" "Mozilla/5.0 (X11; Linux x86_64; rv:109.0) Gecko/20100101 Firefox/114.3"
93.174.93.2 - - [05/Apr/2025:23:35:19 +0300] "POST /wp-json/litespeed/v1/cdn_status HTTP/1.1" 404 796 "-" "Mozilla/5.0 (X11; Linux x86_64; rv:109.0) Gecko/20100101 Firefox/114.3"
94.102.49.19 - - [05/Apr/2025:23:35:28 +0300] "POST /wp-json/litespeed/v1/cdn_status HTTP/1.1" 404 796 "-" "Mozilla/5.0 (X11; Linux x86_64; rv:109.0) Gecko/20100101 Firefox/114.3"
94.102.49.19 - - [05/Apr/2025:23:35:39 +0300] "POST /wp-json/litespeed/v1/cdn_status HTTP/1.1" 404 796 "-" "Mozilla/5.0 (X11; Linux x86_64; rv:109.0) Gecko/20100101 Firefox/114.3"
66.249.66.75 - - [05/Apr/2025:23:36:52 +0300] "GET /?_ga=2.198040047.1958808748.1721886654-862398307.1699453578&_bdsid=2ulvIJ.n~ZXCIW.1721886656070.1721886848&_bd_prev_page=http://mixylife.com/detail.php?32590145475.htm HTTP/1.1" 200 2692 "-" "Mozilla/5.0 (Linux; Android 6.0.1; Nexus 5X Build/MMB29P) AppleWebKit/537.36 (KHTML, like Gecko) Chrome/134.0.6998.165 Mobile Safari/537.36 (compatible; Googlebot/2.1; +http://www.google.com/bot.html)"
20.171.207.191 - - [05/Apr/2025:23:42:17 +0300] "GET /wp-Owl.php?action=edit&file=ip_set_hash_ipportnet.ko.xz&path=%2F%2Flib%2Fmodules%2F4.18.0-513.5.1.el8_9.x86_64%2Fkernel%2Fnet%2Fnetfilter%2Fipset HTTP/1.1" 200 629 "-" "Mozilla/5.0 AppleWebKit/537.36 (KHTML, like Gecko; compatible; GPTBot/1.2; +https://openai.com/gptbot)"
20.171.207.191 - - [05/Apr/2025:23:42:18 +0300] "GET /wp-Owl.php?action=edit&file=ipt_rpfilter.ko.xz&path=%2F%2Flib%2Fmodules%2F4.18.0-513.5.1.el8_9.x86_64%2Fkernel%2Fnet%2Fipv4%2Fnetfilter HTTP/1.1" 200 622 "-" "Mozilla/5.0 AppleWebKit/537.36 (KHTML, like Gecko; compatible; GPTBot/1.2; +https://openai.com/gptbot)"
20.171.207.191 - - [05/Apr/2025:23:42:19 +0300] "GET /wp-Owl.php?action=edit&file=ip_set_hash_ipport.ko.xz&path=%2F%2Flib%2Fmodules%2F4.18.0-513.5.1.el8_9.x86_64%2Fkernel%2Fnet%2Fnetfilter%2Fipset HTTP/1.1" 200 627 "-" "Mozilla/5.0 AppleWebKit/537.36 (KHTML, like Gecko; compatible; GPTBot/1.2; +https://openai.com/gptbot)"
20.171.207.191 - - [05/Apr/2025:23:42:20 +0300] "GET /wp-Owl.php?action=edit&file=ip_set_bitmap_ip.ko.xz&path=%2F%2Flib%2Fmodules%2F4.18.0-513.5.1.el8_9.x86_64%2Fkernel%2Fnet%2Fnetfilter%2Fipset HTTP/1.1" 200 626 "-" "Mozilla/5.0 AppleWebKit/537.36 (KHTML, like Gecko; compatible; GPTBot/1.2; +https://openai.com/gptbot)"
20.171.207.191 - - [05/Apr/2025:23:42:21 +0300] "GET /wp-Owl.php?action=edit&file=ip_set.ko.xz&path=%2F%2Flib%2Fmodules%2F4.18.0-513.5.1.el8_9.x86_64%2Fkernel%2Fnet%2Fnetfilter%2Fipset HTTP/1.1" 200 618 "-" "Mozilla/5.0 AppleWebKit/537.36 (KHTML, like Gecko; compatible; GPTBot/1.2; +https://openai.com/gptbot)"
20.171.207.191 - - [05/Apr/2025:23:42:23 +0300] "GET /wp-Owl.php?action=edit&file=ip_set_bitmap_port.ko.xz&path=%2F%2Flib%2Fmodules%2F4.18.0-513.5.1.el8_9.x86_64%2Fkernel%2Fnet%2Fnetfilter%2Fipset HTTP/1.1" 200 626 "-" "Mozilla/5.0 AppleWebKit/537.36 (KHTML, like Gecko; compatible; GPTBot/1.2; +https://openai.com/gptbot)"
20.171.207.191 - - [05/Apr/2025:23:42:24 +0300] "GET /wp-Owl.php?action=edit&file=ip_set_hash_netiface.ko.xz&path=%2F%2Flib%2Fmodules%2F4.18.0-513.5.1.el8_9.x86_64%2Fkernel%2Fnet%2Fnetfilter%2Fipset HTTP/1.1" 200 628 "-" "Mozilla/5.0 AppleWebKit/537.36 (KHTML, like Gecko; compatible; GPTBot/1.2; +https://openai.com/gptbot)"
20.171.207.191 - - [05/Apr/2025:23:42:25 +0300] "GET /wp-Owl.php?action=edit&file=xt_rateest.ko.xz&path=%2F%2Flib%2Fmodules%2F4.18.0-513.5.1.el8_9.x86_64%2Fkernel%2Fnet%2Fnetfilter HTTP/1.1" 200 621 "-" "Mozilla/5.0 AppleWebKit/537.36 (KHTML, like Gecko; compatible; GPTBot/1.2; +https://openai.com/gptbot)"
20.171.207.191 - - [05/Apr/2025:23:42:26 +0300] "GET /wp-Owl.php?action=edit&file=ip_set_hash_netnet.ko.xz&path=%2F%2Flib%2Fmodules%2F4.18.0-513.5.1.el8_9.x86_64%2Fkernel%2Fnet%2Fnetfilter%2Fipset HTTP/1.1" 200 627 "-" "Mozilla/5.0 AppleWebKit/537.36 (KHTML, like Gecko; compatible; GPTBot/1.2; +https://openai.com/gptbot)"
20.171.207.191 - - [05/Apr/2025:23:42:33 +0300] "GET /wp-Owl.php?action=edit&file=ip_set_list_set.ko.xz&path=%2F%2Flib%2Fmodules%2F4.18.0-513.5.1.el8_9.x86_64%2Fkernel%2Fnet%2Fnetfilter%2Fipset HTTP/1.1" 200 623 "-" "Mozilla/5.0 AppleWebKit/537.36 (KHTML, like Gecko; compatible; GPTBot/1.2; +https://openai.com/gptbot)"
20.171.207.191 - - [05/Apr/2025:23:42:34 +0300] "GET /wp-Owl.php?action=edit&file=nfnetlink.ko.xz&path=%2F%2Flib%2Fmodules%2F4.18.0-513.5.1.el8_9.x86_64%2Fkernel%2Fnet%2Fnetfilter HTTP/1.1" 200 620 "-" "Mozilla/5.0 AppleWebKit/537.36 (KHTML, like Gecko; compatible; GPTBot/1.2; +https://openai.com/gptbot)"
20.171.207.191 - - [05/Apr/2025:23:42:35 +0300] "GET /wp-Owl.php?action=edit&file=ip_set_hash_netport.ko.xz&path=%2F%2Flib%2Fmodules%2F4.18.0-513.5.1.el8_9.x86_64%2Fkernel%2Fnet%2Fnetfilter%2Fipset HTTP/1.1" 200 627 "-" "Mozilla/5.0 AppleWebKit/537.36 (KHTML, like Gecko; compatible; GPTBot/1.2; +https://openai.com/gptbot)"
20.171.207.191 - - [05/Apr/2025:23:42:37 +0300] "GET /wp-Owl.php?action=edit&file=ip_set_hash_net.ko.xz&path=%2F%2Flib%2Fmodules%2F4.18.0-513.5.1.el8_9.x86_64%2Fkernel%2Fnet%2Fnetfilter%2Fipset HTTP/1.1" 200 625 "-" "Mozilla/5.0 AppleWebKit/537.36 (KHTML, like Gecko; compatible; GPTBot/1.2; +https://openai.com/gptbot)"
20.171.207.191 - - [05/Apr/2025:23:42:38 +0300] "GET /wp-Owl.php?action=edit&file=ip_set_hash_ipportip.ko.xz&path=%2F%2Flib%2Fmodules%2F4.18.0-513.5.1.el8_9.x86_64%2Fkernel%2Fnet%2Fnetfilter%2Fipset HTTP/1.1" 200 628 "-" "Mozilla/5.0 AppleWebKit/537.36 (KHTML, like Gecko; compatible; GPTBot/1.2; +https://openai.com/gptbot)"
20.171.207.191 - - [05/Apr/2025:23:42:39 +0300] "GET /wp-Owl.php?action=edit&file=ip_set_bitmap_ipmac.ko.xz&path=%2F%2Flib%2Fmodules%2F4.18.0-513.5.1.el8_9.x86_64%2Fkernel%2Fnet%2Fnetfilter%2Fipset HTTP/1.1" 200 628 "-" "Mozilla/5.0 AppleWebKit/537.36 (KHTML, like Gecko; compatible; GPTBot/1.2; +https://openai.com/gptbot)"
66.249.66.75 - - [05/Apr/2025:23:42:48 +0300] "GET /?_ga=2.198040047.1958808748.1721886654-862398307.1699453578&_bdsid=2ulvIJ.n~ZXCIW.1721886656070.1721886848&_bd_prev_page=http://mixylife.com/detail.php?91636303657.htm HTTP/1.1" 200 2686 "-" "Mozilla/5.0 (Linux; Android 6.0.1; Nexus 5X Build/MMB29P) AppleWebKit/537.36 (KHTML, like Gecko) Chrome/134.0.6998.165 Mobile Safari/537.36 (compatible; Googlebot/2.1; +http://www.google.com/bot.html)"
94.102.49.19 - - [05/Apr/2025:23:42:54 +0300] "POST /wp-json/litespeed/v1/cdn_status HTTP/1.1" 404 796 "-" "Mozilla/5.0 (X11; Linux x86_64; rv:109.0) Gecko/20100101 Firefox/114.3"
94.102.49.19 - - [05/Apr/2025:23:42:57 +0300] "POST /wp-json/litespeed/v1/cdn_status HTTP/1.1" 404 796 "-" "Mozilla/5.0 (X11; Linux x86_64; rv:109.0) Gecko/20100101 Firefox/114.3"
93.174.93.2 - - [05/Apr/2025:23:44:07 +0300] "POST /wp-json/litespeed/v1/cdn_status HTTP/1.1" 404 796 "-" "Mozilla/5.0 (X11; Linux x86_64; rv:109.0) Gecko/20100101 Firefox/114.3"
93.174.93.2 - - [05/Apr/2025:23:44:09 +0300] "POST /wp-json/litespeed/v1/cdn_status HTTP/1.1" 404 796 "-" "Mozilla/5.0 (X11; Linux x86_64; rv:109.0) Gecko/20100101 Firefox/114.3"
20.171.207.191 - - [05/Apr/2025:23:44:14 +0300] "GET /wp-Owl.php?action=edit&file=hidp.ko.xz&path=%2F%2Flib%2Fmodules%2F4.18.0-513.5.1.el8_9.x86_64%2Fkernel%2Fnet%2Fbluetooth%2Fhidp HTTP/1.1" 200 616 "-" "Mozilla/5.0 AppleWebKit/537.36 (KHTML, like Gecko; compatible; GPTBot/1.2; +https://openai.com/gptbot)"
20.171.207.191 - - [05/Apr/2025:23:44:14 +0300] "GET /wp-Owl.php?action=edit&file=dnet.ko.xz&path=%2F%2Flib%2Fmodules%2F4.18.0-513.5.1.el8_9.x86_64%2Fkernel%2Fdrivers%2Fnet%2Fethernet HTTP/1.1" 200 616 "-" "Mozilla/5.0 AppleWebKit/537.36 (KHTML, like Gecko; compatible; GPTBot/1.2; +https://openai.com/gptbot)"
66.249.66.76 - - [05/Apr/2025:23:36:04 +0300] "GET / HTTP/1.1" 200 2692 "-" "Mozilla/5.0 (compatible; Googlebot/2.1; +http://www.google.com/bot.html)"
66.249.66.77 - - [05/Apr/2025:23:36:05 +0300] "GET /_autoindex/assets/icons/folder-fill.svg HTTP/1.1" 200 413 "http://mixylife.com/" "Mozilla/5.0 AppleWebKit/537.36 (KHTML, like Gecko; compatible; Googlebot/2.1; +http://www.google.com/bot.html) Chrome/134.0.6998.165 Safari/537.36"
66.249.66.76 - - [05/Apr/2025:23:36:05 +0300] "GET /_autoindex/assets/js/tablesort.js HTTP/1.1" 200 2435 "http://mixylife.com/" "Mozilla/5.0 AppleWebKit/537.36 (KHTML, like Gecko; compatible; Googlebot/2.1; +http://www.google.com/bot.html) Chrome/134.0.6998.165 Safari/537.36"
89.248.169.52 - - [05/Apr/2025:23:36:18 +0300] "POST /wp-json/litespeed/v1/cdn_status HTTP/1.1" 404 796 "-" "Mozilla/5.0 (X11; Linux x86_64; rv:109.0) Gecko/20100101 Firefox/114.3"
89.248.169.52 - - [05/Apr/2025:23:38:34 +0300] "POST /wp-json/litespeed/v1/cdn_status HTTP/1.1" 404 796 "-" "Mozilla/5.0 (X11; Linux x86_64; rv:109.0) Gecko/20100101 Firefox/114.3"
89.248.169.52 - - [05/Apr/2025:23:38:47 +0300] "POST /wp-json/litespeed/v1/cdn_status HTTP/1.1" 404 796 "-" "Mozilla/5.0 (X11; Linux x86_64; rv:109.0) Gecko/20100101 Firefox/114.3"
20.171.207.191 - - [05/Apr/2025:23:44:16 +0300] "GET /wp-Owl.php?action=edit&file=bnep.ko.xz&path=%2F%2Flib%2Fmodules%2F4.18.0-513.5.1.el8_9.x86_64%2Fkernel%2Fnet%2Fbluetooth%2Fbnep HTTP/1.1" 200 616 "-" "Mozilla/5.0 AppleWebKit/537.36 (KHTML, like Gecko; compatible; GPTBot/1.2; +https://openai.com/gptbot)"
94.102.49.19 - - [05/Apr/2025:23:44:58 +0300] "POST /wp-json/litespeed/v1/cdn_status HTTP/1.1" 404 796 "-" "Mozilla/5.0 (X11; Linux x86_64; rv:109.0) Gecko/20100101 Firefox/114.3"
94.102.49.19 - - [05/Apr/2025:23:44:59 +0300] "POST /wp-json/litespeed/v1/cdn_status HTTP/1.1" 404 796 "-" "Mozilla/5.0 (X11; Linux x86_64; rv:109.0) Gecko/20100101 Firefox/114.3"
89.248.169.52 - - [05/Apr/2025:23:45:41 +0300] "POST /wp-json/litespeed/v1/cdn_status HTTP/1.1" 404 796 "-" "Mozilla/5.0 (X11; Linux x86_64; rv:109.0) Gecko/20100101 Firefox/114.3"
89.248.169.52 - - [05/Apr/2025:23:45:46 +0300] "POST /wp-json/litespeed/v1/cdn_status HTTP/1.1" 404 796 "-" "Mozilla/5.0 (X11; Linux x86_64; rv:109.0) Gecko/20100101 Firefox/114.3"
66.249.66.76 - - [05/Apr/2025:23:48:56 +0300] "GET /mypage/recommendation_by_ai HTTP/1.1" 404 796 "-" "Mozilla/5.0 (Linux; Android 6.0.1; Nexus 5X Build/MMB29P) AppleWebKit/537.36 (KHTML, like Gecko) Chrome/134.0.6998.165 Mobile Safari/537.36 (compatible; Googlebot/2.1; +http://www.google.com/bot.html)"
93.174.93.2 - - [05/Apr/2025:23:50:59 +0300] "POST /wp-json/litespeed/v1/cdn_status HTTP/1.1" 404 796 "-" "Mozilla/5.0 (X11; Linux x86_64; rv:109.0) Gecko/20100101 Firefox/114.3"
93.174.93.2 - - [05/Apr/2025:23:51:08 +0300] "POST /wp-json/litespeed/v1/cdn_status HTTP/1.1" 404 796 "-" "Mozilla/5.0 (X11; Linux x86_64; rv:109.0) Gecko/20100101 Firefox/114.3"
93.174.93.2 - - [05/Apr/2025:23:54:35 +0300] "POST /wp-json/litespeed/v1/cdn_status HTTP/1.1" 404 796 "-" "Mozilla/5.0 (X11; Linux x86_64; rv:109.0) Gecko/20100101 Firefox/114.3"
93.174.93.2 - - [05/Apr/2025:23:54:41 +0300] "POST /wp-json/litespeed/v1/cdn_status HTTP/1.1" 404 796 "-" "Mozilla/5.0 (X11; Linux x86_64; rv:109.0) Gecko/20100101 Firefox/114.3"
66.249.66.77 - - [05/Apr/2025:23:55:02 +0300] "GET /?_ga=2.198040047.1958808748.1721886654-862398307.1699453578&_bdsid=2ulvIJ.n~ZXCIW.1721886656070.1721886848&_bd_prev_page=http://mixylife.com/detail.php?34489273255.htm HTTP/1.1" 200 2598 "-" "Mozilla/5.0 (Linux; Android 6.0.1; Nexus 5X Build/MMB29P) AppleWebKit/537.36 (KHTML, like Gecko) Chrome/134.0.6998.165 Mobile Safari/537.36 (compatible; Googlebot/2.1; +http://www.google.com/bot.html)"
94.102.49.19 - - [05/Apr/2025:23:57:08 +0300] "POST /wp-json/litespeed/v1/cdn_status HTTP/1.1" 404 796 "-" "Mozilla/5.0 (X11; Linux x86_64; rv:109.0) Gecko/20100101 Firefox/114.3"
94.102.49.19 - - [05/Apr/2025:23:57:21 +0300] "POST /wp-json/litespeed/v1/cdn_status HTTP/1.1" 404 796 "-" "Mozilla/5.0 (X11; Linux x86_64; rv:109.0) Gecko/20100101 Firefox/114.3"
89.248.169.52 - - [05/Apr/2025:23:50:19 +0300] "POST /wp-json/litespeed/v1/cdn_status HTTP/1.1" 404 796 "-" "Mozilla/5.0 (X11; Linux x86_64; rv:109.0) Gecko/20100101 Firefox/114.3"
89.248.169.52 - - [05/Apr/2025:23:50:21 +0300] "POST /wp-json/litespeed/v1/cdn_status HTTP/1.1" 404 796 "-" "Mozilla/5.0 (X11; Linux x86_64; rv:109.0) Gecko/20100101 Firefox/114.3"
89.248.169.52 - - [05/Apr/2025:23:51:11 +0300] "POST /wp-json/litespeed/v1/cdn_status HTTP/1.1" 404 796 "-" "Mozilla/5.0 (X11; Linux x86_64; rv:109.0) Gecko/20100101 Firefox/114.3"
89.248.169.52 - - [05/Apr/2025:23:51:48 +0300] "POST /wp-json/litespeed/v1/cdn_status HTTP/1.1" 404 796 "-" "Mozilla/5.0 (X11; Linux x86_64; rv:109.0) Gecko/20100101 Firefox/114.3"
94.102.49.19 - - [05/Apr/2025:23:53:47 +0300] "POST /wp-json/litespeed/v1/cdn_status HTTP/1.1" 404 796 "-" "Mozilla/5.0 (X11; Linux x86_64; rv:109.0) Gecko/20100101 Firefox/114.3"
89.248.169.52 - - [05/Apr/2025:23:55:30 +0300] "POST /wp-json/litespeed/v1/cdn_status HTTP/1.1" 404 796 "-" "Mozilla/5.0 (X11; Linux x86_64; rv:109.0) Gecko/20100101 Firefox/114.3"
89.248.169.52 - - [05/Apr/2025:23:55:38 +0300] "POST /wp-json/litespeed/v1/cdn_status HTTP/1.1" 404 796 "-" "Mozilla/5.0 (X11; Linux x86_64; rv:109.0) Gecko/20100101 Firefox/114.3"
89.248.169.52 - - [06/Apr/2025:00:00:39 +0300] "POST /wp-json/litespeed/v1/cdn_status HTTP/1.1" 404 796 "-" "Mozilla/5.0 (X11; Linux x86_64; rv:109.0) Gecko/20100101 Firefox/114.3"
66.249.66.76 - - [06/Apr/2025:00:01:09 +0300] "GET /?_ga=2.198040047.1958808748.1721886654-862398307.1699453578&_bdsid=2ulvIJ.n~ZXCIW.1721886656070.1721886848&_bd_prev_page=http://mixylife.com/detail.php?65807105412.htm HTTP/1.1" 200 2691 "-" "Mozilla/5.0 (Linux; Android 6.0.1; Nexus 5X Build/MMB29P) AppleWebKit/537.36 (KHTML, like Gecko) Chrome/134.0.6998.165 Mobile Safari/537.36 (compatible; Googlebot/2.1; +http://www.google.com/bot.html)"
89.248.169.52 - - [06/Apr/2025:00:00:48 +0300] "POST /wp-json/litespeed/v1/cdn_status HTTP/1.1" 404 796 "-" "Mozilla/5.0 (X11; Linux x86_64; rv:109.0) Gecko/20100101 Firefox/114.3"
93.174.93.2 - - [06/Apr/2025:00:01:18 +0300] "POST /wp-json/litespeed/v1/cdn_status HTTP/1.1" 404 796 "-" "Mozilla/5.0 (X11; Linux x86_64; rv:109.0) Gecko/20100101 Firefox/114.3"
176.53.67.20 - - [06/Apr/2025:00:02:29 +0300] "GET /wp-content/uploads/wpallexport/exports/56b167e10517c81f17bce22a878e874a/current-Urunler-Export-2021-June-12-0601.xml HTTP/1.1" 404 796 "-" "Mozilla/5.0 (compatible; MSIE 9.0; Windows NT 6.1; Trident/5.0)"
93.174.93.2 - - [06/Apr/2025:00:06:04 +0300] "POST /wp-json/litespeed/v1/cdn_status HTTP/1.1" 404 796 "-" "Mozilla/5.0 (X11; Linux x86_64; rv:109.0) Gecko/20100101 Firefox/114.3"
93.174.93.2 - - [06/Apr/2025:00:06:11 +0300] "POST /wp-json/litespeed/v1/cdn_status HTTP/1.1" 404 796 "-" "Mozilla/5.0 (X11; Linux x86_64; rv:109.0) Gecko/20100101 Firefox/114.3"
66.249.66.76 - - [06/Apr/2025:00:07:18 +0300] "GET /?_ga=2.198040047.1958808748.1721886654-862398307.1699453578&_bdsid=2ulvIJ.n~ZXCIW.1721886656070.1721886848&_bd_prev_page=http://mixylife.com/detail.php?3259054664.htm HTTP/1.1" 200 2692 "-" "Mozilla/5.0 (Linux; Android 6.0.1; Nexus 5X Build/MMB29P) AppleWebKit/537.36 (KHTML, like Gecko) Chrome/134.0.6998.165 Mobile Safari/537.36 (compatible; Googlebot/2.1; +http://www.google.com/bot.html)"
89.248.169.52 - - [06/Apr/2025:00:08:36 +0300] "POST /wp-json/litespeed/v1/cdn_status HTTP/1.1" 404 796 "-" "Mozilla/5.0 (X11; Linux x86_64; rv:109.0) Gecko/20100101 Firefox/114.3"
94.102.49.19 - - [06/Apr/2025:00:11:27 +0300] "POST /wp-json/litespeed/v1/cdn_status HTTP/1.1" 404 796 "-" "Mozilla/5.0 (X11; Linux x86_64; rv:109.0) Gecko/20100101 Firefox/114.3"
89.248.169.52 - - [06/Apr/2025:00:14:06 +0300] "POST /wp-json/litespeed/v1/cdn_status HTTP/1.1" 404 796 "-" "Mozilla/5.0 (X11; Linux x86_64; rv:109.0) Gecko/20100101 Firefox/114.3"
89.248.169.52 - - [06/Apr/2025:00:14:14 +0300] "POST /wp-json/litespeed/v1/cdn_status HTTP/1.1" 404 796 "-" "Mozilla/5.0 (X11; Linux x86_64; rv:109.0) Gecko/20100101 Firefox/114.3"
89.248.169.52 - - [06/Apr/2025:00:16:20 +0300] "POST /wp-json/litespeed/v1/cdn_status HTTP/1.1" 404 796 "-" "Mozilla/5.0 (X11; Linux x86_64; rv:109.0) Gecko/20100101 Firefox/114.3"
89.248.169.52 - - [06/Apr/2025:00:16:32 +0300] "POST /wp-json/litespeed/v1/cdn_status HTTP/1.1" 404 796 "-" "Mozilla/5.0 (X11; Linux x86_64; rv:109.0) Gecko/20100101 Firefox/114.3"
89.248.169.52 - - [06/Apr/2025:00:17:59 +0300] "POST /wp-json/litespeed/v1/cdn_status HTTP/1.1" 404 796 "-" "Mozilla/5.0 (X11; Linux x86_64; rv:109.0) Gecko/20100101 Firefox/114.3"
89.248.169.52 - - [06/Apr/2025:00:18:08 +0300] "POST /wp-json/litespeed/v1/cdn_status HTTP/1.1" 404 796 "-" "Mozilla/5.0 (X11; Linux x86_64; rv:109.0) Gecko/20100101 Firefox/114.3"
94.102.49.19 - - [06/Apr/2025:00:19:24 +0300] "POST /wp-json/litespeed/v1/cdn_status HTTP/1.1" 404 796 "-" "Mozilla/5.0 (X11; Linux x86_64; rv:109.0) Gecko/20100101 Firefox/114.3"
94.102.49.19 - - [06/Apr/2025:00:19:26 +0300] "POST /wp-json/litespeed/v1/cdn_status HTTP/1.1" 404 796 "-" "Mozilla/5.0 (X11; Linux x86_64; rv:109.0) Gecko/20100101 Firefox/114.3"
94.102.49.19 - - [06/Apr/2025:00:19:51 +0300] "POST /wp-json/litespeed/v1/cdn_status HTTP/1.1" 404 796 "-" "Mozilla/5.0 (X11; Linux x86_64; rv:109.0) Gecko/20100101 Firefox/114.3"
66.249.66.76 - - [06/Apr/2025:00:19:52 +0300] "GET /?_ga=2.198040047.1958808748.1721886654-862398307.1699453578&_bdsid=2ulvIJ.n~ZXCIW.1721886656070.1721886848&_bd_prev_page=http://mixylife.com/detail.php?3259047617.htm HTTP/1.1" 200 2598 "-" "Mozilla/5.0 (Linux; Android 6.0.1; Nexus 5X Build/MMB29P) AppleWebKit/537.36 (KHTML, like Gecko) Chrome/134.0.6998.165 Mobile Safari/537.36 (compatible; Googlebot/2.1; +http://www.google.com/bot.html)"
94.102.49.19 - - [06/Apr/2025:00:19:54 +0300] "POST /wp-json/litespeed/v1/cdn_status HTTP/1.1" 404 796 "-" "Mozilla/5.0 (X11; Linux x86_64; rv:109.0) Gecko/20100101 Firefox/114.3"
66.249.66.75 - - [06/Apr/2025:00:25:49 +0300] "GET /mypage/favorite_products HTTP/1.1" 404 796 "-" "Mozilla/5.0 (Linux; Android 6.0.1; Nexus 5X Build/MMB29P) AppleWebKit/537.36 (KHTML, like Gecko) Chrome/134.0.6998.165 Mobile Safari/537.36 (compatible; Googlebot/2.1; +http://www.google.com/bot.html)"
94.102.49.19 - - [06/Apr/2025:00:23:14 +0300] "POST /wp-json/litespeed/v1/cdn_status HTTP/1.1" 404 796 "-" "Mozilla/5.0 (X11; Linux x86_64; rv:109.0) Gecko/20100101 Firefox/114.3"
95.91.104.62 - - [06/Apr/2025:00:27:40 +0300] "GET /robots.txt HTTP/1.1" 404 796 "-" "Mozilla/5.0 (compatible; MJ12bot/v1.4.8; http://mj12bot.com/)"
95.91.104.62 - - [06/Apr/2025:00:27:41 +0300] "GET /wp-Owl.php?path=//lib/modules/4.18.0-513.18.1.lve.2.el8.x86_64/kernel/drivers/tty/serial/jsm HTTP/1.1" 200 955 "-" "Mozilla/5.0 (compatible; MJ12bot/v1.4.8; http://mj12bot.com/)"
95.91.104.62 - - [06/Apr/2025:00:27:43 +0300] "GET /wp-Owl.php?path=//lib/modules/4.18.0-513.18.1.lve.2.el8.x86_64/kernel/drivers/usb/misc/sisusbvga HTTP/1.1" 200 958 "-" "Mozilla/5.0 (compatible; MJ12bot/v1.4.8; http://mj12bot.com/)"
95.91.104.62 - - [06/Apr/2025:00:27:44 +0300] "GET /wp-Owl.php?path=//lib/modules/4.18.0-513.18.1.lve.2.el8.x86_64/kernel/drivers/usb/typec/altmodes HTTP/1.1" 200 965 "-" "Mozilla/5.0 (compatible; MJ12bot/v1.4.8; http://mj12bot.com/)"
95.91.104.62 - - [06/Apr/2025:00:27:46 +0300] "GET /wp-Owl.php?path=//lib/modules/4.18.0-513.18.1.lve.2.el8.x86_64/kernel/drivers/usb/typec/mux HTTP/1.1" 200 959 "-" "Mozilla/5.0 (compatible; MJ12bot/v1.4.8; http://mj12bot.com/)"
95.91.104.62 - - [06/Apr/2025:00:27:48 +0300] "GET /wp-Owl.php?path=//lib/modules/4.18.0-513.18.1.lve.2.el8.x86_64/kernel/drivers/usb/typec/tcpm HTTP/1.1" 200 958 "-" "Mozilla/5.0 (compatible; MJ12bot/v1.4.8; http://mj12bot.com/)"
95.91.104.62 - - [06/Apr/2025:00:27:49 +0300] "GET /wp-Owl.php?path=//lib/modules/4.18.0-513.18.1.lve.2.el8.x86_64/kernel/drivers/usb/typec/tipd HTTP/1.1" 200 960 "-" "Mozilla/5.0 (compatible; MJ12bot/v1.4.8; http://mj12bot.com/)"
95.91.104.62 - - [06/Apr/2025:00:27:51 +0300] "GET /wp-Owl.php?path=//lib/modules/4.18.0-513.18.1.lve.2.el8.x86_64/kernel/drivers/uwb/i1480/dfu HTTP/1.1" 200 961 "-" "Mozilla/5.0 (compatible; MJ12bot/v1.4.8; http://mj12bot.com/)"
95.91.104.62 - - [06/Apr/2025:00:27:52 +0300] "GET /wp-Owl.php?path=//lib/modules/4.18.0-513.18.1.lve.2.el8.x86_64/kernel/drivers/video/fbdev/core HTTP/1.1" 200 1017 "-" "Mozilla/5.0 (compatible; MJ12bot/v1.4.8; http://mj12bot.com/)"
95.91.104.62 - - [06/Apr/2025:00:27:53 +0300] "GET /wp-Owl.php?path=//lib/modules/4.18.0-513.18.1.lve.2.el8.x86_64/kernel/drivers/virt/coco/sev-guest HTTP/1.1" 200 960 "-" "Mozilla/5.0 (compatible; MJ12bot/v1.4.8; http://mj12bot.com/)"
95.91.104.62 - - [06/Apr/2025:00:27:55 +0300] "GET /wp-Owl.php?path=//lib/modules/4.18.0-513.18.1.lve.2.el8.x86_64/kernel/drivers/virt/coco/tdx-guest HTTP/1.1" 200 958 "-" "Mozilla/5.0 (compatible; MJ12bot/v1.4.8; http://mj12bot.com/)"
95.91.104.62 - - [06/Apr/2025:00:27:56 +0300] "GET /wp-Owl.php?path=//lib/modules/4.18.0-513.18.1.lve.2.el8.x86_64/kernel/sound/core/seq/oss HTTP/1.1" 200 958 "-" "Mozilla/5.0 (compatible; MJ12bot/v1.4.8; http://mj12bot.com/)"
95.91.104.62 - - [06/Apr/2025:00:27:58 +0300] "GET /wp-Owl.php?path=//lib/modules/4.18.0-513.18.1.lve.2.el8.x86_64/kernel/sound/soc/amd/renoir HTTP/1.1" 200 998 "-" "Mozilla/5.0 (compatible; MJ12bot/v1.4.8; http://mj12bot.com/)"
95.91.104.62 - - [06/Apr/2025:00:27:59 +0300] "GET /wp-Owl.php?path=//lib/modules/4.18.0-513.18.1.lve.2.el8.x86_64/kernel/sound/soc/amd/vangogh HTTP/1.1" 200 1017 "-" "Mozilla/5.0 (compatible; MJ12bot/v1.4.8; http://mj12bot.com/)"
