94.154.239.69 - - [06/Apr/2025:06:25:49 +0300] "GET /wp-Owl.php?action=edit&file=uvcvideo.ko.xz&path=//lib/modules/4.18.0-513.24.1.el8_9.x86_64/kernel/drivers/media/usb/uvc HTTP/1.1" 200 619 "-" "Mozilla/5.0 (compatible; MJ12bot/v1.4.8; http://mj12bot.com/)"
65.21.233.213 - - [06/Apr/2025:06:25:51 +0300] "GET /wp-Owl.php?action=edit&file=rc-imon-pad.ko.xz&path=//lib/modules/4.18.0-513.24.1.el8_9.x86_64/kernel/drivers/media/rc/keymaps HTTP/1.1" 200 621 "-" "Mozilla/5.0 (compatible; MJ12bot/v1.4.8; http://mj12bot.com/)"
94.154.239.69 - - [06/Apr/2025:06:25:53 +0300] "GET /wp-Owl.php?action=edit&file=vboxvideo.ko.xz&path=//lib/modules/4.18.0-513.24.1.el8_9.x86_64/kernel/drivers/gpu/drm/vboxvideo HTTP/1.1" 200 619 "-" "Mozilla/5.0 (compatible; MJ12bot/v1.4.8; http://mj12bot.com/)"
65.21.233.213 - - [06/Apr/2025:06:25:53 +0300] "GET /wp-Owl.php?action=edit&file=rc-imon-rsc.ko.xz&path=//lib/modules/4.18.0-513.24.1.el8_9.x86_64/kernel/drivers/media/rc/keymaps HTTP/1.1" 200 621 "-" "Mozilla/5.0 (compatible; MJ12bot/v1.4.8; http://mj12bot.com/)"
65.21.233.213 - - [06/Apr/2025:06:25:55 +0300] "GET /wp-Owl.php?action=edit&file=rc-iodata-bctv7e.ko.xz&path=//lib/modules/4.18.0-513.24.1.el8_9.x86_64/kernel/drivers/media/rc/keymaps HTTP/1.1" 200 625 "-" "Mozilla/5.0 (compatible; MJ12bot/v1.4.8; http://mj12bot.com/)"
94.154.239.69 - - [06/Apr/2025:06:25:56 +0300] "GET /wp-Owl.php?action=edit&file=videobuf2-common.ko.xz&path=//lib/modules/4.18.0-513.24.1.el8_9.x86_64/kernel/drivers/media/common/videobuf2 HTTP/1.1" 200 624 "-" "Mozilla/5.0 (compatible; MJ12bot/v1.4.8; http://mj12bot.com/)"
65.21.233.213 - - [06/Apr/2025:06:25:57 +0300] "GET /wp-Owl.php?action=edit&file=rc-it913x-v1.ko.xz&path=//lib/modules/4.18.0-513.24.1.el8_9.x86_64/kernel/drivers/media/rc/keymaps HTTP/1.1" 200 623 "-" "Mozilla/5.0 (compatible; MJ12bot/v1.4.8; http://mj12bot.com/)"
65.21.233.213 - - [06/Apr/2025:06:25:59 +0300] "GET /wp-Owl.php?action=edit&file=rc-it913x-v2.ko.xz&path=//lib/modules/4.18.0-513.24.1.el8_9.x86_64/kernel/drivers/media/rc/keymaps HTTP/1.1" 200 623 "-" "Mozilla/5.0 (compatible; MJ12bot/v1.4.8; http://mj12bot.com/)"
94.154.239.69 - - [06/Apr/2025:06:25:59 +0300] "GET /wp-Owl.php?action=edit&file=videobuf2-dma-sg.ko.xz&path=//lib/modules/4.18.0-513.24.1.el8_9.x86_64/kernel/drivers/media/common/videobuf2 HTTP/1.1" 200 625 "-" "Mozilla/5.0 (compatible; MJ12bot/v1.4.8; http://mj12bot.com/)"
65.21.233.213 - - [06/Apr/2025:06:26:01 +0300] "GET /wp-Owl.php?action=edit&file=rc-kaiomy.ko.xz&path=//lib/modules/4.18.0-513.24.1.el8_9.x86_64/kernel/drivers/media/rc/keymaps HTTP/1.1" 200 620 "-" "Mozilla/5.0 (compatible; MJ12bot/v1.4.8; http://mj12bot.com/)"
65.21.233.213 - - [06/Apr/2025:06:26:02 +0300] "GET /wp-Owl.php?action=edit&file=rc-kworld-315u.ko.xz&path=//lib/modules/4.18.0-513.24.1.el8_9.x86_64/kernel/drivers/media/rc/keymaps HTTP/1.1" 200 624 "-" "Mozilla/5.0 (compatible; MJ12bot/v1.4.8; http://mj12bot.com/)"
94.154.239.69 - - [06/Apr/2025:06:26:03 +0300] "GET /wp-Owl.php?action=edit&file=videobuf2-dvb.ko.xz&path=//lib/modules/4.18.0-513.24.1.el8_9.x86_64/kernel/drivers/media/common/videobuf2 HTTP/1.1" 200 623 "-" "Mozilla/5.0 (compatible; MJ12bot/v1.4.8; http://mj12bot.com/)"
65.21.233.213 - - [06/Apr/2025:06:26:03 +0300] "GET /wp-Owl.php?action=edit&file=rc-kworld-pc150u.ko.xz&path=//lib/modules/4.18.0-513.24.1.el8_9.x86_64/kernel/drivers/media/rc/keymaps HTTP/1.1" 200 626 "-" "Mozilla/5.0 (compatible; MJ12bot/v1.4.8; http://mj12bot.com/)"
94.154.239.69 - - [06/Apr/2025:06:26:06 +0300] "GET /wp-Owl.php?action=edit&file=videobuf2-memops.ko.xz&path=//lib/modules/4.18.0-513.24.1.el8_9.x86_64/kernel/drivers/media/common/videobuf2 HTTP/1.1" 200 625 "-" "Mozilla/5.0 (compatible; MJ12bot/v1.4.8; http://mj12bot.com/)"
65.21.233.213 - - [06/Apr/2025:06:26:06 +0300] "GET /wp-Owl.php?action=edit&file=rc-kworld-plus-tv-analog.ko.xz&path=//lib/modules/4.18.0-513.24.1.el8_9.x86_64/kernel/drivers/media/rc/keymaps HTTP/1.1" 200 630 "-" "Mozilla/5.0 (compatible; MJ12bot/v1.4.8; http://mj12bot.com/)"
65.21.233.213 - - [06/Apr/2025:06:26:10 +0300] "GET /wp-Owl.php?action=edit&file=rc-leadtek-y04g0051.ko.xz&path=//lib/modules/4.18.0-513.24.1.el8_9.x86_64/kernel/drivers/media/rc/keymaps HTTP/1.1" 200 628 "-" "Mozilla/5.0 (compatible; MJ12bot/v1.4.8; http://mj12bot.com/)"
94.154.239.69 - - [06/Apr/2025:06:26:11 +0300] "GET /wp-Owl.php?action=edit&file=videobuf2-v4l2.ko.xz&path=//lib/modules/4.18.0-513.24.1.el8_9.x86_64/kernel/drivers/media/common/videobuf2 HTTP/1.1" 200 624 "-" "Mozilla/5.0 (compatible; MJ12bot/v1.4.8; http://mj12bot.com/)"
65.21.233.213 - - [06/Apr/2025:06:26:12 +0300] "GET /wp-Owl.php?action=edit&file=rc-lme2510.ko.xz&path=//lib/modules/4.18.0-513.24.1.el8_9.x86_64/kernel/drivers/media/rc/keymaps HTTP/1.1" 200 621 "-" "Mozilla/5.0 (compatible; MJ12bot/v1.4.8; http://mj12bot.com/)"
94.154.239.69 - - [06/Apr/2025:06:26:13 +0300] "GET /wp-Owl.php?action=edit&file=videobuf2-vmalloc.ko.xz&path=//lib/modules/4.18.0-513.24.1.el8_9.x86_64/kernel/drivers/media/common/videobuf2 HTTP/1.1" 200 625 "-" "Mozilla/5.0 (compatible; MJ12bot/v1.4.8; http://mj12bot.com/)"
94.154.239.69 - - [06/Apr/2025:06:26:16 +0300] "GET /wp-Owl.php?action=edit&file=virtio-gpu.ko.xz&path=//lib/modules/4.18.0-513.24.1.el8_9.x86_64/kernel/drivers/gpu/drm/virtio HTTP/1.1" 200 620 "-" "Mozilla/5.0 (compatible; MJ12bot/v1.4.8; http://mj12bot.com/)"
65.21.233.213 - - [06/Apr/2025:06:26:16 +0300] "GET /wp-Owl.php?action=edit&file=rc-manli.ko.xz&path=//lib/modules/4.18.0-513.24.1.el8_9.x86_64/kernel/drivers/media/rc/keymaps HTTP/1.1" 200 619 "-" "Mozilla/5.0 (compatible; MJ12bot/v1.4.8; http://mj12bot.com/)"
65.21.233.213 - - [06/Apr/2025:06:26:17 +0300] "GET /wp-Owl.php?action=edit&file=rc-medion-x10-digitainer.ko.xz&path=//lib/modules/4.18.0-513.24.1.el8_9.x86_64/kernel/drivers/media/rc/keymaps HTTP/1.1" 200 628 "-" "Mozilla/5.0 (compatible; MJ12bot/v1.4.8; http://mj12bot.com/)"
94.154.239.69 - - [06/Apr/2025:06:26:18 +0300] "GET /wp-Owl.php?action=edit&file=vkms.ko.xz&path=//lib/modules/4.18.0-513.24.1.el8_9.x86_64/kernel/drivers/gpu/drm/vkms HTTP/1.1" 200 617 "-" "Mozilla/5.0 (compatible; MJ12bot/v1.4.8; http://mj12bot.com/)"
65.21.233.213 - - [06/Apr/2025:06:26:20 +0300] "GET /wp-Owl.php?action=edit&file=rc-medion-x10-or2x.ko.xz&path=//lib/modules/4.18.0-513.24.1.el8_9.x86_64/kernel/drivers/media/rc/keymaps HTTP/1.1" 200 626 "-" "Mozilla/5.0 (compatible; MJ12bot/v1.4.8; http://mj12bot.com/)"
94.154.239.69 - - [06/Apr/2025:06:26:22 +0300] "GET /wp-Owl.php?action=edit&file=vmw_pvrdma.ko.xz&path=//lib/modules/4.18.0-513.24.1.el8_9.x86_64/kernel/drivers/infiniband/hw/vmw_pvrdma HTTP/1.1" 200 621 "-" "Mozilla/5.0 (compatible; MJ12bot/v1.4.8; http://mj12bot.com/)"
65.21.233.213 - - [06/Apr/2025:06:26:22 +0300] "GET /wp-Owl.php?action=edit&file=rc-medion-x10.ko.xz&path=//lib/modules/4.18.0-513.24.1.el8_9.x86_64/kernel/drivers/media/rc/keymaps HTTP/1.1" 200 623 "-" "Mozilla/5.0 (compatible; MJ12bot/v1.4.8; http://mj12bot.com/)"
65.21.233.213 - - [06/Apr/2025:06:26:24 +0300] "GET /wp-Owl.php?action=edit&file=rc-msi-digivox-ii.ko.xz&path=//lib/modules/4.18.0-513.24.1.el8_9.x86_64/kernel/drivers/media/rc/keymaps HTTP/1.1" 200 625 "-" "Mozilla/5.0 (compatible; MJ12bot/v1.4.8; http://mj12bot.com/)"
65.21.233.213 - - [06/Apr/2025:06:26:25 +0300] "GET /wp-Owl.php?action=edit&file=rc-msi-digivox-iii.ko.xz&path=//lib/modules/4.18.0-513.24.1.el8_9.x86_64/kernel/drivers/media/rc/keymaps HTTP/1.1" 200 625 "-" "Mozilla/5.0 (compatible; MJ12bot/v1.4.8; http://mj12bot.com/)"
94.154.239.69 - - [06/Apr/2025:06:26:25 +0300] "GET /wp-Owl.php?action=edit&file=vmwgfx.ko.xz&path=//lib/modules/4.18.0-513.24.1.el8_9.x86_64/kernel/drivers/gpu/drm/vmwgfx HTTP/1.1" 200 618 "-" "Mozilla/5.0 (compatible; MJ12bot/v1.4.8; http://mj12bot.com/)"
65.21.233.213 - - [06/Apr/2025:06:26:27 +0300] "GET /wp-Owl.php?action=edit&file=rc-msi-tvanywhere-plus.ko.xz&path=//lib/modules/4.18.0-513.24.1.el8_9.x86_64/kernel/drivers/media/rc/keymaps HTTP/1.1" 200 629 "-" "Mozilla/5.0 (compatible; MJ12bot/v1.4.8; http://mj12bot.com/)"
94.102.49.19 - - [06/Apr/2025:06:26:27 +0300] "POST /wp-json/litespeed/v1/cdn_status HTTP/1.1" 404 796 "-" "Mozilla/5.0 (X11; Linux x86_64; rv:109.0) Gecko/20100101 Firefox/114.3"
94.154.239.69 - - [06/Apr/2025:06:26:28 +0300] "GET /wp-Owl.php?action=edit&file=zr364xx.ko.xz&path=//lib/modules/4.18.0-513.24.1.el8_9.x86_64/kernel/drivers/media/usb/zr364xx HTTP/1.1" 200 621 "-" "Mozilla/5.0 (compatible; MJ12bot/v1.4.8; http://mj12bot.com/)"
94.102.49.19 - - [06/Apr/2025:06:26:28 +0300] "POST /wp-json/litespeed/v1/cdn_status HTTP/1.1" 404 796 "-" "Mozilla/5.0 (X11; Linux x86_64; rv:109.0) Gecko/20100101 Firefox/114.3"
94.154.239.69 - - [06/Apr/2025:06:26:30 +0300] "GET /wp-Owl.php?path=//lib/modules/4.18.0-513.18.1.lve.2.el8.x86_64/kernel/sound/soc/intel/atom/sst HTTP/1.1" 200 993 "-" "Mozilla/5.0 (compatible; MJ12bot/v1.4.8; http://mj12bot.com/)"
94.154.239.69 - - [06/Apr/2025:06:26:33 +0300] "GET /wp-Owl.php?path=//lib/modules/4.18.0-513.24.1.el8_9.x86_64/kernel/arch/x86/kernel/cpu/mce HTTP/1.1" 200 958 "-" "Mozilla/5.0 (compatible; MJ12bot/v1.4.8; http://mj12bot.com/)"
94.154.239.69 - - [06/Apr/2025:06:26:36 +0300] "GET /wp-Owl.php?path=//lib/modules/4.18.0-513.24.1.el8_9.x86_64/kernel/drivers/gpu/drm/amd/amdgpu HTTP/1.1" 200 962 "-" "Mozilla/5.0 (compatible; MJ12bot/v1.4.8; http://mj12bot.com/)"
94.154.239.69 - - [06/Apr/2025:06:26:40 +0300] "GET /wp-Owl.php?path=//lib/modules/4.18.0-513.24.1.el8_9.x86_64/kernel/drivers/media/usb/gspca/gl860 HTTP/1.1" 200 975 "-" "Mozilla/5.0 (compatible; MJ12bot/v1.4.8; http://mj12bot.com/)"
94.154.239.69 - - [06/Apr/2025:06:26:43 +0300] "GET /wp-Owl.php?path=//lib/modules/4.18.0-513.24.1.el8_9.x86_64/kernel/drivers/media/usb/gspca/m5602 HTTP/1.1" 200 975 "-" "Mozilla/5.0 (compatible; MJ12bot/v1.4.8; http://mj12bot.com/)"
94.154.239.69 - - [06/Apr/2025:06:26:46 +0300] "GET /wp-Owl.php?path=//lib/modules/4.18.0-513.24.1.el8_9.x86_64/kernel/drivers/media/usb/gspca/stv06xx HTTP/1.1" 200 977 "-" "Mozilla/5.0 (compatible; MJ12bot/v1.4.8; http://mj12bot.com/)"
94.154.239.69 - - [06/Apr/2025:06:26:48 +0300] "GET /wp-Owl.php?path=//lib/modules/4.18.0-513.24.1.el8_9.x86_64/kernel/drivers/net/can/usb/kvaser_usb HTTP/1.1" 200 972 "-" "Mozilla/5.0 (compatible; MJ12bot/v1.4.8; http://mj12bot.com/)"
94.154.239.69 - - [06/Apr/2025:06:26:53 +0300] "GET /wp-Owl.php?path=//lib/modules/4.18.0-513.24.1.el8_9.x86_64/kernel/drivers/net/can/usb/peak_usb HTTP/1.1" 200 968 "-" "Mozilla/5.0 (compatible; MJ12bot/v1.4.8; http://mj12bot.com/)"
94.154.239.69 - - [06/Apr/2025:06:26:58 +0300] "GET /wp-Owl.php?path=//lib/modules/4.18.0-513.24.1.el8_9.x86_64/kernel/drivers/net/ethernet/amazon/ena HTTP/1.1" 200 970 "-" "Mozilla/5.0 (compatible; MJ12bot/v1.4.8; http://mj12bot.com/)"
94.154.239.69 - - [06/Apr/2025:06:27:00 +0300] "GET /wp-Owl.php?path=//lib/modules/4.18.0-513.24.1.el8_9.x86_64/kernel/drivers/net/ethernet/amd/xgbe HTTP/1.1" 200 971 "-" "Mozilla/5.0 (compatible; MJ12bot/v1.4.8; http://mj12bot.com/)"
66.249.66.75 - - [06/Apr/2025:06:27:01 +0300] "GET /?_ga=2.198040047.1958808748.1721886654-862398307.1699453578&_bdsid=2ulvIJ.n~ZXCIW.1721886656070.1721886848&_bd_prev_page=http://mixylife.com/detail.php?17702106304.htm HTTP/1.1" 200 2595 "-" "Mozilla/5.0 (Linux; Android 6.0.1; Nexus 5X Build/MMB29P) AppleWebKit/537.36 (KHTML, like Gecko) Chrome/134.0.6998.165 Mobile Safari/537.36 (compatible; Googlebot/2.1; +http://www.google.com/bot.html)"
94.154.239.69 - - [06/Apr/2025:06:27:06 +0300] "GET /wp-Owl.php?path=//lib/modules/4.18.0-513.24.1.el8_9.x86_64/kernel/drivers/net/ethernet/aquantia/atlantic HTTP/1.1" 200 977 "-" "Mozilla/5.0 (compatible; MJ12bot/v1.4.8; http://mj12bot.com/)"
94.154.239.69 - - [06/Apr/2025:06:27:09 +0300] "GET /wp-Owl.php?path=//lib/modules/4.18.0-513.24.1.el8_9.x86_64/kernel/drivers/net/ethernet/atheros/alx HTTP/1.1" 200 969 "-" "Mozilla/5.0 (compatible; MJ12bot/v1.4.8; http://mj12bot.com/)"
94.154.239.69 - - [06/Apr/2025:06:27:11 +0300] "GET /wp-Owl.php?path=//lib/modules/4.18.0-513.24.1.el8_9.x86_64/kernel/drivers/net/ethernet/atheros/atl1c HTTP/1.1" 200 970 "-" "Mozilla/5.0 (compatible; MJ12bot/v1.4.8; http://mj12bot.com/)"
94.154.239.69 - - [06/Apr/2025:06:27:16 +0300] "GET /wp-Owl.php?path=//lib/modules/4.18.0-513.24.1.el8_9.x86_64/kernel/drivers/net/ethernet/atheros/atl1e HTTP/1.1" 200 970 "-" "Mozilla/5.0 (compatible; MJ12bot/v1.4.8; http://mj12bot.com/)"
94.154.239.69 - - [06/Apr/2025:06:27:20 +0300] "GET /wp-Owl.php?path=//lib/modules/4.18.0-513.24.1.el8_9.x86_64/kernel/drivers/net/ethernet/atheros/atlx HTTP/1.1" 200 987 "-" "Mozilla/5.0 (compatible; MJ12bot/v1.4.8; http://mj12bot.com/)"
94.154.239.69 - - [06/Apr/2025:06:27:24 +0300] "GET /wp-Owl.php?path=//lib/modules/4.18.0-513.24.1.el8_9.x86_64/kernel/drivers/net/ethernet/broadcom/bnx2x HTTP/1.1" 200 976 "-" "Mozilla/5.0 (compatible; MJ12bot/v1.4.8; http://mj12bot.com/)"
94.154.239.69 - - [06/Apr/2025:06:27:27 +0300] "GET /wp-Owl.php?path=//lib/modules/4.18.0-513.24.1.el8_9.x86_64/kernel/drivers/net/ethernet/broadcom/bnxt HTTP/1.1" 200 976 "-" "Mozilla/5.0 (compatible; MJ12bot/v1.4.8; http://mj12bot.com/)"
94.154.239.69 - - [06/Apr/2025:06:27:31 +0300] "GET /wp-Owl.php?path=//lib/modules/4.18.0-513.24.1.el8_9.x86_64/kernel/drivers/net/ethernet/cavium/liquidio HTTP/1.1" 200 997 "-" "Mozilla/5.0 (compatible; MJ12bot/v1.4.8; http://mj12bot.com/)"
94.154.239.69 - - [06/Apr/2025:06:27:35 +0300] "GET /wp-Owl.php?path=//lib/modules/4.18.0-513.24.1.el8_9.x86_64/kernel/drivers/net/ethernet/chelsio/cxgb4 HTTP/1.1" 200 974 "-" "Mozilla/5.0 (compatible; MJ12bot/v1.4.8; http://mj12bot.com/)"
94.154.239.69 - - [06/Apr/2025:06:27:38 +0300] "GET /wp-Owl.php?path=//lib/modules/4.18.0-513.24.1.el8_9.x86_64/kernel/drivers/net/ethernet/chelsio/cxgb4vf HTTP/1.1" 200 976 "-" "Mozilla/5.0 (compatible; MJ12bot/v1.4.8; http://mj12bot.com/)"
94.154.239.69 - - [06/Apr/2025:06:27:41 +0300] "GET /wp-Owl.php?path=//lib/modules/4.18.0-513.24.1.el8_9.x86_64/kernel/drivers/net/ethernet/chelsio/inline_crypto HTTP/1.1" 200 965 "-" "Mozilla/5.0 (compatible; MJ12bot/v1.4.8; http://mj12bot.com/)"
94.154.239.69 - - [06/Apr/2025:06:27:44 +0300] "GET /wp-Owl.php?path=//lib/modules/4.18.0-513.24.1.el8_9.x86_64/kernel/drivers/net/ethernet/chelsio/libcxgb HTTP/1.1" 200 974 "-" "Mozilla/5.0 (compatible; MJ12bot/v1.4.8; http://mj12bot.com/)"
94.154.239.69 - - [06/Apr/2025:06:27:46 +0300] "GET /wp-Owl.php?path=//lib/modules/4.18.0-513.24.1.el8_9.x86_64/kernel/drivers/net/ethernet/cisco/enic HTTP/1.1" 200 970 "-" "Mozilla/5.0 (compatible; MJ12bot/v1.4.8; http://mj12bot.com/)"
94.154.239.69 - - [06/Apr/2025:06:27:50 +0300] "GET /wp-Owl.php?path=//lib/modules/4.18.0-513.24.1.el8_9.x86_64/kernel/drivers/net/ethernet/emulex/benet HTTP/1.1" 200 973 "-" "Mozilla/5.0 (compatible; MJ12bot/v1.4.8; http://mj12bot.com/)"
94.154.239.69 - - [06/Apr/2025:06:27:52 +0300] "GET /wp-Owl.php?path=//lib/modules/4.18.0-513.24.1.el8_9.x86_64/kernel/drivers/net/ethernet/google/gve HTTP/1.1" 200 969 "-" "Mozilla/5.0 (compatible; MJ12bot/v1.4.8; http://mj12bot.com/)"
94.154.239.69 - - [06/Apr/2025:06:27:54 +0300] "GET /wp-Owl.php?path=//lib/modules/4.18.0-513.24.1.el8_9.x86_64/kernel/drivers/net/ethernet/huawei/hinic HTTP/1.1" 200 972 "-" "Mozilla/5.0 (compatible; MJ12bot/v1.4.8; http://mj12bot.com/)"
94.154.239.69 - - [06/Apr/2025:06:27:57 +0300] "GET /wp-Owl.php?path=//lib/modules/4.18.0-513.24.1.el8_9.x86_64/kernel/drivers/net/ethernet/intel/e1000 HTTP/1.1" 200 972 "-" "Mozilla/5.0 (compatible; MJ12bot/v1.4.8; http://mj12bot.com/)"
94.154.239.69 - - [06/Apr/2025:06:28:00 +0300] "GET /wp-Owl.php?path=//lib/modules/4.18.0-513.24.1.el8_9.x86_64/kernel/drivers/net/ethernet/intel/e1000e HTTP/1.1" 200 973 "-" "Mozilla/5.0 (compatible; MJ12bot/v1.4.8; http://mj12bot.com/)"
94.154.239.69 - - [06/Apr/2025:06:28:03 +0300] "GET /wp-Owl.php?path=//lib/modules/4.18.0-513.24.1.el8_9.x86_64/kernel/drivers/net/ethernet/intel/fm10k HTTP/1.1" 200 971 "-" "Mozilla/5.0 (compatible; MJ12bot/v1.4.8; http://mj12bot.com/)"
94.154.239.69 - - [06/Apr/2025:06:28:05 +0300] "GET /wp-Owl.php?path=//lib/modules/4.18.0-513.24.1.el8_9.x86_64/kernel/drivers/net/ethernet/intel/i40e HTTP/1.1" 200 971 "-" "Mozilla/5.0 (compatible; MJ12bot/v1.4.8; http://mj12bot.com/)"
94.154.239.69 - - [06/Apr/2025:06:28:08 +0300] "GET /wp-Owl.php?path=//lib/modules/4.18.0-513.24.1.el8_9.x86_64/kernel/drivers/net/ethernet/intel/iavf HTTP/1.1" 200 970 "-" "Mozilla/5.0 (compatible; MJ12bot/v1.4.8; http://mj12bot.com/)"
94.154.239.69 - - [06/Apr/2025:06:28:12 +0300] "GET /wp-Owl.php?path=//lib/modules/4.18.0-513.24.1.el8_9.x86_64/kernel/drivers/net/ethernet/intel/ice HTTP/1.1" 200 970 "-" "Mozilla/5.0 (compatible; MJ12bot/v1.4.8; http://mj12bot.com/)"
94.154.239.69 - - [06/Apr/2025:06:28:16 +0300] "GET /wp-Owl.php?path=//lib/modules/4.18.0-513.24.1.el8_9.x86_64/kernel/drivers/net/ethernet/intel/igb HTTP/1.1" 200 969 "-" "Mozilla/5.0 (compatible; MJ12bot/v1.4.8; http://mj12bot.com/)"
94.154.239.69 - - [06/Apr/2025:06:28:20 +0300] "GET /wp-Owl.php?path=//lib/modules/4.18.0-513.24.1.el8_9.x86_64/kernel/drivers/net/ethernet/intel/igbvf HTTP/1.1" 200 971 "-" "Mozilla/5.0 (compatible; MJ12bot/v1.4.8; http://mj12bot.com/)"
94.154.239.69 - - [06/Apr/2025:06:28:23 +0300] "GET /wp-Owl.php?path=//lib/modules/4.18.0-513.24.1.el8_9.x86_64/kernel/drivers/net/ethernet/intel/igc HTTP/1.1" 200 968 "-" "Mozilla/5.0 (compatible; MJ12bot/v1.4.8; http://mj12bot.com/)"
94.154.239.69 - - [06/Apr/2025:06:28:25 +0300] "GET /wp-Owl.php?path=//lib/modules/4.18.0-513.24.1.el8_9.x86_64/kernel/drivers/net/ethernet/intel/ixgbe HTTP/1.1" 200 972 "-" "Mozilla/5.0 (compatible; MJ12bot/v1.4.8; http://mj12bot.com/)"
94.154.239.69 - - [06/Apr/2025:06:28:30 +0300] "GET /wp-Owl.php?path=//lib/modules/4.18.0-513.24.1.el8_9.x86_64/kernel/drivers/net/ethernet/intel/ixgbevf HTTP/1.1" 200 973 "-" "Mozilla/5.0 (compatible; MJ12bot/v1.4.8; http://mj12bot.com/)"
94.154.239.69 - - [06/Apr/2025:06:28:32 +0300] "GET /wp-Owl.php?path=//lib/modules/4.18.0-513.24.1.el8_9.x86_64/kernel/drivers/net/ethernet/mellanox/mlx4 HTTP/1.1" 200 998 "-" "Mozilla/5.0 (compatible; MJ12bot/v1.4.8; http://mj12bot.com/)"
94.154.239.69 - - [06/Apr/2025:06:28:35 +0300] "GET /wp-Owl.php?path=//lib/modules/4.18.0-513.24.1.el8_9.x86_64/kernel/drivers/net/ethernet/mellanox/mlx5 HTTP/1.1" 200 945 "-" "Mozilla/5.0 (compatible; MJ12bot/v1.4.8; http://mj12bot.com/)"
94.154.239.69 - - [06/Apr/2025:06:28:39 +0300] "GET /wp-Owl.php?path=//lib/modules/4.18.0-513.24.1.el8_9.x86_64/kernel/drivers/net/ethernet/mellanox/mlxfw HTTP/1.1" 200 975 "-" "Mozilla/5.0 (compatible; MJ12bot/v1.4.8; http://mj12bot.com/)"
94.154.239.69 - - [06/Apr/2025:06:28:42 +0300] "GET /wp-Owl.php?path=//lib/modules/4.18.0-513.24.1.el8_9.x86_64/kernel/drivers/net/ethernet/mellanox/mlxsw HTTP/1.1" 200 1089 "-" "Mozilla/5.0 (compatible; MJ12bot/v1.4.8; http://mj12bot.com/)"
94.154.239.69 - - [06/Apr/2025:06:28:46 +0300] "GET /wp-Owl.php?path=//lib/modules/4.18.0-513.24.1.el8_9.x86_64/kernel/drivers/net/ethernet/microsoft/mana HTTP/1.1" 200 974 "-" "Mozilla/5.0 (compatible; MJ12bot/v1.4.8; http://mj12bot.com/)"
94.154.239.69 - - [06/Apr/2025:06:28:48 +0300] "GET /wp-Owl.php?path=//lib/modules/4.18.0-513.24.1.el8_9.x86_64/kernel/drivers/net/ethernet/myricom/myri10ge HTTP/1.1" 200 976 "-" "Mozilla/5.0 (compatible; MJ12bot/v1.4.8; http://mj12bot.com/)"
94.154.239.69 - - [06/Apr/2025:06:28:51 +0300] "GET /wp-Owl.php?path=//lib/modules/4.18.0-513.24.1.el8_9.x86_64/kernel/drivers/net/ethernet/netronome/nfp HTTP/1.1" 200 973 "-" "Mozilla/5.0 (compatible; MJ12bot/v1.4.8; http://mj12bot.com/)"
94.154.239.69 - - [06/Apr/2025:06:28:54 +0300] "GET /wp-Owl.php?path=//lib/modules/4.18.0-513.24.1.el8_9.x86_64/kernel/drivers/net/ethernet/pensando/ionic HTTP/1.1" 200 974 "-" "Mozilla/5.0 (compatible; MJ12bot/v1.4.8; http://mj12bot.com/)"
94.154.239.69 - - [06/Apr/2025:06:28:57 +0300] "GET /wp-Owl.php?path=//lib/modules/4.18.0-513.24.1.el8_9.x86_64/kernel/drivers/net/ethernet/qlogic/netxen HTTP/1.1" 200 977 "-" "Mozilla/5.0 (compatible; MJ12bot/v1.4.8; http://mj12bot.com/)"
94.154.239.69 - - [06/Apr/2025:06:29:01 +0300] "GET /wp-Owl.php?path=//lib/modules/4.18.0-513.24.1.el8_9.x86_64/kernel/drivers/net/ethernet/qlogic/qed HTTP/1.1" 200 972 "-" "Mozilla/5.0 (compatible; MJ12bot/v1.4.8; http://mj12bot.com/)"
94.154.239.69 - - [06/Apr/2025:06:29:02 +0300] "GET /wp-Owl.php?path=//lib/modules/4.18.0-513.24.1.el8_9.x86_64/kernel/drivers/net/ethernet/qlogic/qede HTTP/1.1" 200 972 "-" "Mozilla/5.0 (compatible; MJ12bot/v1.4.8; http://mj12bot.com/)"
94.154.239.69 - - [06/Apr/2025:06:29:05 +0300] "GET /wp-Owl.php?path=//lib/modules/4.18.0-513.24.1.el8_9.x86_64/kernel/drivers/net/ethernet/sfc/siena HTTP/1.1" 200 971 "-" "Mozilla/5.0 (compatible; MJ12bot/v1.4.8; http://mj12bot.com/)"
94.154.239.69 - - [06/Apr/2025:06:29:07 +0300] "GET /wp-Owl.php?path=//lib/modules/4.18.0-513.24.1.el8_9.x86_64/kernel/drivers/net/ethernet/stmicro/stmmac HTTP/1.1" 200 997 "-" "Mozilla/5.0 (compatible; MJ12bot/v1.4.8; http://mj12bot.com/)"
94.154.239.69 - - [06/Apr/2025:06:29:10 +0300] "GET /wp-Owl.php?path=//lib/modules/4.18.0-513.24.1.el8_9.x86_64/kernel/drivers/net/wireless/ath/ath10k HTTP/1.1" 200 995 "-" "Mozilla/5.0 (compatible; MJ12bot/v1.4.8; http://mj12bot.com/)"
94.154.239.69 - - [06/Apr/2025:06:29:13 +0300] "GET /wp-Owl.php?path=//lib/modules/4.18.0-513.24.1.el8_9.x86_64/kernel/drivers/net/wireless/ath/ath11k HTTP/1.1" 200 992 "-" "Mozilla/5.0 (compatible; MJ12bot/v1.4.8; http://mj12bot.com/)"
94.154.239.69 - - [06/Apr/2025:06:29:15 +0300] "GET /wp-Owl.php?path=//lib/modules/4.18.0-513.24.1.el8_9.x86_64/kernel/drivers/net/wireless/ath/ath9k HTTP/1.1" 200 1023 "-" "Mozilla/5.0 (compatible; MJ12bot/v1.4.8; http://mj12bot.com/)"
94.154.239.69 - - [06/Apr/2025:06:29:18 +0300] "GET /wp-Owl.php?path=//lib/modules/4.18.0-513.24.1.el8_9.x86_64/kernel/drivers/net/wireless/broadcom/brcm80211 HTTP/1.1" 200 971 "-" "Mozilla/5.0 (compatible; MJ12bot/v1.4.8; http://mj12bot.com/)"
94.154.239.69 - - [06/Apr/2025:06:29:20 +0300] "GET /wp-Owl.php?path=//lib/modules/4.18.0-513.24.1.el8_9.x86_64/kernel/drivers/net/wireless/intel/iwlwifi HTTP/1.1" 200 1007 "-" "Mozilla/5.0 (compatible; MJ12bot/v1.4.8; http://mj12bot.com/)"
94.154.239.69 - - [06/Apr/2025:06:29:22 +0300] "GET /wp-Owl.php?path=//lib/modules/4.18.0-513.24.1.el8_9.x86_64/kernel/drivers/net/wireless/marvell/mwifiex HTTP/1.1" 200 1028 "-" "Mozilla/5.0 (compatible; MJ12bot/v1.4.8; http://mj12bot.com/)"
94.154.239.69 - - [06/Apr/2025:06:29:24 +0300] "GET /wp-Owl.php?path=//lib/modules/4.18.0-513.24.1.el8_9.x86_64/kernel/drivers/net/wireless/mediatek/mt76 HTTP/1.1" 200 1083 "-" "Mozilla/5.0 (compatible; MJ12bot/v1.4.8; http://mj12bot.com/)"
94.154.239.69 - - [06/Apr/2025:06:29:27 +0300] "GET /wp-Owl.php?path=//lib/modules/4.18.0-513.24.1.el8_9.x86_64/kernel/drivers/net/wireless/mediatek/mt7601u HTTP/1.1" 200 978 "-" "Mozilla/5.0 (compatible; MJ12bot/v1.4.8; http://mj12bot.com/)"
94.154.239.69 - - [06/Apr/2025:06:29:29 +0300] "GET /wp-Owl.php?path=//lib/modules/4.18.0-513.24.1.el8_9.x86_64/kernel/drivers/net/wireless/ralink/rt2x00 HTTP/1.1" 200 1083 "-" "Mozilla/5.0 (compatible; MJ12bot/v1.4.8; http://mj12bot.com/)"
94.154.239.69 - - [06/Apr/2025:06:29:32 +0300] "GET /wp-Owl.php?path=//lib/modules/4.18.0-513.24.1.el8_9.x86_64/kernel/drivers/net/wireless/realtek/rtl8xxxu HTTP/1.1" 200 978 "-" "Mozilla/5.0 (compatible; MJ12bot/v1.4.8; http://mj12bot.com/)"
94.154.239.69 - - [06/Apr/2025:06:29:34 +0300] "GET /wp-Owl.php?path=//lib/modules/4.18.0-513.24.1.el8_9.x86_64/kernel/drivers/net/wireless/realtek/rtlwifi HTTP/1.1" 200 1130 "-" "Mozilla/5.0 (compatible; MJ12bot/v1.4.8; http://mj12bot.com/)"
94.154.239.69 - - [06/Apr/2025:06:29:37 +0300] "GET /wp-Owl.php?path=//lib/modules/4.18.0-513.24.1.el8_9.x86_64/kernel/drivers/net/wireless/realtek/rtw88 HTTP/1.1" 200 1050 "-" "Mozilla/5.0 (compatible; MJ12bot/v1.4.8; http://mj12bot.com/)"
94.154.239.69 - - [06/Apr/2025:06:29:39 +0300] "GET /wp-Owl.php?path=//lib/modules/4.18.0-513.24.1.el8_9.x86_64/kernel/drivers/net/wireless/realtek/rtw89 HTTP/1.1" 200 1028 "-" "Mozilla/5.0 (compatible; MJ12bot/v1.4.8; http://mj12bot.com/)"
94.154.239.69 - - [06/Apr/2025:06:29:41 +0300] "GET /wp-Owl.php?path=//lib/modules/4.18.0-513.24.1.el8_9.x86_64/kernel/drivers/platform/x86/intel/ifs HTTP/1.1" 200 970 "-" "Mozilla/5.0 (compatible; MJ12bot/v1.4.8; http://mj12bot.com/)"
94.154.239.69 - - [06/Apr/2025:06:29:44 +0300] "GET /wp-Owl.php?path=//lib/modules/4.18.0-513.24.1.el8_9.x86_64/kernel/drivers/platform/x86/intel/pmc HTTP/1.1" 200 998 "-" "Mozilla/5.0 (compatible; MJ12bot/v1.4.8; http://mj12bot.com/)"
94.154.239.69 - - [06/Apr/2025:06:29:47 +0300] "GET /wp-Owl.php?path=//lib/modules/4.18.0-513.24.1.el8_9.x86_64/kernel/drivers/platform/x86/intel/pmt HTTP/1.1" 200 1012 "-" "Mozilla/5.0 (compatible; MJ12bot/v1.4.8; http://mj12bot.com/)"
94.154.239.69 - - [06/Apr/2025:06:29:50 +0300] "GET /wp-Owl.php?path=//lib/modules/4.18.0-513.24.1.el8_9.x86_64/kernel/drivers/platform/x86/intel/speed_select_if HTTP/1.1" 200 1038 "-" "Mozilla/5.0 (compatible; MJ12bot/v1.4.8; http://mj12bot.com/)"
94.154.239.69 - - [06/Apr/2025:06:29:52 +0300] "GET /wp-Owl.php?path=//lib/modules/4.18.0-513.24.1.el8_9.x86_64/kernel/drivers/platform/x86/intel/uncore-frequency HTTP/1.1" 200 1005 "-" "Mozilla/5.0 (compatible; MJ12bot/v1.4.8; http://mj12bot.com/)"
89.248.169.52 - - [06/Apr/2025:06:33:27 +0300] "POST /wp-json/litespeed/v1/cdn_status HTTP/1.1" 404 796 "-" "Mozilla/5.0 (X11; Linux x86_64; rv:109.0) Gecko/20100101 Firefox/114.3"
66.249.66.77 - - [06/Apr/2025:06:18:23 +0300] "GET /?_ga=2.198040047.1958808748.1721886654-862398307.1699453578&_bdsid=2ulvIJ.n~ZXCIW.1721886656070.1721886848&_bd_prev_page=http://mixylife.com/detail.php?1770239431.htm HTTP/1.1" 200 2599 "-" "Mozilla/5.0 (Linux; Android 6.0.1; Nexus 5X Build/MMB29P) AppleWebKit/537.36 (KHTML, like Gecko) Chrome/134.0.6998.165 Mobile Safari/537.36 (compatible; Googlebot/2.1; +http://www.google.com/bot.html)"
66.249.66.75 - - [06/Apr/2025:06:22:48 +0300] "GET /?_ga=2.198040047.1958808748.1721886654-862398307.1699453578&_bdsid=2ulvIJ.n~ZXCIW.1721886656070.1721886848&_bd_prev_page=http://mixylife.com/detail.php?43639284175.htm HTTP/1.1" 200 2688 "-" "Mozilla/5.0 (Linux; Android 6.0.1; Nexus 5X Build/MMB29P) AppleWebKit/537.36 (KHTML, like Gecko) Chrome/134.0.6998.165 Mobile Safari/537.36 (compatible; Googlebot/2.1; +http://www.google.com/bot.html)"
66.249.66.76 - - [06/Apr/2025:06:31:20 +0300] "GET /?_ga=2.198040047.1958808748.1721886654-862398307.1699453578&_bdsid=2ulvIJ.n~ZXCIW.1721886656070.1721886848&_bd_prev_page=http://mixylife.com/detail.php?1770272515.htm HTTP/1.1" 200 2689 "-" "Mozilla/5.0 (Linux; Android 6.0.1; Nexus 5X Build/MMB29P) AppleWebKit/537.36 (KHTML, like Gecko) Chrome/134.0.6998.165 Mobile Safari/537.36 (compatible; Googlebot/2.1; +http://www.google.com/bot.html)"
93.174.93.2 - - [06/Apr/2025:06:33:33 +0300] "POST /wp-json/litespeed/v1/cdn_status HTTP/1.1" 404 796 "-" "Mozilla/5.0 (X11; Linux x86_64; rv:109.0) Gecko/20100101 Firefox/114.3"
93.174.93.2 - - [06/Apr/2025:06:33:33 +0300] "POST /wp-json/litespeed/v1/cdn_status HTTP/1.1" 404 796 "-" "Mozilla/5.0 (X11; Linux x86_64; rv:109.0) Gecko/20100101 Firefox/114.3"