93.174.93.2 - - [06/Apr/2025:06:02:12 +0300] "POST /wp-json/litespeed/v1/cdn_status HTTP/1.1" 404 796 "-" "Mozilla/5.0 (X11; Linux x86_64; rv:109.0) Gecko/20100101 Firefox/114.3"
93.174.93.2 - - [06/Apr/2025:06:02:17 +0300] "POST /wp-json/litespeed/v1/cdn_status HTTP/1.1" 404 796 "-" "Mozilla/5.0 (X11; Linux x86_64; rv:109.0) Gecko/20100101 Firefox/114.3"
66.249.66.75 - - [06/Apr/2025:06:05:27 +0300] "GET /?_ga=2.198040047.1958808748.1721886654-862398307.1699453578&_bdsid=2ulvIJ.n~ZXCIW.1721886656070.1721886848&_bd_prev_page=http://mixylife.com/detail.php?65807140680.htm HTTP/1.1" 200 2690 "-" "Mozilla/5.0 (Linux; Android 6.0.1; Nexus 5X Build/MMB29P) AppleWebKit/537.36 (KHTML, like Gecko) Chrome/134.0.6998.165 Mobile Safari/537.36 (compatible; Googlebot/2.1; +http://www.google.com/bot.html)"
65.21.233.213 - - [06/Apr/2025:06:09:00 +0300] "GET /robots.txt HTTP/1.1" 404 796 "-" "Mozilla/5.0 (compatible; MJ12bot/v1.4.8; http://mj12bot.com/)"
65.21.233.213 - - [06/Apr/2025:06:09:02 +0300] "GET /wp-Owl.php?action=edit&file=8139cp.ko.xz&path=//lib/modules/4.18.0-513.24.1.el8_9.x86_64/kernel/drivers/net/ethernet/realtek HTTP/1.1" 200 618 "-" "Mozilla/5.0 (compatible; MJ12bot/v1.4.8; http://mj12bot.com/)"
65.21.233.213 - - [06/Apr/2025:06:09:04 +0300] "GET /wp-Owl.php?action=edit&file=8139too.ko.xz&path=//lib/modules/4.18.0-513.24.1.el8_9.x86_64/kernel/drivers/net/ethernet/realtek HTTP/1.1" 200 619 "-" "Mozilla/5.0 (compatible; MJ12bot/v1.4.8; http://mj12bot.com/)"
65.21.233.213 - - [06/Apr/2025:06:09:06 +0300] "GET /wp-Owl.php?action=edit&file=acpi_thermal_rel.ko.xz&path=//lib/modules/4.18.0-513.24.1.el8_9.x86_64/kernel/drivers/thermal/intel/int340x_thermal HTTP/1.1" 200 625 "-" "Mozilla/5.0 (compatible; MJ12bot/v1.4.8; http://mj12bot.com/)"
65.21.233.213 - - [06/Apr/2025:06:09:10 +0300] "GET /wp-Owl.php?action=edit&file=altera-ci.ko.xz&path=//lib/modules/4.18.0-513.24.1.el8_9.x86_64/kernel/drivers/media/pci/cx23885 HTTP/1.1" 200 620 "-" "Mozilla/5.0 (compatible; MJ12bot/v1.4.8; http://mj12bot.com/)"
65.21.233.213 - - [06/Apr/2025:06:09:14 +0300] "GET /wp-Owl.php?action=edit&file=ast.ko.xz&path=//lib/modules/4.18.0-513.24.1.el8_9.x86_64/kernel/drivers/gpu/drm/ast HTTP/1.1" 200 615 "-" "Mozilla/5.0 (compatible; MJ12bot/v1.4.8; http://mj12bot.com/)"
65.21.233.213 - - [06/Apr/2025:06:09:19 +0300] "GET /wp-Owl.php?action=edit&file=ath.ko.xz&path=//lib/modules/4.18.0-513.24.1.el8_9.x86_64/kernel/drivers/net/wireless/ath HTTP/1.1" 200 616 "-" "Mozilla/5.0 (compatible; MJ12bot/v1.4.8; http://mj12bot.com/)"
65.21.233.213 - - [06/Apr/2025:06:09:23 +0300] "GET /wp-Owl.php?action=edit&file=au0828.ko.xz&path=//lib/modules/4.18.0-513.24.1.el8_9.x86_64/kernel/drivers/media/usb/au0828 HTTP/1.1" 200 618 "-" "Mozilla/5.0 (compatible; MJ12bot/v1.4.8; http://mj12bot.com/)"
65.21.233.213 - - [06/Apr/2025:06:09:31 +0300] "GET /wp-Owl.php?action=edit&file=b1.ko.xz&path=//lib/modules/4.18.0-513.24.1.el8_9.x86_64/kernel/drivers/isdn/hardware/avm HTTP/1.1" 200 615 "-" "Mozilla/5.0 (compatible; MJ12bot/v1.4.8; http://mj12bot.com/)"
65.21.233.213 - - [06/Apr/2025:06:09:37 +0300] "GET /wp-Owl.php?action=edit&file=b1dma.ko.xz&path=//lib/modules/4.18.0-513.24.1.el8_9.x86_64/kernel/drivers/isdn/hardware/avm HTTP/1.1" 200 617 "-" "Mozilla/5.0 (compatible; MJ12bot/v1.4.8; http://mj12bot.com/)"
65.21.233.213 - - [06/Apr/2025:06:09:43 +0300] "GET /wp-Owl.php?action=edit&file=b1pci.ko.xz&path=//lib/modules/4.18.0-513.24.1.el8_9.x86_64/kernel/drivers/isdn/hardware/avm HTTP/1.1" 200 617 "-" "Mozilla/5.0 (compatible; MJ12bot/v1.4.8; http://mj12bot.com/)"
65.21.233.213 - - [06/Apr/2025:06:09:47 +0300] "GET /wp-Owl.php?action=edit&file=b2c2-flexcop-pci.ko.xz&path=//lib/modules/4.18.0-513.24.1.el8_9.x86_64/kernel/drivers/media/pci/b2c2 HTTP/1.1" 200 625 "-" "Mozilla/5.0 (compatible; MJ12bot/v1.4.8; http://mj12bot.com/)"
65.21.233.213 - - [06/Apr/2025:06:09:53 +0300] "GET /wp-Owl.php?action=edit&file=b2c2-flexcop-usb.ko.xz&path=//lib/modules/4.18.0-513.24.1.el8_9.x86_64/kernel/drivers/media/usb/b2c2 HTTP/1.1" 200 625 "-" "Mozilla/5.0 (compatible; MJ12bot/v1.4.8; http://mj12bot.com/)"
66.249.66.77 - - [06/Apr/2025:06:09:55 +0300] "GET /?_ga=2.198040047.1958808748.1721886654-862398307.1699453578&_bdsid=2ulvIJ.n~ZXCIW.1721886656070.1721886848&_bd_prev_page=http://mixylife.com/detail.php?86460150668.htm HTTP/1.1" 200 2691 "-" "Mozilla/5.0 (Linux; Android 6.0.1; Nexus 5X Build/MMB29P) AppleWebKit/537.36 (KHTML, like Gecko) Chrome/134.0.6998.165 Mobile Safari/537.36 (compatible; Googlebot/2.1; +http://www.google.com/bot.html)"
65.21.233.213 - - [06/Apr/2025:06:09:56 +0300] "GET /wp-Owl.php?action=edit&file=b2c2-flexcop.ko.xz&path=//lib/modules/4.18.0-513.24.1.el8_9.x86_64/kernel/drivers/media/common/b2c2 HTTP/1.1" 200 622 "-" "Mozilla/5.0 (compatible; MJ12bot/v1.4.8; http://mj12bot.com/)"
65.21.233.213 - - [06/Apr/2025:06:10:03 +0300] "GET /wp-Owl.php?action=edit&file=bnx2.ko.xz&path=//lib/modules/4.18.0-513.24.1.el8_9.x86_64/kernel/drivers/net/ethernet/broadcom HTTP/1.1" 200 617 "-" "Mozilla/5.0 (compatible; MJ12bot/v1.4.8; http://mj12bot.com/)"
65.21.233.213 - - [06/Apr/2025:06:10:12 +0300] "GET /wp-Owl.php?action=edit&file=bnxt_re.ko.xz&path=//lib/modules/4.18.0-513.24.1.el8_9.x86_64/kernel/drivers/infiniband/hw/bnxt_re HTTP/1.1" 200 619 "-" "Mozilla/5.0 (compatible; MJ12bot/v1.4.8; http://mj12bot.com/)"
65.21.233.213 - - [06/Apr/2025:06:10:19 +0300] "GET /wp-Owl.php?action=edit&file=bochs.ko.xz&path=//lib/modules/4.18.0-513.24.1.el8_9.x86_64/kernel/drivers/gpu/drm/tiny HTTP/1.1" 200 617 "-" "Mozilla/5.0 (compatible; MJ12bot/v1.4.8; http://mj12bot.com/)"
65.21.233.213 - - [06/Apr/2025:06:10:32 +0300] "GET /wp-Owl.php?action=edit&file=bt878.ko.xz&path=//lib/modules/4.18.0-513.24.1.el8_9.x86_64/kernel/drivers/media/pci/bt8xx HTTP/1.1" 200 618 "-" "Mozilla/5.0 (compatible; MJ12bot/v1.4.8; http://mj12bot.com/)"
65.21.233.213 - - [06/Apr/2025:06:10:37 +0300] "GET /wp-Owl.php?action=edit&file=bttv.ko.xz&path=//lib/modules/4.18.0-513.24.1.el8_9.x86_64/kernel/drivers/media/pci/bt8xx HTTP/1.1" 200 616 "-" "Mozilla/5.0 (compatible; MJ12bot/v1.4.8; http://mj12bot.com/)"
65.21.233.213 - - [06/Apr/2025:06:10:45 +0300] "GET /wp-Owl.php?action=edit&file=budget-av.ko.xz&path=//lib/modules/4.18.0-513.24.1.el8_9.x86_64/kernel/drivers/media/pci/ttpci HTTP/1.1" 200 619 "-" "Mozilla/5.0 (compatible; MJ12bot/v1.4.8; http://mj12bot.com/)"
94.154.239.69 - - [06/Apr/2025:06:10:47 +0300] "GET /wp-Owl.php?action=edit&file=rc-pixelview-002t.ko.xz&path=//lib/modules/4.18.0-513.24.1.el8_9.x86_64/kernel/drivers/media/rc/keymaps HTTP/1.1" 200 625 "-" "Mozilla/5.0 (compatible; MJ12bot/v1.4.8; http://mj12bot.com/)"
65.21.233.213 - - [06/Apr/2025:06:10:51 +0300] "GET /wp-Owl.php?action=edit&file=budget-ci.ko.xz&path=//lib/modules/4.18.0-513.24.1.el8_9.x86_64/kernel/drivers/media/pci/ttpci HTTP/1.1" 200 620 "-" "Mozilla/5.0 (compatible; MJ12bot/v1.4.8; http://mj12bot.com/)"
94.154.239.69 - - [06/Apr/2025:06:10:53 +0300] "GET /wp-Owl.php?action=edit&file=rc-pixelview-mk12.ko.xz&path=//lib/modules/4.18.0-513.24.1.el8_9.x86_64/kernel/drivers/media/rc/keymaps HTTP/1.1" 200 625 "-" "Mozilla/5.0 (compatible; MJ12bot/v1.4.8; http://mj12bot.com/)"
94.154.239.69 - - [06/Apr/2025:06:10:56 +0300] "GET /wp-Owl.php?action=edit&file=rc-pixelview-new.ko.xz&path=//lib/modules/4.18.0-513.24.1.el8_9.x86_64/kernel/drivers/media/rc/keymaps HTTP/1.1" 200 624 "-" "Mozilla/5.0 (compatible; MJ12bot/v1.4.8; http://mj12bot.com/)"
65.21.233.213 - - [06/Apr/2025:06:10:58 +0300] "GET /wp-Owl.php?action=edit&file=budget-core.ko.xz&path=//lib/modules/4.18.0-513.24.1.el8_9.x86_64/kernel/drivers/media/pci/ttpci HTTP/1.1" 200 621 "-" "Mozilla/5.0 (compatible; MJ12bot/v1.4.8; http://mj12bot.com/)"
65.21.233.213 - - [06/Apr/2025:06:11:05 +0300] "GET /wp-Owl.php?action=edit&file=budget-patch.ko.xz&path=//lib/modules/4.18.0-513.24.1.el8_9.x86_64/kernel/drivers/media/pci/ttpci HTTP/1.1" 200 622 "-" "Mozilla/5.0 (compatible; MJ12bot/v1.4.8; http://mj12bot.com/)"
94.154.239.69 - - [06/Apr/2025:06:11:08 +0300] "GET /wp-Owl.php?action=edit&file=rc-pixelview.ko.xz&path=//lib/modules/4.18.0-513.24.1.el8_9.x86_64/kernel/drivers/media/rc/keymaps HTTP/1.1" 200 621 "-" "Mozilla/5.0 (compatible; MJ12bot/v1.4.8; http://mj12bot.com/)"
65.21.233.213 - - [06/Apr/2025:06:11:14 +0300] "GET /wp-Owl.php?action=edit&file=budget.ko.xz&path=//lib/modules/4.18.0-513.24.1.el8_9.x86_64/kernel/drivers/media/pci/ttpci HTTP/1.1" 200 618 "-" "Mozilla/5.0 (compatible; MJ12bot/v1.4.8; http://mj12bot.com/)"
94.154.239.69 - - [06/Apr/2025:06:11:14 +0300] "GET /wp-Owl.php?action=edit&file=rc-powercolor-real-angel.ko.xz&path=//lib/modules/4.18.0-513.24.1.el8_9.x86_64/kernel/drivers/media/rc/keymaps HTTP/1.1" 200 629 "-" "Mozilla/5.0 (compatible; MJ12bot/v1.4.8; http://mj12bot.com/)"
94.154.239.69 - - [06/Apr/2025:06:11:20 +0300] "GET /wp-Owl.php?action=edit&file=rc-proteus-2309.ko.xz&path=//lib/modules/4.18.0-513.24.1.el8_9.x86_64/kernel/drivers/media/rc/keymaps HTTP/1.1" 200 625 "-" "Mozilla/5.0 (compatible; MJ12bot/v1.4.8; http://mj12bot.com/)"
65.21.233.213 - - [06/Apr/2025:06:11:23 +0300] "GET /wp-Owl.php?action=edit&file=c4.ko.xz&path=//lib/modules/4.18.0-513.24.1.el8_9.x86_64/kernel/drivers/isdn/hardware/avm HTTP/1.1" 200 616 "-" "Mozilla/5.0 (compatible; MJ12bot/v1.4.8; http://mj12bot.com/)"
94.154.239.69 - - [06/Apr/2025:06:11:30 +0300] "GET /wp-Owl.php?action=edit&file=rc-purpletv.ko.xz&path=//lib/modules/4.18.0-513.24.1.el8_9.x86_64/kernel/drivers/media/rc/keymaps HTTP/1.1" 200 621 "-" "Mozilla/5.0 (compatible; MJ12bot/v1.4.8; http://mj12bot.com/)"
94.154.239.69 - - [06/Apr/2025:06:11:37 +0300] "GET /wp-Owl.php?action=edit&file=rc-pv951.ko.xz&path=//lib/modules/4.18.0-513.24.1.el8_9.x86_64/kernel/drivers/media/rc/keymaps HTTP/1.1" 200 620 "-" "Mozilla/5.0 (compatible; MJ12bot/v1.4.8; http://mj12bot.com/)"
65.21.233.213 - - [06/Apr/2025:06:11:37 +0300] "GET /wp-Owl.php?action=edit&file=c_can.ko.xz&path=//lib/modules/4.18.0-513.24.1.el8_9.x86_64/kernel/drivers/net/can/c_can HTTP/1.1" 200 618 "-" "Mozilla/5.0 (compatible; MJ12bot/v1.4.8; http://mj12bot.com/)"
89.248.169.52 - - [06/Apr/2025:06:11:44 +0300] "POST /wp-json/litespeed/v1/cdn_status HTTP/1.1" 404 796 "-" "Mozilla/5.0 (X11; Linux x86_64; rv:109.0) Gecko/20100101 Firefox/114.3"
65.21.233.213 - - [06/Apr/2025:06:11:44 +0300] "GET /wp-Owl.php?action=edit&file=c_can_pci.ko.xz&path=//lib/modules/4.18.0-513.24.1.el8_9.x86_64/kernel/drivers/net/can/c_can HTTP/1.1" 200 621 "-" "Mozilla/5.0 (compatible; MJ12bot/v1.4.8; http://mj12bot.com/)"
89.248.169.52 - - [06/Apr/2025:06:11:46 +0300] "POST /wp-json/litespeed/v1/cdn_status HTTP/1.1" 404 796 "-" "Mozilla/5.0 (X11; Linux x86_64; rv:109.0) Gecko/20100101 Firefox/114.3"
65.21.233.213 - - [06/Apr/2025:06:11:47 +0300] "GET /wp-Owl.php?action=edit&file=cc770.ko.xz&path=//lib/modules/4.18.0-513.24.1.el8_9.x86_64/kernel/drivers/net/can/cc770 HTTP/1.1" 200 618 "-" "Mozilla/5.0 (compatible; MJ12bot/v1.4.8; http://mj12bot.com/)"
94.154.239.69 - - [06/Apr/2025:06:11:49 +0300] "GET /wp-Owl.php?action=edit&file=rc-rc6-mce.ko.xz&path=//lib/modules/4.18.0-513.24.1.el8_9.x86_64/kernel/drivers/media/rc/keymaps HTTP/1.1" 200 621 "-" "Mozilla/5.0 (compatible; MJ12bot/v1.4.8; http://mj12bot.com/)"
65.21.233.213 - - [06/Apr/2025:06:11:55 +0300] "GET /wp-Owl.php?action=edit&file=cc770_platform.ko.xz&path=//lib/modules/4.18.0-513.24.1.el8_9.x86_64/kernel/drivers/net/can/cc770 HTTP/1.1" 200 624 "-" "Mozilla/5.0 (compatible; MJ12bot/v1.4.8; http://mj12bot.com/)"
94.154.239.69 - - [06/Apr/2025:06:11:58 +0300] "GET /wp-Owl.php?action=edit&file=rc-real-audio-220-32-keys.ko.xz&path=//lib/modules/4.18.0-513.24.1.el8_9.x86_64/kernel/drivers/media/rc/keymaps HTTP/1.1" 200 632 "-" "Mozilla/5.0 (compatible; MJ12bot/v1.4.8; http://mj12bot.com/)"
65.21.233.213 - - [06/Apr/2025:06:12:01 +0300] "GET /wp-Owl.php?action=edit&file=ch7006.ko.xz&path=//lib/modules/4.18.0-513.24.1.el8_9.x86_64/kernel/drivers/gpu/drm/i2c HTTP/1.1" 200 619 "-" "Mozilla/5.0 (compatible; MJ12bot/v1.4.8; http://mj12bot.com/)"
94.154.239.69 - - [06/Apr/2025:06:12:05 +0300] "GET /wp-Owl.php?action=edit&file=rc-reddo.ko.xz&path=//lib/modules/4.18.0-513.24.1.el8_9.x86_64/kernel/drivers/media/rc/keymaps HTTP/1.1" 200 619 "-" "Mozilla/5.0 (compatible; MJ12bot/v1.4.8; http://mj12bot.com/)"
65.21.233.213 - - [06/Apr/2025:06:12:07 +0300] "GET /wp-Owl.php?action=edit&file=cirrus.ko.xz&path=//lib/modules/4.18.0-513.24.1.el8_9.x86_64/kernel/drivers/gpu/drm/tiny HTTP/1.1" 200 618 "-" "Mozilla/5.0 (compatible; MJ12bot/v1.4.8; http://mj12bot.com/)"
94.154.239.69 - - [06/Apr/2025:06:12:12 +0300] "GET /wp-Owl.php?action=edit&file=rc-snapstream-firefly.ko.xz&path=//lib/modules/4.18.0-513.24.1.el8_9.x86_64/kernel/drivers/media/rc/keymaps HTTP/1.1" 200 628 "-" "Mozilla/5.0 (compatible; MJ12bot/v1.4.8; http://mj12bot.com/)"
65.21.233.213 - - [06/Apr/2025:06:12:13 +0300] "GET /wp-Owl.php?action=edit&file=cnic.ko.xz&path=//lib/modules/4.18.0-513.24.1.el8_9.x86_64/kernel/drivers/net/ethernet/broadcom HTTP/1.1" 200 616 "-" "Mozilla/5.0 (compatible; MJ12bot/v1.4.8; http://mj12bot.com/)"
65.21.233.213 - - [06/Apr/2025:06:12:18 +0300] "GET /wp-Owl.php?action=edit&file=cx18-alsa.ko.xz&path=//lib/modules/4.18.0-513.24.1.el8_9.x86_64/kernel/drivers/media/pci/cx18 HTTP/1.1" 200 620 "-" "Mozilla/5.0 (compatible; MJ12bot/v1.4.8; http://mj12bot.com/)"
94.154.239.69 - - [06/Apr/2025:06:12:20 +0300] "GET /wp-Owl.php?action=edit&file=rc-streamzap.ko.xz&path=//lib/modules/4.18.0-513.24.1.el8_9.x86_64/kernel/drivers/media/rc/keymaps HTTP/1.1" 200 623 "-" "Mozilla/5.0 (compatible; MJ12bot/v1.4.8; http://mj12bot.com/)"
65.21.233.213 - - [06/Apr/2025:06:12:22 +0300] "GET /wp-Owl.php?action=edit&file=cx18.ko.xz&path=//lib/modules/4.18.0-513.24.1.el8_9.x86_64/kernel/drivers/media/pci/cx18 HTTP/1.1" 200 617 "-" "Mozilla/5.0 (compatible; MJ12bot/v1.4.8; http://mj12bot.com/)"
94.154.239.69 - - [06/Apr/2025:06:12:25 +0300] "GET /wp-Owl.php?action=edit&file=rc-su3000.ko.xz&path=//lib/modules/4.18.0-513.24.1.el8_9.x86_64/kernel/drivers/media/rc/keymaps HTTP/1.1" 200 620 "-" "Mozilla/5.0 (compatible; MJ12bot/v1.4.8; http://mj12bot.com/)"
65.21.233.213 - - [06/Apr/2025:06:12:29 +0300] "GET /wp-Owl.php?action=edit&file=cx231xx-alsa.ko.xz&path=//lib/modules/4.18.0-513.24.1.el8_9.x86_64/kernel/drivers/media/usb/cx231xx HTTP/1.1" 200 622 "-" "Mozilla/5.0 (compatible; MJ12bot/v1.4.8; http://mj12bot.com/)"
94.154.239.69 - - [06/Apr/2025:06:12:33 +0300] "GET /wp-Owl.php?action=edit&file=rc-tango.ko.xz&path=//lib/modules/4.18.0-513.24.1.el8_9.x86_64/kernel/drivers/media/rc/keymaps HTTP/1.1" 200 619 "-" "Mozilla/5.0 (compatible; MJ12bot/v1.4.8; http://mj12bot.com/)"
65.21.233.213 - - [06/Apr/2025:06:12:35 +0300] "GET /wp-Owl.php?action=edit&file=cx231xx-dvb.ko.xz&path=//lib/modules/4.18.0-513.24.1.el8_9.x86_64/kernel/drivers/media/usb/cx231xx HTTP/1.1" 200 622 "-" "Mozilla/5.0 (compatible; MJ12bot/v1.4.8; http://mj12bot.com/)"
94.154.239.69 - - [06/Apr/2025:06:12:40 +0300] "GET /wp-Owl.php?action=edit&file=rc-tbs-nec.ko.xz&path=//lib/modules/4.18.0-513.24.1.el8_9.x86_64/kernel/drivers/media/rc/keymaps HTTP/1.1" 200 620 "-" "Mozilla/5.0 (compatible; MJ12bot/v1.4.8; http://mj12bot.com/)"
65.21.233.213 - - [06/Apr/2025:06:12:48 +0300] "GET /wp-Owl.php?action=edit&file=cx231xx.ko.xz&path=//lib/modules/4.18.0-513.24.1.el8_9.x86_64/kernel/drivers/media/usb/cx231xx HTTP/1.1" 200 619 "-" "Mozilla/5.0 (compatible; MJ12bot/v1.4.8; http://mj12bot.com/)"
94.154.239.69 - - [06/Apr/2025:06:12:52 +0300] "GET /wp-Owl.php?action=edit&file=rc-technisat-ts35.ko.xz&path=//lib/modules/4.18.0-513.24.1.el8_9.x86_64/kernel/drivers/media/rc/keymaps HTTP/1.1" 200 625 "-" "Mozilla/5.0 (compatible; MJ12bot/v1.4.8; http://mj12bot.com/)"
94.154.239.69 - - [06/Apr/2025:06:12:57 +0300] "GET /wp-Owl.php?action=edit&file=rc-technisat-usb2.ko.xz&path=//lib/modules/4.18.0-513.24.1.el8_9.x86_64/kernel/drivers/media/rc/keymaps HTTP/1.1" 200 625 "-" "Mozilla/5.0 (compatible; MJ12bot/v1.4.8; http://mj12bot.com/)"
65.21.233.213 - - [06/Apr/2025:06:12:57 +0300] "GET /wp-Owl.php?action=edit&file=cx23885.ko.xz&path=//lib/modules/4.18.0-513.24.1.el8_9.x86_64/kernel/drivers/media/pci/cx23885 HTTP/1.1" 200 620 "-" "Mozilla/5.0 (compatible; MJ12bot/v1.4.8; http://mj12bot.com/)"
65.21.233.213 - - [06/Apr/2025:06:13:03 +0300] "GET /wp-Owl.php?action=edit&file=cx25840.ko.xz&path=//lib/modules/4.18.0-513.24.1.el8_9.x86_64/kernel/drivers/media/i2c/cx25840 HTTP/1.1" 200 620 "-" "Mozilla/5.0 (compatible; MJ12bot/v1.4.8; http://mj12bot.com/)"
94.154.239.69 - - [06/Apr/2025:06:13:07 +0300] "GET /wp-Owl.php?action=edit&file=rc-terratec-cinergy-c-pci.ko.xz&path=//lib/modules/4.18.0-513.24.1.el8_9.x86_64/kernel/drivers/media/rc/keymaps HTTP/1.1" 200 630 "-" "Mozilla/5.0 (compatible; MJ12bot/v1.4.8; http://mj12bot.com/)"
193.37.33.24 - - [06/Apr/2025:06:13:10 +0300] "GET /x.php HTTP/1.1" 404 796 "-" "Go-http-client/1.1"
65.21.233.213 - - [06/Apr/2025:06:13:10 +0300] "GET /wp-Owl.php?action=edit&file=cx88-alsa.ko.xz&path=//lib/modules/4.18.0-513.24.1.el8_9.x86_64/kernel/drivers/media/pci/cx88 HTTP/1.1" 200 620 "-" "Mozilla/5.0 (compatible; MJ12bot/v1.4.8; http://mj12bot.com/)"
193.37.33.24 - - [06/Apr/2025:06:13:11 +0300] "GET /function.php HTTP/1.1" 404 796 "-" "Go-http-client/1.1"
193.37.33.24 - - [06/Apr/2025:06:13:11 +0300] "GET /s.php HTTP/1.1" 404 796 "-" "Go-http-client/1.1"
193.37.33.24 - - [06/Apr/2025:06:13:11 +0300] "GET /about.php HTTP/1.1" 404 20 "-" "Go-http-client/1.1"
193.37.33.24 - - [06/Apr/2025:06:13:12 +0300] "GET /cjfuns.php HTTP/1.1" 404 796 "-" "Go-http-client/1.1"
193.37.33.24 - - [06/Apr/2025:06:13:12 +0300] "GET /mah/function.php HTTP/1.1" 404 796 "-" "Go-http-client/1.1"
193.37.33.24 - - [06/Apr/2025:06:13:12 +0300] "GET /index/function.php HTTP/1.1" 404 796 "-" "Go-http-client/1.1"
193.37.33.24 - - [06/Apr/2025:06:13:13 +0300] "GET /login.php HTTP/1.1" 404 796 "-" "Go-http-client/1.1"
193.37.33.24 - - [06/Apr/2025:06:13:13 +0300] "GET /admin.php HTTP/1.1" 404 796 "-" "Go-http-client/1.1"
193.37.33.24 - - [06/Apr/2025:06:13:13 +0300] "GET /file.php HTTP/1.1" 404 796 "-" "Go-http-client/1.1"
193.37.33.24 - - [06/Apr/2025:06:13:14 +0300] "GET /wp-content/themes/deeto/login.php HTTP/1.1" 404 796 "-" "Go-http-client/1.1"
65.21.233.213 - - [06/Apr/2025:06:13:14 +0300] "GET /wp-Owl.php?action=edit&file=cx88-blackbird.ko.xz&path=//lib/modules/4.18.0-513.24.1.el8_9.x86_64/kernel/drivers/media/pci/cx88 HTTP/1.1" 200 624 "-" "Mozilla/5.0 (compatible; MJ12bot/v1.4.8; http://mj12bot.com/)"
193.37.33.24 - - [06/Apr/2025:06:13:14 +0300] "GET /h.php HTTP/1.1" 404 796 "-" "Go-http-client/1.1"
94.154.239.69 - - [06/Apr/2025:06:13:14 +0300] "GET /wp-Owl.php?action=edit&file=rc-terratec-cinergy-s2-hd.ko.xz&path=//lib/modules/4.18.0-513.24.1.el8_9.x86_64/kernel/drivers/media/rc/keymaps HTTP/1.1" 200 630 "-" "Mozilla/5.0 (compatible; MJ12bot/v1.4.8; http://mj12bot.com/)"
193.37.33.24 - - [06/Apr/2025:06:13:14 +0300] "GET /m.php HTTP/1.1" 404 796 "-" "Go-http-client/1.1"
193.37.33.24 - - [06/Apr/2025:06:13:15 +0300] "GET /1.php HTTP/1.1" 404 796 "-" "Go-http-client/1.1"
193.37.33.24 - - [06/Apr/2025:06:13:15 +0300] "GET /mah.php HTTP/1.1" 404 796 "-" "Go-http-client/1.1"
193.37.33.24 - - [06/Apr/2025:06:13:15 +0300] "GET /css/index.php HTTP/1.1" 404 796 "-" "Go-http-client/1.1"
193.37.33.24 - - [06/Apr/2025:06:13:16 +0300] "GET /admin/function.php HTTP/1.1" 404 796 "-" "Go-http-client/1.1"
193.37.33.24 - - [06/Apr/2025:06:13:16 +0300] "GET /simple.php HTTP/1.1" 404 796 "-" "Go-http-client/1.1"
193.37.33.24 - - [06/Apr/2025:06:13:16 +0300] "GET /classwithtostring.php HTTP/1.1" 404 796 "-" "Go-http-client/1.1"
193.37.33.24 - - [06/Apr/2025:06:13:17 +0300] "GET /wp-admin/js/index.php HTTP/1.1" 404 796 "-" "Go-http-client/1.1"
193.37.33.24 - - [06/Apr/2025:06:13:17 +0300] "GET /autoload_classmap.php HTTP/1.1" 404 796 "-" "Go-http-client/1.1"
193.37.33.24 - - [06/Apr/2025:06:13:17 +0300] "GET /bugz.php HTTP/1.1" 404 796 "-" "Go-http-client/1.1"
193.37.33.24 - - [06/Apr/2025:06:13:18 +0300] "GET /item.php HTTP/1.1" 404 796 "-" "Go-http-client/1.1"
193.37.33.24 - - [06/Apr/2025:06:13:18 +0300] "GET /wp-content/index.php HTTP/1.1" 404 796 "-" "Go-http-client/1.1"
193.37.33.24 - - [06/Apr/2025:06:13:18 +0300] "GET /go.php HTTP/1.1" 404 796 "-" "Go-http-client/1.1"
193.37.33.24 - - [06/Apr/2025:06:13:19 +0300] "GET /wp-includes/css/index.php HTTP/1.1" 404 796 "-" "Go-http-client/1.1"
193.37.33.24 - - [06/Apr/2025:06:13:19 +0300] "GET /chosen.php HTTP/1.1" 404 796 "-" "Go-http-client/1.1"
193.37.33.24 - - [06/Apr/2025:06:13:19 +0300] "GET /wp-login.php HTTP/1.1" 404 796 "-" "Go-http-client/1.1"
193.37.33.24 - - [06/Apr/2025:06:13:19 +0300] "GET /text.php HTTP/1.1" 404 796 "-" "Go-http-client/1.1"
94.154.239.69 - - [06/Apr/2025:06:13:20 +0300] "GET /wp-Owl.php?action=edit&file=rc-terratec-cinergy-xs.ko.xz&path=//lib/modules/4.18.0-513.24.1.el8_9.x86_64/kernel/drivers/media/rc/keymaps HTTP/1.1" 200 628 "-" "Mozilla/5.0 (compatible; MJ12bot/v1.4.8; http://mj12bot.com/)"
193.37.33.24 - - [06/Apr/2025:06:13:20 +0300] "GET /c.php HTTP/1.1" 404 796 "-" "Go-http-client/1.1"
193.37.33.24 - - [06/Apr/2025:06:13:20 +0300] "GET /w.php HTTP/1.1" 404 796 "-" "Go-http-client/1.1"
193.37.33.24 - - [06/Apr/2025:06:13:21 +0300] "GET /about/function.php HTTP/1.1" 404 796 "-" "Go-http-client/1.1"
193.37.33.24 - - [06/Apr/2025:06:13:21 +0300] "GET /a.php HTTP/1.1" 404 796 "-" "Go-http-client/1.1"
193.37.33.24 - - [06/Apr/2025:06:13:21 +0300] "GET /wp-includes/css/about.php HTTP/1.1" 404 796 "-" "Go-http-client/1.1"
193.37.33.24 - - [06/Apr/2025:06:13:21 +0300] "GET /wp-conflg.php HTTP/1.1" 404 796 "-" "Go-http-client/1.1"
193.37.33.24 - - [06/Apr/2025:06:13:22 +0300] "GET /wp-content/themes/about.php HTTP/1.1" 404 796 "-" "Go-http-client/1.1"
193.37.33.24 - - [06/Apr/2025:06:13:22 +0300] "GET /buy.php HTTP/1.1" 404 796 "-" "Go-http-client/1.1"
193.37.33.24 - - [06/Apr/2025:06:13:23 +0300] "GET /wp-content/plugins/index.php HTTP/1.1" 404 796 "-" "Go-http-client/1.1"
193.37.33.24 - - [06/Apr/2025:06:13:23 +0300] "GET /b.php HTTP/1.1" 404 796 "-" "Go-http-client/1.1"
193.37.33.24 - - [06/Apr/2025:06:13:23 +0300] "GET /wp-admin/classwithtostring.php HTTP/1.1" 404 796 "-" "Go-http-client/1.1"
193.37.33.24 - - [06/Apr/2025:06:13:23 +0300] "GET /class.php HTTP/1.1" 404 796 "-" "Go-http-client/1.1"
193.37.33.24 - - [06/Apr/2025:06:13:24 +0300] "GET /wp-content/themes/seotheme/mar.php HTTP/1.1" 404 796 "-" "Go-http-client/1.1"
193.37.33.24 - - [06/Apr/2025:06:13:24 +0300] "GET /wp-content/uploads/index.php HTTP/1.1" 404 796 "-" "Go-http-client/1.1"
193.37.33.24 - - [06/Apr/2025:06:13:25 +0300] "GET /wp.php HTTP/1.1" 404 796 "-" "Go-http-client/1.1"
65.21.233.213 - - [06/Apr/2025:06:13:25 +0300] "GET /wp-Owl.php?action=edit&file=cx88-dvb.ko.xz&path=//lib/modules/4.18.0-513.24.1.el8_9.x86_64/kernel/drivers/media/pci/cx88 HTTP/1.1" 200 620 "-" "Mozilla/5.0 (compatible; MJ12bot/v1.4.8; http://mj12bot.com/)"
193.37.33.24 - - [06/Apr/2025:06:13:25 +0300] "GET /wp-content/plugins/WordPressCore/index.php HTTP/1.1" 404 796 "-" "Go-http-client/1.1"
193.37.33.24 - - [06/Apr/2025:06:13:25 +0300] "GET /fm.php HTTP/1.1" 404 796 "-" "Go-http-client/1.1"
193.37.33.24 - - [06/Apr/2025:06:13:26 +0300] "GET /shell.php HTTP/1.1" 404 796 "-" "Go-http-client/1.1"
193.37.33.24 - - [06/Apr/2025:06:13:26 +0300] "GET /wp-content/about.php HTTP/1.1" 404 796 "-" "Go-http-client/1.1"
193.37.33.24 - - [06/Apr/2025:06:13:26 +0300] "GET /404.php HTTP/1.1" 404 796 "-" "Go-http-client/1.1"
193.37.33.24 - - [06/Apr/2025:06:13:27 +0300] "GET /wp-content/themes/news-portal/error.php HTTP/1.1" 404 796 "-" "Go-http-client/1.1"
193.37.33.24 - - [06/Apr/2025:06:13:27 +0300] "GET /wp-content/plugins/wp-super-cache/wp-cache-pointer.php HTTP/1.1" 404 796 "-" "Go-http-client/1.1"
193.37.33.24 - - [06/Apr/2025:06:13:27 +0300] "GET /wp-admin/maint/index.php HTTP/1.1" 404 796 "-" "Go-http-client/1.1"
193.37.33.24 - - [06/Apr/2025:06:13:28 +0300] "GET /default.php HTTP/1.1" 404 796 "-" "Go-http-client/1.1"
193.37.33.24 - - [06/Apr/2025:06:13:28 +0300] "GET /cong.php HTTP/1.1" 404 796 "-" "Go-http-client/1.1"
193.37.33.24 - - [06/Apr/2025:06:13:28 +0300] "GET /wp-admin/network/index.php HTTP/1.1" 404 796 "-" "Go-http-client/1.1"
193.37.33.24 - - [06/Apr/2025:06:13:29 +0300] "GET /new.php HTTP/1.1" 404 796 "-" "Go-http-client/1.1"
193.37.33.24 - - [06/Apr/2025:06:13:29 +0300] "GET /options.php HTTP/1.1" 404 796 "-" "Go-http-client/1.1"
193.37.33.24 - - [06/Apr/2025:06:13:29 +0300] "GET /wp-admin/css/index.php HTTP/1.1" 404 796 "-" "Go-http-client/1.1"
94.154.239.69 - - [06/Apr/2025:06:13:29 +0300] "GET /wp-Owl.php?action=edit&file=rc-terratec-slim-2.ko.xz&path=//lib/modules/4.18.0-513.24.1.el8_9.x86_64/kernel/drivers/media/rc/keymaps HTTP/1.1" 200 626 "-" "Mozilla/5.0 (compatible; MJ12bot/v1.4.8; http://mj12bot.com/)"
193.37.33.24 - - [06/Apr/2025:06:13:30 +0300] "GET /wp-includes/ID3/index.php HTTP/1.1" 404 796 "-" "Go-http-client/1.1"
193.37.33.24 - - [06/Apr/2025:06:13:30 +0300] "GET /plugins.php HTTP/1.1" 404 796 "-" "Go-http-client/1.1"
65.21.233.213 - - [06/Apr/2025:06:13:30 +0300] "GET /wp-Owl.php?action=edit&file=cx8800.ko.xz&path=//lib/modules/4.18.0-513.24.1.el8_9.x86_64/kernel/drivers/media/pci/cx88 HTTP/1.1" 200 618 "-" "Mozilla/5.0 (compatible; MJ12bot/v1.4.8; http://mj12bot.com/)"
193.37.33.24 - - [06/Apr/2025:06:13:30 +0300] "GET /wander.php HTTP/1.1" 404 796 "-" "Go-http-client/1.1"
193.37.33.24 - - [06/Apr/2025:06:13:31 +0300] "GET /wp-content/plugins/core-plugin/include.php HTTP/1.1" 404 796 "-" "Go-http-client/1.1"
193.37.33.24 - - [06/Apr/2025:06:13:31 +0300] "GET /wp-content/admin.php HTTP/1.1" 404 796 "-" "Go-http-client/1.1"
193.37.33.24 - - [06/Apr/2025:06:13:31 +0300] "GET /content.php HTTP/1.1" 404 796 "-" "Go-http-client/1.1"
193.37.33.24 - - [06/Apr/2025:06:13:32 +0300] "GET /ini.php HTTP/1.1" 404 796 "-" "Go-http-client/1.1"
193.37.33.24 - - [06/Apr/2025:06:13:32 +0300] "GET /wp-admin/images/index.php HTTP/1.1" 404 796 "-" "Go-http-client/1.1"
193.37.33.24 - - [06/Apr/2025:06:13:32 +0300] "GET /.well-known/ HTTP/1.1" 200 740 "-" "Go-http-client/1.1"
193.37.33.24 - - [06/Apr/2025:06:13:33 +0300] "GET /wp-links.php HTTP/1.1" 404 796 "-" "Go-http-client/1.1"
65.21.233.213 - - [06/Apr/2025:06:13:33 +0300] "GET /wp-Owl.php?action=edit&file=cx8802.ko.xz&path=//lib/modules/4.18.0-513.24.1.el8_9.x86_64/kernel/drivers/media/pci/cx88 HTTP/1.1" 200 619 "-" "Mozilla/5.0 (compatible; MJ12bot/v1.4.8; http://mj12bot.com/)"
193.37.33.24 - - [06/Apr/2025:06:13:33 +0300] "GET /wp-admin/plugins.php HTTP/1.1" 404 796 "-" "Go-http-client/1.1"
193.37.33.24 - - [06/Apr/2025:06:13:33 +0300] "GET /moon.php HTTP/1.1" 404 796 "-" "Go-http-client/1.1"
193.37.33.24 - - [06/Apr/2025:06:13:34 +0300] "GET /wp-includes/IXR/wp-login.php HTTP/1.1" 404 796 "-" "Go-http-client/1.1"
193.37.33.24 - - [06/Apr/2025:06:13:34 +0300] "GET /wp-content/languages/index.php HTTP/1.1" 404 796 "-" "Go-http-client/1.1"
193.37.33.24 - - [06/Apr/2025:06:13:34 +0300] "GET /wp-includes/assets/index.php HTTP/1.1" 404 796 "-" "Go-http-client/1.1"
193.37.33.24 - - [06/Apr/2025:06:13:35 +0300] "GET /goods.php HTTP/1.1" 404 796 "-" "Go-http-client/1.1"
193.37.33.24 - - [06/Apr/2025:06:13:35 +0300] "GET /elp.php HTTP/1.1" 404 796 "-" "Go-http-client/1.1"
193.37.33.24 - - [06/Apr/2025:06:13:35 +0300] "GET /wp-includes/customize/index.php HTTP/1.1" 404 796 "-" "Go-http-client/1.1"
193.37.33.24 - - [06/Apr/2025:06:13:36 +0300] "GET /dropdown.php HTTP/1.1" 404 796 "-" "Go-http-client/1.1"
193.37.33.24 - - [06/Apr/2025:06:13:36 +0300] "GET /wp-admin.php HTTP/1.1" 404 796 "-" "Go-http-client/1.1"
193.37.33.24 - - [06/Apr/2025:06:13:36 +0300] "GET /wp-admin/css/colors/blue/ HTTP/1.1" 404 796 "-" "Go-http-client/1.1"
193.37.33.24 - - [06/Apr/2025:06:13:37 +0300] "GET /size.php HTTP/1.1" 404 796 "-" "Go-http-client/1.1"
193.37.33.24 - - [06/Apr/2025:06:13:37 +0300] "GET /wp-content/themes/sketch/404.php HTTP/1.1" 404 796 "-" "Go-http-client/1.1"
193.37.33.24 - - [06/Apr/2025:06:13:37 +0300] "GET /wso.php HTTP/1.1" 404 796 "-" "Go-http-client/1.1"
94.154.239.69 - - [06/Apr/2025:06:13:37 +0300] "GET /wp-Owl.php?action=edit&file=rc-terratec-slim.ko.xz&path=//lib/modules/4.18.0-513.24.1.el8_9.x86_64/kernel/drivers/media/rc/keymaps HTTP/1.1" 200 625 "-" "Mozilla/5.0 (compatible; MJ12bot/v1.4.8; http://mj12bot.com/)"
193.37.33.24 - - [06/Apr/2025:06:13:38 +0300] "GET /class.api.php HTTP/1.1" 404 796 "-" "Go-http-client/1.1"
193.37.33.24 - - [06/Apr/2025:06:13:38 +0300] "GET /wp-content/themes/admin.php?taf HTTP/1.1" 404 796 "-" "Go-http-client/1.1"
193.37.33.24 - - [06/Apr/2025:06:13:38 +0300] "GET /wp-content/plugins/revslider/includes/external/page/index.php HTTP/1.1" 404 796 "-" "Go-http-client/1.1"
65.21.233.213 - - [06/Apr/2025:06:13:38 +0300] "GET /wp-Owl.php?action=edit&file=cx88xx.ko.xz&path=//lib/modules/4.18.0-513.24.1.el8_9.x86_64/kernel/drivers/media/pci/cx88 HTTP/1.1" 200 619 "-" "Mozilla/5.0 (compatible; MJ12bot/v1.4.8; http://mj12bot.com/)"
193.37.33.24 - - [06/Apr/2025:06:13:39 +0300] "GET /wp-content/plugins/WordPressCore/include.php HTTP/1.1" 404 796 "-" "Go-http-client/1.1"
193.37.33.24 - - [06/Apr/2025:06:13:39 +0300] "GET /wp-add.php HTTP/1.1" 404 796 "-" "Go-http-client/1.1"
193.37.33.24 - - [06/Apr/2025:06:13:39 +0300] "GET /wp-admin/product.php HTTP/1.1" 404 796 "-" "Go-http-client/1.1"
193.37.33.24 - - [06/Apr/2025:06:13:40 +0300] "GET /themes.php HTTP/1.1" 404 796 "-" "Go-http-client/1.1"
193.37.33.24 - - [06/Apr/2025:06:13:40 +0300] "GET /indec.php HTTP/1.1" 404 796 "-" "Go-http-client/1.1"
193.37.33.24 - - [06/Apr/2025:06:13:40 +0300] "GET /wp-content/plugins/hello.php HTTP/1.1" 404 796 "-" "Go-http-client/1.1"
193.37.33.24 - - [06/Apr/2025:06:13:40 +0300] "GET /wp-content/options.php HTTP/1.1" 404 796 "-" "Go-http-client/1.1"
193.37.33.24 - - [06/Apr/2025:06:13:41 +0300] "GET /xml.php HTTP/1.1" 404 796 "-" "Go-http-client/1.1"
193.37.33.24 - - [06/Apr/2025:06:13:41 +0300] "GET /wp-header.php HTTP/1.1" 404 796 "-" "Go-http-client/1.1"
193.37.33.24 - - [06/Apr/2025:06:13:42 +0300] "GET /wp-admin/item.php HTTP/1.1" 404 796 "-" "Go-http-client/1.1"
193.37.33.24 - - [06/Apr/2025:06:13:42 +0300] "GET /wp-includes/ID3/about.php HTTP/1.1" 404 796 "-" "Go-http-client/1.1"
193.37.33.24 - - [06/Apr/2025:06:13:42 +0300] "GET /wp-admin/images/about.php HTTP/1.1" 404 796 "-" "Go-http-client/1.1"
193.37.33.24 - - [06/Apr/2025:06:13:43 +0300] "GET /wp-info.php HTTP/1.1" 404 796 "-" "Go-http-client/1.1"
193.37.33.24 - - [06/Apr/2025:06:13:43 +0300] "GET /wp-includes/fonts/index.php HTTP/1.1" 404 796 "-" "Go-http-client/1.1"
193.37.33.24 - - [06/Apr/2025:06:13:43 +0300] "GET /wp-content/click.php HTTP/1.1" 404 796 "-" "Go-http-client/1.1"
193.37.33.24 - - [06/Apr/2025:06:13:43 +0300] "GET /wp-admin/images/admin.php HTTP/1.1" 404 796 "-" "Go-http-client/1.1"
65.21.233.213 - - [06/Apr/2025:06:13:44 +0300] "GET /wp-Owl.php?action=edit&file=cxgb4i.ko.xz&path=//lib/modules/4.18.0-513.24.1.el8_9.x86_64/kernel/drivers/scsi/cxgbi/cxgb4i HTTP/1.1" 200 619 "-" "Mozilla/5.0 (compatible; MJ12bot/v1.4.8; http://mj12bot.com/)"
193.37.33.24 - - [06/Apr/2025:06:13:44 +0300] "GET /bk/index.php HTTP/1.1" 404 796 "-" "Go-http-client/1.1"
193.37.33.24 - - [06/Apr/2025:06:13:44 +0300] "GET /wp-includes/js/index.php HTTP/1.1" 404 796 "-" "Go-http-client/1.1"
193.37.33.24 - - [06/Apr/2025:06:13:45 +0300] "GET /wp-signup.php HTTP/1.1" 404 796 "-" "Go-http-client/1.1"
193.37.33.24 - - [06/Apr/2025:06:13:45 +0300] "GET /wp-content/themes/digital-download/new.php HTTP/1.1" 404 796 "-" "Go-http-client/1.1"
193.37.33.24 - - [06/Apr/2025:06:13:45 +0300] "GET /wp-includes/SimplePie/index.php HTTP/1.1" 404 796 "-" "Go-http-client/1.1"
193.37.33.24 - - [06/Apr/2025:06:13:46 +0300] "GET /wp-includes/images/about.php HTTP/1.1" 404 796 "-" "Go-http-client/1.1"
193.37.33.24 - - [06/Apr/2025:06:13:46 +0300] "GET /product.php HTTP/1.1" 404 796 "-" "Go-http-client/1.1"
193.37.33.24 - - [06/Apr/2025:06:13:46 +0300] "GET /wp-l0gin.php HTTP/1.1" 404 796 "-" "Go-http-client/1.1"
94.154.239.69 - - [06/Apr/2025:06:13:46 +0300] "GET /wp-Owl.php?action=edit&file=rc-tevii-nec.ko.xz&path=//lib/modules/4.18.0-513.24.1.el8_9.x86_64/kernel/drivers/media/rc/keymaps HTTP/1.1" 200 621 "-" "Mozilla/5.0 (compatible; MJ12bot/v1.4.8; http://mj12bot.com/)"
193.37.33.24 - - [06/Apr/2025:06:13:47 +0300] "GET /wp-admin/js/about.php HTTP/1.1" 404 796 "-" "Go-http-client/1.1"
193.37.33.24 - - [06/Apr/2025:06:13:47 +0300] "GET /log.php HTTP/1.1" 404 796 "-" "Go-http-client/1.1"
193.37.33.24 - - [06/Apr/2025:06:13:47 +0300] "GET /wp-includes/customize/about.php HTTP/1.1" 404 796 "-" "Go-http-client/1.1"
193.37.33.24 - - [06/Apr/2025:06:13:48 +0300] "GET /xx.php HTTP/1.1" 404 796 "-" "Go-http-client/1.1"
65.21.233.213 - - [06/Apr/2025:06:13:48 +0300] "GET /wp-Owl.php?action=edit&file=cxgbit.ko.xz&path=//lib/modules/4.18.0-513.24.1.el8_9.x86_64/kernel/drivers/target/iscsi/cxgbit HTTP/1.1" 200 618 "-" "Mozilla/5.0 (compatible; MJ12bot/v1.4.8; http://mj12bot.com/)"
193.37.33.24 - - [06/Apr/2025:06:13:48 +0300] "GET /wp-content/upgrade/about.php HTTP/1.1" 404 796 "-" "Go-http-client/1.1"
193.37.33.24 - - [06/Apr/2025:06:13:48 +0300] "GET /xmlrpc.php HTTP/1.1" 404 796 "-" "Go-http-client/1.1"
193.37.33.24 - - [06/Apr/2025:06:13:48 +0300] "GET /wp-admin/user/index.php HTTP/1.1" 404 796 "-" "Go-http-client/1.1"
193.37.33.24 - - [06/Apr/2025:06:13:49 +0300] "GET /css.php HTTP/1.1" 404 796 "-" "Go-http-client/1.1"
193.37.33.24 - - [06/Apr/2025:06:13:49 +0300] "GET /wp-admin/includes/String.php HTTP/1.1" 404 796 "-" "Go-http-client/1.1"
193.37.33.24 - - [06/Apr/2025:06:13:49 +0300] "GET /wp-content/languages/wp-login.php HTTP/1.1" 404 796 "-" "Go-http-client/1.1"
193.37.33.24 - - [06/Apr/2025:06:13:50 +0300] "GET /install.php HTTP/1.1" 404 796 "-" "Go-http-client/1.1"
193.37.33.24 - - [06/Apr/2025:06:13:50 +0300] "GET /atomlib.php HTTP/1.1" 404 796 "-" "Go-http-client/1.1"
193.37.33.24 - - [06/Apr/2025:06:13:51 +0300] "GET /alfa-rex.php HTTP/1.1" 404 796 "-" "Go-http-client/1.1"
193.37.33.24 - - [06/Apr/2025:06:13:51 +0300] "GET /wp-includes/admin.php HTTP/1.1" 404 796 "-" "Go-http-client/1.1"
193.37.33.24 - - [06/Apr/2025:06:13:51 +0300] "GET /inc.php HTTP/1.1" 404 796 "-" "Go-http-client/1.1"
94.154.239.69 - - [06/Apr/2025:06:13:51 +0300] "GET /wp-Owl.php?action=edit&file=rc-tivo.ko.xz&path=//lib/modules/4.18.0-513.24.1.el8_9.x86_64/kernel/drivers/media/rc/keymaps HTTP/1.1" 200 618 "-" "Mozilla/5.0 (compatible; MJ12bot/v1.4.8; http://mj12bot.com/)"
193.37.33.24 - - [06/Apr/2025:06:13:51 +0300] "GET /jp.php HTTP/1.1" 404 796 "-" "Go-http-client/1.1"
193.37.33.24 - - [06/Apr/2025:06:13:52 +0300] "GET /wp-mail.php HTTP/1.1" 404 796 "-" "Go-http-client/1.1"
193.37.33.24 - - [06/Apr/2025:06:13:52 +0300] "GET /randkeyword.PhP7 HTTP/1.1" 404 796 "-" "Go-http-client/1.1"
193.37.33.24 - - [06/Apr/2025:06:13:53 +0300] "GET /radio.php HTTP/1.1" 404 796 "-" "Go-http-client/1.1"
193.37.33.24 - - [06/Apr/2025:06:13:53 +0300] "GET /as.php HTTP/1.1" 404 796 "-" "Go-http-client/1.1"
65.21.233.213 - - [06/Apr/2025:06:13:53 +0300] "GET /wp-Owl.php?action=edit&file=ddbridge.ko.xz&path=//lib/modules/4.18.0-513.24.1.el8_9.x86_64/kernel/drivers/media/pci/ddbridge HTTP/1.1" 200 619 "-" "Mozilla/5.0 (compatible; MJ12bot/v1.4.8; http://mj12bot.com/)"
193.37.33.24 - - [06/Apr/2025:06:13:53 +0300] "GET /byp.php HTTP/1.1" 404 796 "-" "Go-http-client/1.1"
193.37.33.24 - - [06/Apr/2025:06:13:53 +0300] "GET /click.php HTTP/1.1" 404 796 "-" "Go-http-client/1.1"
94.102.49.19 - - [06/Apr/2025:06:13:54 +0300] "POST /wp-json/litespeed/v1/cdn_status HTTP/1.1" 404 796 "-" "Mozilla/5.0 (X11; Linux x86_64; rv:109.0) Gecko/20100101 Firefox/114.3"
193.37.33.24 - - [06/Apr/2025:06:13:54 +0300] "GET /defaults.php HTTP/1.1" 404 796 "-" "Go-http-client/1.1"
193.37.33.24 - - [06/Apr/2025:06:13:54 +0300] "GET /403.php HTTP/1.1" 404 796 "-" "Go-http-client/1.1"
193.37.33.24 - - [06/Apr/2025:06:13:55 +0300] "GET /wp-includes/Text/wp-login.php HTTP/1.1" 404 796 "-" "Go-http-client/1.1"
193.37.33.24 - - [06/Apr/2025:06:13:55 +0300] "GET /wp-content/plugins/js_composer/vc_classmap.json-list.php HTTP/1.1" 404 796 "-" "Go-http-client/1.1"
193.37.33.24 - - [06/Apr/2025:06:13:55 +0300] "GET /wp-content/item.php HTTP/1.1" 404 796 "-" "Go-http-client/1.1"
193.37.33.24 - - [06/Apr/2025:06:13:56 +0300] "GET /wp-admin/css/about.php HTTP/1.1" 404 796 "-" "Go-http-client/1.1"
193.37.33.24 - - [06/Apr/2025:06:13:56 +0300] "GET /wp-admin/css/colors/index.php HTTP/1.1" 404 796 "-" "Go-http-client/1.1"
193.37.33.24 - - [06/Apr/2025:06:13:56 +0300] "GET /wp-content/uploads/about.php HTTP/1.1" 404 796 "-" "Go-http-client/1.1"
193.37.33.24 - - [06/Apr/2025:06:13:56 +0300] "GET /wp-includes/rest-api/index.php HTTP/1.1" 404 796 "-" "Go-http-client/1.1"
193.37.33.24 - - [06/Apr/2025:06:13:57 +0300] "GET /plugin.php HTTP/1.1" 404 796 "-" "Go-http-client/1.1"
193.37.33.24 - - [06/Apr/2025:06:13:57 +0300] "GET /wp-includes/product.php HTTP/1.1" 404 796 "-" "Go-http-client/1.1"
65.21.233.213 - - [06/Apr/2025:06:13:57 +0300] "GET /wp-Owl.php?action=edit&file=dell-wmi-sysman.ko.xz&path=//lib/modules/4.18.0-513.24.1.el8_9.x86_64/kernel/drivers/platform/x86/dell-wmi-sysman HTTP/1.1" 200 624 "-" "Mozilla/5.0 (compatible; MJ12bot/v1.4.8; http://mj12bot.com/)"
193.37.33.24 - - [06/Apr/2025:06:13:58 +0300] "GET /alfa.php HTTP/1.1" 404 796 "-" "Go-http-client/1.1"
193.37.33.24 - - [06/Apr/2025:06:13:58 +0300] "GET /wp-includes/sitemaps/about.php HTTP/1.1" 404 796 "-" "Go-http-client/1.1"
94.154.239.69 - - [06/Apr/2025:06:13:58 +0300] "GET /wp-Owl.php?action=edit&file=rc-total-media-in-hand-02.ko.xz&path=//lib/modules/4.18.0-513.24.1.el8_9.x86_64/kernel/drivers/media/rc/keymaps HTTP/1.1" 200 630 "-" "Mozilla/5.0 (compatible; MJ12bot/v1.4.8; http://mj12bot.com/)"
193.37.33.24 - - [06/Apr/2025:06:13:58 +0300] "GET /wp-content/json.php HTTP/1.1" 404 796 "-" "Go-http-client/1.1"
193.37.33.24 - - [06/Apr/2025:06:13:58 +0300] "GET /wp-admin/wp-login.php HTTP/1.1" 404 796 "-" "Go-http-client/1.1"
94.102.49.19 - - [06/Apr/2025:06:13:59 +0300] "POST /wp-json/litespeed/v1/cdn_status HTTP/1.1" 404 796 "-" "Mozilla/5.0 (X11; Linux x86_64; rv:109.0) Gecko/20100101 Firefox/114.3"
193.37.33.24 - - [06/Apr/2025:06:13:59 +0300] "GET /link.php HTTP/1.1" 404 796 "-" "Go-http-client/1.1"
193.37.33.24 - - [06/Apr/2025:06:13:59 +0300] "GET /edit.php HTTP/1.1" 404 796 "-" "Go-http-client/1.1"
193.37.33.24 - - [06/Apr/2025:06:13:59 +0300] "GET /wp-content/cong.php HTTP/1.1" 404 796 "-" "Go-http-client/1.1"
193.37.33.24 - - [06/Apr/2025:06:14:00 +0300] "GET /wp-content/mah.php HTTP/1.1" 404 796 "-" "Go-http-client/1.1"
193.37.33.24 - - [06/Apr/2025:06:14:00 +0300] "GET /wp-admin/network/about.php HTTP/1.1" 404 796 "-" "Go-http-client/1.1"
193.37.33.24 - - [06/Apr/2025:06:14:00 +0300] "GET /wp-config-sample.php HTTP/1.1" 404 796 "-" "Go-http-client/1.1"
193.37.33.24 - - [06/Apr/2025:06:14:01 +0300] "GET /wp-admin/css/colors/coffee/index.php HTTP/1.1" 404 796 "-" "Go-http-client/1.1"
193.37.33.24 - - [06/Apr/2025:06:14:01 +0300] "GET /wp-content/plugins/dummyyummy/wp-signup.php HTTP/1.1" 404 796 "-" "Go-http-client/1.1"
193.37.33.24 - - [06/Apr/2025:06:14:02 +0300] "GET /bypass.php HTTP/1.1" 404 796 "-" "Go-http-client/1.1"
193.37.33.24 - - [06/Apr/2025:06:14:02 +0300] "GET /doc.php HTTP/1.1" 404 796 "-" "Go-http-client/1.1"
193.37.33.24 - - [06/Apr/2025:06:14:02 +0300] "GET /wp-content/classwithtostring.php HTTP/1.1" 404 796 "-" "Go-http-client/1.1"
193.37.33.24 - - [06/Apr/2025:06:14:03 +0300] "GET /.well-known/pki-validation/about.php HTTP/1.1" 404 796 "-" "Go-http-client/1.1"
65.21.233.213 - - [06/Apr/2025:06:14:03 +0300] "GET /wp-Owl.php?action=edit&file=dl2k.ko.xz&path=//lib/modules/4.18.0-513.24.1.el8_9.x86_64/kernel/drivers/net/ethernet/dlink HTTP/1.1" 200 616 "-" "Mozilla/5.0 (compatible; MJ12bot/v1.4.8; http://mj12bot.com/)"
193.37.33.24 - - [06/Apr/2025:06:14:03 +0300] "GET /wp-content/content.php HTTP/1.1" 404 796 "-" "Go-http-client/1.1"
193.37.33.24 - - [06/Apr/2025:06:14:03 +0300] "GET /wp-includes/fonts/wp-login.php HTTP/1.1" 404 796 "-" "Go-http-client/1.1"
193.37.33.24 - - [06/Apr/2025:06:14:04 +0300] "GET /.well-known/pki-validation/index.php HTTP/1.1" 404 796 "-" "Go-http-client/1.1"
193.37.33.24 - - [06/Apr/2025:06:14:04 +0300] "GET /small.php HTTP/1.1" 404 796 "-" "Go-http-client/1.1"
193.37.33.24 - - [06/Apr/2025:06:14:04 +0300] "GET /editor.php HTTP/1.1" 404 796 "-" "Go-http-client/1.1"
94.154.239.69 - - [06/Apr/2025:06:14:04 +0300] "GET /wp-Owl.php?action=edit&file=rc-total-media-in-hand.ko.xz&path=//lib/modules/4.18.0-513.24.1.el8_9.x86_64/kernel/drivers/media/rc/keymaps HTTP/1.1" 200 628 "-" "Mozilla/5.0 (compatible; MJ12bot/v1.4.8; http://mj12bot.com/)"
193.37.33.24 - - [06/Apr/2025:06:14:05 +0300] "GET /wp-content/tmpls.php HTTP/1.1" 404 796 "-" "Go-http-client/1.1"
193.37.33.24 - - [06/Apr/2025:06:14:05 +0300] "GET /user.php HTTP/1.1" 404 796 "-" "Go-http-client/1.1"
193.37.33.24 - - [06/Apr/2025:06:14:05 +0300] "GET /ws.php HTTP/1.1" 404 796 "-" "Go-http-client/1.1"
193.37.33.24 - - [06/Apr/2025:06:14:06 +0300] "GET /wp-includes/wp-login.php HTTP/1.1" 404 796 "-" "Go-http-client/1.1"
193.37.33.24 - - [06/Apr/2025:06:14:06 +0300] "GET /.well-known/acme-challenge/about.php HTTP/1.1" 404 796 "-" "Go-http-client/1.1"
193.37.33.24 - - [06/Apr/2025:06:14:06 +0300] "GET /wp-admin/about.php HTTP/1.1" 404 796 "-" "Go-http-client/1.1"
193.37.33.24 - - [06/Apr/2025:06:14:07 +0300] "GET /sck.php HTTP/1.1" 404 796 "-" "Go-http-client/1.1"
193.37.33.24 - - [06/Apr/2025:06:14:07 +0300] "GET /templates/beez3/error.php HTTP/1.1" 404 796 "-" "Go-http-client/1.1"
193.37.33.24 - - [06/Apr/2025:06:14:07 +0300] "GET /wp-admin/maint/go.php HTTP/1.1" 404 796 "-" "Go-http-client/1.1"
193.37.33.24 - - [06/Apr/2025:06:14:07 +0300] "GET /1337.php HTTP/1.1" 404 796 "-" "Go-http-client/1.1"
193.37.33.24 - - [06/Apr/2025:06:14:08 +0300] "GET /cgi-bin/wp-login.php HTTP/1.1" 404 796 "-" "Go-http-client/1.1"
193.37.33.24 - - [06/Apr/2025:06:14:08 +0300] "GET /wp-includes/fonts/about.php HTTP/1.1" 404 796 "-" "Go-http-client/1.1"
193.37.33.24 - - [06/Apr/2025:06:14:09 +0300] "GET /wp-includes/link.php HTTP/1.1" 404 796 "-" "Go-http-client/1.1"
193.37.33.24 - - [06/Apr/2025:06:14:09 +0300] "GET /templates/beez/index.php HTTP/1.1" 404 796 "-" "Go-http-client/1.1"
193.37.33.24 - - [06/Apr/2025:06:14:09 +0300] "GET /lock.php HTTP/1.1" 404 796 "-" "Go-http-client/1.1"
65.21.233.213 - - [06/Apr/2025:06:14:09 +0300] "GET /wp-Owl.php?action=edit&file=dm1105.ko.xz&path=//lib/modules/4.18.0-513.24.1.el8_9.x86_64/kernel/drivers/media/pci/dm1105 HTTP/1.1" 200 618 "-" "Mozilla/5.0 (compatible; MJ12bot/v1.4.8; http://mj12bot.com/)"
193.37.33.24 - - [06/Apr/2025:06:14:10 +0300] "GET /wp-log1n.php HTTP/1.1" 404 796 "-" "Go-http-client/1.1"
193.37.33.24 - - [06/Apr/2025:06:14:10 +0300] "GET /wp-admin/admin.php HTTP/1.1" 404 796 "-" "Go-http-client/1.1"
193.37.33.24 - - [06/Apr/2025:06:14:10 +0300] "GET /mini.php HTTP/1.1" 404 796 "-" "Go-http-client/1.1"
193.37.33.24 - - [06/Apr/2025:06:14:11 +0300] "GET /wp-includes/wp-class.php HTTP/1.1" 404 796 "-" "Go-http-client/1.1"
94.154.239.69 - - [06/Apr/2025:06:14:11 +0300] "GET /wp-Owl.php?action=edit&file=rc-trekstor.ko.xz&path=//lib/modules/4.18.0-513.24.1.el8_9.x86_64/kernel/drivers/media/rc/keymaps HTTP/1.1" 200 621 "-" "Mozilla/5.0 (compatible; MJ12bot/v1.4.8; http://mj12bot.com/)"
93.174.93.2 - - [06/Apr/2025:06:14:11 +0300] "POST /wp-json/litespeed/v1/cdn_status HTTP/1.1" 404 796 "-" "Mozilla/5.0 (X11; Linux x86_64; rv:109.0) Gecko/20100101 Firefox/114.3"
193.37.33.24 - - [06/Apr/2025:06:14:11 +0300] "GET /hehehehe.php HTTP/1.1" 404 796 "-" "Go-http-client/1.1"
193.37.33.24 - - [06/Apr/2025:06:14:11 +0300] "GET /lufix.php HTTP/1.1" 404 796 "-" "Go-http-client/1.1"
193.37.33.24 - - [06/Apr/2025:06:14:12 +0300] "GET /wp-2019.php HTTP/1.1" 404 796 "-" "Go-http-client/1.1"
193.37.33.24 - - [06/Apr/2025:06:14:12 +0300] "GET /randkeyword.php HTTP/1.1" 404 796 "-" "Go-http-client/1.1"
193.37.33.24 - - [06/Apr/2025:06:14:12 +0300] "GET /makeasmtp.php HTTP/1.1" 404 796 "-" "Go-http-client/1.1"
193.37.33.24 - - [06/Apr/2025:06:14:13 +0300] "GET /alfa.php?solevisible HTTP/1.1" 404 796 "-" "Go-http-client/1.1"
193.37.33.24 - - [06/Apr/2025:06:14:13 +0300] "GET /wp-content/plugins/ubh/up.php HTTP/1.1" 404 796 "-" "Go-http-client/1.1"
193.37.33.24 - - [06/Apr/2025:06:14:13 +0300] "GET /wp-content/themes/pridmag/db.php?u HTTP/1.1" 404 796 "-" "Go-http-client/1.1"
193.37.33.24 - - [06/Apr/2025:06:14:14 +0300] "GET /wp-content/themes/seotheme/db.php HTTP/1.1" 404 796 "-" "Go-http-client/1.1"
193.37.33.24 - - [06/Apr/2025:06:14:14 +0300] "GET /wp-content/ThreeFox_Exploit/index.php?threefox HTTP/1.1" 404 796 "-" "Go-http-client/1.1"
65.21.233.213 - - [06/Apr/2025:06:14:14 +0300] "GET /wp-Owl.php?action=edit&file=drm_display_helper.ko.xz&path=//lib/modules/4.18.0-513.24.1.el8_9.x86_64/kernel/drivers/gpu/drm/display HTTP/1.1" 200 626 "-" "Mozilla/5.0 (compatible; MJ12bot/v1.4.8; http://mj12bot.com/)"
193.37.33.24 - - [06/Apr/2025:06:14:14 +0300] "GET /wp-content/plugins/helloapx/wp-apxupx.php?apx=upx HTTP/1.1" 404 796 "-" "Go-http-client/1.1"
193.37.33.24 - - [06/Apr/2025:06:14:15 +0300] "GET /wp-content/plugins/pwnd/pwnd.php HTTP/1.1" 404 796 "-" "Go-http-client/1.1"
193.37.33.24 - - [06/Apr/2025:06:14:15 +0300] "GET /modules/mod_simplefileuploadv1.3/elements/udd.php HTTP/1.1" 404 796 "-" "Go-http-client/1.1"
193.37.33.24 - - [06/Apr/2025:06:14:15 +0300] "GET /wp-admin/maint/upfile.php HTTP/1.1" 404 796 "-" "Go-http-client/1.1"
193.37.33.24 - - [06/Apr/2025:06:14:16 +0300] "GET /.well-known/acme-challenge/upfile.php HTTP/1.1" 404 796 "-" "Go-http-client/1.1"
193.37.33.24 - - [06/Apr/2025:06:14:16 +0300] "GET /test.php HTTP/1.1" 404 796 "-" "Go-http-client/1.1"
94.154.239.69 - - [06/Apr/2025:06:14:19 +0300] "GET /wp-Owl.php?action=edit&file=rc-tt-1500.ko.xz&path=//lib/modules/4.18.0-513.24.1.el8_9.x86_64/kernel/drivers/media/rc/keymaps HTTP/1.1" 200 621 "-" "Mozilla/5.0 (compatible; MJ12bot/v1.4.8; http://mj12bot.com/)"
93.174.93.2 - - [06/Apr/2025:06:14:21 +0300] "POST /wp-json/litespeed/v1/cdn_status HTTP/1.1" 404 796 "-" "Mozilla/5.0 (X11; Linux x86_64; rv:109.0) Gecko/20100101 Firefox/114.3"
65.21.233.213 - - [06/Apr/2025:06:14:22 +0300] "GET /wp-Owl.php?action=edit&file=drx39xyj.ko.xz&path=//lib/modules/4.18.0-513.24.1.el8_9.x86_64/kernel/drivers/media/dvb-frontends/drx39xyj HTTP/1.1" 200 620 "-" "Mozilla/5.0 (compatible; MJ12bot/v1.4.8; http://mj12bot.com/)"
94.154.239.69 - - [06/Apr/2025:06:14:25 +0300] "GET /wp-Owl.php?action=edit&file=rc-twinhan-dtv-cab-ci.ko.xz&path=//lib/modules/4.18.0-513.24.1.el8_9.x86_64/kernel/drivers/media/rc/keymaps HTTP/1.1" 200 628 "-" "Mozilla/5.0 (compatible; MJ12bot/v1.4.8; http://mj12bot.com/)"
65.21.233.213 - - [06/Apr/2025:06:14:28 +0300] "GET /wp-Owl.php?action=edit&file=dst.ko.xz&path=//lib/modules/4.18.0-513.24.1.el8_9.x86_64/kernel/drivers/media/pci/bt8xx HTTP/1.1" 200 615 "-" "Mozilla/5.0 (compatible; MJ12bot/v1.4.8; http://mj12bot.com/)"
65.21.233.213 - - [06/Apr/2025:06:14:31 +0300] "GET /wp-Owl.php?action=edit&file=dst_ca.ko.xz&path=//lib/modules/4.18.0-513.24.1.el8_9.x86_64/kernel/drivers/media/pci/bt8xx HTTP/1.1" 200 618 "-" "Mozilla/5.0 (compatible; MJ12bot/v1.4.8; http://mj12bot.com/)"
65.21.233.213 - - [06/Apr/2025:06:14:35 +0300] "GET /wp-Owl.php?action=edit&file=dvb-bt8xx.ko.xz&path=//lib/modules/4.18.0-513.24.1.el8_9.x86_64/kernel/drivers/media/pci/bt8xx HTTP/1.1" 200 620 "-" "Mozilla/5.0 (compatible; MJ12bot/v1.4.8; http://mj12bot.com/)"
94.154.239.69 - - [06/Apr/2025:06:14:36 +0300] "GET /wp-Owl.php?action=edit&file=rc-twinhan1027.ko.xz&path=//lib/modules/4.18.0-513.24.1.el8_9.x86_64/kernel/drivers/media/rc/keymaps HTTP/1.1" 200 624 "-" "Mozilla/5.0 (compatible; MJ12bot/v1.4.8; http://mj12bot.com/)"
94.154.239.69 - - [06/Apr/2025:06:14:42 +0300] "GET /wp-Owl.php?action=edit&file=rc-videomate-m1f.ko.xz&path=//lib/modules/4.18.0-513.24.1.el8_9.x86_64/kernel/drivers/media/rc/keymaps HTTP/1.1" 200 624 "-" "Mozilla/5.0 (compatible; MJ12bot/v1.4.8; http://mj12bot.com/)"
65.21.233.213 - - [06/Apr/2025:06:14:42 +0300] "GET /wp-Owl.php?action=edit&file=dvb-ttpci.ko.xz&path=//lib/modules/4.18.0-513.24.1.el8_9.x86_64/kernel/drivers/media/pci/ttpci HTTP/1.1" 200 620 "-" "Mozilla/5.0 (compatible; MJ12bot/v1.4.8; http://mj12bot.com/)"
65.21.233.213 - - [06/Apr/2025:06:14:46 +0300] "GET /wp-Owl.php?action=edit&file=dvb-ttusb-budget.ko.xz&path=//lib/modules/4.18.0-513.24.1.el8_9.x86_64/kernel/drivers/media/usb/ttusb-budget HTTP/1.1" 200 625 "-" "Mozilla/5.0 (compatible; MJ12bot/v1.4.8; http://mj12bot.com/)"
94.154.239.69 - - [06/Apr/2025:06:14:50 +0300] "GET /wp-Owl.php?action=edit&file=rc-videomate-s350.ko.xz&path=//lib/modules/4.18.0-513.24.1.el8_9.x86_64/kernel/drivers/media/rc/keymaps HTTP/1.1" 200 625 "-" "Mozilla/5.0 (compatible; MJ12bot/v1.4.8; http://mj12bot.com/)"
65.21.233.213 - - [06/Apr/2025:06:14:51 +0300] "GET /wp-Owl.php?action=edit&file=dvb-usb-a800.ko.xz&path=//lib/modules/4.18.0-513.24.1.el8_9.x86_64/kernel/drivers/media/usb/dvb-usb HTTP/1.1" 200 621 "-" "Mozilla/5.0 (compatible; MJ12bot/v1.4.8; http://mj12bot.com/)"
94.154.239.69 - - [06/Apr/2025:06:14:53 +0300] "GET /wp-Owl.php?action=edit&file=rc-videomate-tv-pvr.ko.xz&path=//lib/modules/4.18.0-513.24.1.el8_9.x86_64/kernel/drivers/media/rc/keymaps HTTP/1.1" 200 626 "-" "Mozilla/5.0 (compatible; MJ12bot/v1.4.8; http://mj12bot.com/)"
65.21.233.213 - - [06/Apr/2025:06:14:57 +0300] "GET /wp-Owl.php?action=edit&file=dvb-usb-af9005-remote.ko.xz&path=//lib/modules/4.18.0-513.24.1.el8_9.x86_64/kernel/drivers/media/usb/dvb-usb HTTP/1.1" 200 629 "-" "Mozilla/5.0 (compatible; MJ12bot/v1.4.8; http://mj12bot.com/)"
