193.70.34.35 - - [05/Apr/2025:22:52:58 +0300] "GET /wp-Owl.php?action=edit&file=pinctrl-meteorlake.ko.xz&path=//lib/modules/4.18.0-513.24.1.el8_9.x86_64/kernel/drivers/pinctrl/intel HTTP/1.1" 200 626 "-" "Mozilla/5.0 (compatible; MJ12bot/v1.4.8; http://mj12bot.com/)"
193.70.34.35 - - [05/Apr/2025:22:52:59 +0300] "GET /wp-Owl.php?action=edit&file=pinctrl-sunrisepoint.ko.xz&path=//lib/modules/4.18.0-513.18.1.lve.2.el8.x86_64/kernel/drivers/pinctrl/intel HTTP/1.1" 200 627 "-" "Mozilla/5.0 (compatible; MJ12bot/v1.4.8; http://mj12bot.com/)"
193.70.34.35 - - [05/Apr/2025:22:53:01 +0300] "GET /wp-Owl.php?action=edit&file=pinctrl-sunrisepoint.ko.xz&path=//lib/modules/4.18.0-513.24.1.el8_9.x86_64/kernel/drivers/pinctrl/intel HTTP/1.1" 200 627 "-" "Mozilla/5.0 (compatible; MJ12bot/v1.4.8; http://mj12bot.com/)"
193.70.34.35 - - [05/Apr/2025:22:53:03 +0300] "GET /wp-Owl.php?action=edit&file=pinctrl-tigerlake.ko.xz&path=//lib/modules/4.18.0-513.18.1.lve.2.el8.x86_64/kernel/drivers/pinctrl/intel HTTP/1.1" 200 625 "-" "Mozilla/5.0 (compatible; MJ12bot/v1.4.8; http://mj12bot.com/)"
193.70.34.35 - - [05/Apr/2025:22:53:04 +0300] "GET /wp-Owl.php?action=edit&file=pinctrl-tigerlake.ko.xz&path=//lib/modules/4.18.0-513.24.1.el8_9.x86_64/kernel/drivers/pinctrl/intel HTTP/1.1" 200 625 "-" "Mozilla/5.0 (compatible; MJ12bot/v1.4.8; http://mj12bot.com/)"
193.70.34.35 - - [05/Apr/2025:22:53:06 +0300] "GET /wp-Owl.php?action=edit&file=pix.la&path=//opt/alt/alt-ImageMagick/usr/lib64/ImageMagick-7.1.1/modules-Q16HDRI/coders HTTP/1.1" 200 1200 "-" "Mozilla/5.0 (compatible; MJ12bot/v1.4.8; http://mj12bot.com/)"
193.70.34.35 - - [05/Apr/2025:22:53:08 +0300] "GET /wp-Owl.php?action=edit&file=pix.so&path=//opt/alt/alt-ImageMagick/usr/lib64/ImageMagick-7.1.1/modules-Q16HDRI/coders HTTP/1.1" 200 612 "-" "Mozilla/5.0 (compatible; MJ12bot/v1.4.8; http://mj12bot.com/)"
193.70.34.35 - - [05/Apr/2025:22:53:09 +0300] "GET /wp-Owl.php?action=edit&file=pl2303.ko.xz&path=//lib/modules/4.18.0-513.18.1.lve.2.el8.x86_64/kernel/drivers/usb/serial HTTP/1.1" 200 618 "-" "Mozilla/5.0 (compatible; MJ12bot/v1.4.8; http://mj12bot.com/)"
193.70.34.35 - - [05/Apr/2025:22:53:11 +0300] "GET /wp-Owl.php?action=edit&file=pl2303.ko.xz&path=//lib/modules/4.18.0-513.24.1.el8_9.x86_64/kernel/drivers/usb/serial HTTP/1.1" 200 618 "-" "Mozilla/5.0 (compatible; MJ12bot/v1.4.8; http://mj12bot.com/)"
193.70.34.35 - - [05/Apr/2025:22:53:12 +0300] "GET /wp-Owl.php?action=edit&file=plasma.la&path=//opt/alt/alt-ImageMagick/usr/lib64/ImageMagick-7.1.1/modules-Q16HDRI/coders HTTP/1.1" 200 1203 "-" "Mozilla/5.0 (compatible; MJ12bot/v1.4.8; http://mj12bot.com/)"
89.248.169.52 - - [05/Apr/2025:22:53:13 +0300] "POST /wp-json/litespeed/v1/cdn_status HTTP/1.1" 404 796 "-" "Mozilla/5.0 (X11; Linux x86_64; rv:109.0) Gecko/20100101 Firefox/114.3"
193.70.34.35 - - [05/Apr/2025:22:53:14 +0300] "GET /wp-Owl.php?action=edit&file=plasma.so&path=//opt/alt/alt-ImageMagick/usr/lib64/ImageMagick-7.1.1/modules-Q16HDRI/coders HTTP/1.1" 200 614 "-" "Mozilla/5.0 (compatible; MJ12bot/v1.4.8; http://mj12bot.com/)"
193.70.34.35 - - [05/Apr/2025:22:53:16 +0300] "GET /wp-Owl.php?action=edit&file=platform_lcd.ko.xz&path=//lib/modules/4.18.0-513.18.1.lve.2.el8.x86_64/kernel/drivers/video/backlight HTTP/1.1" 200 622 "-" "Mozilla/5.0 (compatible; MJ12bot/v1.4.8; http://mj12bot.com/)"
193.70.34.35 - - [05/Apr/2025:22:53:17 +0300] "GET /wp-Owl.php?action=edit&file=platform_lcd.ko.xz&path=//lib/modules/4.18.0-513.24.1.el8_9.x86_64/kernel/drivers/video/backlight HTTP/1.1" 200 622 "-" "Mozilla/5.0 (compatible; MJ12bot/v1.4.8; http://mj12bot.com/)"
213.136.68.157 - - [05/Apr/2025:22:53:18 +0300] "GET /file.php HTTP/1.1" 404 796 "-" "Mozlila/5.0 (Linux; Android 7.0; SM-G892A Bulid/NRD90M; wv) AppleWebKit/537.36 (KHTML, like Gecko) Version/4.0 Chrome/60.0.3112.107 Moblie Safari/537.36"
193.70.34.35 - - [05/Apr/2025:22:53:19 +0300] "GET /wp-Owl.php?action=edit&file=plusb.ko.xz&path=//lib/modules/4.18.0-513.24.1.el8_9.x86_64/kernel/drivers/net/usb HTTP/1.1" 200 617 "-" "Mozilla/5.0 (compatible; MJ12bot/v1.4.8; http://mj12bot.com/)"
194.163.135.155 - - [05/Apr/2025:22:53:06 +0300] "GET /wp-Owl.php?action=edit&file=viff.la&path=//opt/alt/alt-ImageMagick/usr/lib64/ImageMagick-7.1.1/modules-Q16HDRI/coders HTTP/1.1" 200 1201 "-" "Mozilla/5.0 (compatible; MJ12bot/v1.4.8; http://mj12bot.com/)"
194.163.135.155 - - [05/Apr/2025:22:53:07 +0300] "GET /wp-Owl.php?action=edit&file=viff.so&path=//opt/alt/alt-ImageMagick/usr/lib64/ImageMagick-7.1.1/modules-Q16HDRI/coders HTTP/1.1" 200 612 "-" "Mozilla/5.0 (compatible; MJ12bot/v1.4.8; http://mj12bot.com/)"
194.163.135.155 - - [05/Apr/2025:22:53:09 +0300] "GET /wp-Owl.php?action=edit&file=vips.la&path=//opt/alt/alt-ImageMagick/usr/lib64/ImageMagick-7.1.1/modules-Q16HDRI/coders HTTP/1.1" 200 1201 "-" "Mozilla/5.0 (compatible; MJ12bot/v1.4.8; http://mj12bot.com/)"
194.163.135.155 - - [05/Apr/2025:22:53:11 +0300] "GET /wp-Owl.php?action=edit&file=vips.so&path=//opt/alt/alt-ImageMagick/usr/lib64/ImageMagick-7.1.1/modules-Q16HDRI/coders HTTP/1.1" 200 612 "-" "Mozilla/5.0 (compatible; MJ12bot/v1.4.8; http://mj12bot.com/)"
194.163.135.155 - - [05/Apr/2025:22:53:12 +0300] "GET /wp-Owl.php?action=edit&file=visor.ko.xz&path=//lib/modules/4.18.0-513.18.1.lve.2.el8.x86_64/kernel/drivers/usb/serial HTTP/1.1" 200 617 "-" "Mozilla/5.0 (compatible; MJ12bot/v1.4.8; http://mj12bot.com/)"
194.163.135.155 - - [05/Apr/2025:22:53:14 +0300] "GET /wp-Owl.php?action=edit&file=visor.ko.xz&path=//lib/modules/4.18.0-513.24.1.el8_9.x86_64/kernel/drivers/usb/serial HTTP/1.1" 200 617 "-" "Mozilla/5.0 (compatible; MJ12bot/v1.4.8; http://mj12bot.com/)"
194.163.135.155 - - [05/Apr/2025:22:53:15 +0300] "GET /wp-Owl.php?action=edit&file=vitesse.ko.xz&path=//lib/modules/4.18.0-513.24.1.el8_9.x86_64/kernel/drivers/net/phy HTTP/1.1" 200 618 "-" "Mozilla/5.0 (compatible; MJ12bot/v1.4.8; http://mj12bot.com/)"
213.136.68.157 - - [05/Apr/2025:22:53:16 +0300] "GET /simple.php HTTP/1.1" 404 796 "-" "Mozlila/5.0 (Linux; Android 7.0; SM-G892A Bulid/NRD90M; wv) AppleWebKit/537.36 (KHTML, like Gecko) Version/4.0 Chrome/60.0.3112.107 Moblie Safari/537.36"
194.163.135.155 - - [05/Apr/2025:22:53:17 +0300] "GET /wp-Owl.php?action=edit&file=vmw_vmci.ko.xz&path=//lib/modules/4.18.0-513.24.1.el8_9.x86_64/kernel/drivers/misc/vmw_vmci HTTP/1.1" 200 620 "-" "Mozilla/5.0 (compatible; MJ12bot/v1.4.8; http://mj12bot.com/)"
194.163.135.155 - - [05/Apr/2025:22:53:19 +0300] "GET /wp-Owl.php?action=edit&file=vmxnet3.ko.xz&path=//lib/modules/4.18.0-513.24.1.el8_9.x86_64/kernel/drivers/net/vmxnet3 HTTP/1.1" 200 618 "-" "Mozilla/5.0 (compatible; MJ12bot/v1.4.8; http://mj12bot.com/)"
194.163.135.155 - - [05/Apr/2025:22:53:20 +0300] "GET /wp-Owl.php?action=edit&file=vp27smpx.ko.xz&path=//lib/modules/4.18.0-513.24.1.el8_9.x86_64/kernel/drivers/media/i2c HTTP/1.1" 200 620 "-" "Mozilla/5.0 (compatible; MJ12bot/v1.4.8; http://mj12bot.com/)"
194.163.135.155 - - [05/Apr/2025:22:53:22 +0300] "GET /wp-Owl.php?action=edit&file=vp_vdpa.ko.xz&path=//lib/modules/4.18.0-513.18.1.lve.2.el8.x86_64/kernel/drivers/vdpa/virtio_pci HTTP/1.1" 200 619 "-" "Mozilla/5.0 (compatible; MJ12bot/v1.4.8; http://mj12bot.com/)"
213.136.68.157 - - [05/Apr/2025:22:53:22 +0300] "GET /about.php HTTP/1.1" 404 20 "-" "Mozlila/5.0 (Linux; Android 7.0; SM-G892A Bulid/NRD90M; wv) AppleWebKit/537.36 (KHTML, like Gecko) Version/4.0 Chrome/60.0.3112.107 Moblie Safari/537.36"
194.163.135.155 - - [05/Apr/2025:22:53:24 +0300] "GET /wp-Owl.php?action=edit&file=vp_vdpa.ko.xz&path=//lib/modules/4.18.0-513.24.1.el8_9.x86_64/kernel/drivers/vdpa/virtio_pci HTTP/1.1" 200 619 "-" "Mozilla/5.0 (compatible; MJ12bot/v1.4.8; http://mj12bot.com/)"
194.163.135.155 - - [05/Apr/2025:22:53:25 +0300] "GET /wp-Owl.php?action=edit&file=vsxxxaa.ko.xz&path=//lib/modules/4.18.0-513.24.1.el8_9.x86_64/kernel/drivers/input/mouse HTTP/1.1" 200 619 "-" "Mozilla/5.0 (compatible; MJ12bot/v1.4.8; http://mj12bot.com/)"
194.163.135.155 - - [05/Apr/2025:22:53:27 +0300] "GET /wp-Owl.php?action=edit&file=vub300.ko.xz&path=//lib/modules/4.18.0-513.24.1.el8_9.x86_64/kernel/drivers/mmc/host HTTP/1.1" 200 618 "-" "Mozilla/5.0 (compatible; MJ12bot/v1.4.8; http://mj12bot.com/)"
213.136.68.157 - - [05/Apr/2025:22:53:28 +0300] "GET /item.php HTTP/1.1" 404 796 "-" "Mozlila/5.0 (Linux; Android 7.0; SM-G892A Bulid/NRD90M; wv) AppleWebKit/537.36 (KHTML, like Gecko) Version/4.0 Chrome/60.0.3112.107 Moblie Safari/537.36"
194.163.135.155 - - [05/Apr/2025:22:53:28 +0300] "GET /wp-Owl.php?action=edit&file=wacom_i2c.ko.xz&path=//lib/modules/4.18.0-513.24.1.el8_9.x86_64/kernel/drivers/input/touchscreen HTTP/1.1" 200 621 "-" "Mozilla/5.0 (compatible; MJ12bot/v1.4.8; http://mj12bot.com/)"
213.136.68.157 - - [05/Apr/2025:22:53:29 +0300] "GET /autoload_classmap.php HTTP/1.1" 404 796 "-" "Mozlila/5.0 (Linux; Android 7.0; SM-G892A Bulid/NRD90M; wv) AppleWebKit/537.36 (KHTML, like Gecko) Version/4.0 Chrome/60.0.3112.107 Moblie Safari/537.36"
194.163.135.155 - - [05/Apr/2025:22:53:30 +0300] "GET /wp-Owl.php?action=edit&file=wacom_serial4.ko.xz&path=//lib/modules/4.18.0-513.24.1.el8_9.x86_64/kernel/drivers/input/tablet HTTP/1.1" 200 623 "-" "Mozilla/5.0 (compatible; MJ12bot/v1.4.8; http://mj12bot.com/)"
194.163.135.155 - - [05/Apr/2025:22:53:31 +0300] "GET /wp-Owl.php?action=edit&file=wacom_w8001.ko.xz&path=//lib/modules/4.18.0-513.24.1.el8_9.x86_64/kernel/drivers/input/touchscreen HTTP/1.1" 200 622 "-" "Mozilla/5.0 (compatible; MJ12bot/v1.4.8; http://mj12bot.com/)"
213.136.68.157 - - [05/Apr/2025:22:53:32 +0300] "GET /wp-includes/theme-compat/chosen.php HTTP/1.1" 404 796 "-" "Mozlila/5.0 (Linux; Android 7.0; SM-G892A Bulid/NRD90M; wv) AppleWebKit/537.36 (KHTML, like Gecko) Version/4.0 Chrome/60.0.3112.107 Moblie Safari/537.36"
194.163.135.155 - - [05/Apr/2025:22:53:33 +0300] "GET /wp-Owl.php?action=edit&file=wbmp.la&path=//opt/alt/alt-ImageMagick/usr/lib64/ImageMagick-7.1.1/modules-Q16HDRI/coders HTTP/1.1" 200 1202 "-" "Mozilla/5.0 (compatible; MJ12bot/v1.4.8; http://mj12bot.com/)"
194.163.135.155 - - [05/Apr/2025:22:53:35 +0300] "GET /wp-Owl.php?action=edit&file=wbmp.so&path=//opt/alt/alt-ImageMagick/usr/lib64/ImageMagick-7.1.1/modules-Q16HDRI/coders HTTP/1.1" 200 613 "-" "Mozilla/5.0 (compatible; MJ12bot/v1.4.8; http://mj12bot.com/)"
194.163.135.155 - - [05/Apr/2025:22:53:36 +0300] "GET /wp-Owl.php?action=edit&file=webp.la&path=//opt/alt/alt-ImageMagick/usr/lib64/ImageMagick-7.1.1/modules-Q16HDRI/coders HTTP/1.1" 200 1216 "-" "Mozilla/5.0 (compatible; MJ12bot/v1.4.8; http://mj12bot.com/)"
213.136.68.157 - - [05/Apr/2025:22:53:37 +0300] "GET /wp-includes/pomo/wp-conflg.php HTTP/1.1" 404 796 "-" "Mozlila/5.0 (Linux; Android 7.0; SM-G892A Bulid/NRD90M; wv) AppleWebKit/537.36 (KHTML, like Gecko) Version/4.0 Chrome/60.0.3112.107 Moblie Safari/537.36"
194.163.135.155 - - [05/Apr/2025:22:53:38 +0300] "GET /wp-Owl.php?action=edit&file=webp.so&path=//opt/alt/alt-ImageMagick/usr/lib64/ImageMagick-7.1.1/modules-Q16HDRI/coders HTTP/1.1" 200 613 "-" "Mozilla/5.0 (compatible; MJ12bot/v1.4.8; http://mj12bot.com/)"
194.163.135.155 - - [05/Apr/2025:22:53:39 +0300] "GET /wp-Owl.php?action=edit&file=whiteheat.ko.xz&path=//lib/modules/4.18.0-513.18.1.lve.2.el8.x86_64/kernel/drivers/usb/serial HTTP/1.1" 200 619 "-" "Mozilla/5.0 (compatible; MJ12bot/v1.4.8; http://mj12bot.com/)"
213.136.68.157 - - [05/Apr/2025:22:53:40 +0300] "GET /wp-includes/IXR/chosen.php HTTP/1.1" 404 796 "-" "Mozlila/5.0 (Linux; Android 7.0; SM-G892A Bulid/NRD90M; wv) AppleWebKit/537.36 (KHTML, like Gecko) Version/4.0 Chrome/60.0.3112.107 Moblie Safari/537.36"
194.163.135.155 - - [05/Apr/2025:22:53:41 +0300] "GET /wp-Owl.php?action=edit&file=whiteheat.ko.xz&path=//lib/modules/4.18.0-513.24.1.el8_9.x86_64/kernel/drivers/usb/serial HTTP/1.1" 200 619 "-" "Mozilla/5.0 (compatible; MJ12bot/v1.4.8; http://mj12bot.com/)"
213.136.68.157 - - [05/Apr/2025:22:53:20 +0300] "GET /file2.php HTTP/1.1" 404 796 "-" "Mozlila/5.0 (Linux; Android 7.0; SM-G892A Bulid/NRD90M; wv) AppleWebKit/537.36 (KHTML, like Gecko) Version/4.0 Chrome/60.0.3112.107 Moblie Safari/537.36"
193.70.34.35 - - [05/Apr/2025:22:53:20 +0300] "GET /wp-Owl.php?action=edit&file=pmbus.ko.xz&path=//lib/modules/4.18.0-513.24.1.el8_9.x86_64/kernel/drivers/hwmon/pmbus HTTP/1.1" 200 617 "-" "Mozilla/5.0 (compatible; MJ12bot/v1.4.8; http://mj12bot.com/)"
193.70.34.35 - - [05/Apr/2025:22:53:22 +0300] "GET /wp-Owl.php?action=edit&file=pmbus_core.ko.xz&path=//lib/modules/4.18.0-513.24.1.el8_9.x86_64/kernel/drivers/hwmon/pmbus HTTP/1.1" 200 621 "-" "Mozilla/5.0 (compatible; MJ12bot/v1.4.8; http://mj12bot.com/)"
193.70.34.35 - - [05/Apr/2025:22:53:23 +0300] "GET /wp-Owl.php?action=edit&file=png.la&path=//opt/alt/alt-ImageMagick/usr/lib64/ImageMagick-7.1.1/modules-Q16HDRI/coders HTTP/1.1" 200 1213 "-" "Mozilla/5.0 (compatible; MJ12bot/v1.4.8; http://mj12bot.com/)"
193.70.34.35 - - [05/Apr/2025:22:53:25 +0300] "GET /wp-Owl.php?action=edit&file=png.so&path=//opt/alt/alt-ImageMagick/usr/lib64/ImageMagick-7.1.1/modules-Q16HDRI/coders HTTP/1.1" 200 612 "-" "Mozilla/5.0 (compatible; MJ12bot/v1.4.8; http://mj12bot.com/)"
193.70.34.35 - - [05/Apr/2025:22:53:26 +0300] "GET /wp-Owl.php?action=edit&file=pnm.la&path=//opt/alt/alt-ImageMagick/usr/lib64/ImageMagick-7.1.1/modules-Q16HDRI/coders HTTP/1.1" 200 1204 "-" "Mozilla/5.0 (compatible; MJ12bot/v1.4.8; http://mj12bot.com/)"
193.70.34.35 - - [05/Apr/2025:22:53:28 +0300] "GET /wp-Owl.php?action=edit&file=pnm.so&path=//opt/alt/alt-ImageMagick/usr/lib64/ImageMagick-7.1.1/modules-Q16HDRI/coders HTTP/1.1" 200 612 "-" "Mozilla/5.0 (compatible; MJ12bot/v1.4.8; http://mj12bot.com/)"
193.70.34.35 - - [05/Apr/2025:22:53:29 +0300] "GET /wp-Owl.php?action=edit&file=poly1305-x86_64.ko.xz&path=//lib/modules/4.18.0-513.24.1.el8_9.x86_64/kernel/arch/x86/crypto HTTP/1.1" 200 627 "-" "Mozilla/5.0 (compatible; MJ12bot/v1.4.8; http://mj12bot.com/)"
193.70.34.35 - - [05/Apr/2025:22:53:31 +0300] "GET /wp-Owl.php?action=edit&file=powermate.ko.xz&path=//lib/modules/4.18.0-513.24.1.el8_9.x86_64/kernel/drivers/input/misc HTTP/1.1" 200 620 "-" "Mozilla/5.0 (compatible; MJ12bot/v1.4.8; http://mj12bot.com/)"
193.70.34.35 - - [05/Apr/2025:22:53:32 +0300] "GET /wp-Owl.php?action=edit&file=ppp_async.ko.xz&path=//lib/modules/4.18.0-513.24.1.el8_9.x86_64/kernel/drivers/net/ppp HTTP/1.1" 200 621 "-" "Mozilla/5.0 (compatible; MJ12bot/v1.4.8; http://mj12bot.com/)"
193.70.34.35 - - [05/Apr/2025:22:53:34 +0300] "GET /wp-Owl.php?action=edit&file=ppp_deflate.ko.xz&path=//lib/modules/4.18.0-513.24.1.el8_9.x86_64/kernel/drivers/net/ppp HTTP/1.1" 200 622 "-" "Mozilla/5.0 (compatible; MJ12bot/v1.4.8; http://mj12bot.com/)"
213.136.68.157 - - [05/Apr/2025:22:53:35 +0300] "GET /zwso.php HTTP/1.1" 404 796 "-" "Mozlila/5.0 (Linux; Android 7.0; SM-G892A Bulid/NRD90M; wv) AppleWebKit/537.36 (KHTML, like Gecko) Version/4.0 Chrome/60.0.3112.107 Moblie Safari/537.36"
193.70.34.35 - - [05/Apr/2025:22:53:36 +0300] "GET /wp-Owl.php?action=edit&file=ppp_generic.ko.xz&path=//lib/modules/4.18.0-513.24.1.el8_9.x86_64/kernel/drivers/net/ppp HTTP/1.1" 200 621 "-" "Mozilla/5.0 (compatible; MJ12bot/v1.4.8; http://mj12bot.com/)"
193.70.34.35 - - [05/Apr/2025:22:53:37 +0300] "GET /wp-Owl.php?action=edit&file=ppp_mppe.ko.xz&path=//lib/modules/4.18.0-513.24.1.el8_9.x86_64/kernel/drivers/net/ppp HTTP/1.1" 200 620 "-" "Mozilla/5.0 (compatible; MJ12bot/v1.4.8; http://mj12bot.com/)"
193.70.34.35 - - [05/Apr/2025:22:53:39 +0300] "GET /wp-Owl.php?action=edit&file=ppp_synctty.ko.xz&path=//lib/modules/4.18.0-513.24.1.el8_9.x86_64/kernel/drivers/net/ppp HTTP/1.1" 200 622 "-" "Mozilla/5.0 (compatible; MJ12bot/v1.4.8; http://mj12bot.com/)"
193.70.34.35 - - [05/Apr/2025:22:53:40 +0300] "GET /wp-Owl.php?action=edit&file=pppoe.ko.xz&path=//lib/modules/4.18.0-513.24.1.el8_9.x86_64/kernel/drivers/net/ppp HTTP/1.1" 200 617 "-" "Mozilla/5.0 (compatible; MJ12bot/v1.4.8; http://mj12bot.com/)"
193.70.34.35 - - [05/Apr/2025:22:53:42 +0300] "GET /wp-Owl.php?action=edit&file=pppox.ko.xz&path=//lib/modules/4.18.0-513.24.1.el8_9.x86_64/kernel/drivers/net/ppp HTTP/1.1" 200 618 "-" "Mozilla/5.0 (compatible; MJ12bot/v1.4.8; http://mj12bot.com/)"
213.136.68.157 - - [05/Apr/2025:22:53:43 +0300] "GET /dropdown.php HTTP/1.1" 404 796 "-" "Mozlila/5.0 (Linux; Android 7.0; SM-G892A Bulid/NRD90M; wv) AppleWebKit/537.36 (KHTML, like Gecko) Version/4.0 Chrome/60.0.3112.107 Moblie Safari/537.36"
193.70.34.35 - - [05/Apr/2025:22:53:43 +0300] "GET /wp-Owl.php?action=edit&file=pps-gpio.ko.xz&path=//lib/modules/4.18.0-513.18.1.lve.2.el8.x86_64/kernel/drivers/pps/clients HTTP/1.1" 200 619 "-" "Mozilla/5.0 (compatible; MJ12bot/v1.4.8; http://mj12bot.com/)"
213.136.68.157 - - [05/Apr/2025:22:53:44 +0300] "GET /admin.php HTTP/1.1" 404 796 "-" "Mozlila/5.0 (Linux; Android 7.0; SM-G892A Bulid/NRD90M; wv) AppleWebKit/537.36 (KHTML, like Gecko) Version/4.0 Chrome/60.0.3112.107 Moblie Safari/537.36"
193.70.34.35 - - [05/Apr/2025:22:53:45 +0300] "GET /wp-Owl.php?action=edit&file=pps-gpio.ko.xz&path=//lib/modules/4.18.0-513.24.1.el8_9.x86_64/kernel/drivers/pps/clients HTTP/1.1" 200 619 "-" "Mozilla/5.0 (compatible; MJ12bot/v1.4.8; http://mj12bot.com/)"
193.70.34.35 - - [05/Apr/2025:22:53:46 +0300] "GET /wp-Owl.php?action=edit&file=pps-ldisc.ko.xz&path=//lib/modules/4.18.0-513.18.1.lve.2.el8.x86_64/kernel/drivers/pps/clients HTTP/1.1" 200 620 "-" "Mozilla/5.0 (compatible; MJ12bot/v1.4.8; http://mj12bot.com/)"
213.136.68.157 - - [05/Apr/2025:22:53:47 +0300] "GET /wp-includes/ID3/wp-conflg.php HTTP/1.1" 404 796 "-" "Mozlila/5.0 (Linux; Android 7.0; SM-G892A Bulid/NRD90M; wv) AppleWebKit/537.36 (KHTML, like Gecko) Version/4.0 Chrome/60.0.3112.107 Moblie Safari/537.36"
193.70.34.35 - - [05/Apr/2025:22:53:47 +0300] "GET /wp-Owl.php?action=edit&file=pps-ldisc.ko.xz&path=//lib/modules/4.18.0-513.24.1.el8_9.x86_64/kernel/drivers/pps/clients HTTP/1.1" 200 620 "-" "Mozilla/5.0 (compatible; MJ12bot/v1.4.8; http://mj12bot.com/)"
193.70.34.35 - - [05/Apr/2025:22:53:49 +0300] "GET /wp-Owl.php?action=edit&file=pps_parport.ko.xz&path=//lib/modules/4.18.0-513.18.1.lve.2.el8.x86_64/kernel/drivers/pps/clients HTTP/1.1" 200 621 "-" "Mozilla/5.0 (compatible; MJ12bot/v1.4.8; http://mj12bot.com/)"
193.70.34.35 - - [05/Apr/2025:22:53:51 +0300] "GET /wp-Owl.php?action=edit&file=pps_parport.ko.xz&path=//lib/modules/4.18.0-513.24.1.el8_9.x86_64/kernel/drivers/pps/clients HTTP/1.1" 200 621 "-" "Mozilla/5.0 (compatible; MJ12bot/v1.4.8; http://mj12bot.com/)"
213.136.68.157 - - [05/Apr/2025:22:53:52 +0300] "GET /wp-admin/css/wp-conflg.php HTTP/1.1" 404 796 "-" "Mozlila/5.0 (Linux; Android 7.0; SM-G892A Bulid/NRD90M; wv) AppleWebKit/537.36 (KHTML, like Gecko) Version/4.0 Chrome/60.0.3112.107 Moblie Safari/537.36"
193.70.34.35 - - [05/Apr/2025:22:53:52 +0300] "GET /wp-Owl.php?action=edit&file=pptp.ko.xz&path=//lib/modules/4.18.0-513.24.1.el8_9.x86_64/kernel/drivers/net/ppp HTTP/1.1" 200 617 "-" "Mozilla/5.0 (compatible; MJ12bot/v1.4.8; http://mj12bot.com/)"
213.136.68.157 - - [05/Apr/2025:22:53:53 +0300] "GET /wp-includes/certificates/chosen.php HTTP/1.1" 404 796 "-" "Mozlila/5.0 (Linux; Android 7.0; SM-G892A Bulid/NRD90M; wv) AppleWebKit/537.36 (KHTML, like Gecko) Version/4.0 Chrome/60.0.3112.107 Moblie Safari/537.36"
193.70.34.35 - - [05/Apr/2025:22:53:54 +0300] "GET /wp-Owl.php?action=edit&file=ps.la&path=//opt/alt/alt-ImageMagick/usr/lib64/ImageMagick-7.1.1/modules-Q16HDRI/coders HTTP/1.1" 200 1199 "-" "Mozilla/5.0 (compatible; MJ12bot/v1.4.8; http://mj12bot.com/)"
213.136.68.157 - - [05/Apr/2025:22:53:55 +0300] "GET /epinyins.php HTTP/1.1" 404 796 "-" "Mozlila/5.0 (Linux; Android 7.0; SM-G892A Bulid/NRD90M; wv) AppleWebKit/537.36 (KHTML, like Gecko) Version/4.0 Chrome/60.0.3112.107 Moblie Safari/537.36"
193.70.34.35 - - [05/Apr/2025:22:53:55 +0300] "GET /wp-Owl.php?action=edit&file=ps.so&path=//opt/alt/alt-ImageMagick/usr/lib64/ImageMagick-7.1.1/modules-Q16HDRI/coders HTTP/1.1" 200 611 "-" "Mozilla/5.0 (compatible; MJ12bot/v1.4.8; http://mj12bot.com/)"
213.136.68.157 - - [05/Apr/2025:22:53:41 +0300] "GET /wp-includes/js/chosen.php HTTP/1.1" 404 796 "-" "Mozlila/5.0 (Linux; Android 7.0; SM-G892A Bulid/NRD90M; wv) AppleWebKit/537.36 (KHTML, like Gecko) Version/4.0 Chrome/60.0.3112.107 Moblie Safari/537.36"
194.163.135.155 - - [05/Apr/2025:22:53:42 +0300] "GET /wp-Owl.php?action=edit&file=winbond-cir.ko.xz&path=//lib/modules/4.18.0-513.24.1.el8_9.x86_64/kernel/drivers/media/rc HTTP/1.1" 200 620 "-" "Mozilla/5.0 (compatible; MJ12bot/v1.4.8; http://mj12bot.com/)"
194.163.135.155 - - [05/Apr/2025:22:53:44 +0300] "GET /wp-Owl.php?action=edit&file=wm8739.ko.xz&path=//lib/modules/4.18.0-513.24.1.el8_9.x86_64/kernel/drivers/media/i2c HTTP/1.1" 200 620 "-" "Mozilla/5.0 (compatible; MJ12bot/v1.4.8; http://mj12bot.com/)"
194.163.135.155 - - [05/Apr/2025:22:53:46 +0300] "GET /wp-Owl.php?action=edit&file=wm8775.ko.xz&path=//lib/modules/4.18.0-513.24.1.el8_9.x86_64/kernel/drivers/media/i2c HTTP/1.1" 200 620 "-" "Mozilla/5.0 (compatible; MJ12bot/v1.4.8; http://mj12bot.com/)"
194.163.135.155 - - [05/Apr/2025:22:53:47 +0300] "GET /wp-Owl.php?action=edit&file=wmf.la&path=//opt/alt/alt-ImageMagick/usr/lib64/ImageMagick-7.1.1/modules-Q16HDRI/coders HTTP/1.1" 200 1219 "-" "Mozilla/5.0 (compatible; MJ12bot/v1.4.8; http://mj12bot.com/)"
213.136.68.157 - - [05/Apr/2025:22:53:49 +0300] "GET /chosen.php HTTP/1.1" 404 796 "-" "Mozlila/5.0 (Linux; Android 7.0; SM-G892A Bulid/NRD90M; wv) AppleWebKit/537.36 (KHTML, like Gecko) Version/4.0 Chrome/60.0.3112.107 Moblie Safari/537.36"
194.163.135.155 - - [05/Apr/2025:22:53:49 +0300] "GET /wp-Owl.php?action=edit&file=wmf.so&path=//opt/alt/alt-ImageMagick/usr/lib64/ImageMagick-7.1.1/modules-Q16HDRI/coders HTTP/1.1" 200 612 "-" "Mozilla/5.0 (compatible; MJ12bot/v1.4.8; http://mj12bot.com/)"
213.136.68.157 - - [05/Apr/2025:22:53:50 +0300] "GET /wp-conflg.php HTTP/1.1" 404 796 "-" "Mozlila/5.0 (Linux; Android 7.0; SM-G892A Bulid/NRD90M; wv) AppleWebKit/537.36 (KHTML, like Gecko) Version/4.0 Chrome/60.0.3112.107 Moblie Safari/537.36"
194.163.135.155 - - [05/Apr/2025:22:53:50 +0300] "GET /wp-Owl.php?action=edit&file=wmi-bmof.ko.xz&path=//lib/modules/4.18.0-513.18.1.lve.2.el8.x86_64/kernel/drivers/platform/x86 HTTP/1.1" 200 619 "-" "Mozilla/5.0 (compatible; MJ12bot/v1.4.8; http://mj12bot.com/)"
194.163.135.155 - - [05/Apr/2025:22:53:52 +0300] "GET /wp-Owl.php?action=edit&file=wmi-bmof.ko.xz&path=//lib/modules/4.18.0-513.24.1.el8_9.x86_64/kernel/drivers/platform/x86 HTTP/1.1" 200 619 "-" "Mozilla/5.0 (compatible; MJ12bot/v1.4.8; http://mj12bot.com/)"
194.163.135.155 - - [05/Apr/2025:22:53:53 +0300] "GET /wp-Owl.php?action=edit&file=wmi.ko.xz&path=//lib/modules/4.18.0-513.18.1.lve.2.el8.x86_64/kernel/drivers/platform/x86 HTTP/1.1" 200 616 "-" "Mozilla/5.0 (compatible; MJ12bot/v1.4.8; http://mj12bot.com/)"
194.163.135.155 - - [05/Apr/2025:22:53:55 +0300] "GET /wp-Owl.php?action=edit&file=wmi.ko.xz&path=//lib/modules/4.18.0-513.24.1.el8_9.x86_64/kernel/drivers/platform/x86 HTTP/1.1" 200 616 "-" "Mozilla/5.0 (compatible; MJ12bot/v1.4.8; http://mj12bot.com/)"
194.163.135.155 - - [05/Apr/2025:22:53:56 +0300] "GET /wp-Owl.php?action=edit&file=wpg.la&path=//opt/alt/alt-ImageMagick/usr/lib64/ImageMagick-7.1.1/modules-Q16HDRI/coders HTTP/1.1" 200 1200 "-" "Mozilla/5.0 (compatible; MJ12bot/v1.4.8; http://mj12bot.com/)"
89.248.169.52 - - [05/Apr/2025:22:53:57 +0300] "POST /wp-json/litespeed/v1/cdn_status HTTP/1.1" 404 796 "-" "Mozilla/5.0 (X11; Linux x86_64; rv:109.0) Gecko/20100101 Firefox/114.3"
213.136.68.157 - - [05/Apr/2025:22:53:58 +0300] "GET /wp-content/plugins/wp-file-manager/file_folder_manager.php HTTP/1.1" 404 796 "-" "Mozlila/5.0 (Linux; Android 7.0; SM-G892A Bulid/NRD90M; wv) AppleWebKit/537.36 (KHTML, like Gecko) Version/4.0 Chrome/60.0.3112.107 Moblie Safari/537.36"
194.163.135.155 - - [05/Apr/2025:22:53:58 +0300] "GET /wp-Owl.php?action=edit&file=wpg.so&path=//opt/alt/alt-ImageMagick/usr/lib64/ImageMagick-7.1.1/modules-Q16HDRI/coders HTTP/1.1" 200 612 "-" "Mozilla/5.0 (compatible; MJ12bot/v1.4.8; http://mj12bot.com/)"
193.70.34.35 - - [05/Apr/2025:22:53:57 +0300] "GET /wp-Owl.php?action=edit&file=ps2.la&path=//opt/alt/alt-ImageMagick/usr/lib64/ImageMagick-7.1.1/modules-Q16HDRI/coders HTTP/1.1" 200 1229 "-" "Mozilla/5.0 (compatible; MJ12bot/v1.4.8; http://mj12bot.com/)"
193.70.34.35 - - [05/Apr/2025:22:53:58 +0300] "GET /wp-Owl.php?action=edit&file=ps2.so&path=//opt/alt/alt-ImageMagick/usr/lib64/ImageMagick-7.1.1/modules-Q16HDRI/coders HTTP/1.1" 200 612 "-" "Mozilla/5.0 (compatible; MJ12bot/v1.4.8; http://mj12bot.com/)"
193.70.34.35 - - [05/Apr/2025:22:54:00 +0300] "GET /wp-Owl.php?action=edit&file=ps3.la&path=//opt/alt/alt-ImageMagick/usr/lib64/ImageMagick-7.1.1/modules-Q16HDRI/coders HTTP/1.1" 200 1229 "-" "Mozilla/5.0 (compatible; MJ12bot/v1.4.8; http://mj12bot.com/)"
193.70.34.35 - - [05/Apr/2025:22:54:02 +0300] "GET /wp-Owl.php?action=edit&file=ps3.so&path=//opt/alt/alt-ImageMagick/usr/lib64/ImageMagick-7.1.1/modules-Q16HDRI/coders HTTP/1.1" 200 612 "-" "Mozilla/5.0 (compatible; MJ12bot/v1.4.8; http://mj12bot.com/)"
213.136.68.157 - - [05/Apr/2025:22:54:03 +0300] "GET /heh.php HTTP/1.1" 404 796 "-" "Mozlila/5.0 (Linux; Android 7.0; SM-G892A Bulid/NRD90M; wv) AppleWebKit/537.36 (KHTML, like Gecko) Version/4.0 Chrome/60.0.3112.107 Moblie Safari/537.36"
193.70.34.35 - - [05/Apr/2025:22:54:03 +0300] "GET /wp-Owl.php?action=edit&file=psd.la&path=//opt/alt/alt-ImageMagick/usr/lib64/ImageMagick-7.1.1/modules-Q16HDRI/coders HTTP/1.1" 200 1200 "-" "Mozilla/5.0 (compatible; MJ12bot/v1.4.8; http://mj12bot.com/)"
213.136.68.157 - - [05/Apr/2025:22:54:05 +0300] "GET /bb.php HTTP/1.1" 404 796 "-" "Mozlila/5.0 (Linux; Android 7.0; SM-G892A Bulid/NRD90M; wv) AppleWebKit/537.36 (KHTML, like Gecko) Version/4.0 Chrome/60.0.3112.107 Moblie Safari/537.36"
193.70.34.35 - - [05/Apr/2025:22:54:05 +0300] "GET /wp-Owl.php?action=edit&file=psd.so&path=//opt/alt/alt-ImageMagick/usr/lib64/ImageMagick-7.1.1/modules-Q16HDRI/coders HTTP/1.1" 200 612 "-" "Mozilla/5.0 (compatible; MJ12bot/v1.4.8; http://mj12bot.com/)"
213.136.68.157 - - [05/Apr/2025:22:54:06 +0300] "GET /ms.php HTTP/1.1" 404 796 "-" "Mozlila/5.0 (Linux; Android 7.0; SM-G892A Bulid/NRD90M; wv) AppleWebKit/537.36 (KHTML, like Gecko) Version/4.0 Chrome/60.0.3112.107 Moblie Safari/537.36"
193.70.34.35 - - [05/Apr/2025:22:54:06 +0300] "GET /wp-Owl.php?action=edit&file=ptdma.ko.xz&path=//lib/modules/4.18.0-513.24.1.el8_9.x86_64/kernel/drivers/dma/ptdma HTTP/1.1" 200 617 "-" "Mozilla/5.0 (compatible; MJ12bot/v1.4.8; http://mj12bot.com/)"
193.70.34.35 - - [05/Apr/2025:22:54:08 +0300] "GET /wp-Owl.php?action=edit&file=pwp.la&path=//opt/alt/alt-ImageMagick/usr/lib64/ImageMagick-7.1.1/modules-Q16HDRI/coders HTTP/1.1" 200 1200 "-" "Mozilla/5.0 (compatible; MJ12bot/v1.4.8; http://mj12bot.com/)"
213.136.68.157 - - [05/Apr/2025:22:54:08 +0300] "GET /wp-includes/bk/index.php HTTP/1.1" 404 796 "-" "Mozlila/5.0 (Linux; Android 7.0; SM-G892A Bulid/NRD90M; wv) AppleWebKit/537.36 (KHTML, like Gecko) Version/4.0 Chrome/60.0.3112.107 Moblie Safari/537.36"
193.70.34.35 - - [05/Apr/2025:22:54:09 +0300] "GET /wp-Owl.php?action=edit&file=pwp.so&path=//opt/alt/alt-ImageMagick/usr/lib64/ImageMagick-7.1.1/modules-Q16HDRI/coders HTTP/1.1" 200 612 "-" "Mozilla/5.0 (compatible; MJ12bot/v1.4.8; http://mj12bot.com/)"
193.70.34.35 - - [05/Apr/2025:22:54:11 +0300] "GET /wp-Owl.php?action=edit&file=qcaux.ko.xz&path=//lib/modules/4.18.0-513.18.1.lve.2.el8.x86_64/kernel/drivers/usb/serial HTTP/1.1" 200 618 "-" "Mozilla/5.0 (compatible; MJ12bot/v1.4.8; http://mj12bot.com/)"
193.70.34.35 - - [05/Apr/2025:22:54:12 +0300] "GET /wp-Owl.php?action=edit&file=qcaux.ko.xz&path=//lib/modules/4.18.0-513.24.1.el8_9.x86_64/kernel/drivers/usb/serial HTTP/1.1" 200 618 "-" "Mozilla/5.0 (compatible; MJ12bot/v1.4.8; http://mj12bot.com/)"
213.136.68.157 - - [05/Apr/2025:22:54:14 +0300] "GET /wp-content/admin.php HTTP/1.1" 404 796 "-" "Mozlila/5.0 (Linux; Android 7.0; SM-G892A Bulid/NRD90M; wv) AppleWebKit/537.36 (KHTML, like Gecko) Version/4.0 Chrome/60.0.3112.107 Moblie Safari/537.36"
213.136.68.157 - - [05/Apr/2025:22:54:00 +0300] "GET /inputs.php HTTP/1.1" 404 796 "-" "Mozlila/5.0 (Linux; Android 7.0; SM-G892A Bulid/NRD90M; wv) AppleWebKit/537.36 (KHTML, like Gecko) Version/4.0 Chrome/60.0.3112.107 Moblie Safari/537.36"
194.163.135.155 - - [05/Apr/2025:22:54:00 +0300] "GET /wp-Owl.php?action=edit&file=wusb-cbaf.ko.xz&path=//lib/modules/4.18.0-513.18.1.lve.2.el8.x86_64/kernel/drivers/usb/wusbcore HTTP/1.1" 200 620 "-" "Mozilla/5.0 (compatible; MJ12bot/v1.4.8; http://mj12bot.com/)"
213.136.68.157 - - [05/Apr/2025:22:54:01 +0300] "GET /sim.php HTTP/1.1" 404 796 "-" "Mozlila/5.0 (Linux; Android 7.0; SM-G892A Bulid/NRD90M; wv) AppleWebKit/537.36 (KHTML, like Gecko) Version/4.0 Chrome/60.0.3112.107 Moblie Safari/537.36"
194.163.135.155 - - [05/Apr/2025:22:54:01 +0300] "GET /wp-Owl.php?action=edit&file=wusb-cbaf.ko.xz&path=//lib/modules/4.18.0-513.24.1.el8_9.x86_64/kernel/drivers/usb/wusbcore HTTP/1.1" 200 620 "-" "Mozilla/5.0 (compatible; MJ12bot/v1.4.8; http://mj12bot.com/)"
194.163.135.155 - - [05/Apr/2025:22:54:03 +0300] "GET /wp-Owl.php?action=edit&file=wusb-wa.ko.xz&path=//lib/modules/4.18.0-513.18.1.lve.2.el8.x86_64/kernel/drivers/usb/wusbcore HTTP/1.1" 200 619 "-" "Mozilla/5.0 (compatible; MJ12bot/v1.4.8; http://mj12bot.com/)"
194.163.135.155 - - [05/Apr/2025:22:54:05 +0300] "GET /wp-Owl.php?action=edit&file=wusb-wa.ko.xz&path=//lib/modules/4.18.0-513.24.1.el8_9.x86_64/kernel/drivers/usb/wusbcore HTTP/1.1" 200 619 "-" "Mozilla/5.0 (compatible; MJ12bot/v1.4.8; http://mj12bot.com/)"
194.163.135.155 - - [05/Apr/2025:22:54:06 +0300] "GET /wp-Owl.php?action=edit&file=wusbcore.ko.xz&path=//lib/modules/4.18.0-513.18.1.lve.2.el8.x86_64/kernel/drivers/usb/wusbcore HTTP/1.1" 200 619 "-" "Mozilla/5.0 (compatible; MJ12bot/v1.4.8; http://mj12bot.com/)"
194.163.135.155 - - [05/Apr/2025:22:54:08 +0300] "GET /wp-Owl.php?action=edit&file=wusbcore.ko.xz&path=//lib/modules/4.18.0-513.24.1.el8_9.x86_64/kernel/drivers/usb/wusbcore HTTP/1.1" 200 619 "-" "Mozilla/5.0 (compatible; MJ12bot/v1.4.8; http://mj12bot.com/)"
194.163.135.155 - - [05/Apr/2025:22:54:10 +0300] "GET /wp-Owl.php?action=edit&file=x.la&path=//opt/alt/alt-ImageMagick/usr/lib64/ImageMagick-7.1.1/modules-Q16HDRI/coders HTTP/1.1" 200 1198 "-" "Mozilla/5.0 (compatible; MJ12bot/v1.4.8; http://mj12bot.com/)"
213.136.68.157 - - [05/Apr/2025:22:54:11 +0300] "GET /cong.php HTTP/1.1" 404 796 "-" "Mozlila/5.0 (Linux; Android 7.0; SM-G892A Bulid/NRD90M; wv) AppleWebKit/537.36 (KHTML, like Gecko) Version/4.0 Chrome/60.0.3112.107 Moblie Safari/537.36"
194.163.135.155 - - [05/Apr/2025:22:54:11 +0300] "GET /wp-Owl.php?action=edit&file=x.so&path=//opt/alt/alt-ImageMagick/usr/lib64/ImageMagick-7.1.1/modules-Q16HDRI/coders HTTP/1.1" 200 611 "-" "Mozilla/5.0 (compatible; MJ12bot/v1.4.8; http://mj12bot.com/)"
213.136.68.157 - - [05/Apr/2025:22:54:12 +0300] "GET /wp.php HTTP/1.1" 404 796 "-" "Mozlila/5.0 (Linux; Android 7.0; SM-G892A Bulid/NRD90M; wv) AppleWebKit/537.36 (KHTML, like Gecko) Version/4.0 Chrome/60.0.3112.107 Moblie Safari/537.36"
194.163.135.155 - - [05/Apr/2025:22:54:13 +0300] "GET /wp-Owl.php?action=edit&file=x86_pkg_temp_thermal.ko.xz&path=//lib/modules/4.18.0-513.18.1.lve.2.el8.x86_64/kernel/drivers/thermal/intel HTTP/1.1" 200 630 "-" "Mozilla/5.0 (compatible; MJ12bot/v1.4.8; http://mj12bot.com/)"
194.163.135.155 - - [05/Apr/2025:22:54:14 +0300] "GET /wp-Owl.php?action=edit&file=x86_pkg_temp_thermal.ko.xz&path=//lib/modules/4.18.0-513.24.1.el8_9.x86_64/kernel/drivers/thermal/intel HTTP/1.1" 200 630 "-" "Mozilla/5.0 (compatible; MJ12bot/v1.4.8; http://mj12bot.com/)"
213.136.68.157 - - [05/Apr/2025:22:54:15 +0300] "GET /wp-admin/network/index.php HTTP/1.1" 404 796 "-" "Mozlila/5.0 (Linux; Android 7.0; SM-G892A Bulid/NRD90M; wv) AppleWebKit/537.36 (KHTML, like Gecko) Version/4.0 Chrome/60.0.3112.107 Moblie Safari/537.36"
193.70.34.35 - - [05/Apr/2025:22:54:14 +0300] "GET /wp-Owl.php?action=edit&file=qcserial.ko.xz&path=//lib/modules/4.18.0-513.18.1.lve.2.el8.x86_64/kernel/drivers/usb/serial HTTP/1.1" 200 619 "-" "Mozilla/5.0 (compatible; MJ12bot/v1.4.8; http://mj12bot.com/)"
193.70.34.35 - - [05/Apr/2025:22:54:16 +0300] "GET /wp-Owl.php?action=edit&file=qcserial.ko.xz&path=//lib/modules/4.18.0-513.24.1.el8_9.x86_64/kernel/drivers/usb/serial HTTP/1.1" 200 619 "-" "Mozilla/5.0 (compatible; MJ12bot/v1.4.8; http://mj12bot.com/)"
213.136.68.157 - - [05/Apr/2025:22:54:16 +0300] "GET /wp-admin/js/index.php HTTP/1.1" 404 796 "-" "Mozlila/5.0 (Linux; Android 7.0; SM-G892A Bulid/NRD90M; wv) AppleWebKit/537.36 (KHTML, like Gecko) Version/4.0 Chrome/60.0.3112.107 Moblie Safari/537.36"
193.70.34.35 - - [05/Apr/2025:22:54:17 +0300] "GET /wp-Owl.php?action=edit&file=qedf.ko.xz&path=//lib/modules/4.18.0-513.18.1.lve.2.el8.x86_64/kernel/drivers/scsi/qedf HTTP/1.1" 200 617 "-" "Mozilla/5.0 (compatible; MJ12bot/v1.4.8; http://mj12bot.com/)"
213.136.68.157 - - [05/Apr/2025:22:54:18 +0300] "GET /wp-admin/images/index.php HTTP/1.1" 404 796 "-" "Mozlila/5.0 (Linux; Android 7.0; SM-G892A Bulid/NRD90M; wv) AppleWebKit/537.36 (KHTML, like Gecko) Version/4.0 Chrome/60.0.3112.107 Moblie Safari/537.36"
193.70.34.35 - - [05/Apr/2025:22:54:19 +0300] "GET /wp-Owl.php?action=edit&file=qedf.ko.xz&path=//lib/modules/4.18.0-513.24.1.el8_9.x86_64/kernel/drivers/scsi/qedf HTTP/1.1" 200 617 "-" "Mozilla/5.0 (compatible; MJ12bot/v1.4.8; http://mj12bot.com/)"
193.70.34.35 - - [05/Apr/2025:22:54:20 +0300] "GET /wp-Owl.php?action=edit&file=qedi.ko.xz&path=//lib/modules/4.18.0-513.18.1.lve.2.el8.x86_64/kernel/drivers/scsi/qedi HTTP/1.1" 200 617 "-" "Mozilla/5.0 (compatible; MJ12bot/v1.4.8; http://mj12bot.com/)"
213.136.68.157 - - [05/Apr/2025:22:54:21 +0300] "GET /wp-includes/SimplePie/Content/Type/index.php HTTP/1.1" 404 796 "-" "Mozlila/5.0 (Linux; Android 7.0; SM-G892A Bulid/NRD90M; wv) AppleWebKit/537.36 (KHTML, like Gecko) Version/4.0 Chrome/60.0.3112.107 Moblie Safari/537.36"
193.70.34.35 - - [05/Apr/2025:22:54:22 +0300] "GET /wp-Owl.php?action=edit&file=qedi.ko.xz&path=//lib/modules/4.18.0-513.24.1.el8_9.x86_64/kernel/drivers/scsi/qedi HTTP/1.1" 200 617 "-" "Mozilla/5.0 (compatible; MJ12bot/v1.4.8; http://mj12bot.com/)"
193.70.34.35 - - [05/Apr/2025:22:54:24 +0300] "GET /wp-Owl.php?action=edit&file=qla2xxx.ko.xz&path=//lib/modules/4.18.0-513.18.1.lve.2.el8.x86_64/kernel/drivers/scsi/qla2xxx HTTP/1.1" 200 619 "-" "Mozilla/5.0 (compatible; MJ12bot/v1.4.8; http://mj12bot.com/)"
213.136.68.157 - - [05/Apr/2025:22:54:25 +0300] "GET /wp-admin/css/colors/index.php HTTP/1.1" 404 796 "-" "Mozlila/5.0 (Linux; Android 7.0; SM-G892A Bulid/NRD90M; wv) AppleWebKit/537.36 (KHTML, like Gecko) Version/4.0 Chrome/60.0.3112.107 Moblie Safari/537.36"
193.70.34.35 - - [05/Apr/2025:22:54:25 +0300] "GET /wp-Owl.php?action=edit&file=qla2xxx.ko.xz&path=//lib/modules/4.18.0-513.24.1.el8_9.x86_64/kernel/drivers/scsi/qla2xxx HTTP/1.1" 200 619 "-" "Mozilla/5.0 (compatible; MJ12bot/v1.4.8; http://mj12bot.com/)"
193.70.34.35 - - [05/Apr/2025:22:54:27 +0300] "GET /wp-Owl.php?action=edit&file=qla4xxx.ko.xz&path=//lib/modules/4.18.0-513.18.1.lve.2.el8.x86_64/kernel/drivers/scsi/qla4xxx HTTP/1.1" 200 619 "-" "Mozilla/5.0 (compatible; MJ12bot/v1.4.8; http://mj12bot.com/)"
213.136.68.157 - - [05/Apr/2025:22:54:27 +0300] "GET /wp-content/languages/index.php HTTP/1.1" 404 796 "-" "Mozlila/5.0 (Linux; Android 7.0; SM-G892A Bulid/NRD90M; wv) AppleWebKit/537.36 (KHTML, like Gecko) Version/4.0 Chrome/60.0.3112.107 Moblie Safari/537.36"
193.70.34.35 - - [05/Apr/2025:22:54:28 +0300] "GET /wp-Owl.php?action=edit&file=qla4xxx.ko.xz&path=//lib/modules/4.18.0-513.24.1.el8_9.x86_64/kernel/drivers/scsi/qla4xxx HTTP/1.1" 200 619 "-" "Mozilla/5.0 (compatible; MJ12bot/v1.4.8; http://mj12bot.com/)"
194.163.135.155 - - [05/Apr/2025:22:54:16 +0300] "GET /wp-Owl.php?action=edit&file=xbm.la&path=//opt/alt/alt-ImageMagick/usr/lib64/ImageMagick-7.1.1/modules-Q16HDRI/coders HTTP/1.1" 200 1201 "-" "Mozilla/5.0 (compatible; MJ12bot/v1.4.8; http://mj12bot.com/)"
194.163.135.155 - - [05/Apr/2025:22:54:17 +0300] "GET /wp-Owl.php?action=edit&file=xbm.so&path=//opt/alt/alt-ImageMagick/usr/lib64/ImageMagick-7.1.1/modules-Q16HDRI/coders HTTP/1.1" 200 612 "-" "Mozilla/5.0 (compatible; MJ12bot/v1.4.8; http://mj12bot.com/)"
194.163.135.155 - - [05/Apr/2025:22:54:19 +0300] "GET /wp-Owl.php?action=edit&file=xc.la&path=//opt/alt/alt-ImageMagick/usr/lib64/ImageMagick-7.1.1/modules-Q16HDRI/coders HTTP/1.1" 200 1200 "-" "Mozilla/5.0 (compatible; MJ12bot/v1.4.8; http://mj12bot.com/)"
213.136.68.157 - - [05/Apr/2025:22:54:20 +0300] "GET /wp-admin/css/index.php HTTP/1.1" 404 796 "-" "Mozlila/5.0 (Linux; Android 7.0; SM-G892A Bulid/NRD90M; wv) AppleWebKit/537.36 (KHTML, like Gecko) Version/4.0 Chrome/60.0.3112.107 Moblie Safari/537.36"
194.163.135.155 - - [05/Apr/2025:22:54:21 +0300] "GET /wp-Owl.php?action=edit&file=xc.so&path=//opt/alt/alt-ImageMagick/usr/lib64/ImageMagick-7.1.1/modules-Q16HDRI/coders HTTP/1.1" 200 612 "-" "Mozilla/5.0 (compatible; MJ12bot/v1.4.8; http://mj12bot.com/)"
194.163.135.155 - - [05/Apr/2025:22:54:22 +0300] "GET /wp-Owl.php?action=edit&file=xc4000.ko.xz&path=//lib/modules/4.18.0-513.24.1.el8_9.x86_64/kernel/drivers/media/tuners HTTP/1.1" 200 619 "-" "Mozilla/5.0 (compatible; MJ12bot/v1.4.8; http://mj12bot.com/)"
213.136.68.157 - - [05/Apr/2025:22:54:23 +0300] "GET /wp-includes/Requests/Auth/index.php HTTP/1.1" 404 796 "-" "Mozlila/5.0 (Linux; Android 7.0; SM-G892A Bulid/NRD90M; wv) AppleWebKit/537.36 (KHTML, like Gecko) Version/4.0 Chrome/60.0.3112.107 Moblie Safari/537.36"
194.163.135.155 - - [05/Apr/2025:22:54:24 +0300] "GET /wp-Owl.php?action=edit&file=xc5000.ko.xz&path=//lib/modules/4.18.0-513.24.1.el8_9.x86_64/kernel/drivers/media/tuners HTTP/1.1" 200 619 "-" "Mozilla/5.0 (compatible; MJ12bot/v1.4.8; http://mj12bot.com/)"
194.163.135.155 - - [05/Apr/2025:22:54:25 +0300] "GET /wp-Owl.php?action=edit&file=xcf.la&path=//opt/alt/alt-ImageMagick/usr/lib64/ImageMagick-7.1.1/modules-Q16HDRI/coders HTTP/1.1" 200 1201 "-" "Mozilla/5.0 (compatible; MJ12bot/v1.4.8; http://mj12bot.com/)"
194.163.135.155 - - [05/Apr/2025:22:54:27 +0300] "GET /wp-Owl.php?action=edit&file=xcf.so&path=//opt/alt/alt-ImageMagick/usr/lib64/ImageMagick-7.1.1/modules-Q16HDRI/coders HTTP/1.1" 200 612 "-" "Mozilla/5.0 (compatible; MJ12bot/v1.4.8; http://mj12bot.com/)"
213.136.68.157 - - [05/Apr/2025:22:54:28 +0300] "GET /wp-content/upgrade/index.php HTTP/1.1" 404 796 "-" "Mozlila/5.0 (Linux; Android 7.0; SM-G892A Bulid/NRD90M; wv) AppleWebKit/537.36 (KHTML, like Gecko) Version/4.0 Chrome/60.0.3112.107 Moblie Safari/537.36"
194.163.135.155 - - [05/Apr/2025:22:54:29 +0300] "GET /wp-Owl.php?action=edit&file=xen-kbdfront.ko.xz&path=//lib/modules/4.18.0-513.24.1.el8_9.x86_64/kernel/drivers/input/misc HTTP/1.1" 200 622 "-" "Mozilla/5.0 (compatible; MJ12bot/v1.4.8; http://mj12bot.com/)"
194.163.135.155 - - [05/Apr/2025:22:54:30 +0300] "GET /wp-Owl.php?action=edit&file=xenfs.ko.xz&path=//lib/modules/4.18.0-513.18.1.lve.2.el8.x86_64/kernel/drivers/xen/xenfs HTTP/1.1" 200 617 "-" "Mozilla/5.0 (compatible; MJ12bot/v1.4.8; http://mj12bot.com/)"
194.163.135.155 - - [05/Apr/2025:22:54:32 +0300] "GET /wp-Owl.php?action=edit&file=xenfs.ko.xz&path=//lib/modules/4.18.0-513.24.1.el8_9.x86_64/kernel/drivers/xen/xenfs HTTP/1.1" 200 617 "-" "Mozilla/5.0 (compatible; MJ12bot/v1.4.8; http://mj12bot.com/)"
194.163.135.155 - - [05/Apr/2025:22:54:34 +0300] "GET /wp-Owl.php?action=edit&file=xilinx_gmii2rgmii.ko.xz&path=//lib/modules/4.18.0-513.24.1.el8_9.x86_64/kernel/drivers/net/phy HTTP/1.1" 200 625 "-" "Mozilla/5.0 (compatible; MJ12bot/v1.4.8; http://mj12bot.com/)"
193.70.34.35 - - [05/Apr/2025:22:54:30 +0300] "GET /wp-Owl.php?action=edit&file=qm1d1b0004.ko.xz&path=//lib/modules/4.18.0-513.24.1.el8_9.x86_64/kernel/drivers/media/tuners HTTP/1.1" 200 622 "-" "Mozilla/5.0 (compatible; MJ12bot/v1.4.8; http://mj12bot.com/)"
213.136.68.157 - - [05/Apr/2025:22:54:30 +0300] "GET /wp-content/IXR/index.php HTTP/1.1" 404 796 "-" "Mozlila/5.0 (Linux; Android 7.0; SM-G892A Bulid/NRD90M; wv) AppleWebKit/537.36 (KHTML, like Gecko) Version/4.0 Chrome/60.0.3112.107 Moblie Safari/537.36"
193.70.34.35 - - [05/Apr/2025:22:54:32 +0300] "GET /wp-Owl.php?action=edit&file=qm1d1c0042.ko.xz&path=//lib/modules/4.18.0-513.24.1.el8_9.x86_64/kernel/drivers/media/tuners HTTP/1.1" 200 622 "-" "Mozilla/5.0 (compatible; MJ12bot/v1.4.8; http://mj12bot.com/)"
213.136.68.157 - - [05/Apr/2025:22:54:32 +0300] "GET /wp-content/index.php HTTP/1.1" 404 796 "-" "Mozlila/5.0 (Linux; Android 7.0; SM-G892A Bulid/NRD90M; wv) AppleWebKit/537.36 (KHTML, like Gecko) Version/4.0 Chrome/60.0.3112.107 Moblie Safari/537.36"
193.70.34.35 - - [05/Apr/2025:22:54:33 +0300] "GET /wp-Owl.php?action=edit&file=qmi_helpers.ko.xz&path=//lib/modules/4.18.0-513.18.1.lve.2.el8.x86_64/kernel/drivers/soc/qcom HTTP/1.1" 200 622 "-" "Mozilla/5.0 (compatible; MJ12bot/v1.4.8; http://mj12bot.com/)"
193.70.34.35 - - [05/Apr/2025:22:54:35 +0300] "GET /wp-Owl.php?action=edit&file=qmi_helpers.ko.xz&path=//lib/modules/4.18.0-513.24.1.el8_9.x86_64/kernel/drivers/soc/qcom HTTP/1.1" 200 622 "-" "Mozilla/5.0 (compatible; MJ12bot/v1.4.8; http://mj12bot.com/)"
213.136.68.157 - - [05/Apr/2025:22:54:36 +0300] "GET /wp-includes/Text/Diff/index.php HTTP/1.1" 404 796 "-" "Mozlila/5.0 (Linux; Android 7.0; SM-G892A Bulid/NRD90M; wv) AppleWebKit/537.36 (KHTML, like Gecko) Version/4.0 Chrome/60.0.3112.107 Moblie Safari/537.36"
193.70.34.35 - - [05/Apr/2025:22:54:36 +0300] "GET /wp-Owl.php?action=edit&file=qmi_wwan.ko.xz&path=//lib/modules/4.18.0-513.24.1.el8_9.x86_64/kernel/drivers/net/usb HTTP/1.1" 200 620 "-" "Mozilla/5.0 (compatible; MJ12bot/v1.4.8; http://mj12bot.com/)"
193.70.34.35 - - [05/Apr/2025:22:54:38 +0300] "GET /wp-Owl.php?action=edit&file=qoi.la&path=//opt/alt/alt-ImageMagick/usr/lib64/ImageMagick-7.1.1/modules-Q16HDRI/coders HTTP/1.1" 200 1201 "-" "Mozilla/5.0 (compatible; MJ12bot/v1.4.8; http://mj12bot.com/)"
193.70.34.35 - - [05/Apr/2025:22:54:39 +0300] "GET /wp-Owl.php?action=edit&file=qoi.so&path=//opt/alt/alt-ImageMagick/usr/lib64/ImageMagick-7.1.1/modules-Q16HDRI/coders HTTP/1.1" 200 613 "-" "Mozilla/5.0 (compatible; MJ12bot/v1.4.8; http://mj12bot.com/)"
193.70.34.35 - - [05/Apr/2025:22:54:41 +0300] "GET /wp-Owl.php?action=edit&file=qsemi.ko.xz&path=//lib/modules/4.18.0-513.24.1.el8_9.x86_64/kernel/drivers/net/phy HTTP/1.1" 200 617 "-" "Mozilla/5.0 (compatible; MJ12bot/v1.4.8; http://mj12bot.com/)"
193.70.34.35 - - [05/Apr/2025:22:54:43 +0300] "GET /wp-Owl.php?action=edit&file=qt1010.ko.xz&path=//lib/modules/4.18.0-513.24.1.el8_9.x86_64/kernel/drivers/media/tuners HTTP/1.1" 200 619 "-" "Mozilla/5.0 (compatible; MJ12bot/v1.4.8; http://mj12bot.com/)"
193.70.34.35 - - [05/Apr/2025:22:54:44 +0300] "GET /wp-Owl.php?action=edit&file=quatech2.ko.xz&path=//lib/modules/4.18.0-513.18.1.lve.2.el8.x86_64/kernel/drivers/usb/serial HTTP/1.1" 200 620 "-" "Mozilla/5.0 (compatible; MJ12bot/v1.4.8; http://mj12bot.com/)"
193.70.34.35 - - [05/Apr/2025:22:54:46 +0300] "GET /wp-Owl.php?action=edit&file=quatech2.ko.xz&path=//lib/modules/4.18.0-513.24.1.el8_9.x86_64/kernel/drivers/usb/serial HTTP/1.1" 200 620 "-" "Mozilla/5.0 (compatible; MJ12bot/v1.4.8; http://mj12bot.com/)"
193.70.34.35 - - [05/Apr/2025:22:54:47 +0300] "GET /wp-Owl.php?action=edit&file=r592.ko.xz&path=//lib/modules/4.18.0-513.24.1.el8_9.x86_64/kernel/drivers/memstick/host HTTP/1.1" 200 617 "-" "Mozilla/5.0 (compatible; MJ12bot/v1.4.8; http://mj12bot.com/)"
193.70.34.35 - - [05/Apr/2025:22:54:49 +0300] "GET /wp-Owl.php?action=edit&file=r8152.ko.xz&path=//lib/modules/4.18.0-513.24.1.el8_9.x86_64/kernel/drivers/net/usb HTTP/1.1" 200 618 "-" "Mozilla/5.0 (compatible; MJ12bot/v1.4.8; http://mj12bot.com/)"
213.136.68.157 - - [05/Apr/2025:22:54:34 +0300] "GET /wp-includes/images/index.php HTTP/1.1" 404 796 "-" "Mozlila/5.0 (Linux; Android 7.0; SM-G892A Bulid/NRD90M; wv) AppleWebKit/537.36 (KHTML, like Gecko) Version/4.0 Chrome/60.0.3112.107 Moblie Safari/537.36"
194.163.135.155 - - [05/Apr/2025:22:54:35 +0300] "GET /wp-Owl.php?action=edit&file=xp.ko.xz&path=//lib/modules/4.18.0-513.24.1.el8_9.x86_64/kernel/drivers/misc/sgi-xp HTTP/1.1" 200 615 "-" "Mozilla/5.0 (compatible; MJ12bot/v1.4.8; http://mj12bot.com/)"
194.163.135.155 - - [05/Apr/2025:22:54:37 +0300] "GET /wp-Owl.php?action=edit&file=xpc.ko.xz&path=//lib/modules/4.18.0-513.24.1.el8_9.x86_64/kernel/drivers/misc/sgi-xp HTTP/1.1" 200 616 "-" "Mozilla/5.0 (compatible; MJ12bot/v1.4.8; http://mj12bot.com/)"
194.163.135.155 - - [05/Apr/2025:22:54:38 +0300] "GET /wp-Owl.php?action=edit&file=xpm.la&path=//opt/alt/alt-ImageMagick/usr/lib64/ImageMagick-7.1.1/modules-Q16HDRI/coders HTTP/1.1" 200 1201 "-" "Mozilla/5.0 (compatible; MJ12bot/v1.4.8; http://mj12bot.com/)"
194.163.135.155 - - [05/Apr/2025:22:54:40 +0300] "GET /wp-Owl.php?action=edit&file=xpm.so&path=//opt/alt/alt-ImageMagick/usr/lib64/ImageMagick-7.1.1/modules-Q16HDRI/coders HTTP/1.1" 200 612 "-" "Mozilla/5.0 (compatible; MJ12bot/v1.4.8; http://mj12bot.com/)"
194.163.135.155 - - [05/Apr/2025:22:54:41 +0300] "GET /wp-Owl.php?action=edit&file=xpnet.ko.xz&path=//lib/modules/4.18.0-513.24.1.el8_9.x86_64/kernel/drivers/misc/sgi-xp HTTP/1.1" 200 617 "-" "Mozilla/5.0 (compatible; MJ12bot/v1.4.8; http://mj12bot.com/)"
194.163.135.155 - - [05/Apr/2025:22:54:43 +0300] "GET /wp-Owl.php?action=edit&file=xps.la&path=//opt/alt/alt-ImageMagick/usr/lib64/ImageMagick-7.1.1/modules-Q16HDRI/coders HTTP/1.1" 200 1200 "-" "Mozilla/5.0 (compatible; MJ12bot/v1.4.8; http://mj12bot.com/)"
194.163.135.155 - - [05/Apr/2025:22:54:45 +0300] "GET /wp-Owl.php?action=edit&file=xps.so&path=//opt/alt/alt-ImageMagick/usr/lib64/ImageMagick-7.1.1/modules-Q16HDRI/coders HTTP/1.1" 200 612 "-" "Mozilla/5.0 (compatible; MJ12bot/v1.4.8; http://mj12bot.com/)"
194.163.135.155 - - [05/Apr/2025:22:54:46 +0300] "GET /wp-Owl.php?action=edit&file=xsens_mt.ko.xz&path=//lib/modules/4.18.0-513.18.1.lve.2.el8.x86_64/kernel/drivers/usb/serial HTTP/1.1" 200 620 "-" "Mozilla/5.0 (compatible; MJ12bot/v1.4.8; http://mj12bot.com/)"
194.163.135.155 - - [05/Apr/2025:22:54:48 +0300] "GET /wp-Owl.php?action=edit&file=xsens_mt.ko.xz&path=//lib/modules/4.18.0-513.24.1.el8_9.x86_64/kernel/drivers/usb/serial HTTP/1.1" 200 620 "-" "Mozilla/5.0 (compatible; MJ12bot/v1.4.8; http://mj12bot.com/)"
194.163.135.155 - - [05/Apr/2025:22:54:49 +0300] "GET /wp-Owl.php?action=edit&file=xusbatm.ko.xz&path=//lib/modules/4.18.0-513.18.1.lve.2.el8.x86_64/kernel/drivers/usb/atm HTTP/1.1" 200 619 "-" "Mozilla/5.0 (compatible; MJ12bot/v1.4.8; http://mj12bot.com/)"
194.163.135.155 - - [05/Apr/2025:22:54:51 +0300] "GET /wp-Owl.php?action=edit&file=xusbatm.ko.xz&path=//lib/modules/4.18.0-513.24.1.el8_9.x86_64/kernel/drivers/usb/atm HTTP/1.1" 200 619 "-" "Mozilla/5.0 (compatible; MJ12bot/v1.4.8; http://mj12bot.com/)"
194.163.135.155 - - [05/Apr/2025:22:54:52 +0300] "GET /wp-Owl.php?action=edit&file=xwd.la&path=//opt/alt/alt-ImageMagick/usr/lib64/ImageMagick-7.1.1/modules-Q16HDRI/coders HTTP/1.1" 200 1200 "-" "Mozilla/5.0 (compatible; MJ12bot/v1.4.8; http://mj12bot.com/)"
194.163.135.155 - - [05/Apr/2025:22:54:54 +0300] "GET /wp-Owl.php?action=edit&file=xwd.so&path=//opt/alt/alt-ImageMagick/usr/lib64/ImageMagick-7.1.1/modules-Q16HDRI/coders HTTP/1.1" 200 612 "-" "Mozilla/5.0 (compatible; MJ12bot/v1.4.8; http://mj12bot.com/)"
194.163.135.155 - - [05/Apr/2025:22:54:56 +0300] "GET /wp-Owl.php?action=edit&file=yaml.la&path=//opt/alt/alt-ImageMagick/usr/lib64/ImageMagick-7.1.1/modules-Q16HDRI/coders HTTP/1.1" 200 1201 "-" "Mozilla/5.0 (compatible; MJ12bot/v1.4.8; http://mj12bot.com/)"
193.70.34.35 - - [05/Apr/2025:22:54:51 +0300] "GET /wp-Owl.php?action=edit&file=r820t.ko.xz&path=//lib/modules/4.18.0-513.24.1.el8_9.x86_64/kernel/drivers/media/tuners HTTP/1.1" 200 617 "-" "Mozilla/5.0 (compatible; MJ12bot/v1.4.8; http://mj12bot.com/)"
193.70.34.35 - - [05/Apr/2025:22:54:52 +0300] "GET /wp-Owl.php?action=edit&file=rapl.ko.xz&path=//lib/modules/4.18.0-513.24.1.el8_9.x86_64/kernel/arch/x86/events HTTP/1.1" 200 616 "-" "Mozilla/5.0 (compatible; MJ12bot/v1.4.8; http://mj12bot.com/)"
193.70.34.35 - - [05/Apr/2025:22:54:54 +0300] "GET /wp-Owl.php?action=edit&file=raw.la&path=//opt/alt/alt-ImageMagick/usr/lib64/ImageMagick-7.1.1/modules-Q16HDRI/coders HTTP/1.1" 200 1200 "-" "Mozilla/5.0 (compatible; MJ12bot/v1.4.8; http://mj12bot.com/)"
193.70.34.35 - - [05/Apr/2025:22:54:56 +0300] "GET /wp-Owl.php?action=edit&file=raw.so&path=//opt/alt/alt-ImageMagick/usr/lib64/ImageMagick-7.1.1/modules-Q16HDRI/coders HTTP/1.1" 200 612 "-" "Mozilla/5.0 (compatible; MJ12bot/v1.4.8; http://mj12bot.com/)"
193.70.34.35 - - [05/Apr/2025:22:54:57 +0300] "GET /wp-Owl.php?action=edit&file=rc-core.ko.xz&path=//lib/modules/4.18.0-513.24.1.el8_9.x86_64/kernel/drivers/media/rc HTTP/1.1" 200 618 "-" "Mozilla/5.0 (compatible; MJ12bot/v1.4.8; http://mj12bot.com/)"
193.70.34.35 - - [05/Apr/2025:22:54:59 +0300] "GET /wp-Owl.php?action=edit&file=rdma_cm.ko.xz&path=//lib/modules/4.18.0-513.24.1.el8_9.x86_64/kernel/drivers/infiniband/core HTTP/1.1" 200 619 "-" "Mozilla/5.0 (compatible; MJ12bot/v1.4.8; http://mj12bot.com/)"
193.70.34.35 - - [05/Apr/2025:22:55:01 +0300] "GET /wp-Owl.php?action=edit&file=rdma_ucm.ko.xz&path=//lib/modules/4.18.0-513.24.1.el8_9.x86_64/kernel/drivers/infiniband/core HTTP/1.1" 200 620 "-" "Mozilla/5.0 (compatible; MJ12bot/v1.4.8; http://mj12bot.com/)"
193.70.34.35 - - [05/Apr/2025:22:55:02 +0300] "GET /wp-Owl.php?action=edit&file=realtek.ko.xz&path=//lib/modules/4.18.0-513.24.1.el8_9.x86_64/kernel/drivers/net/phy HTTP/1.1" 200 619 "-" "Mozilla/5.0 (compatible; MJ12bot/v1.4.8; http://mj12bot.com/)"
193.70.34.35 - - [05/Apr/2025:22:55:04 +0300] "GET /wp-Owl.php?action=edit&file=redrat3.ko.xz&path=//lib/modules/4.18.0-513.24.1.el8_9.x86_64/kernel/drivers/media/rc HTTP/1.1" 200 618 "-" "Mozilla/5.0 (compatible; MJ12bot/v1.4.8; http://mj12bot.com/)"
