89.248.169.52 - - [06/Apr/2025:01:46:07 +0300] "POST /wp-json/litespeed/v1/cdn_status HTTP/1.1" 404 796 "-" "Mozilla/5.0 (X11; Linux x86_64; rv:109.0) Gecko/20100101 Firefox/114.3"
89.248.169.52 - - [06/Apr/2025:01:53:02 +0300] "POST /wp-json/litespeed/v1/cdn_status HTTP/1.1" 404 796 "-" "Mozilla/5.0 (X11; Linux x86_64; rv:109.0) Gecko/20100101 Firefox/114.3"
89.248.169.52 - - [06/Apr/2025:01:53:07 +0300] "POST /wp-json/litespeed/v1/cdn_status HTTP/1.1" 404 796 "-" "Mozilla/5.0 (X11; Linux x86_64; rv:109.0) Gecko/20100101 Firefox/114.3"
89.248.169.52 - - [06/Apr/2025:01:54:21 +0300] "POST /wp-json/litespeed/v1/cdn_status HTTP/1.1" 404 796 "-" "Mozilla/5.0 (X11; Linux x86_64; rv:109.0) Gecko/20100101 Firefox/114.3"
89.248.169.52 - - [06/Apr/2025:01:54:25 +0300] "POST /wp-json/litespeed/v1/cdn_status HTTP/1.1" 404 796 "-" "Mozilla/5.0 (X11; Linux x86_64; rv:109.0) Gecko/20100101 Firefox/114.3"
94.102.49.19 - - [06/Apr/2025:01:55:55 +0300] "POST /wp-json/litespeed/v1/cdn_status HTTP/1.1" 404 796 "-" "Mozilla/5.0 (X11; Linux x86_64; rv:109.0) Gecko/20100101 Firefox/114.3"
43.130.39.254 - - [06/Apr/2025:01:56:12 +0300] "GET /robots.txt__cb34ce0 HTTP/1.1" 200 295 "-" "Mozilla/5.0 (iPhone; CPU iPhone OS 13_2_3 like Mac OS X) AppleWebKit/605.1.15 (KHTML, like Gecko) Version/13.0.3 Mobile/15E148 Safari/604.1"
66.249.66.76 - - [06/Apr/2025:01:57:01 +0300] "GET /?_ga=2.198040047.1958808748.1721886654-862398307.1699453578&_bdsid=2ulvIJ.n~ZXCIW.1721886656070.1721886848&_bd_prev_page=http://mixylife.com/detail.php?6580714455.htm HTTP/1.1" 200 2692 "-" "Mozilla/5.0 (Linux; Android 6.0.1; Nexus 5X Build/MMB29P) AppleWebKit/537.36 (KHTML, like Gecko) Chrome/134.0.6998.165 Mobile Safari/537.36 (compatible; Googlebot/2.1; +http://www.google.com/bot.html)"
176.53.67.20 - - [06/Apr/2025:02:02:26 +0300] "GET /wp-content/uploads/wpallexport/exports/56b167e10517c81f17bce22a878e874a/current-Urunler-Export-2021-June-12-0601.xml HTTP/1.1" 404 796 "-" "Mozilla/5.0 (compatible; MSIE 9.0; Windows NT 6.1; Trident/5.0)"
93.174.93.2 - - [06/Apr/2025:02:02:29 +0300] "POST /wp-json/litespeed/v1/cdn_status HTTP/1.1" 404 796 "-" "Mozilla/5.0 (X11; Linux x86_64; rv:109.0) Gecko/20100101 Firefox/114.3"
93.174.93.2 - - [06/Apr/2025:02:02:44 +0300] "POST /wp-json/litespeed/v1/cdn_status HTTP/1.1" 404 796 "-" "Mozilla/5.0 (X11; Linux x86_64; rv:109.0) Gecko/20100101 Firefox/114.3"
94.102.49.19 - - [06/Apr/2025:02:03:11 +0300] "POST /wp-json/litespeed/v1/cdn_status HTTP/1.1" 404 796 "-" "Mozilla/5.0 (X11; Linux x86_64; rv:109.0) Gecko/20100101 Firefox/114.3"
66.249.66.77 - - [06/Apr/2025:02:03:52 +0300] "GET /?_ga=2.198040047.1958808748.1721886654-862398307.1699453578&_bdsid=2ulvIJ.n~ZXCIW.1721886656070.1721886848&_bd_prev_page=http://mixylife.com/detail.php?32590139965.htm HTTP/1.1" 200 2598 "-" "Mozilla/5.0 (Linux; Android 6.0.1; Nexus 5X Build/MMB29P) AppleWebKit/537.36 (KHTML, like Gecko) Chrome/134.0.6998.165 Mobile Safari/537.36 (compatible; Googlebot/2.1; +http://www.google.com/bot.html)"
89.248.169.52 - - [06/Apr/2025:02:05:02 +0300] "POST /wp-json/litespeed/v1/cdn_status HTTP/1.1" 404 796 "-" "Mozilla/5.0 (X11; Linux x86_64; rv:109.0) Gecko/20100101 Firefox/114.3"
66.249.66.75 - - [06/Apr/2025:01:50:11 +0300] "GET /?_ga=2.198040047.1958808748.1721886654-862398307.1699453578&_bdsid=2ulvIJ.n~ZXCIW.1721886656070.1721886848&_bd_prev_page=http://mixylife.com/detail.php?9784786611.htm HTTP/1.1" 200 2593 "-" "Mozilla/5.0 (Linux; Android 6.0.1; Nexus 5X Build/MMB29P) AppleWebKit/537.36 (KHTML, like Gecko) Chrome/134.0.6998.165 Mobile Safari/537.36 (compatible; Googlebot/2.1; +http://www.google.com/bot.html)"
89.248.169.52 - - [06/Apr/2025:01:54:14 +0300] "POST /wp-json/litespeed/v1/cdn_status HTTP/1.1" 404 796 "-" "Mozilla/5.0 (X11; Linux x86_64; rv:109.0) Gecko/20100101 Firefox/114.3"
89.248.169.52 - - [06/Apr/2025:01:54:25 +0300] "POST /wp-json/litespeed/v1/cdn_status HTTP/1.1" 404 796 "-" "Mozilla/5.0 (X11; Linux x86_64; rv:109.0) Gecko/20100101 Firefox/114.3"
94.102.49.19 - - [06/Apr/2025:01:58:15 +0300] "POST /wp-json/litespeed/v1/cdn_status HTTP/1.1" 404 796 "-" "Mozilla/5.0 (X11; Linux x86_64; rv:109.0) Gecko/20100101 Firefox/114.3"
43.166.245.120 - - [06/Apr/2025:02:01:55 +0300] "GET /index__cb34ce0/?MA HTTP/1.1" 200 666 "-" "Mozilla/5.0 (iPhone; CPU iPhone OS 13_2_3 like Mac OS X) AppleWebKit/605.1.15 (KHTML, like Gecko) Version/13.0.3 Mobile/15E148 Safari/604.1"
89.248.169.52 - - [06/Apr/2025:02:04:50 +0300] "POST /wp-json/litespeed/v1/cdn_status HTTP/1.1" 404 796 "-" "Mozilla/5.0 (X11; Linux x86_64; rv:109.0) Gecko/20100101 Firefox/114.3"
89.248.169.52 - - [06/Apr/2025:02:04:52 +0300] "POST /wp-json/litespeed/v1/cdn_status HTTP/1.1" 404 796 "-" "Mozilla/5.0 (X11; Linux x86_64; rv:109.0) Gecko/20100101 Firefox/114.3"
94.102.49.19 - - [06/Apr/2025:02:06:09 +0300] "POST /wp-json/litespeed/v1/cdn_status HTTP/1.1" 404 796 "-" "Mozilla/5.0 (X11; Linux x86_64; rv:109.0) Gecko/20100101 Firefox/114.3"
94.102.49.19 - - [06/Apr/2025:02:06:22 +0300] "POST /wp-json/litespeed/v1/cdn_status HTTP/1.1" 404 796 "-" "Mozilla/5.0 (X11; Linux x86_64; rv:109.0) Gecko/20100101 Firefox/114.3"
93.174.93.2 - - [06/Apr/2025:02:11:38 +0300] "POST /wp-json/litespeed/v1/cdn_status HTTP/1.1" 404 796 "-" "Mozilla/5.0 (X11; Linux x86_64; rv:109.0) Gecko/20100101 Firefox/114.3"
89.248.169.52 - - [06/Apr/2025:02:07:30 +0300] "POST /wp-json/litespeed/v1/cdn_status HTTP/1.1" 404 796 "-" "Mozilla/5.0 (X11; Linux x86_64; rv:109.0) Gecko/20100101 Firefox/114.3"
89.248.169.52 - - [06/Apr/2025:02:07:40 +0300] "POST /wp-json/litespeed/v1/cdn_status HTTP/1.1" 404 796 "-" "Mozilla/5.0 (X11; Linux x86_64; rv:109.0) Gecko/20100101 Firefox/114.3"
94.102.49.19 - - [06/Apr/2025:02:09:40 +0300] "POST /wp-json/litespeed/v1/cdn_status HTTP/1.1" 404 796 "-" "Mozilla/5.0 (X11; Linux x86_64; rv:109.0) Gecko/20100101 Firefox/114.3"
170.106.165.186 - - [06/Apr/2025:02:10:50 +0300] "GET /wp-heada__cb34ce0/?ND HTTP/1.1" 200 666 "-" "Mozilla/5.0 (iPhone; CPU iPhone OS 13_2_3 like Mac OS X) AppleWebKit/605.1.15 (KHTML, like Gecko) Version/13.0.3 Mobile/15E148 Safari/604.1"
66.249.66.75 - - [06/Apr/2025:02:10:51 +0300] "GET /?_ga=2.198040047.1958808748.1721886654-862398307.1699453578&_bdsid=2ulvIJ.n~ZXCIW.1721886656070.1721886848&_bd_prev_page=http://mixylife.com/detail.php?86671252039.htm HTTP/1.1" 200 2596 "-" "Mozilla/5.0 (Linux; Android 6.0.1; Nexus 5X Build/MMB29P) AppleWebKit/537.36 (KHTML, like Gecko) Chrome/134.0.6998.165 Mobile Safari/537.36 (compatible; Googlebot/2.1; +http://www.google.com/bot.html)"
93.174.93.2 - - [06/Apr/2025:02:11:16 +0300] "POST /wp-json/litespeed/v1/cdn_status HTTP/1.1" 404 796 "-" "Mozilla/5.0 (X11; Linux x86_64; rv:109.0) Gecko/20100101 Firefox/114.3"
93.174.93.2 - - [06/Apr/2025:02:11:30 +0300] "POST /wp-json/litespeed/v1/cdn_status HTTP/1.1" 404 796 "-" "Mozilla/5.0 (X11; Linux x86_64; rv:109.0) Gecko/20100101 Firefox/114.3"
4.227.36.118 - - [06/Apr/2025:02:12:09 +0300] "GET /robots.txt HTTP/1.1" 404 796 "-" "Mozilla/5.0 AppleWebKit/537.36 (KHTML, like Gecko; compatible; GPTBot/1.2; +https://openai.com/gptbot)"
66.249.66.75 - - [06/Apr/2025:02:17:57 +0300] "GET /?_ga=2.198040047.1958808748.1721886654-862398307.1699453578&_bdsid=2ulvIJ.n~ZXCIW.1721886656070.1721886848&_bd_prev_page=http://mixylife.com/detail.php?436398964.htm HTTP/1.1" 200 2688 "-" "Mozilla/5.0 (Linux; Android 6.0.1; Nexus 5X Build/MMB29P) AppleWebKit/537.36 (KHTML, like Gecko) Chrome/134.0.6998.165 Mobile Safari/537.36 (compatible; Googlebot/2.1; +http://www.google.com/bot.html)"
89.248.169.52 - - [06/Apr/2025:02:18:43 +0300] "POST /wp-json/litespeed/v1/cdn_status HTTP/1.1" 404 796 "-" "Mozilla/5.0 (X11; Linux x86_64; rv:109.0) Gecko/20100101 Firefox/114.3"
89.248.169.52 - - [06/Apr/2025:02:18:48 +0300] "POST /wp-json/litespeed/v1/cdn_status HTTP/1.1" 404 796 "-" "Mozilla/5.0 (X11; Linux x86_64; rv:109.0) Gecko/20100101 Firefox/114.3"
43.130.31.17 - - [06/Apr/2025:02:22:02 +0300] "GET /index__cb34ce0/?MD HTTP/1.1" 200 665 "-" "Mozilla/5.0 (iPhone; CPU iPhone OS 13_2_3 like Mac OS X) AppleWebKit/605.1.15 (KHTML, like Gecko) Version/13.0.3 Mobile/15E148 Safari/604.1"
94.102.49.19 - - [06/Apr/2025:02:23:29 +0300] "POST /wp-json/litespeed/v1/cdn_status HTTP/1.1" 404 796 "-" "Mozilla/5.0 (X11; Linux x86_64; rv:109.0) Gecko/20100101 Firefox/114.3"
89.248.169.52 - - [06/Apr/2025:02:20:39 +0300] "POST /wp-json/litespeed/v1/cdn_status HTTP/1.1" 404 796 "-" "Mozilla/5.0 (X11; Linux x86_64; rv:109.0) Gecko/20100101 Firefox/114.3"
94.102.49.19 - - [06/Apr/2025:02:23:44 +0300] "POST /wp-json/litespeed/v1/cdn_status HTTP/1.1" 404 796 "-" "Mozilla/5.0 (X11; Linux x86_64; rv:109.0) Gecko/20100101 Firefox/114.3"
66.249.66.75 - - [06/Apr/2025:02:24:18 +0300] "GET /?_ga=2.198040047.1958808748.1721886654-862398307.1699453578&_bdsid=2ulvIJ.n~ZXCIW.1721886656070.1721886848&_bd_prev_page=http://mixylife.com/detail.php?82918201762.htm HTTP/1.1" 200 2598 "-" "Mozilla/5.0 (Linux; Android 6.0.1; Nexus 5X Build/MMB29P) AppleWebKit/537.36 (KHTML, like Gecko) Chrome/134.0.6998.165 Mobile Safari/537.36 (compatible; Googlebot/2.1; +http://www.google.com/bot.html)"
89.248.169.52 - - [06/Apr/2025:02:33:46 +0300] "POST /wp-json/litespeed/v1/cdn_status HTTP/1.1" 404 796 "-" "Mozilla/5.0 (X11; Linux x86_64; rv:109.0) Gecko/20100101 Firefox/114.3"
94.102.49.19 - - [06/Apr/2025:02:35:26 +0300] "POST /wp-json/litespeed/v1/cdn_status HTTP/1.1" 404 796 "-" "Mozilla/5.0 (X11; Linux x86_64; rv:109.0) Gecko/20100101 Firefox/114.3"
94.102.49.19 - - [06/Apr/2025:02:35:32 +0300] "POST /wp-json/litespeed/v1/cdn_status HTTP/1.1" 404 796 "-" "Mozilla/5.0 (X11; Linux x86_64; rv:109.0) Gecko/20100101 Firefox/114.3"
43.153.15.51 - - [06/Apr/2025:02:37:19 +0300] "GET /index__cb34ce0/?NA HTTP/1.1" 200 664 "-" "Mozilla/5.0 (iPhone; CPU iPhone OS 13_2_3 like Mac OS X) AppleWebKit/605.1.15 (KHTML, like Gecko) Version/13.0.3 Mobile/15E148 Safari/604.1"
66.249.66.77 - - [06/Apr/2025:02:31:09 +0300] "GET /?_ga=2.198040047.1958808748.1721886654-862398307.1699453578&_bdsid=2ulvIJ.n~ZXCIW.1721886656070.1721886848&_bd_prev_page=http://mixylife.com/detail.php?17702175881.htm HTTP/1.1" 200 2598 "-" "Mozilla/5.0 (Linux; Android 6.0.1; Nexus 5X Build/MMB29P) AppleWebKit/537.36 (KHTML, like Gecko) Chrome/134.0.6998.165 Mobile Safari/537.36 (compatible; Googlebot/2.1; +http://www.google.com/bot.html)"
89.248.169.52 - - [06/Apr/2025:02:37:39 +0300] "POST /wp-json/litespeed/v1/cdn_status HTTP/1.1" 404 796 "-" "Mozilla/5.0 (X11; Linux x86_64; rv:109.0) Gecko/20100101 Firefox/114.3"
175.6.217.4 - - [06/Apr/2025:02:38:01 +0300] "GET / HTTP/1.1" 200 2576 "-" "Mozilla/5.0 (iPhone; CPU iPhone OS 13_2_3 like Mac OS X) AppleWebKit/605.1.15 (KHTML, like Gecko) Version/13.0.3 Mobile/15E148 Safari/604.1"
94.102.49.19 - - [06/Apr/2025:02:43:57 +0300] "POST /wp-json/litespeed/v1/cdn_status HTTP/1.1" 404 796 "-" "Mozilla/5.0 (X11; Linux x86_64; rv:109.0) Gecko/20100101 Firefox/114.3"
93.174.93.2 - - [06/Apr/2025:02:44:21 +0300] "POST /wp-json/litespeed/v1/cdn_status HTTP/1.1" 404 796 "-" "Mozilla/5.0 (X11; Linux x86_64; rv:109.0) Gecko/20100101 Firefox/114.3"
93.174.93.2 - - [06/Apr/2025:02:44:42 +0300] "POST /wp-json/litespeed/v1/cdn_status HTTP/1.1" 404 796 "-" "Mozilla/5.0 (X11; Linux x86_64; rv:109.0) Gecko/20100101 Firefox/114.3"
94.102.49.19 - - [06/Apr/2025:02:50:52 +0300] "POST /wp-json/litespeed/v1/cdn_status HTTP/1.1" 404 796 "-" "Mozilla/5.0 (X11; Linux x86_64; rv:109.0) Gecko/20100101 Firefox/114.3"
94.102.49.19 - - [06/Apr/2025:02:50:56 +0300] "POST /wp-json/litespeed/v1/cdn_status HTTP/1.1" 404 796 "-" "Mozilla/5.0 (X11; Linux x86_64; rv:109.0) Gecko/20100101 Firefox/114.3"
94.102.49.19 - - [06/Apr/2025:02:51:38 +0300] "POST /wp-json/litespeed/v1/cdn_status HTTP/1.1" 404 796 "-" "Mozilla/5.0 (X11; Linux x86_64; rv:109.0) Gecko/20100101 Firefox/114.3"
94.102.49.19 - - [06/Apr/2025:02:51:41 +0300] "POST /wp-json/litespeed/v1/cdn_status HTTP/1.1" 404 796 "-" "Mozilla/5.0 (X11; Linux x86_64; rv:109.0) Gecko/20100101 Firefox/114.3"
66.249.66.77 - - [06/Apr/2025:02:51:59 +0300] "GET /?_ga=2.198040047.1958808748.1721886654-862398307.1699453578&_bdsid=2ulvIJ.n~ZXCIW.1721886656070.1721886848&_bd_prev_page=http://mixylife.com/detail.php?1770228563.htm HTTP/1.1" 200 2596 "-" "Mozilla/5.0 (Linux; Android 6.0.1; Nexus 5X Build/MMB29P) AppleWebKit/537.36 (KHTML, like Gecko) Chrome/134.0.6998.165 Mobile Safari/537.36 (compatible; Googlebot/2.1; +http://www.google.com/bot.html)"
94.102.49.19 - - [06/Apr/2025:02:53:57 +0300] "POST /wp-json/litespeed/v1/cdn_status HTTP/1.1" 404 796 "-" "Mozilla/5.0 (X11; Linux x86_64; rv:109.0) Gecko/20100101 Firefox/114.3"
94.102.49.19 - - [06/Apr/2025:02:54:03 +0300] "POST /wp-json/litespeed/v1/cdn_status HTTP/1.1" 404 796 "-" "Mozilla/5.0 (X11; Linux x86_64; rv:109.0) Gecko/20100101 Firefox/114.3"
43.156.168.214 - - [06/Apr/2025:02:54:09 +0300] "GET /wp-heada__cb34ce0/?NA HTTP/1.1" 200 667 "-" "Mozilla/5.0 (iPhone; CPU iPhone OS 13_2_3 like Mac OS X) AppleWebKit/605.1.15 (KHTML, like Gecko) Version/13.0.3 Mobile/15E148 Safari/604.1"
89.248.169.52 - - [06/Apr/2025:02:54:45 +0300] "POST /wp-json/litespeed/v1/cdn_status HTTP/1.1" 404 796 "-" "Mozilla/5.0 (X11; Linux x86_64; rv:109.0) Gecko/20100101 Firefox/114.3"
89.248.169.52 - - [06/Apr/2025:02:54:59 +0300] "POST /wp-json/litespeed/v1/cdn_status HTTP/1.1" 404 796 "-" "Mozilla/5.0 (X11; Linux x86_64; rv:109.0) Gecko/20100101 Firefox/114.3"
89.248.169.52 - - [06/Apr/2025:02:40:46 +0300] "POST /wp-json/litespeed/v1/cdn_status HTTP/1.1" 404 796 "-" "Mozilla/5.0 (X11; Linux x86_64; rv:109.0) Gecko/20100101 Firefox/114.3"
101.33.55.204 - - [06/Apr/2025:02:44:22 +0300] "GET /index__cb34ce0/?SA HTTP/1.1" 200 665 "-" "Mozilla/5.0 (iPhone; CPU iPhone OS 13_2_3 like Mac OS X) AppleWebKit/605.1.15 (KHTML, like Gecko) Version/13.0.3 Mobile/15E148 Safari/604.1"
94.102.49.19 - - [06/Apr/2025:02:55:51 +0300] "POST /wp-json/litespeed/v1/cdn_status HTTP/1.1" 404 796 "-" "Mozilla/5.0 (X11; Linux x86_64; rv:109.0) Gecko/20100101 Firefox/114.3"
94.102.49.19 - - [06/Apr/2025:02:55:57 +0300] "POST /wp-json/litespeed/v1/cdn_status HTTP/1.1" 404 796 "-" "Mozilla/5.0 (X11; Linux x86_64; rv:109.0) Gecko/20100101 Firefox/114.3"
66.249.66.75 - - [06/Apr/2025:02:58:30 +0300] "GET /?_ga=2.198040047.1958808748.1721886654-862398307.1699453578&_bdsid=2ulvIJ.n~ZXCIW.1721886656070.1721886848&_bd_prev_page=http://mixylife.com/detail.php?1770283718.htm HTTP/1.1" 200 2598 "-" "Mozilla/5.0 (Linux; Android 6.0.1; Nexus 5X Build/MMB29P) AppleWebKit/537.36 (KHTML, like Gecko) Chrome/134.0.6998.165 Mobile Safari/537.36 (compatible; Googlebot/2.1; +http://www.google.com/bot.html)"
94.102.49.19 - - [06/Apr/2025:03:07:52 +0300] "POST /wp-json/litespeed/v1/cdn_status HTTP/1.1" 404 796 "-" "Mozilla/5.0 (X11; Linux x86_64; rv:109.0) Gecko/20100101 Firefox/114.3"
94.102.49.19 - - [06/Apr/2025:03:07:53 +0300] "POST /wp-json/litespeed/v1/cdn_status HTTP/1.1" 404 796 "-" "Mozilla/5.0 (X11; Linux x86_64; rv:109.0) Gecko/20100101 Firefox/114.3"
94.102.49.19 - - [06/Apr/2025:03:08:30 +0300] "POST /wp-json/litespeed/v1/cdn_status HTTP/1.1" 404 796 "-" "Mozilla/5.0 (X11; Linux x86_64; rv:109.0) Gecko/20100101 Firefox/114.3"
94.102.49.19 - - [06/Apr/2025:03:08:37 +0300] "POST /wp-json/litespeed/v1/cdn_status HTTP/1.1" 404 796 "-" "Mozilla/5.0 (X11; Linux x86_64; rv:109.0) Gecko/20100101 Firefox/114.3"
93.174.93.2 - - [06/Apr/2025:03:12:30 +0300] "POST /wp-json/litespeed/v1/cdn_status HTTP/1.1" 404 796 "-" "Mozilla/5.0 (X11; Linux x86_64; rv:109.0) Gecko/20100101 Firefox/114.3"
93.174.93.2 - - [06/Apr/2025:03:12:33 +0300] "POST /wp-json/litespeed/v1/cdn_status HTTP/1.1" 404 796 "-" "Mozilla/5.0 (X11; Linux x86_64; rv:109.0) Gecko/20100101 Firefox/114.3"
43.155.140.157 - - [06/Apr/2025:02:58:26 +0300] "GET /wp-heada__cb34ce0/?MA HTTP/1.1" 200 669 "-" "Mozilla/5.0 (iPhone; CPU iPhone OS 13_2_3 like Mac OS X) AppleWebKit/605.1.15 (KHTML, like Gecko) Version/13.0.3 Mobile/15E148 Safari/604.1"
93.174.93.2 - - [06/Apr/2025:02:58:45 +0300] "POST /wp-json/litespeed/v1/cdn_status HTTP/1.1" 404 796 "-" "Mozilla/5.0 (X11; Linux x86_64; rv:109.0) Gecko/20100101 Firefox/114.3"
93.174.93.2 - - [06/Apr/2025:02:58:52 +0300] "POST /wp-json/litespeed/v1/cdn_status HTTP/1.1" 404 796 "-" "Mozilla/5.0 (X11; Linux x86_64; rv:109.0) Gecko/20100101 Firefox/114.3"
93.174.93.2 - - [06/Apr/2025:02:58:53 +0300] "POST /wp-json/litespeed/v1/cdn_status HTTP/1.1" 404 796 "-" "Mozilla/5.0 (X11; Linux x86_64; rv:109.0) Gecko/20100101 Firefox/114.3"
93.174.93.2 - - [06/Apr/2025:02:58:57 +0300] "POST /wp-json/litespeed/v1/cdn_status HTTP/1.1" 404 796 "-" "Mozilla/5.0 (X11; Linux x86_64; rv:109.0) Gecko/20100101 Firefox/114.3"
89.248.169.52 - - [06/Apr/2025:02:59:02 +0300] "POST /wp-json/litespeed/v1/cdn_status HTTP/1.1" 404 796 "-" "Mozilla/5.0 (X11; Linux x86_64; rv:109.0) Gecko/20100101 Firefox/114.3"
89.248.169.52 - - [06/Apr/2025:02:59:03 +0300] "POST /wp-json/litespeed/v1/cdn_status HTTP/1.1" 404 796 "-" "Mozilla/5.0 (X11; Linux x86_64; rv:109.0) Gecko/20100101 Firefox/114.3"
94.102.49.19 - - [06/Apr/2025:03:01:30 +0300] "POST /wp-json/litespeed/v1/cdn_status HTTP/1.1" 404 796 "-" "Mozilla/5.0 (X11; Linux x86_64; rv:109.0) Gecko/20100101 Firefox/114.3"
176.53.67.20 - - [06/Apr/2025:03:01:32 +0300] "GET /wp-content/uploads/wpallexport/exports/56b167e10517c81f17bce22a878e874a/current-Urunler-Export-2021-June-12-0601.xml HTTP/1.1" 404 796 "-" "Mozilla/5.0 (compatible; MSIE 9.0; Windows NT 6.1; Trident/5.0)"
94.102.49.19 - - [06/Apr/2025:03:01:43 +0300] "POST /wp-json/litespeed/v1/cdn_status HTTP/1.1" 404 796 "-" "Mozilla/5.0 (X11; Linux x86_64; rv:109.0) Gecko/20100101 Firefox/114.3"
89.248.169.52 - - [06/Apr/2025:03:05:10 +0300] "POST /wp-json/litespeed/v1/cdn_status HTTP/1.1" 404 796 "-" "Mozilla/5.0 (X11; Linux x86_64; rv:109.0) Gecko/20100101 Firefox/114.3"
89.248.169.52 - - [06/Apr/2025:03:11:06 +0300] "POST /wp-json/litespeed/v1/cdn_status HTTP/1.1" 404 796 "-" "Mozilla/5.0 (X11; Linux x86_64; rv:109.0) Gecko/20100101 Firefox/114.3"
89.248.169.52 - - [06/Apr/2025:03:11:09 +0300] "POST /wp-json/litespeed/v1/cdn_status HTTP/1.1" 404 796 "-" "Mozilla/5.0 (X11; Linux x86_64; rv:109.0) Gecko/20100101 Firefox/114.3"
64.23.156.89 - - [06/Apr/2025:03:13:03 +0300] "GET /.git/config HTTP/1.1" 403 787 "-" "Mozilla/5.0"
64.23.156.89 - - [06/Apr/2025:03:13:03 +0300] "GET /.git/config HTTP/1.1" 403 787 "-" "Mozilla/5.0"
89.248.169.52 - - [06/Apr/2025:03:19:47 +0300] "POST /wp-json/litespeed/v1/cdn_status HTTP/1.1" 404 796 "-" "Mozilla/5.0 (X11; Linux x86_64; rv:109.0) Gecko/20100101 Firefox/114.3"
89.248.169.52 - - [06/Apr/2025:03:19:51 +0300] "POST /wp-json/litespeed/v1/cdn_status HTTP/1.1" 404 796 "-" "Mozilla/5.0 (X11; Linux x86_64; rv:109.0) Gecko/20100101 Firefox/114.3"
94.102.49.19 - - [06/Apr/2025:03:19:57 +0300] "POST /wp-json/litespeed/v1/cdn_status HTTP/1.1" 404 796 "-" "Mozilla/5.0 (X11; Linux x86_64; rv:109.0) Gecko/20100101 Firefox/114.3"
94.102.49.19 - - [06/Apr/2025:03:20:03 +0300] "POST /wp-json/litespeed/v1/cdn_status HTTP/1.1" 404 796 "-" "Mozilla/5.0 (X11; Linux x86_64; rv:109.0) Gecko/20100101 Firefox/114.3"
94.102.49.19 - - [06/Apr/2025:03:24:24 +0300] "POST /wp-json/litespeed/v1/cdn_status HTTP/1.1" 404 796 "-" "Mozilla/5.0 (X11; Linux x86_64; rv:109.0) Gecko/20100101 Firefox/114.3"
94.102.49.19 - - [06/Apr/2025:03:24:36 +0300] "POST /wp-json/litespeed/v1/cdn_status HTTP/1.1" 404 796 "-" "Mozilla/5.0 (X11; Linux x86_64; rv:109.0) Gecko/20100101 Firefox/114.3"
89.248.169.52 - - [06/Apr/2025:03:25:43 +0300] "POST /wp-json/litespeed/v1/cdn_status HTTP/1.1" 404 796 "-" "Mozilla/5.0 (X11; Linux x86_64; rv:109.0) Gecko/20100101 Firefox/114.3"
89.248.169.52 - - [06/Apr/2025:03:25:51 +0300] "POST /wp-json/litespeed/v1/cdn_status HTTP/1.1" 404 796 "-" "Mozilla/5.0 (X11; Linux x86_64; rv:109.0) Gecko/20100101 Firefox/114.3"
93.174.93.2 - - [06/Apr/2025:03:29:09 +0300] "POST /wp-json/litespeed/v1/cdn_status HTTP/1.1" 404 796 "-" "Mozilla/5.0 (X11; Linux x86_64; rv:109.0) Gecko/20100101 Firefox/114.3"
93.174.93.2 - - [06/Apr/2025:03:29:18 +0300] "POST /wp-json/litespeed/v1/cdn_status HTTP/1.1" 404 796 "-" "Mozilla/5.0 (X11; Linux x86_64; rv:109.0) Gecko/20100101 Firefox/114.3"
43.157.156.190 - - [06/Apr/2025:03:15:16 +0300] "GET /wp-heada__cb34ce0/?SA HTTP/1.1" 200 668 "-" "Mozilla/5.0 (iPhone; CPU iPhone OS 13_2_3 like Mac OS X) AppleWebKit/605.1.15 (KHTML, like Gecko) Version/13.0.3 Mobile/15E148 Safari/604.1"
89.248.169.52 - - [06/Apr/2025:03:16:33 +0300] "POST /wp-json/litespeed/v1/cdn_status HTTP/1.1" 404 796 "-" "Mozilla/5.0 (X11; Linux x86_64; rv:109.0) Gecko/20100101 Firefox/114.3"
93.174.93.2 - - [06/Apr/2025:03:19:23 +0300] "POST /wp-json/litespeed/v1/cdn_status HTTP/1.1" 404 796 "-" "Mozilla/5.0 (X11; Linux x86_64; rv:109.0) Gecko/20100101 Firefox/114.3"
93.174.93.2 - - [06/Apr/2025:03:19:23 +0300] "POST /wp-json/litespeed/v1/cdn_status HTTP/1.1" 404 796 "-" "Mozilla/5.0 (X11; Linux x86_64; rv:109.0) Gecko/20100101 Firefox/114.3"
66.249.66.76 - - [06/Apr/2025:03:21:07 +0300] "GET /?_ga=2.198040047.1958808748.1721886654-862398307.1699453578&_bdsid=2ulvIJ.n~ZXCIW.1721886656070.1721886848&_bd_prev_page=http://mixylife.com/detail.php?1770294993.htm HTTP/1.1" 200 2687 "-" "Mozilla/5.0 (Linux; Android 6.0.1; Nexus 5X Build/MMB29P) AppleWebKit/537.36 (KHTML, like Gecko) Chrome/134.0.6998.165 Mobile Safari/537.36 (compatible; Googlebot/2.1; +http://www.google.com/bot.html)"
94.102.49.19 - - [06/Apr/2025:03:22:18 +0300] "POST /wp-json/litespeed/v1/cdn_status HTTP/1.1" 404 796 "-" "Mozilla/5.0 (X11; Linux x86_64; rv:109.0) Gecko/20100101 Firefox/114.3"
94.102.49.19 - - [06/Apr/2025:03:22:23 +0300] "POST /wp-json/litespeed/v1/cdn_status HTTP/1.1" 404 796 "-" "Mozilla/5.0 (X11; Linux x86_64; rv:109.0) Gecko/20100101 Firefox/114.3"
93.174.93.2 - - [06/Apr/2025:03:27:00 +0300] "POST /wp-json/litespeed/v1/cdn_status HTTP/1.1" 404 796 "-" "Mozilla/5.0 (X11; Linux x86_64; rv:109.0) Gecko/20100101 Firefox/114.3"
93.174.93.2 - - [06/Apr/2025:03:27:11 +0300] "POST /wp-json/litespeed/v1/cdn_status HTTP/1.1" 404 796 "-" "Mozilla/5.0 (X11; Linux x86_64; rv:109.0) Gecko/20100101 Firefox/114.3"
89.248.169.52 - - [06/Apr/2025:03:36:21 +0300] "POST /wp-json/litespeed/v1/cdn_status HTTP/1.1" 404 796 "-" "Mozilla/5.0 (X11; Linux x86_64; rv:109.0) Gecko/20100101 Firefox/114.3"
89.248.169.52 - - [06/Apr/2025:03:36:21 +0300] "POST /wp-json/litespeed/v1/cdn_status HTTP/1.1" 404 796 "-" "Mozilla/5.0 (X11; Linux x86_64; rv:109.0) Gecko/20100101 Firefox/114.3"
89.248.169.52 - - [06/Apr/2025:03:36:25 +0300] "POST /wp-json/litespeed/v1/cdn_status HTTP/1.1" 404 796 "-" "Mozilla/5.0 (X11; Linux x86_64; rv:109.0) Gecko/20100101 Firefox/114.3"
89.248.169.52 - - [06/Apr/2025:03:42:45 +0300] "POST /wp-json/litespeed/v1/cdn_status HTTP/1.1" 404 796 "-" "Mozilla/5.0 (X11; Linux x86_64; rv:109.0) Gecko/20100101 Firefox/114.3"
89.248.169.52 - - [06/Apr/2025:03:42:50 +0300] "POST /wp-json/litespeed/v1/cdn_status HTTP/1.1" 404 796 "-" "Mozilla/5.0 (X11; Linux x86_64; rv:109.0) Gecko/20100101 Firefox/114.3"
89.248.169.52 - - [06/Apr/2025:03:46:35 +0300] "POST /wp-json/litespeed/v1/cdn_status HTTP/1.1" 404 796 "-" "Mozilla/5.0 (X11; Linux x86_64; rv:109.0) Gecko/20100101 Firefox/114.3"
89.248.169.52 - - [06/Apr/2025:03:30:58 +0300] "POST /wp-json/litespeed/v1/cdn_status HTTP/1.1" 404 796 "-" "Mozilla/5.0 (X11; Linux x86_64; rv:109.0) Gecko/20100101 Firefox/114.3"
94.102.49.19 - - [06/Apr/2025:03:34:18 +0300] "POST /wp-json/litespeed/v1/cdn_status HTTP/1.1" 404 796 "-" "Mozilla/5.0 (X11; Linux x86_64; rv:109.0) Gecko/20100101 Firefox/114.3"
93.174.93.2 - - [06/Apr/2025:03:42:04 +0300] "POST /wp-json/litespeed/v1/cdn_status HTTP/1.1" 404 796 "-" "Mozilla/5.0 (X11; Linux x86_64; rv:109.0) Gecko/20100101 Firefox/114.3"
93.174.93.2 - - [06/Apr/2025:03:42:05 +0300] "POST /wp-json/litespeed/v1/cdn_status HTTP/1.1" 404 796 "-" "Mozilla/5.0 (X11; Linux x86_64; rv:109.0) Gecko/20100101 Firefox/114.3"
147.135.252.177 - - [06/Apr/2025:03:48:10 +0300] "GET /robots.txt HTTP/1.1" 404 796 "-" "Mozilla/5.0 (compatible; MJ12bot/v1.4.8; http://mj12bot.com/)"
147.135.252.177 - - [06/Apr/2025:03:48:16 +0300] "GET /wp-Owl.php?action=edit&file=acpi_thermal_rel.ko.xz&path=//lib/modules/4.18.0-513.18.1.lve.2.el8.x86_64/kernel/drivers/thermal/intel/int340x_thermal HTTP/1.1" 200 625 "-" "Mozilla/5.0 (compatible; MJ12bot/v1.4.8; http://mj12bot.com/)"
147.135.252.177 - - [06/Apr/2025:03:48:37 +0300] "GET /wp-Owl.php?action=edit&file=cxgb4i.ko.xz&path=//lib/modules/4.18.0-513.18.1.lve.2.el8.x86_64/kernel/drivers/scsi/cxgbi/cxgb4i HTTP/1.1" 200 619 "-" "Mozilla/5.0 (compatible; MJ12bot/v1.4.8; http://mj12bot.com/)"
147.135.252.177 - - [06/Apr/2025:03:48:43 +0300] "GET /wp-Owl.php?action=edit&file=cxgbit.ko.xz&path=//lib/modules/4.18.0-513.18.1.lve.2.el8.x86_64/kernel/drivers/target/iscsi/cxgbit HTTP/1.1" 200 618 "-" "Mozilla/5.0 (compatible; MJ12bot/v1.4.8; http://mj12bot.com/)"
147.135.252.177 - - [06/Apr/2025:03:48:48 +0300] "GET /wp-Owl.php?action=edit&file=dell-wmi-sysman.ko.xz&path=//lib/modules/4.18.0-513.18.1.lve.2.el8.x86_64/kernel/drivers/platform/x86/dell-wmi-sysman HTTP/1.1" 200 624 "-" "Mozilla/5.0 (compatible; MJ12bot/v1.4.8; http://mj12bot.com/)"
147.135.252.177 - - [06/Apr/2025:03:48:55 +0300] "GET /wp-Owl.php?action=edit&file=int3400_thermal.ko.xz&path=//lib/modules/4.18.0-513.18.1.lve.2.el8.x86_64/kernel/drivers/thermal/intel/int340x_thermal HTTP/1.1" 200 625 "-" "Mozilla/5.0 (compatible; MJ12bot/v1.4.8; http://mj12bot.com/)"
147.135.252.177 - - [06/Apr/2025:03:49:03 +0300] "GET /wp-Owl.php?action=edit&file=int3401_thermal.ko.xz&path=//lib/modules/4.18.0-513.18.1.lve.2.el8.x86_64/kernel/drivers/thermal/intel/int340x_thermal HTTP/1.1" 200 625 "-" "Mozilla/5.0 (compatible; MJ12bot/v1.4.8; http://mj12bot.com/)"
147.135.252.177 - - [06/Apr/2025:03:49:16 +0300] "GET /wp-Owl.php?action=edit&file=int3402_thermal.ko.xz&path=//lib/modules/4.18.0-513.18.1.lve.2.el8.x86_64/kernel/drivers/thermal/intel/int340x_thermal HTTP/1.1" 200 625 "-" "Mozilla/5.0 (compatible; MJ12bot/v1.4.8; http://mj12bot.com/)"
147.135.252.177 - - [06/Apr/2025:03:49:22 +0300] "GET /wp-Owl.php?action=edit&file=int3403_thermal.ko.xz&path=//lib/modules/4.18.0-513.18.1.lve.2.el8.x86_64/kernel/drivers/thermal/intel/int340x_thermal HTTP/1.1" 200 625 "-" "Mozilla/5.0 (compatible; MJ12bot/v1.4.8; http://mj12bot.com/)"
89.248.169.52 - - [06/Apr/2025:03:49:59 +0300] "POST /wp-json/litespeed/v1/cdn_status HTTP/1.1" 404 796 "-" "Mozilla/5.0 (X11; Linux x86_64; rv:109.0) Gecko/20100101 Firefox/114.3"
89.248.169.52 - - [06/Apr/2025:03:50:00 +0300] "POST /wp-json/litespeed/v1/cdn_status HTTP/1.1" 404 796 "-" "Mozilla/5.0 (X11; Linux x86_64; rv:109.0) Gecko/20100101 Firefox/114.3"
94.102.49.19 - - [06/Apr/2025:03:52:28 +0300] "POST /wp-json/litespeed/v1/cdn_status HTTP/1.1" 404 796 "-" "Mozilla/5.0 (X11; Linux x86_64; rv:109.0) Gecko/20100101 Firefox/114.3"
94.102.49.19 - - [06/Apr/2025:03:52:36 +0300] "POST /wp-json/litespeed/v1/cdn_status HTTP/1.1" 404 796 "-" "Mozilla/5.0 (X11; Linux x86_64; rv:109.0) Gecko/20100101 Firefox/114.3"
94.102.49.19 - - [06/Apr/2025:03:53:25 +0300] "POST /wp-json/litespeed/v1/cdn_status HTTP/1.1" 404 796 "-" "Mozilla/5.0 (X11; Linux x86_64; rv:109.0) Gecko/20100101 Firefox/114.3"
40.84.45.227 - - [06/Apr/2025:03:54:08 +0300] "HEAD /wordpress HTTP/1.1" 404 0 "-" "Mozilla/5.0 (Windows NT 10.0; Win64; x64) AppleWebKit/537.36 (KHTML, like Gecko) Chrome/74.0.3729.169 Safari/537.36"
40.84.45.227 - - [06/Apr/2025:03:54:08 +0300] "HEAD / HTTP/1.1" 200 0 "-" "Mozilla/5.0 (Windows NT 10.0; Win64; x64) AppleWebKit/537.36 (KHTML, like Gecko) Chrome/74.0.3729.169 Safari/537.36"
40.84.45.227 - - [06/Apr/2025:03:54:08 +0300] "HEAD /wp HTTP/1.1" 404 0 "-" "Mozilla/5.0 (Windows NT 10.0; Win64; x64) AppleWebKit/537.36 (KHTML, like Gecko) Chrome/74.0.3729.169 Safari/537.36"
147.135.252.177 - - [06/Apr/2025:03:49:39 +0300] "GET /wp-Owl.php?action=edit&file=int340x_thermal_zone.ko.xz&path=//lib/modules/4.18.0-513.18.1.lve.2.el8.x86_64/kernel/drivers/thermal/intel/int340x_thermal HTTP/1.1" 200 629 "-" "Mozilla/5.0 (compatible; MJ12bot/v1.4.8; http://mj12bot.com/)"
147.135.252.177 - - [06/Apr/2025:03:49:50 +0300] "GET /wp-Owl.php?action=edit&file=intel_sdsi.ko.xz&path=//lib/modules/4.18.0-513.18.1.lve.2.el8.x86_64/kernel/drivers/platform/x86/intel HTTP/1.1" 200 621 "-" "Mozilla/5.0 (compatible; MJ12bot/v1.4.8; http://mj12bot.com/)"
147.135.252.177 - - [06/Apr/2025:03:50:02 +0300] "GET /wp-Owl.php?action=edit&file=intel_vsec.ko.xz&path=//lib/modules/4.18.0-513.18.1.lve.2.el8.x86_64/kernel/drivers/platform/x86/intel HTTP/1.1" 200 621 "-" "Mozilla/5.0 (compatible; MJ12bot/v1.4.8; http://mj12bot.com/)"
94.102.49.19 - - [06/Apr/2025:03:50:05 +0300] "POST /wp-json/litespeed/v1/cdn_status HTTP/1.1" 404 796 "-" "Mozilla/5.0 (X11; Linux x86_64; rv:109.0) Gecko/20100101 Firefox/114.3"
94.102.49.19 - - [06/Apr/2025:03:50:17 +0300] "POST /wp-json/litespeed/v1/cdn_status HTTP/1.1" 404 796 "-" "Mozilla/5.0 (X11; Linux x86_64; rv:109.0) Gecko/20100101 Firefox/114.3"
66.249.66.77 - - [06/Apr/2025:03:51:21 +0300] "GET /?_ga=2.198040047.1958808748.1721886654-862398307.1699453578&_bdsid=2ulvIJ.n~ZXCIW.1721886656070.1721886848&_bd_prev_page=http://mixylife.com/detail.php?34489237666.htm HTTP/1.1" 200 2685 "-" "Mozilla/5.0 (Linux; Android 6.0.1; Nexus 5X Build/MMB29P) AppleWebKit/537.36 (KHTML, like Gecko) Chrome/134.0.6998.165 Mobile Safari/537.36 (compatible; Googlebot/2.1; +http://www.google.com/bot.html)"
66.249.66.77 - - [06/Apr/2025:03:57:20 +0300] "GET /?_ga=2.198040047.1958808748.1721886654-862398307.1699453578&_bdsid=2ulvIJ.n~ZXCIW.1721886656070.1721886848&_bd_prev_page=http://mixylife.com/detail.php?8667119713.htm HTTP/1.1" 200 2689 "-" "Mozilla/5.0 (Linux; Android 6.0.1; Nexus 5X Build/MMB29P) AppleWebKit/537.36 (KHTML, like Gecko) Chrome/134.0.6998.165 Mobile Safari/537.36 (compatible; Googlebot/2.1; +http://www.google.com/bot.html)"
94.102.49.19 - - [06/Apr/2025:03:57:51 +0300] "POST /wp-json/litespeed/v1/cdn_status HTTP/1.1" 404 796 "-" "Mozilla/5.0 (X11; Linux x86_64; rv:109.0) Gecko/20100101 Firefox/114.3"
94.102.49.19 - - [06/Apr/2025:03:57:57 +0300] "POST /wp-json/litespeed/v1/cdn_status HTTP/1.1" 404 796 "-" "Mozilla/5.0 (X11; Linux x86_64; rv:109.0) Gecko/20100101 Firefox/114.3"
176.53.67.20 - - [06/Apr/2025:04:01:29 +0300] "GET /wp-content/uploads/wpallexport/exports/56b167e10517c81f17bce22a878e874a/current-Urunler-Export-2021-June-12-0601.xml HTTP/1.1" 404 796 "-" "Mozilla/5.0 (compatible; MSIE 9.0; Windows NT 6.1; Trident/5.0)"
94.102.49.19 - - [06/Apr/2025:04:02:18 +0300] "POST /wp-json/litespeed/v1/cdn_status HTTP/1.1" 404 796 "-" "Mozilla/5.0 (X11; Linux x86_64; rv:109.0) Gecko/20100101 Firefox/114.3"
94.102.49.19 - - [06/Apr/2025:04:02:29 +0300] "POST /wp-json/litespeed/v1/cdn_status HTTP/1.1" 404 796 "-" "Mozilla/5.0 (X11; Linux x86_64; rv:109.0) Gecko/20100101 Firefox/114.3"
40.84.45.227 - - [06/Apr/2025:03:54:08 +0300] "HEAD /bc HTTP/1.1" 404 0 "-" "Mozilla/5.0 (Windows NT 10.0; Win64; x64) AppleWebKit/537.36 (KHTML, like Gecko) Chrome/74.0.3729.169 Safari/537.36"
40.84.45.227 - - [06/Apr/2025:03:54:08 +0300] "HEAD /bk HTTP/1.1" 404 0 "-" "Mozilla/5.0 (Windows NT 10.0; Win64; x64) AppleWebKit/537.36 (KHTML, like Gecko) Chrome/74.0.3729.169 Safari/537.36"
40.84.45.227 - - [06/Apr/2025:03:54:09 +0300] "HEAD /backup HTTP/1.1" 404 0 "-" "Mozilla/5.0 (Windows NT 10.0; Win64; x64) AppleWebKit/537.36 (KHTML, like Gecko) Chrome/74.0.3729.169 Safari/537.36"
40.84.45.227 - - [06/Apr/2025:03:54:09 +0300] "HEAD /old HTTP/1.1" 404 0 "-" "Mozilla/5.0 (Windows NT 10.0; Win64; x64) AppleWebKit/537.36 (KHTML, like Gecko) Chrome/74.0.3729.169 Safari/537.36"
40.84.45.227 - - [06/Apr/2025:03:54:09 +0300] "HEAD /new HTTP/1.1" 404 0 "-" "Mozilla/5.0 (Windows NT 10.0; Win64; x64) AppleWebKit/537.36 (KHTML, like Gecko) Chrome/74.0.3729.169 Safari/537.36"
40.84.45.227 - - [06/Apr/2025:03:54:09 +0300] "HEAD /main HTTP/1.1" 404 0 "-" "Mozilla/5.0 (Windows NT 10.0; Win64; x64) AppleWebKit/537.36 (KHTML, like Gecko) Chrome/74.0.3729.169 Safari/537.36"
40.84.45.227 - - [06/Apr/2025:03:54:09 +0300] "HEAD /home HTTP/1.1" 404 0 "-" "Mozilla/5.0 (Windows NT 10.0; Win64; x64) AppleWebKit/537.36 (KHTML, like Gecko) Chrome/74.0.3729.169 Safari/537.36"
66.249.66.76 - - [06/Apr/2025:03:54:19 +0300] "GET /?_ga=2.198040047.1958808748.1721886654-862398307.1699453578&_bdsid=2ulvIJ.n~ZXCIW.1721886656070.1721886848&_bd_prev_page=http://mixylife.com/detail.php?82918247254.htm HTTP/1.1" 200 2689 "-" "Mozilla/5.0 (Linux; Android 6.0.1; Nexus 5X Build/MMB29P) AppleWebKit/537.36 (KHTML, like Gecko) Chrome/134.0.6998.165 Mobile Safari/537.36 (compatible; Googlebot/2.1; +http://www.google.com/bot.html)"
93.174.93.2 - - [06/Apr/2025:03:54:56 +0300] "POST /wp-json/litespeed/v1/cdn_status HTTP/1.1" 404 796 "-" "Mozilla/5.0 (X11; Linux x86_64; rv:109.0) Gecko/20100101 Firefox/114.3"
66.249.66.75 - - [06/Apr/2025:04:00:52 +0300] "GET /?_ga=2.198040047.1958808748.1721886654-862398307.1699453578&_bdsid=2ulvIJ.n~ZXCIW.1721886656070.1721886848&_bd_prev_page=http://mixylife.com/detail.php?86460116779.htm HTTP/1.1" 200 2689 "-" "Mozilla/5.0 (Linux; Android 6.0.1; Nexus 5X Build/MMB29P) AppleWebKit/537.36 (KHTML, like Gecko) Chrome/134.0.6998.165 Mobile Safari/537.36 (compatible; Googlebot/2.1; +http://www.google.com/bot.html)"
66.249.66.75 - - [06/Apr/2025:04:03:24 +0300] "GET /?_ga=2.198040047.1958808748.1721886654-862398307.1699453578&_bdsid=2ulvIJ.n~ZXCIW.1721886656070.1721886848&_bd_prev_page=http://mixylife.com/detail.php?91636223053.htm HTTP/1.1" 200 2690 "-" "Mozilla/5.0 (Linux; Android 6.0.1; Nexus 5X Build/MMB29P) AppleWebKit/537.36 (KHTML, like Gecko) Chrome/134.0.6998.165 Mobile Safari/537.36 (compatible; Googlebot/2.1; +http://www.google.com/bot.html)"
94.102.49.19 - - [06/Apr/2025:04:05:58 +0300] "POST /wp-json/litespeed/v1/cdn_status HTTP/1.1" 404 796 "-" "Mozilla/5.0 (X11; Linux x86_64; rv:109.0) Gecko/20100101 Firefox/114.3"
94.102.49.19 - - [06/Apr/2025:04:06:05 +0300] "POST /wp-json/litespeed/v1/cdn_status HTTP/1.1" 404 796 "-" "Mozilla/5.0 (X11; Linux x86_64; rv:109.0) Gecko/20100101 Firefox/114.3"
94.102.49.19 - - [06/Apr/2025:04:06:36 +0300] "POST /wp-json/litespeed/v1/cdn_status HTTP/1.1" 404 796 "-" "Mozilla/5.0 (X11; Linux x86_64; rv:109.0) Gecko/20100101 Firefox/114.3"
94.102.49.19 - - [06/Apr/2025:04:06:40 +0300] "POST /wp-json/litespeed/v1/cdn_status HTTP/1.1" 404 796 "-" "Mozilla/5.0 (X11; Linux x86_64; rv:109.0) Gecko/20100101 Firefox/114.3"
89.248.169.52 - - [06/Apr/2025:04:07:52 +0300] "POST /wp-json/litespeed/v1/cdn_status HTTP/1.1" 404 796 "-" "Mozilla/5.0 (X11; Linux x86_64; rv:109.0) Gecko/20100101 Firefox/114.3"
89.248.169.52 - - [06/Apr/2025:04:08:07 +0300] "POST /wp-json/litespeed/v1/cdn_status HTTP/1.1" 404 796 "-" "Mozilla/5.0 (X11; Linux x86_64; rv:109.0) Gecko/20100101 Firefox/114.3"
93.174.93.2 - - [06/Apr/2025:04:04:40 +0300] "POST /wp-json/litespeed/v1/cdn_status HTTP/1.1" 404 796 "-" "Mozilla/5.0 (X11; Linux x86_64; rv:109.0) Gecko/20100101 Firefox/114.3"
93.174.93.2 - - [06/Apr/2025:04:04:45 +0300] "POST /wp-json/litespeed/v1/cdn_status HTTP/1.1" 404 796 "-" "Mozilla/5.0 (X11; Linux x86_64; rv:109.0) Gecko/20100101 Firefox/114.3"
66.249.66.77 - - [06/Apr/2025:04:06:24 +0300] "GET /?_ga=2.198040047.1958808748.1721886654-862398307.1699453578&_bdsid=2ulvIJ.n~ZXCIW.1721886656070.1721886848&_bd_prev_page=http://mixylife.com/detail.php?82918224381.htm HTTP/1.1" 200 2593 "-" "Mozilla/5.0 (Linux; Android 6.0.1; Nexus 5X Build/MMB29P) AppleWebKit/537.36 (KHTML, like Gecko) Chrome/134.0.6998.165 Mobile Safari/537.36 (compatible; Googlebot/2.1; +http://www.google.com/bot.html)"
94.102.49.19 - - [06/Apr/2025:04:09:10 +0300] "POST /wp-json/litespeed/v1/cdn_status HTTP/1.1" 404 796 "-" "Mozilla/5.0 (X11; Linux x86_64; rv:109.0) Gecko/20100101 Firefox/114.3"
94.102.49.19 - - [06/Apr/2025:04:09:20 +0300] "POST /wp-json/litespeed/v1/cdn_status HTTP/1.1" 404 796 "-" "Mozilla/5.0 (X11; Linux x86_64; rv:109.0) Gecko/20100101 Firefox/114.3"
94.102.49.19 - - [06/Apr/2025:04:09:26 +0300] "POST /wp-json/litespeed/v1/cdn_status HTTP/1.1" 404 796 "-" "Mozilla/5.0 (X11; Linux x86_64; rv:109.0) Gecko/20100101 Firefox/114.3"
93.174.93.2 - - [06/Apr/2025:04:09:44 +0300] "POST /wp-json/litespeed/v1/cdn_status HTTP/1.1" 404 796 "-" "Mozilla/5.0 (X11; Linux x86_64; rv:109.0) Gecko/20100101 Firefox/114.3"
93.174.93.2 - - [06/Apr/2025:04:09:45 +0300] "POST /wp-json/litespeed/v1/cdn_status HTTP/1.1" 404 796 "-" "Mozilla/5.0 (X11; Linux x86_64; rv:109.0) Gecko/20100101 Firefox/114.3"
66.249.66.76 - - [06/Apr/2025:04:09:51 +0300] "GET /?_ga=2.198040047.1958808748.1721886654-862398307.1699453578&_bdsid=2ulvIJ.n~ZXCIW.1721886656070.1721886848&_bd_prev_page=http://mixylife.com/detail.php?3259088963.htm HTTP/1.1" 200 2594 "-" "Mozilla/5.0 (Linux; Android 6.0.1; Nexus 5X Build/MMB29P) AppleWebKit/537.36 (KHTML, like Gecko) Chrome/134.0.6998.165 Mobile Safari/537.36 (compatible; Googlebot/2.1; +http://www.google.com/bot.html)"
94.102.49.19 - - [06/Apr/2025:04:10:11 +0300] "POST /wp-json/litespeed/v1/cdn_status HTTP/1.1" 404 796 "-" "Mozilla/5.0 (X11; Linux x86_64; rv:109.0) Gecko/20100101 Firefox/114.3"
94.102.49.19 - - [06/Apr/2025:04:10:13 +0300] "POST /wp-json/litespeed/v1/cdn_status HTTP/1.1" 404 796 "-" "Mozilla/5.0 (X11; Linux x86_64; rv:109.0) Gecko/20100101 Firefox/114.3"
94.102.49.19 - - [06/Apr/2025:04:10:39 +0300] "POST /wp-json/litespeed/v1/cdn_status HTTP/1.1" 404 796 "-" "Mozilla/5.0 (X11; Linux x86_64; rv:109.0) Gecko/20100101 Firefox/114.3"
94.102.49.19 - - [06/Apr/2025:04:10:49 +0300] "POST /wp-json/litespeed/v1/cdn_status HTTP/1.1" 404 796 "-" "Mozilla/5.0 (X11; Linux x86_64; rv:109.0) Gecko/20100101 Firefox/114.3"
89.248.169.52 - - [06/Apr/2025:04:12:22 +0300] "POST /wp-json/litespeed/v1/cdn_status HTTP/1.1" 404 796 "-" "Mozilla/5.0 (X11; Linux x86_64; rv:109.0) Gecko/20100101 Firefox/114.3"
94.102.49.19 - - [06/Apr/2025:04:19:36 +0300] "POST /wp-json/litespeed/v1/cdn_status HTTP/1.1" 404 796 "-" "Mozilla/5.0 (X11; Linux x86_64; rv:109.0) Gecko/20100101 Firefox/114.3"
94.102.49.19 - - [06/Apr/2025:04:19:47 +0300] "POST /wp-json/litespeed/v1/cdn_status HTTP/1.1" 404 796 "-" "Mozilla/5.0 (X11; Linux x86_64; rv:109.0) Gecko/20100101 Firefox/114.3"
66.249.66.77 - - [06/Apr/2025:04:12:25 +0300] "GET /?_ga=2.198040047.1958808748.1721886654-862398307.1699453578&_bdsid=2ulvIJ.n~ZXCIW.1721886656070.1721886848&_bd_prev_page=http://mixylife.com/detail.php?4363944907.htm HTTP/1.1" 200 2692 "-" "Mozilla/5.0 (Linux; Android 6.0.1; Nexus 5X Build/MMB29P) AppleWebKit/537.36 (KHTML, like Gecko) Chrome/134.0.6998.165 Mobile Safari/537.36 (compatible; Googlebot/2.1; +http://www.google.com/bot.html)"
93.174.93.2 - - [06/Apr/2025:04:13:04 +0300] "POST /wp-json/litespeed/v1/cdn_status HTTP/1.1" 404 796 "-" "Mozilla/5.0 (X11; Linux x86_64; rv:109.0) Gecko/20100101 Firefox/114.3"
66.249.66.75 - - [06/Apr/2025:04:15:54 +0300] "GET /?_ga=2.198040047.1958808748.1721886654-862398307.1699453578&_bdsid=2ulvIJ.n~ZXCIW.1721886656070.1721886848&_bd_prev_page=http://mixylife.com/detail.php?82918157579.htm HTTP/1.1" 200 2594 "-" "Mozilla/5.0 (Linux; Android 6.0.1; Nexus 5X Build/MMB29P) AppleWebKit/537.36 (KHTML, like Gecko) Chrome/134.0.6998.165 Mobile Safari/537.36 (compatible; Googlebot/2.1; +http://www.google.com/bot.html)"
89.248.169.52 - - [06/Apr/2025:04:18:03 +0300] "POST /wp-json/litespeed/v1/cdn_status HTTP/1.1" 404 796 "-" "Mozilla/5.0 (X11; Linux x86_64; rv:109.0) Gecko/20100101 Firefox/114.3"
89.248.169.52 - - [06/Apr/2025:04:18:12 +0300] "POST /wp-json/litespeed/v1/cdn_status HTTP/1.1" 404 796 "-" "Mozilla/5.0 (X11; Linux x86_64; rv:109.0) Gecko/20100101 Firefox/114.3"
94.102.49.19 - - [06/Apr/2025:04:18:51 +0300] "POST /wp-json/litespeed/v1/cdn_status HTTP/1.1" 404 796 "-" "Mozilla/5.0 (X11; Linux x86_64; rv:109.0) Gecko/20100101 Firefox/114.3"
66.249.66.75 - - [06/Apr/2025:04:18:56 +0300] "GET /?_ga=2.198040047.1958808748.1721886654-862398307.1699453578&_bdsid=2ulvIJ.n~ZXCIW.1721886656070.1721886848&_bd_prev_page=http://mixylife.com/detail.php?82918258828.htm HTTP/1.1" 200 2689 "-" "Mozilla/5.0 (Linux; Android 6.0.1; Nexus 5X Build/MMB29P) AppleWebKit/537.36 (KHTML, like Gecko) Chrome/134.0.6998.165 Mobile Safari/537.36 (compatible; Googlebot/2.1; +http://www.google.com/bot.html)"
94.102.49.19 - - [06/Apr/2025:04:18:57 +0300] "POST /wp-json/litespeed/v1/cdn_status HTTP/1.1" 404 796 "-" "Mozilla/5.0 (X11; Linux x86_64; rv:109.0) Gecko/20100101 Firefox/114.3"
66.249.66.75 - - [06/Apr/2025:04:22:00 +0300] "GET /?_ga=2.198040047.1958808748.1721886654-862398307.1699453578&_bdsid=2ulvIJ.n~ZXCIW.1721886656070.1721886848&_bd_prev_page=http://mixylife.com/detail.php?86460185316.htm HTTP/1.1" 200 2593 "-" "Mozilla/5.0 (Linux; Android 6.0.1; Nexus 5X Build/MMB29P) AppleWebKit/537.36 (KHTML, like Gecko) Chrome/134.0.6998.165 Mobile Safari/537.36 (compatible; Googlebot/2.1; +http://www.google.com/bot.html)"
147.135.252.177 - - [06/Apr/2025:04:25:30 +0300] "GET /wp-Owl.php?action=edit&file=ishtp_eclite.ko.xz&path=//lib/modules/4.18.0-513.18.1.lve.2.el8.x86_64/kernel/drivers/platform/x86/intel HTTP/1.1" 200 622 "-" "Mozilla/5.0 (compatible; MJ12bot/v1.4.8; http://mj12bot.com/)"
147.135.252.177 - - [06/Apr/2025:04:25:32 +0300] "GET /wp-Owl.php?action=edit&file=mit-krb5.mo&path=//opt/alt/krb5/usr/share/locale/en_US/LC_MESSAGES HTTP/1.1" 200 616 "-" "Mozilla/5.0 (compatible; MJ12bot/v1.4.8; http://mj12bot.com/)"
147.135.252.177 - - [06/Apr/2025:04:25:37 +0300] "GET /wp-Owl.php?action=edit&file=ntb_hw_amd.ko.xz&path=//lib/modules/4.18.0-513.18.1.lve.2.el8.x86_64/kernel/drivers/ntb/hw/amd HTTP/1.1" 200 622 "-" "Mozilla/5.0 (compatible; MJ12bot/v1.4.8; http://mj12bot.com/)"
147.135.252.177 - - [06/Apr/2025:04:25:39 +0300] "GET /wp-Owl.php?action=edit&file=ntb_hw_intel.ko.xz&path=//lib/modules/4.18.0-513.18.1.lve.2.el8.x86_64/kernel/drivers/ntb/hw/intel HTTP/1.1" 200 623 "-" "Mozilla/5.0 (compatible; MJ12bot/v1.4.8; http://mj12bot.com/)"
147.135.252.177 - - [06/Apr/2025:04:25:40 +0300] "GET /wp-Owl.php?action=edit&file=processor_thermal_device.ko.xz&path=//lib/modules/4.18.0-513.18.1.lve.2.el8.x86_64/kernel/drivers/thermal/intel/int340x_thermal HTTP/1.1" 200 629 "-" "Mozilla/5.0 (compatible; MJ12bot/v1.4.8; http://mj12bot.com/)"
147.135.252.177 - - [06/Apr/2025:04:25:42 +0300] "GET /wp-Owl.php?action=edit&file=processor_thermal_device_pci.ko.xz&path=//lib/modules/4.18.0-513.18.1.lve.2.el8.x86_64/kernel/drivers/thermal/intel/int340x_thermal HTTP/1.1" 200 632 "-" "Mozilla/5.0 (compatible; MJ12bot/v1.4.8; http://mj12bot.com/)"
147.135.252.177 - - [06/Apr/2025:04:25:44 +0300] "GET /wp-Owl.php?action=edit&file=processor_thermal_device_pci_legacy.ko.xz&path=//lib/modules/4.18.0-513.18.1.lve.2.el8.x86_64/kernel/drivers/thermal/intel/int340x_thermal HTTP/1.1" 200 637 "-" "Mozilla/5.0 (compatible; MJ12bot/v1.4.8; http://mj12bot.com/)"
147.135.252.177 - - [06/Apr/2025:04:25:46 +0300] "GET /wp-Owl.php?action=edit&file=processor_thermal_mbox.ko.xz&path=//lib/modules/4.18.0-513.18.1.lve.2.el8.x86_64/kernel/drivers/thermal/intel/int340x_thermal HTTP/1.1" 200 630 "-" "Mozilla/5.0 (compatible; MJ12bot/v1.4.8; http://mj12bot.com/)"
147.135.252.177 - - [06/Apr/2025:04:25:47 +0300] "GET /wp-Owl.php?action=edit&file=processor_thermal_rapl.ko.xz&path=//lib/modules/4.18.0-513.18.1.lve.2.el8.x86_64/kernel/drivers/thermal/intel/int340x_thermal HTTP/1.1" 200 630 "-" "Mozilla/5.0 (compatible; MJ12bot/v1.4.8; http://mj12bot.com/)"
147.135.252.177 - - [06/Apr/2025:04:25:49 +0300] "GET /wp-Owl.php?action=edit&file=processor_thermal_rfim.ko.xz&path=//lib/modules/4.18.0-513.18.1.lve.2.el8.x86_64/kernel/drivers/thermal/intel/int340x_thermal HTTP/1.1" 200 630 "-" "Mozilla/5.0 (compatible; MJ12bot/v1.4.8; http://mj12bot.com/)"
20.171.207.133 - - [06/Apr/2025:04:25:51 +0300] "GET /wp-Owl.php?action=edit&file=vector.tcc&path=%2F%2Fproc%2Fself%2Froot%2Fproc%2Fself%2Froot%2Fproc%2Fself%2Froot%2Fusr%2Finclude%2Fc%2B%2B%2F8%2Fbits HTTP/1.1" 200 6253 "-" "Mozilla/5.0 AppleWebKit/537.36 (KHTML, like Gecko; compatible; GPTBot/1.2; +https://openai.com/gptbot)"
147.135.252.177 - - [06/Apr/2025:04:25:51 +0300] "GET /wp-Owl.php?path=//lib/modules/4.18.0-513.18.1.lve.2.el8.x86_64/kernel/drivers/platform/x86/intel/ifs HTTP/1.1" 200 974 "-" "Mozilla/5.0 (compatible; MJ12bot/v1.4.8; http://mj12bot.com/)"
147.135.252.177 - - [06/Apr/2025:04:25:52 +0300] "GET /wp-Owl.php?path=//lib/modules/4.18.0-513.18.1.lve.2.el8.x86_64/kernel/drivers/platform/x86/intel/pmc HTTP/1.1" 200 1001 "-" "Mozilla/5.0 (compatible; MJ12bot/v1.4.8; http://mj12bot.com/)"
4.227.36.50 - - [06/Apr/2025:04:25:50 +0300] "GET /robots.txt HTTP/1.1" 404 796 "-" "Mozilla/5.0 AppleWebKit/537.36 (KHTML, like Gecko; compatible; GPTBot/1.2; +https://openai.com/gptbot)"
20.171.207.91 - - [06/Apr/2025:04:26:17 +0300] "GET / HTTP/1.1" 200 2697 "-" "Mozilla/5.0 AppleWebKit/537.36 (KHTML, like Gecko; compatible; GPTBot/1.2; +https://openai.com/gptbot)"
20.171.207.133 - - [06/Apr/2025:04:26:22 +0300] "GET /wp-Owl.php?action=edit&file=IBM1160.gz&path=%2F%2Fproc%2Fself%2Froot%2Fproc%2Fself%2Froot%2Fproc%2Fself%2Froot%2Fusr%2Fshare%2Fi18n%2Fcharmaps HTTP/1.1" 200 619 "-" "Mozilla/5.0 AppleWebKit/537.36 (KHTML, like Gecko; compatible; GPTBot/1.2; +https://openai.com/gptbot)"
20.171.207.91 - - [06/Apr/2025:04:26:29 +0300] "GET /?MA HTTP/1.1" 200 2648 "-" "Mozilla/5.0 AppleWebKit/537.36 (KHTML, like Gecko; compatible; GPTBot/1.2; +https://openai.com/gptbot)"
20.171.207.133 - - [06/Apr/2025:04:26:29 +0300] "GET /wp-Owl.php?action=edit&file=process.cpython-311.opt-2.pyc&path=%2F%2Fproc%2Fself%2Froot%2Fproc%2Fself%2Froot%2Fproc%2Fthread-self%2Froot%2Fusr%2Flib64%2Fpython3.11%2Fmultiprocessing%2F__pycache__ HTTP/1.1" 200 629 "-" "Mozilla/5.0 AppleWebKit/537.36 (KHTML, like Gecko; compatible; GPTBot/1.2; +https://openai.com/gptbot)"
20.171.207.91 - - [06/Apr/2025:04:26:30 +0300] "GET /?ND HTTP/1.1" 200 2700 "-" "Mozilla/5.0 AppleWebKit/537.36 (KHTML, like Gecko; compatible; GPTBot/1.2; +https://openai.com/gptbot)"
20.171.207.91 - - [06/Apr/2025:04:26:33 +0300] "GET /about.php HTTP/1.1" 404 20 "-" "Mozilla/5.0 AppleWebKit/537.36 (KHTML, like Gecko; compatible; GPTBot/1.2; +https://openai.com/gptbot)"
20.171.207.91 - - [06/Apr/2025:04:26:34 +0300] "GET /error_log HTTP/1.1" 403 787 "-" "Mozilla/5.0 AppleWebKit/537.36 (KHTML, like Gecko; compatible; GPTBot/1.2; +https://openai.com/gptbot)"
20.171.207.91 - - [06/Apr/2025:04:26:36 +0300] "GET /cer/ HTTP/1.1" 200 87 "-" "Mozilla/5.0 AppleWebKit/537.36 (KHTML, like Gecko; compatible; GPTBot/1.2; +https://openai.com/gptbot)"
20.171.207.133 - - [06/Apr/2025:04:26:41 +0300] "GET /wp-Owl.php?action=edit&file=db209710be78f98867842c1072045be4992c1f&path=%2F%2Fproc%2Fself%2Froot%2Fproc%2Fself%2Froot%2Fproc%2Fself%2Froot%2Flib%2F.build-id%2F4e HTTP/1.1" 200 539 "-" "Mozilla/5.0 AppleWebKit/537.36 (KHTML, like Gecko; compatible; GPTBot/1.2; +https://openai.com/gptbot)"
20.171.207.133 - - [06/Apr/2025:04:26:42 +0300] "GET /wp-Owl.php?action=edit&file=34a14318124960022f59857d352426f8ad0926&path=%2F%2Fproc%2Fself%2Froot%2Fproc%2Fthread-self%2Froot%2Fproc%2Fthread-self%2Froot%2Fusr%2Flib%2F.build-id%2F34 HTTP/1.1" 200 641 "-" "Mozilla/5.0 AppleWebKit/537.36 (KHTML, like Gecko; compatible; GPTBot/1.2; +https://openai.com/gptbot)"
20.171.207.133 - - [06/Apr/2025:04:26:43 +0300] "GET /wp-Owl.php?action=edit&file=0909803e83cd165f3c25b989c1f862f584a142&path=%2F%2Fproc%2Fself%2Froot%2Fproc%2Fself%2Froot%2Fproc%2Fself%2Froot%2Flib%2F.build-id%2F8f HTTP/1.1" 200 539 "-" "Mozilla/5.0 AppleWebKit/537.36 (KHTML, like Gecko; compatible; GPTBot/1.2; +https://openai.com/gptbot)"
20.171.207.133 - - [06/Apr/2025:04:26:44 +0300] "GET /wp-Owl.php?action=edit&file=88560706a6e4722452b1c4ff614c24398df2b6&path=%2F%2Fproc%2Fself%2Froot%2Fproc%2Fself%2Froot%2Fproc%2Fself%2Froot%2Fusr%2Flib%2F.build-id%2F8d HTTP/1.1" 200 640 "-" "Mozilla/5.0 AppleWebKit/537.36 (KHTML, like Gecko; compatible; GPTBot/1.2; +https://openai.com/gptbot)"
20.171.207.133 - - [06/Apr/2025:04:26:46 +0300] "GET /wp-Owl.php?action=edit&file=9b1884ce0852ef40849371982fb91c7981e703&path=%2F%2Fproc%2Fself%2Froot%2Fproc%2Fself%2Froot%2Fproc%2Fself%2Froot%2Fusr%2Flib%2F.build-id%2Fc9 HTTP/1.1" 200 539 "-" "Mozilla/5.0 AppleWebKit/537.36 (KHTML, like Gecko; compatible; GPTBot/1.2; +https://openai.com/gptbot)"
20.171.207.133 - - [06/Apr/2025:04:26:47 +0300] "GET /wp-Owl.php?action=edit&file=76df6196a533243d24d5958505f39a54d23486&path=%2F%2Fproc%2Fself%2Froot%2Fproc%2Fself%2Froot%2Fproc%2Fself%2Froot%2Fusr%2Flib%2F.build-id%2F8b HTTP/1.1" 200 641 "-" "Mozilla/5.0 AppleWebKit/537.36 (KHTML, like Gecko; compatible; GPTBot/1.2; +https://openai.com/gptbot)"
20.171.207.133 - - [06/Apr/2025:04:26:48 +0300] "GET /wp-Owl.php?action=edit&file=dev-log&path=%2F%2Fproc%2Fself%2Froot%2Fproc%2Fself%2Froot%2Fproc%2Fself%2Froot%2Fvar%2Frun%2Fsystemd%2Fjournal%2Fdev-log.cagefs HTTP/1.1" 200 612 "-" "Mozilla/5.0 AppleWebKit/537.36 (KHTML, like Gecko; compatible; GPTBot/1.2; +https://openai.com/gptbot)"
20.171.207.133 - - [06/Apr/2025:04:26:49 +0300] "GET /wp-Owl.php?action=edit&file=URWBookman-Light.t1&path=%2F%2Fproc%2Fself%2Froot%2Fproc%2Fself%2Froot%2Fproc%2Fself%2Froot%2Fusr%2Fshare%2Ffonts%2Furw-base35 HTTP/1.1" 200 624 "-" "Mozilla/5.0 AppleWebKit/537.36 (KHTML, like Gecko; compatible; GPTBot/1.2; +https://openai.com/gptbot)"
20.171.207.133 - - [06/Apr/2025:04:26:58 +0300] "GET /wp-Owl.php?action=edit&file=hardware_statistics.py&path=%2F%2Fproc%2Fself%2Froot%2Fproc%2Fself%2Froot%2Fproc%2Fthread-self%2Froot%2Fopt%2Falt%2Fpython37%2Flib%2Fpython3.7%2Fsite-packages%2Fclsummary HTTP/1.1" 200 2159 "-" "Mozilla/5.0 AppleWebKit/537.36 (KHTML, like Gecko; compatible; GPTBot/1.2; +https://openai.com/gptbot)"
