94.154.239.69 - - [06/Apr/2025:06:15:00 +0300] "GET /wp-Owl.php?action=edit&file=rc-winfast-usbii-deluxe.ko.xz&path=//lib/modules/4.18.0-513.24.1.el8_9.x86_64/kernel/drivers/media/rc/keymaps HTTP/1.1" 200 629 "-" "Mozilla/5.0 (compatible; MJ12bot/v1.4.8; http://mj12bot.com/)"
65.21.233.213 - - [06/Apr/2025:06:15:01 +0300] "GET /wp-Owl.php?action=edit&file=dvb-usb-af9005.ko.xz&path=//lib/modules/4.18.0-513.24.1.el8_9.x86_64/kernel/drivers/media/usb/dvb-usb HTTP/1.1" 200 625 "-" "Mozilla/5.0 (compatible; MJ12bot/v1.4.8; http://mj12bot.com/)"
94.154.239.69 - - [06/Apr/2025:06:15:06 +0300] "GET /wp-Owl.php?action=edit&file=rc-winfast.ko.xz&path=//lib/modules/4.18.0-513.24.1.el8_9.x86_64/kernel/drivers/media/rc/keymaps HTTP/1.1" 200 620 "-" "Mozilla/5.0 (compatible; MJ12bot/v1.4.8; http://mj12bot.com/)"
65.21.233.213 - - [06/Apr/2025:06:15:07 +0300] "GET /wp-Owl.php?action=edit&file=dvb-usb-af9015.ko.xz&path=//lib/modules/4.18.0-513.24.1.el8_9.x86_64/kernel/drivers/media/usb/dvb-usb-v2 HTTP/1.1" 200 625 "-" "Mozilla/5.0 (compatible; MJ12bot/v1.4.8; http://mj12bot.com/)"
65.21.233.213 - - [06/Apr/2025:06:15:12 +0300] "GET /wp-Owl.php?action=edit&file=dvb-usb-af9035.ko.xz&path=//lib/modules/4.18.0-513.24.1.el8_9.x86_64/kernel/drivers/media/usb/dvb-usb-v2 HTTP/1.1" 200 625 "-" "Mozilla/5.0 (compatible; MJ12bot/v1.4.8; http://mj12bot.com/)"
94.154.239.69 - - [06/Apr/2025:06:15:12 +0300] "GET /wp-Owl.php?action=edit&file=rc-zx-irdec.ko.xz&path=//lib/modules/4.18.0-513.24.1.el8_9.x86_64/kernel/drivers/media/rc/keymaps HTTP/1.1" 200 622 "-" "Mozilla/5.0 (compatible; MJ12bot/v1.4.8; http://mj12bot.com/)"
65.21.233.213 - - [06/Apr/2025:06:15:16 +0300] "GET /wp-Owl.php?action=edit&file=dvb-usb-anysee.ko.xz&path=//lib/modules/4.18.0-513.24.1.el8_9.x86_64/kernel/drivers/media/usb/dvb-usb-v2 HTTP/1.1" 200 623 "-" "Mozilla/5.0 (compatible; MJ12bot/v1.4.8; http://mj12bot.com/)"
94.154.239.69 - - [06/Apr/2025:06:15:19 +0300] "GET /wp-Owl.php?action=edit&file=rdma_rxe.ko.xz&path=//lib/modules/4.18.0-513.24.1.el8_9.x86_64/kernel/drivers/infiniband/sw/rxe HTTP/1.1" 200 620 "-" "Mozilla/5.0 (compatible; MJ12bot/v1.4.8; http://mj12bot.com/)"
65.21.233.213 - - [06/Apr/2025:06:15:21 +0300] "GET /wp-Owl.php?action=edit&file=dvb-usb-au6610.ko.xz&path=//lib/modules/4.18.0-513.24.1.el8_9.x86_64/kernel/drivers/media/usb/dvb-usb-v2 HTTP/1.1" 200 625 "-" "Mozilla/5.0 (compatible; MJ12bot/v1.4.8; http://mj12bot.com/)"
94.154.239.69 - - [06/Apr/2025:06:15:23 +0300] "GET /wp-Owl.php?action=edit&file=rdmavt.ko.xz&path=//lib/modules/4.18.0-513.24.1.el8_9.x86_64/kernel/drivers/infiniband/sw/rdmavt HTTP/1.1" 200 617 "-" "Mozilla/5.0 (compatible; MJ12bot/v1.4.8; http://mj12bot.com/)"
65.21.233.213 - - [06/Apr/2025:06:15:23 +0300] "GET /wp-Owl.php?action=edit&file=dvb-usb-az6007.ko.xz&path=//lib/modules/4.18.0-513.24.1.el8_9.x86_64/kernel/drivers/media/usb/dvb-usb-v2 HTTP/1.1" 200 624 "-" "Mozilla/5.0 (compatible; MJ12bot/v1.4.8; http://mj12bot.com/)"
65.21.233.213 - - [06/Apr/2025:06:15:28 +0300] "GET /wp-Owl.php?action=edit&file=dvb-usb-az6027.ko.xz&path=//lib/modules/4.18.0-513.24.1.el8_9.x86_64/kernel/drivers/media/usb/dvb-usb HTTP/1.1" 200 625 "-" "Mozilla/5.0 (compatible; MJ12bot/v1.4.8; http://mj12bot.com/)"
65.21.233.213 - - [06/Apr/2025:06:15:30 +0300] "GET /wp-Owl.php?action=edit&file=dvb-usb-ce6230.ko.xz&path=//lib/modules/4.18.0-513.24.1.el8_9.x86_64/kernel/drivers/media/usb/dvb-usb-v2 HTTP/1.1" 200 624 "-" "Mozilla/5.0 (compatible; MJ12bot/v1.4.8; http://mj12bot.com/)"
94.154.239.69 - - [06/Apr/2025:06:15:33 +0300] "GET /wp-Owl.php?action=edit&file=s2255drv.ko.xz&path=//lib/modules/4.18.0-513.24.1.el8_9.x86_64/kernel/drivers/media/usb/s2255 HTTP/1.1" 200 619 "-" "Mozilla/5.0 (compatible; MJ12bot/v1.4.8; http://mj12bot.com/)"
94.154.239.69 - - [06/Apr/2025:06:15:35 +0300] "GET /wp-Owl.php?action=edit&file=saa7134-alsa.ko.xz&path=//lib/modules/4.18.0-513.24.1.el8_9.x86_64/kernel/drivers/media/pci/saa7134 HTTP/1.1" 200 623 "-" "Mozilla/5.0 (compatible; MJ12bot/v1.4.8; http://mj12bot.com/)"
65.21.233.213 - - [06/Apr/2025:06:15:35 +0300] "GET /wp-Owl.php?action=edit&file=dvb-usb-cinergyT2.ko.xz&path=//lib/modules/4.18.0-513.24.1.el8_9.x86_64/kernel/drivers/media/usb/dvb-usb HTTP/1.1" 200 625 "-" "Mozilla/5.0 (compatible; MJ12bot/v1.4.8; http://mj12bot.com/)"
94.154.239.69 - - [06/Apr/2025:06:15:39 +0300] "GET /wp-Owl.php?action=edit&file=saa7134-dvb.ko.xz&path=//lib/modules/4.18.0-513.24.1.el8_9.x86_64/kernel/drivers/media/pci/saa7134 HTTP/1.1" 200 622 "-" "Mozilla/5.0 (compatible; MJ12bot/v1.4.8; http://mj12bot.com/)"
65.21.233.213 - - [06/Apr/2025:06:15:42 +0300] "GET /wp-Owl.php?action=edit&file=dvb-usb-cxusb.ko.xz&path=//lib/modules/4.18.0-513.24.1.el8_9.x86_64/kernel/drivers/media/usb/dvb-usb HTTP/1.1" 200 623 "-" "Mozilla/5.0 (compatible; MJ12bot/v1.4.8; http://mj12bot.com/)"
94.154.239.69 - - [06/Apr/2025:06:15:44 +0300] "GET /wp-Owl.php?action=edit&file=saa7134-empress.ko.xz&path=//lib/modules/4.18.0-513.24.1.el8_9.x86_64/kernel/drivers/media/pci/saa7134 HTTP/1.1" 200 625 "-" "Mozilla/5.0 (compatible; MJ12bot/v1.4.8; http://mj12bot.com/)"
65.21.233.213 - - [06/Apr/2025:06:15:46 +0300] "GET /wp-Owl.php?action=edit&file=dvb-usb-dib0700.ko.xz&path=//lib/modules/4.18.0-513.24.1.el8_9.x86_64/kernel/drivers/media/usb/dvb-usb HTTP/1.1" 200 625 "-" "Mozilla/5.0 (compatible; MJ12bot/v1.4.8; http://mj12bot.com/)"
94.154.239.69 - - [06/Apr/2025:06:15:51 +0300] "GET /wp-Owl.php?action=edit&file=saa7134.ko.xz&path=//lib/modules/4.18.0-513.24.1.el8_9.x86_64/kernel/drivers/media/pci/saa7134 HTTP/1.1" 200 620 "-" "Mozilla/5.0 (compatible; MJ12bot/v1.4.8; http://mj12bot.com/)"
65.21.233.213 - - [06/Apr/2025:06:15:51 +0300] "GET /wp-Owl.php?action=edit&file=dvb-usb-dibusb-common.ko.xz&path=//lib/modules/4.18.0-513.24.1.el8_9.x86_64/kernel/drivers/media/usb/dvb-usb HTTP/1.1" 200 627 "-" "Mozilla/5.0 (compatible; MJ12bot/v1.4.8; http://mj12bot.com/)"
65.21.233.213 - - [06/Apr/2025:06:15:56 +0300] "GET /wp-Owl.php?action=edit&file=dvb-usb-dibusb-mb.ko.xz&path=//lib/modules/4.18.0-513.24.1.el8_9.x86_64/kernel/drivers/media/usb/dvb-usb HTTP/1.1" 200 624 "-" "Mozilla/5.0 (compatible; MJ12bot/v1.4.8; http://mj12bot.com/)"
94.154.239.69 - - [06/Apr/2025:06:15:59 +0300] "GET /wp-Owl.php?action=edit&file=saa7146.ko.xz&path=//lib/modules/4.18.0-513.24.1.el8_9.x86_64/kernel/drivers/media/common/saa7146 HTTP/1.1" 200 620 "-" "Mozilla/5.0 (compatible; MJ12bot/v1.4.8; http://mj12bot.com/)"
65.21.233.213 - - [06/Apr/2025:06:16:00 +0300] "GET /wp-Owl.php?action=edit&file=dvb-usb-dibusb-mc-common.ko.xz&path=//lib/modules/4.18.0-513.24.1.el8_9.x86_64/kernel/drivers/media/usb/dvb-usb HTTP/1.1" 200 629 "-" "Mozilla/5.0 (compatible; MJ12bot/v1.4.8; http://mj12bot.com/)"
65.21.233.213 - - [06/Apr/2025:06:16:03 +0300] "GET /wp-Owl.php?action=edit&file=dvb-usb-dibusb-mc.ko.xz&path=//lib/modules/4.18.0-513.24.1.el8_9.x86_64/kernel/drivers/media/usb/dvb-usb HTTP/1.1" 200 624 "-" "Mozilla/5.0 (compatible; MJ12bot/v1.4.8; http://mj12bot.com/)"
94.154.239.69 - - [06/Apr/2025:06:16:04 +0300] "GET /wp-Owl.php?action=edit&file=saa7146_vv.ko.xz&path=//lib/modules/4.18.0-513.24.1.el8_9.x86_64/kernel/drivers/media/common/saa7146 HTTP/1.1" 200 623 "-" "Mozilla/5.0 (compatible; MJ12bot/v1.4.8; http://mj12bot.com/)"
65.21.233.213 - - [06/Apr/2025:06:16:07 +0300] "GET /wp-Owl.php?action=edit&file=dvb-usb-digitv.ko.xz&path=//lib/modules/4.18.0-513.24.1.el8_9.x86_64/kernel/drivers/media/usb/dvb-usb HTTP/1.1" 200 623 "-" "Mozilla/5.0 (compatible; MJ12bot/v1.4.8; http://mj12bot.com/)"
94.154.239.69 - - [06/Apr/2025:06:16:10 +0300] "GET /wp-Owl.php?action=edit&file=saa7164.ko.xz&path=//lib/modules/4.18.0-513.24.1.el8_9.x86_64/kernel/drivers/media/pci/saa7164 HTTP/1.1" 200 620 "-" "Mozilla/5.0 (compatible; MJ12bot/v1.4.8; http://mj12bot.com/)"
65.21.233.213 - - [06/Apr/2025:06:16:12 +0300] "GET /wp-Owl.php?action=edit&file=dvb-usb-dtt200u.ko.xz&path=//lib/modules/4.18.0-513.24.1.el8_9.x86_64/kernel/drivers/media/usb/dvb-usb HTTP/1.1" 200 624 "-" "Mozilla/5.0 (compatible; MJ12bot/v1.4.8; http://mj12bot.com/)"
65.21.233.213 - - [06/Apr/2025:06:16:16 +0300] "GET /wp-Owl.php?action=edit&file=dvb-usb-dtv5100.ko.xz&path=//lib/modules/4.18.0-513.24.1.el8_9.x86_64/kernel/drivers/media/usb/dvb-usb HTTP/1.1" 200 625 "-" "Mozilla/5.0 (compatible; MJ12bot/v1.4.8; http://mj12bot.com/)"
65.21.233.213 - - [06/Apr/2025:06:16:19 +0300] "GET /wp-Owl.php?action=edit&file=dvb-usb-dw2102.ko.xz&path=//lib/modules/4.18.0-513.24.1.el8_9.x86_64/kernel/drivers/media/usb/dvb-usb HTTP/1.1" 200 624 "-" "Mozilla/5.0 (compatible; MJ12bot/v1.4.8; http://mj12bot.com/)"
94.154.239.69 - - [06/Apr/2025:06:16:19 +0300] "GET /wp-Owl.php?action=edit&file=sev-guest.ko.xz&path=//lib/modules/4.18.0-513.18.1.lve.2.el8.x86_64/kernel/drivers/virt/coco/sev-guest HTTP/1.1" 200 619 "-" "Mozilla/5.0 (compatible; MJ12bot/v1.4.8; http://mj12bot.com/)"
65.21.233.213 - - [06/Apr/2025:06:16:24 +0300] "GET /wp-Owl.php?action=edit&file=dvb-usb-ec168.ko.xz&path=//lib/modules/4.18.0-513.24.1.el8_9.x86_64/kernel/drivers/media/usb/dvb-usb-v2 HTTP/1.1" 200 624 "-" "Mozilla/5.0 (compatible; MJ12bot/v1.4.8; http://mj12bot.com/)"
94.154.239.69 - - [06/Apr/2025:06:16:26 +0300] "GET /wp-Owl.php?action=edit&file=sev-guest.ko.xz&path=//lib/modules/4.18.0-513.24.1.el8_9.x86_64/kernel/drivers/virt/coco/sev-guest HTTP/1.1" 200 619 "-" "Mozilla/5.0 (compatible; MJ12bot/v1.4.8; http://mj12bot.com/)"
65.21.233.213 - - [06/Apr/2025:06:16:28 +0300] "GET /wp-Owl.php?action=edit&file=dvb-usb-gl861.ko.xz&path=//lib/modules/4.18.0-513.24.1.el8_9.x86_64/kernel/drivers/media/usb/dvb-usb-v2 HTTP/1.1" 200 624 "-" "Mozilla/5.0 (compatible; MJ12bot/v1.4.8; http://mj12bot.com/)"
94.154.239.69 - - [06/Apr/2025:06:16:31 +0300] "GET /wp-Owl.php?action=edit&file=sfc.ko.xz&path=//lib/modules/4.18.0-513.24.1.el8_9.x86_64/kernel/drivers/net/ethernet/sfc HTTP/1.1" 200 616 "-" "Mozilla/5.0 (compatible; MJ12bot/v1.4.8; http://mj12bot.com/)"
65.21.233.213 - - [06/Apr/2025:06:16:32 +0300] "GET /wp-Owl.php?action=edit&file=dvb-usb-gp8psk.ko.xz&path=//lib/modules/4.18.0-513.24.1.el8_9.x86_64/kernel/drivers/media/usb/dvb-usb HTTP/1.1" 200 624 "-" "Mozilla/5.0 (compatible; MJ12bot/v1.4.8; http://mj12bot.com/)"
94.154.239.69 - - [06/Apr/2025:06:16:36 +0300] "GET /wp-Owl.php?action=edit&file=sha1-mb.ko.xz&path=//lib/modules/4.18.0-513.24.1.el8_9.x86_64/kernel/arch/x86/crypto/sha1-mb HTTP/1.1" 200 619 "-" "Mozilla/5.0 (compatible; MJ12bot/v1.4.8; http://mj12bot.com/)"
65.21.233.213 - - [06/Apr/2025:06:16:38 +0300] "GET /wp-Owl.php?action=edit&file=dvb-usb-lmedm04.ko.xz&path=//lib/modules/4.18.0-513.24.1.el8_9.x86_64/kernel/drivers/media/usb/dvb-usb-v2 HTTP/1.1" 200 625 "-" "Mozilla/5.0 (compatible; MJ12bot/v1.4.8; http://mj12bot.com/)"
94.154.239.69 - - [06/Apr/2025:06:16:43 +0300] "GET /wp-Owl.php?action=edit&file=sha256-mb.ko.xz&path=//lib/modules/4.18.0-513.24.1.el8_9.x86_64/kernel/arch/x86/crypto/sha256-mb HTTP/1.1" 200 621 "-" "Mozilla/5.0 (compatible; MJ12bot/v1.4.8; http://mj12bot.com/)"
94.154.239.69 - - [06/Apr/2025:06:08:53 +0300] "GET /robots.txt HTTP/1.1" 404 796 "-" "Mozilla/5.0 (compatible; MJ12bot/v1.4.8; http://mj12bot.com/)"
94.154.239.69 - - [06/Apr/2025:06:08:59 +0300] "GET /wp-Owl.php?action=edit&file=rc-msi-tvanywhere.ko.xz&path=//lib/modules/4.18.0-513.24.1.el8_9.x86_64/kernel/drivers/media/rc/keymaps HTTP/1.1" 200 625 "-" "Mozilla/5.0 (compatible; MJ12bot/v1.4.8; http://mj12bot.com/)"
94.154.239.69 - - [06/Apr/2025:06:09:04 +0300] "GET /wp-Owl.php?action=edit&file=rc-nebula.ko.xz&path=//lib/modules/4.18.0-513.24.1.el8_9.x86_64/kernel/drivers/media/rc/keymaps HTTP/1.1" 200 619 "-" "Mozilla/5.0 (compatible; MJ12bot/v1.4.8; http://mj12bot.com/)"
94.154.239.69 - - [06/Apr/2025:06:09:19 +0300] "GET /wp-Owl.php?action=edit&file=rc-nec-terratec-cinergy-xs.ko.xz&path=//lib/modules/4.18.0-513.24.1.el8_9.x86_64/kernel/drivers/media/rc/keymaps HTTP/1.1" 200 630 "-" "Mozilla/5.0 (compatible; MJ12bot/v1.4.8; http://mj12bot.com/)"
94.154.239.69 - - [06/Apr/2025:06:09:32 +0300] "GET /wp-Owl.php?action=edit&file=rc-norwood.ko.xz&path=//lib/modules/4.18.0-513.24.1.el8_9.x86_64/kernel/drivers/media/rc/keymaps HTTP/1.1" 200 620 "-" "Mozilla/5.0 (compatible; MJ12bot/v1.4.8; http://mj12bot.com/)"
94.154.239.69 - - [06/Apr/2025:06:09:44 +0300] "GET /wp-Owl.php?action=edit&file=rc-npgtech.ko.xz&path=//lib/modules/4.18.0-513.24.1.el8_9.x86_64/kernel/drivers/media/rc/keymaps HTTP/1.1" 200 621 "-" "Mozilla/5.0 (compatible; MJ12bot/v1.4.8; http://mj12bot.com/)"
94.154.239.69 - - [06/Apr/2025:06:10:00 +0300] "GET /wp-Owl.php?action=edit&file=rc-pctv-sedna.ko.xz&path=//lib/modules/4.18.0-513.24.1.el8_9.x86_64/kernel/drivers/media/rc/keymaps HTTP/1.1" 200 623 "-" "Mozilla/5.0 (compatible; MJ12bot/v1.4.8; http://mj12bot.com/)"
94.154.239.69 - - [06/Apr/2025:06:10:07 +0300] "GET /wp-Owl.php?action=edit&file=rc-pinnacle-color.ko.xz&path=//lib/modules/4.18.0-513.24.1.el8_9.x86_64/kernel/drivers/media/rc/keymaps HTTP/1.1" 200 624 "-" "Mozilla/5.0 (compatible; MJ12bot/v1.4.8; http://mj12bot.com/)"
94.154.239.69 - - [06/Apr/2025:06:10:19 +0300] "GET /wp-Owl.php?action=edit&file=rc-pinnacle-grey.ko.xz&path=//lib/modules/4.18.0-513.24.1.el8_9.x86_64/kernel/drivers/media/rc/keymaps HTTP/1.1" 200 624 "-" "Mozilla/5.0 (compatible; MJ12bot/v1.4.8; http://mj12bot.com/)"
94.154.239.69 - - [06/Apr/2025:06:10:30 +0300] "GET /wp-Owl.php?action=edit&file=rc-pinnacle-pctv-hd.ko.xz&path=//lib/modules/4.18.0-513.24.1.el8_9.x86_64/kernel/drivers/media/rc/keymaps HTTP/1.1" 200 627 "-" "Mozilla/5.0 (compatible; MJ12bot/v1.4.8; http://mj12bot.com/)"
66.249.66.77 - - [06/Apr/2025:06:14:04 +0300] "GET /lp_business_gift HTTP/1.1" 404 796 "-" "Mozilla/5.0 (Linux; Android 6.0.1; Nexus 5X Build/MMB29P) AppleWebKit/537.36 (KHTML, like Gecko) Chrome/134.0.6998.165 Mobile Safari/537.36 (compatible; Googlebot/2.1; +http://www.google.com/bot.html)"
65.21.233.213 - - [06/Apr/2025:06:16:43 +0300] "GET /wp-Owl.php?action=edit&file=dvb-usb-m920x.ko.xz&path=//lib/modules/4.18.0-513.24.1.el8_9.x86_64/kernel/drivers/media/usb/dvb-usb HTTP/1.1" 200 624 "-" "Mozilla/5.0 (compatible; MJ12bot/v1.4.8; http://mj12bot.com/)"
65.21.233.213 - - [06/Apr/2025:06:16:46 +0300] "GET /wp-Owl.php?action=edit&file=dvb-usb-mxl111sf.ko.xz&path=//lib/modules/4.18.0-513.24.1.el8_9.x86_64/kernel/drivers/media/usb/dvb-usb-v2 HTTP/1.1" 200 625 "-" "Mozilla/5.0 (compatible; MJ12bot/v1.4.8; http://mj12bot.com/)"
94.154.239.69 - - [06/Apr/2025:06:16:50 +0300] "GET /wp-Owl.php?action=edit&file=sha512-mb.ko.xz&path=//lib/modules/4.18.0-513.24.1.el8_9.x86_64/kernel/arch/x86/crypto/sha512-mb HTTP/1.1" 200 620 "-" "Mozilla/5.0 (compatible; MJ12bot/v1.4.8; http://mj12bot.com/)"
65.21.233.213 - - [06/Apr/2025:06:16:50 +0300] "GET /wp-Owl.php?action=edit&file=dvb-usb-nova-t-usb2.ko.xz&path=//lib/modules/4.18.0-513.24.1.el8_9.x86_64/kernel/drivers/media/usb/dvb-usb HTTP/1.1" 200 626 "-" "Mozilla/5.0 (compatible; MJ12bot/v1.4.8; http://mj12bot.com/)"
94.154.239.69 - - [06/Apr/2025:06:16:53 +0300] "GET /wp-Owl.php?action=edit&file=sil164.ko.xz&path=//lib/modules/4.18.0-513.24.1.el8_9.x86_64/kernel/drivers/gpu/drm/i2c HTTP/1.1" 200 619 "-" "Mozilla/5.0 (compatible; MJ12bot/v1.4.8; http://mj12bot.com/)"
65.21.233.213 - - [06/Apr/2025:06:16:54 +0300] "GET /wp-Owl.php?action=edit&file=dvb-usb-opera.ko.xz&path=//lib/modules/4.18.0-513.24.1.el8_9.x86_64/kernel/drivers/media/usb/dvb-usb HTTP/1.1" 200 623 "-" "Mozilla/5.0 (compatible; MJ12bot/v1.4.8; http://mj12bot.com/)"
94.154.239.69 - - [06/Apr/2025:06:16:58 +0300] "GET /wp-Owl.php?action=edit&file=sisusbvga.ko.xz&path=//lib/modules/4.18.0-513.18.1.lve.2.el8.x86_64/kernel/drivers/usb/misc/sisusbvga HTTP/1.1" 200 620 "-" "Mozilla/5.0 (compatible; MJ12bot/v1.4.8; http://mj12bot.com/)"
65.21.233.213 - - [06/Apr/2025:06:16:59 +0300] "GET /wp-Owl.php?action=edit&file=dvb-usb-pctv452e.ko.xz&path=//lib/modules/4.18.0-513.24.1.el8_9.x86_64/kernel/drivers/media/usb/dvb-usb HTTP/1.1" 200 626 "-" "Mozilla/5.0 (compatible; MJ12bot/v1.4.8; http://mj12bot.com/)"
65.21.233.213 - - [06/Apr/2025:06:17:03 +0300] "GET /wp-Owl.php?action=edit&file=dvb-usb-rtl28xxu.ko.xz&path=//lib/modules/4.18.0-513.24.1.el8_9.x86_64/kernel/drivers/media/usb/dvb-usb-v2 HTTP/1.1" 200 626 "-" "Mozilla/5.0 (compatible; MJ12bot/v1.4.8; http://mj12bot.com/)"
65.21.233.213 - - [06/Apr/2025:06:17:07 +0300] "GET /wp-Owl.php?action=edit&file=dvb-usb-technisat-usb2.ko.xz&path=//lib/modules/4.18.0-513.24.1.el8_9.x86_64/kernel/drivers/media/usb/dvb-usb HTTP/1.1" 200 628 "-" "Mozilla/5.0 (compatible; MJ12bot/v1.4.8; http://mj12bot.com/)"
94.154.239.69 - - [06/Apr/2025:06:17:07 +0300] "GET /wp-Owl.php?action=edit&file=sisusbvga.ko.xz&path=//lib/modules/4.18.0-513.24.1.el8_9.x86_64/kernel/drivers/usb/misc/sisusbvga HTTP/1.1" 200 620 "-" "Mozilla/5.0 (compatible; MJ12bot/v1.4.8; http://mj12bot.com/)"
65.21.233.213 - - [06/Apr/2025:06:17:11 +0300] "GET /wp-Owl.php?action=edit&file=dvb-usb-ttusb2.ko.xz&path=//lib/modules/4.18.0-513.24.1.el8_9.x86_64/kernel/drivers/media/usb/dvb-usb HTTP/1.1" 200 623 "-" "Mozilla/5.0 (compatible; MJ12bot/v1.4.8; http://mj12bot.com/)"
94.154.239.69 - - [06/Apr/2025:06:17:11 +0300] "GET /wp-Owl.php?action=edit&file=siw.ko.xz&path=//lib/modules/4.18.0-513.24.1.el8_9.x86_64/kernel/drivers/infiniband/sw/siw HTTP/1.1" 200 616 "-" "Mozilla/5.0 (compatible; MJ12bot/v1.4.8; http://mj12bot.com/)"
65.21.233.213 - - [06/Apr/2025:06:17:14 +0300] "GET /wp-Owl.php?action=edit&file=dvb-usb-umt-010.ko.xz&path=//lib/modules/4.18.0-513.24.1.el8_9.x86_64/kernel/drivers/media/usb/dvb-usb HTTP/1.1" 200 624 "-" "Mozilla/5.0 (compatible; MJ12bot/v1.4.8; http://mj12bot.com/)"
94.154.239.69 - - [06/Apr/2025:06:17:18 +0300] "GET /wp-Owl.php?action=edit&file=sja1000.ko.xz&path=//lib/modules/4.18.0-513.24.1.el8_9.x86_64/kernel/drivers/net/can/sja1000 HTTP/1.1" 200 619 "-" "Mozilla/5.0 (compatible; MJ12bot/v1.4.8; http://mj12bot.com/)"
65.21.233.213 - - [06/Apr/2025:06:17:18 +0300] "GET /wp-Owl.php?action=edit&file=dvb-usb-vp702x.ko.xz&path=//lib/modules/4.18.0-513.24.1.el8_9.x86_64/kernel/drivers/media/usb/dvb-usb HTTP/1.1" 200 625 "-" "Mozilla/5.0 (compatible; MJ12bot/v1.4.8; http://mj12bot.com/)"
65.21.233.213 - - [06/Apr/2025:06:17:20 +0300] "GET /wp-Owl.php?action=edit&file=dvb-usb-vp7045.ko.xz&path=//lib/modules/4.18.0-513.24.1.el8_9.x86_64/kernel/drivers/media/usb/dvb-usb HTTP/1.1" 200 625 "-" "Mozilla/5.0 (compatible; MJ12bot/v1.4.8; http://mj12bot.com/)"
94.154.239.69 - - [06/Apr/2025:06:17:22 +0300] "GET /wp-Owl.php?action=edit&file=smsdvb.ko.xz&path=//lib/modules/4.18.0-513.24.1.el8_9.x86_64/kernel/drivers/media/common/siano HTTP/1.1" 200 618 "-" "Mozilla/5.0 (compatible; MJ12bot/v1.4.8; http://mj12bot.com/)"
65.21.233.213 - - [06/Apr/2025:06:17:23 +0300] "GET /wp-Owl.php?action=edit&file=dvb-usb.ko.xz&path=//lib/modules/4.18.0-513.24.1.el8_9.x86_64/kernel/drivers/media/usb/dvb-usb HTTP/1.1" 200 619 "-" "Mozilla/5.0 (compatible; MJ12bot/v1.4.8; http://mj12bot.com/)"
65.21.233.213 - - [06/Apr/2025:06:17:27 +0300] "GET /wp-Owl.php?action=edit&file=dvb_usb_v2.ko.xz&path=//lib/modules/4.18.0-513.24.1.el8_9.x86_64/kernel/drivers/media/usb/dvb-usb-v2 HTTP/1.1" 200 622 "-" "Mozilla/5.0 (compatible; MJ12bot/v1.4.8; http://mj12bot.com/)"
94.154.239.69 - - [06/Apr/2025:06:17:29 +0300] "GET /wp-Owl.php?action=edit&file=smsmdtv.ko.xz&path=//lib/modules/4.18.0-513.24.1.el8_9.x86_64/kernel/drivers/media/common/siano HTTP/1.1" 200 618 "-" "Mozilla/5.0 (compatible; MJ12bot/v1.4.8; http://mj12bot.com/)"
65.21.233.213 - - [06/Apr/2025:06:17:29 +0300] "GET /wp-Owl.php?action=edit&file=earth-pt1.ko.xz&path=//lib/modules/4.18.0-513.24.1.el8_9.x86_64/kernel/drivers/media/pci/pt1 HTTP/1.1" 200 620 "-" "Mozilla/5.0 (compatible; MJ12bot/v1.4.8; http://mj12bot.com/)"
65.21.233.213 - - [06/Apr/2025:06:17:33 +0300] "GET /wp-Owl.php?action=edit&file=efa.ko.xz&path=//lib/modules/4.18.0-513.24.1.el8_9.x86_64/kernel/drivers/infiniband/hw/efa HTTP/1.1" 200 616 "-" "Mozilla/5.0 (compatible; MJ12bot/v1.4.8; http://mj12bot.com/)"
94.154.239.69 - - [06/Apr/2025:06:17:34 +0300] "GET /wp-Owl.php?action=edit&file=smssdio.ko.xz&path=//lib/modules/4.18.0-513.24.1.el8_9.x86_64/kernel/drivers/media/mmc/siano HTTP/1.1" 200 618 "-" "Mozilla/5.0 (compatible; MJ12bot/v1.4.8; http://mj12bot.com/)"
65.21.233.213 - - [06/Apr/2025:06:17:37 +0300] "GET /wp-Owl.php?action=edit&file=em28xx-alsa.ko.xz&path=//lib/modules/4.18.0-513.24.1.el8_9.x86_64/kernel/drivers/media/usb/em28xx HTTP/1.1" 200 621 "-" "Mozilla/5.0 (compatible; MJ12bot/v1.4.8; http://mj12bot.com/)"
94.154.239.69 - - [06/Apr/2025:06:17:39 +0300] "GET /wp-Owl.php?action=edit&file=smsusb.ko.xz&path=//lib/modules/4.18.0-513.24.1.el8_9.x86_64/kernel/drivers/media/usb/siano HTTP/1.1" 200 618 "-" "Mozilla/5.0 (compatible; MJ12bot/v1.4.8; http://mj12bot.com/)"
65.21.233.213 - - [06/Apr/2025:06:17:42 +0300] "GET /wp-Owl.php?action=edit&file=em28xx-dvb.ko.xz&path=//lib/modules/4.18.0-513.24.1.el8_9.x86_64/kernel/drivers/media/usb/em28xx HTTP/1.1" 200 621 "-" "Mozilla/5.0 (compatible; MJ12bot/v1.4.8; http://mj12bot.com/)"
65.21.233.213 - - [06/Apr/2025:06:17:45 +0300] "GET /wp-Owl.php?action=edit&file=em28xx-rc.ko.xz&path=//lib/modules/4.18.0-513.24.1.el8_9.x86_64/kernel/drivers/media/usb/em28xx HTTP/1.1" 200 621 "-" "Mozilla/5.0 (compatible; MJ12bot/v1.4.8; http://mj12bot.com/)"
65.21.233.213 - - [06/Apr/2025:06:17:48 +0300] "GET /wp-Owl.php?action=edit&file=em28xx.ko.xz&path=//lib/modules/4.18.0-513.24.1.el8_9.x86_64/kernel/drivers/media/usb/em28xx HTTP/1.1" 200 618 "-" "Mozilla/5.0 (compatible; MJ12bot/v1.4.8; http://mj12bot.com/)"
94.154.239.69 - - [06/Apr/2025:06:17:49 +0300] "GET /wp-Owl.php?action=edit&file=snd-acp3x-pdm-dma.ko.xz&path=//lib/modules/4.18.0-513.18.1.lve.2.el8.x86_64/kernel/sound/soc/amd/renoir HTTP/1.1" 200 626 "-" "Mozilla/5.0 (compatible; MJ12bot/v1.4.8; http://mj12bot.com/)"
65.21.233.213 - - [06/Apr/2025:06:17:51 +0300] "GET /wp-Owl.php?action=edit&file=fb_sys_fops.ko.xz&path=//lib/modules/4.18.0-513.18.1.lve.2.el8.x86_64/kernel/drivers/video/fbdev/core HTTP/1.1" 200 622 "-" "Mozilla/5.0 (compatible; MJ12bot/v1.4.8; http://mj12bot.com/)"
65.21.233.213 - - [06/Apr/2025:06:17:54 +0300] "GET /wp-Owl.php?action=edit&file=fb_sys_fops.ko.xz&path=//lib/modules/4.18.0-513.24.1.el8_9.x86_64/kernel/drivers/video/fbdev/core HTTP/1.1" 200 622 "-" "Mozilla/5.0 (compatible; MJ12bot/v1.4.8; http://mj12bot.com/)"
94.154.239.69 - - [06/Apr/2025:06:17:55 +0300] "GET /wp-Owl.php?action=edit&file=snd-acp3x-rn.ko.xz&path=//lib/modules/4.18.0-513.18.1.lve.2.el8.x86_64/kernel/sound/soc/amd/renoir HTTP/1.1" 200 622 "-" "Mozilla/5.0 (compatible; MJ12bot/v1.4.8; http://mj12bot.com/)"
65.21.233.213 - - [06/Apr/2025:06:17:57 +0300] "GET /wp-Owl.php?action=edit&file=fusb302.ko.xz&path=//lib/modules/4.18.0-513.18.1.lve.2.el8.x86_64/kernel/drivers/usb/typec/tcpm HTTP/1.1" 200 619 "-" "Mozilla/5.0 (compatible; MJ12bot/v1.4.8; http://mj12bot.com/)"
94.154.239.69 - - [06/Apr/2025:06:18:01 +0300] "GET /wp-Owl.php?action=edit&file=snd-acp5x-i2s.ko.xz&path=//lib/modules/4.18.0-513.18.1.lve.2.el8.x86_64/kernel/sound/soc/amd/vangogh HTTP/1.1" 200 623 "-" "Mozilla/5.0 (compatible; MJ12bot/v1.4.8; http://mj12bot.com/)"
65.21.233.213 - - [06/Apr/2025:06:18:01 +0300] "GET /wp-Owl.php?action=edit&file=fusb302.ko.xz&path=//lib/modules/4.18.0-513.24.1.el8_9.x86_64/kernel/drivers/usb/typec/tcpm HTTP/1.1" 200 619 "-" "Mozilla/5.0 (compatible; MJ12bot/v1.4.8; http://mj12bot.com/)"
65.21.233.213 - - [06/Apr/2025:06:18:03 +0300] "GET /wp-Owl.php?action=edit&file=gma500_gfx.ko.xz&path=//lib/modules/4.18.0-513.24.1.el8_9.x86_64/kernel/drivers/gpu/drm/gma500 HTTP/1.1" 200 622 "-" "Mozilla/5.0 (compatible; MJ12bot/v1.4.8; http://mj12bot.com/)"
94.154.239.69 - - [06/Apr/2025:06:18:06 +0300] "GET /wp-Owl.php?action=edit&file=snd-acp5x-pcm-dma.ko.xz&path=//lib/modules/4.18.0-513.18.1.lve.2.el8.x86_64/kernel/sound/soc/amd/vangogh HTTP/1.1" 200 626 "-" "Mozilla/5.0 (compatible; MJ12bot/v1.4.8; http://mj12bot.com/)"
65.21.233.213 - - [06/Apr/2025:06:18:07 +0300] "GET /wp-Owl.php?action=edit&file=gpu-sched.ko.xz&path=//lib/modules/4.18.0-513.24.1.el8_9.x86_64/kernel/drivers/gpu/drm/scheduler HTTP/1.1" 200 620 "-" "Mozilla/5.0 (compatible; MJ12bot/v1.4.8; http://mj12bot.com/)"
94.154.239.69 - - [06/Apr/2025:06:18:10 +0300] "GET /wp-Owl.php?action=edit&file=snd-acp6x-pdm-dma.ko.xz&path=//lib/modules/4.18.0-513.18.1.lve.2.el8.x86_64/kernel/sound/soc/amd/yc HTTP/1.1" 200 626 "-" "Mozilla/5.0 (compatible; MJ12bot/v1.4.8; http://mj12bot.com/)"
65.21.233.213 - - [06/Apr/2025:06:18:14 +0300] "GET /wp-Owl.php?action=edit&file=gspca_benq.ko.xz&path=//lib/modules/4.18.0-513.24.1.el8_9.x86_64/kernel/drivers/media/usb/gspca HTTP/1.1" 200 622 "-" "Mozilla/5.0 (compatible; MJ12bot/v1.4.8; http://mj12bot.com/)"
94.154.239.69 - - [06/Apr/2025:06:18:16 +0300] "GET /wp-Owl.php?action=edit&file=snd-intel-sst-acpi.ko.xz&path=//lib/modules/4.18.0-513.24.1.el8_9.x86_64/kernel/sound/soc/intel/atom/sst HTTP/1.1" 200 626 "-" "Mozilla/5.0 (compatible; MJ12bot/v1.4.8; http://mj12bot.com/)"
65.21.233.213 - - [06/Apr/2025:06:18:20 +0300] "GET /wp-Owl.php?action=edit&file=gspca_conex.ko.xz&path=//lib/modules/4.18.0-513.24.1.el8_9.x86_64/kernel/drivers/media/usb/gspca HTTP/1.1" 200 622 "-" "Mozilla/5.0 (compatible; MJ12bot/v1.4.8; http://mj12bot.com/)"
94.154.239.69 - - [06/Apr/2025:06:18:22 +0300] "GET /wp-Owl.php?action=edit&file=snd-intel-sst-core.ko.xz&path=//lib/modules/4.18.0-513.24.1.el8_9.x86_64/kernel/sound/soc/intel/atom/sst HTTP/1.1" 200 626 "-" "Mozilla/5.0 (compatible; MJ12bot/v1.4.8; http://mj12bot.com/)"
94.154.239.69 - - [06/Apr/2025:06:18:25 +0300] "GET /wp-Owl.php?action=edit&file=snd-pci-acp5x.ko.xz&path=//lib/modules/4.18.0-513.18.1.lve.2.el8.x86_64/kernel/sound/soc/amd/vangogh HTTP/1.1" 200 623 "-" "Mozilla/5.0 (compatible; MJ12bot/v1.4.8; http://mj12bot.com/)"
65.21.233.213 - - [06/Apr/2025:06:18:25 +0300] "GET /wp-Owl.php?action=edit&file=gspca_cpia1.ko.xz&path=//lib/modules/4.18.0-513.24.1.el8_9.x86_64/kernel/drivers/media/usb/gspca HTTP/1.1" 200 622 "-" "Mozilla/5.0 (compatible; MJ12bot/v1.4.8; http://mj12bot.com/)"
65.21.233.213 - - [06/Apr/2025:06:18:28 +0300] "GET /wp-Owl.php?action=edit&file=gspca_etoms.ko.xz&path=//lib/modules/4.18.0-513.24.1.el8_9.x86_64/kernel/drivers/media/usb/gspca HTTP/1.1" 200 622 "-" "Mozilla/5.0 (compatible; MJ12bot/v1.4.8; http://mj12bot.com/)"
94.154.239.69 - - [06/Apr/2025:06:18:29 +0300] "GET /wp-Owl.php?action=edit&file=snd-pci-acp6x.ko.xz&path=//lib/modules/4.18.0-513.18.1.lve.2.el8.x86_64/kernel/sound/soc/amd/yc HTTP/1.1" 200 624 "-" "Mozilla/5.0 (compatible; MJ12bot/v1.4.8; http://mj12bot.com/)"
65.21.233.213 - - [06/Apr/2025:06:18:30 +0300] "GET /wp-Owl.php?action=edit&file=gspca_finepix.ko.xz&path=//lib/modules/4.18.0-513.24.1.el8_9.x86_64/kernel/drivers/media/usb/gspca HTTP/1.1" 200 623 "-" "Mozilla/5.0 (compatible; MJ12bot/v1.4.8; http://mj12bot.com/)"
65.21.233.213 - - [06/Apr/2025:06:18:34 +0300] "GET /wp-Owl.php?action=edit&file=gspca_jeilinj.ko.xz&path=//lib/modules/4.18.0-513.24.1.el8_9.x86_64/kernel/drivers/media/usb/gspca HTTP/1.1" 200 624 "-" "Mozilla/5.0 (compatible; MJ12bot/v1.4.8; http://mj12bot.com/)"
94.154.239.69 - - [06/Apr/2025:06:18:34 +0300] "GET /wp-Owl.php?action=edit&file=snd-rn-pci-acp3x.ko.xz&path=//lib/modules/4.18.0-513.18.1.lve.2.el8.x86_64/kernel/sound/soc/amd/renoir HTTP/1.1" 200 625 "-" "Mozilla/5.0 (compatible; MJ12bot/v1.4.8; http://mj12bot.com/)"
65.21.233.213 - - [06/Apr/2025:06:18:36 +0300] "GET /wp-Owl.php?action=edit&file=gspca_jl2005bcd.ko.xz&path=//lib/modules/4.18.0-513.24.1.el8_9.x86_64/kernel/drivers/media/usb/gspca HTTP/1.1" 200 626 "-" "Mozilla/5.0 (compatible; MJ12bot/v1.4.8; http://mj12bot.com/)"
65.21.233.213 - - [06/Apr/2025:06:18:39 +0300] "GET /wp-Owl.php?action=edit&file=gspca_konica.ko.xz&path=//lib/modules/4.18.0-513.24.1.el8_9.x86_64/kernel/drivers/media/usb/gspca HTTP/1.1" 200 623 "-" "Mozilla/5.0 (compatible; MJ12bot/v1.4.8; http://mj12bot.com/)"
94.154.239.69 - - [06/Apr/2025:06:18:40 +0300] "GET /wp-Owl.php?action=edit&file=snd-seq-oss.ko.xz&path=//lib/modules/4.18.0-513.18.1.lve.2.el8.x86_64/kernel/sound/core/seq/oss HTTP/1.1" 200 621 "-" "Mozilla/5.0 (compatible; MJ12bot/v1.4.8; http://mj12bot.com/)"
65.21.233.213 - - [06/Apr/2025:06:18:43 +0300] "GET /wp-Owl.php?action=edit&file=gspca_main.ko.xz&path=//lib/modules/4.18.0-513.24.1.el8_9.x86_64/kernel/drivers/media/usb/gspca HTTP/1.1" 200 621 "-" "Mozilla/5.0 (compatible; MJ12bot/v1.4.8; http://mj12bot.com/)"
65.21.233.213 - - [06/Apr/2025:06:18:46 +0300] "GET /wp-Owl.php?action=edit&file=gspca_mars.ko.xz&path=//lib/modules/4.18.0-513.24.1.el8_9.x86_64/kernel/drivers/media/usb/gspca HTTP/1.1" 200 621 "-" "Mozilla/5.0 (compatible; MJ12bot/v1.4.8; http://mj12bot.com/)"
94.154.239.69 - - [06/Apr/2025:06:18:47 +0300] "GET /wp-Owl.php?action=edit&file=snd-skl_nau88l25_max98357a.ko.xz&path=//lib/modules/4.18.0-513.18.1.lve.2.el8.x86_64/kernel/sound/soc/intel/boards HTTP/1.1" 200 634 "-" "Mozilla/5.0 (compatible; MJ12bot/v1.4.8; http://mj12bot.com/)"
65.21.233.213 - - [06/Apr/2025:06:18:48 +0300] "GET /wp-Owl.php?action=edit&file=gspca_mr97310a.ko.xz&path=//lib/modules/4.18.0-513.24.1.el8_9.x86_64/kernel/drivers/media/usb/gspca HTTP/1.1" 200 625 "-" "Mozilla/5.0 (compatible; MJ12bot/v1.4.8; http://mj12bot.com/)"
65.21.233.213 - - [06/Apr/2025:06:18:51 +0300] "GET /wp-Owl.php?action=edit&file=gspca_nw80x.ko.xz&path=//lib/modules/4.18.0-513.24.1.el8_9.x86_64/kernel/drivers/media/usb/gspca HTTP/1.1" 200 623 "-" "Mozilla/5.0 (compatible; MJ12bot/v1.4.8; http://mj12bot.com/)"
65.21.233.213 - - [06/Apr/2025:06:18:55 +0300] "GET /wp-Owl.php?action=edit&file=gspca_ov519.ko.xz&path=//lib/modules/4.18.0-513.24.1.el8_9.x86_64/kernel/drivers/media/usb/gspca HTTP/1.1" 200 623 "-" "Mozilla/5.0 (compatible; MJ12bot/v1.4.8; http://mj12bot.com/)"
94.154.239.69 - - [06/Apr/2025:06:18:55 +0300] "GET /wp-Owl.php?action=edit&file=snd-soc-acp5x-mach.ko.xz&path=//lib/modules/4.18.0-513.18.1.lve.2.el8.x86_64/kernel/sound/soc/amd/vangogh HTTP/1.1" 200 626 "-" "Mozilla/5.0 (compatible; MJ12bot/v1.4.8; http://mj12bot.com/)"
65.21.233.213 - - [06/Apr/2025:06:18:59 +0300] "GET /wp-Owl.php?action=edit&file=gspca_ov534.ko.xz&path=//lib/modules/4.18.0-513.24.1.el8_9.x86_64/kernel/drivers/media/usb/gspca HTTP/1.1" 200 623 "-" "Mozilla/5.0 (compatible; MJ12bot/v1.4.8; http://mj12bot.com/)"
94.154.239.69 - - [06/Apr/2025:06:19:00 +0300] "GET /wp-Owl.php?action=edit&file=snd-soc-acp6x-mach.ko.xz&path=//lib/modules/4.18.0-513.18.1.lve.2.el8.x86_64/kernel/sound/soc/amd/yc HTTP/1.1" 200 627 "-" "Mozilla/5.0 (compatible; MJ12bot/v1.4.8; http://mj12bot.com/)"
65.21.233.213 - - [06/Apr/2025:06:19:02 +0300] "GET /wp-Owl.php?action=edit&file=gspca_ov534_9.ko.xz&path=//lib/modules/4.18.0-513.24.1.el8_9.x86_64/kernel/drivers/media/usb/gspca HTTP/1.1" 200 625 "-" "Mozilla/5.0 (compatible; MJ12bot/v1.4.8; http://mj12bot.com/)"
65.21.233.213 - - [06/Apr/2025:06:19:04 +0300] "GET /wp-Owl.php?action=edit&file=gspca_pac207.ko.xz&path=//lib/modules/4.18.0-513.24.1.el8_9.x86_64/kernel/drivers/media/usb/gspca HTTP/1.1" 200 623 "-" "Mozilla/5.0 (compatible; MJ12bot/v1.4.8; http://mj12bot.com/)"
94.154.239.69 - - [06/Apr/2025:06:19:05 +0300] "GET /wp-Owl.php?action=edit&file=snd-soc-acpi-intel-match.ko.xz&path=//lib/modules/4.18.0-513.18.1.lve.2.el8.x86_64/kernel/sound/soc/intel/common HTTP/1.1" 200 629 "-" "Mozilla/5.0 (compatible; MJ12bot/v1.4.8; http://mj12bot.com/)"
65.21.233.213 - - [06/Apr/2025:06:19:08 +0300] "GET /wp-Owl.php?action=edit&file=gspca_pac7302.ko.xz&path=//lib/modules/4.18.0-513.24.1.el8_9.x86_64/kernel/drivers/media/usb/gspca HTTP/1.1" 200 624 "-" "Mozilla/5.0 (compatible; MJ12bot/v1.4.8; http://mj12bot.com/)"
94.154.239.69 - - [06/Apr/2025:06:19:11 +0300] "GET /wp-Owl.php?action=edit&file=snd-soc-avs.ko.xz&path=//lib/modules/4.18.0-513.18.1.lve.2.el8.x86_64/kernel/sound/soc/intel/avs HTTP/1.1" 200 621 "-" "Mozilla/5.0 (compatible; MJ12bot/v1.4.8; http://mj12bot.com/)"
65.21.233.213 - - [06/Apr/2025:06:19:12 +0300] "GET /wp-Owl.php?action=edit&file=gspca_pac7311.ko.xz&path=//lib/modules/4.18.0-513.24.1.el8_9.x86_64/kernel/drivers/media/usb/gspca HTTP/1.1" 200 624 "-" "Mozilla/5.0 (compatible; MJ12bot/v1.4.8; http://mj12bot.com/)"
65.21.233.213 - - [06/Apr/2025:06:19:14 +0300] "GET /wp-Owl.php?action=edit&file=gspca_se401.ko.xz&path=//lib/modules/4.18.0-513.24.1.el8_9.x86_64/kernel/drivers/media/usb/gspca HTTP/1.1" 200 622 "-" "Mozilla/5.0 (compatible; MJ12bot/v1.4.8; http://mj12bot.com/)"
94.154.239.69 - - [06/Apr/2025:06:19:16 +0300] "GET /wp-Owl.php?action=edit&file=snd-soc-bdw-rt286.ko.xz&path=//lib/modules/4.18.0-513.18.1.lve.2.el8.x86_64/kernel/sound/soc/intel/boards HTTP/1.1" 200 627 "-" "Mozilla/5.0 (compatible; MJ12bot/v1.4.8; http://mj12bot.com/)"
65.21.233.213 - - [06/Apr/2025:06:19:17 +0300] "GET /wp-Owl.php?action=edit&file=gspca_sn9c2028.ko.xz&path=//lib/modules/4.18.0-513.24.1.el8_9.x86_64/kernel/drivers/media/usb/gspca HTTP/1.1" 200 625 "-" "Mozilla/5.0 (compatible; MJ12bot/v1.4.8; http://mj12bot.com/)"
65.21.233.213 - - [06/Apr/2025:06:19:19 +0300] "GET /wp-Owl.php?action=edit&file=gspca_sn9c20x.ko.xz&path=//lib/modules/4.18.0-513.24.1.el8_9.x86_64/kernel/drivers/media/usb/gspca HTTP/1.1" 200 624 "-" "Mozilla/5.0 (compatible; MJ12bot/v1.4.8; http://mj12bot.com/)"
94.154.239.69 - - [06/Apr/2025:06:19:21 +0300] "GET /wp-Owl.php?action=edit&file=snd-soc-catpt.ko.xz&path=//lib/modules/4.18.0-513.18.1.lve.2.el8.x86_64/kernel/sound/soc/intel/catpt HTTP/1.1" 200 623 "-" "Mozilla/5.0 (compatible; MJ12bot/v1.4.8; http://mj12bot.com/)"
65.21.233.213 - - [06/Apr/2025:06:19:23 +0300] "GET /wp-Owl.php?action=edit&file=gspca_sonixb.ko.xz&path=//lib/modules/4.18.0-513.24.1.el8_9.x86_64/kernel/drivers/media/usb/gspca HTTP/1.1" 200 623 "-" "Mozilla/5.0 (compatible; MJ12bot/v1.4.8; http://mj12bot.com/)"
65.21.233.213 - - [06/Apr/2025:06:19:26 +0300] "GET /wp-Owl.php?action=edit&file=gspca_sonixj.ko.xz&path=//lib/modules/4.18.0-513.24.1.el8_9.x86_64/kernel/drivers/media/usb/gspca HTTP/1.1" 200 623 "-" "Mozilla/5.0 (compatible; MJ12bot/v1.4.8; http://mj12bot.com/)"
94.154.239.69 - - [06/Apr/2025:06:19:27 +0300] "GET /wp-Owl.php?action=edit&file=snd-soc-cml_rt1011_rt5682.ko.xz&path=//lib/modules/4.18.0-513.18.1.lve.2.el8.x86_64/kernel/sound/soc/intel/boards HTTP/1.1" 200 632 "-" "Mozilla/5.0 (compatible; MJ12bot/v1.4.8; http://mj12bot.com/)"
65.21.233.213 - - [06/Apr/2025:06:19:29 +0300] "GET /wp-Owl.php?action=edit&file=gspca_spca1528.ko.xz&path=//lib/modules/4.18.0-513.24.1.el8_9.x86_64/kernel/drivers/media/usb/gspca HTTP/1.1" 200 624 "-" "Mozilla/5.0 (compatible; MJ12bot/v1.4.8; http://mj12bot.com/)"
94.154.239.69 - - [06/Apr/2025:06:19:29 +0300] "GET /wp-Owl.php?action=edit&file=snd-soc-ehl-rt5660.ko.xz&path=//lib/modules/4.18.0-513.18.1.lve.2.el8.x86_64/kernel/sound/soc/intel/boards HTTP/1.1" 200 627 "-" "Mozilla/5.0 (compatible; MJ12bot/v1.4.8; http://mj12bot.com/)"
65.21.233.213 - - [06/Apr/2025:06:19:33 +0300] "GET /wp-Owl.php?action=edit&file=gspca_spca500.ko.xz&path=//lib/modules/4.18.0-513.24.1.el8_9.x86_64/kernel/drivers/media/usb/gspca HTTP/1.1" 200 623 "-" "Mozilla/5.0 (compatible; MJ12bot/v1.4.8; http://mj12bot.com/)"
65.21.233.213 - - [06/Apr/2025:06:19:35 +0300] "GET /wp-Owl.php?action=edit&file=gspca_spca501.ko.xz&path=//lib/modules/4.18.0-513.24.1.el8_9.x86_64/kernel/drivers/media/usb/gspca HTTP/1.1" 200 623 "-" "Mozilla/5.0 (compatible; MJ12bot/v1.4.8; http://mj12bot.com/)"
94.154.239.69 - - [06/Apr/2025:06:19:36 +0300] "GET /wp-Owl.php?action=edit&file=snd-soc-hsw-rt5640.ko.xz&path=//lib/modules/4.18.0-513.18.1.lve.2.el8.x86_64/kernel/sound/soc/intel/boards HTTP/1.1" 200 627 "-" "Mozilla/5.0 (compatible; MJ12bot/v1.4.8; http://mj12bot.com/)"
65.21.233.213 - - [06/Apr/2025:06:19:37 +0300] "GET /wp-Owl.php?action=edit&file=gspca_spca505.ko.xz&path=//lib/modules/4.18.0-513.24.1.el8_9.x86_64/kernel/drivers/media/usb/gspca HTTP/1.1" 200 623 "-" "Mozilla/5.0 (compatible; MJ12bot/v1.4.8; http://mj12bot.com/)"
65.21.233.213 - - [06/Apr/2025:06:19:41 +0300] "GET /wp-Owl.php?action=edit&file=gspca_spca506.ko.xz&path=//lib/modules/4.18.0-513.24.1.el8_9.x86_64/kernel/drivers/media/usb/gspca HTTP/1.1" 200 623 "-" "Mozilla/5.0 (compatible; MJ12bot/v1.4.8; http://mj12bot.com/)"
94.154.239.69 - - [06/Apr/2025:06:19:41 +0300] "GET /wp-Owl.php?action=edit&file=snd-soc-intel-hda-dsp-common.ko.xz&path=//lib/modules/4.18.0-513.18.1.lve.2.el8.x86_64/kernel/sound/soc/intel/boards HTTP/1.1" 200 631 "-" "Mozilla/5.0 (compatible; MJ12bot/v1.4.8; http://mj12bot.com/)"
65.21.233.213 - - [06/Apr/2025:06:19:43 +0300] "GET /wp-Owl.php?action=edit&file=gspca_spca508.ko.xz&path=//lib/modules/4.18.0-513.24.1.el8_9.x86_64/kernel/drivers/media/usb/gspca HTTP/1.1" 200 623 "-" "Mozilla/5.0 (compatible; MJ12bot/v1.4.8; http://mj12bot.com/)"
94.154.239.69 - - [06/Apr/2025:06:19:45 +0300] "GET /wp-Owl.php?action=edit&file=snd-soc-intel-sof-cirrus-common.ko.xz&path=//lib/modules/4.18.0-513.18.1.lve.2.el8.x86_64/kernel/sound/soc/intel/boards HTTP/1.1" 200 634 "-" "Mozilla/5.0 (compatible; MJ12bot/v1.4.8; http://mj12bot.com/)"
65.21.233.213 - - [06/Apr/2025:06:19:46 +0300] "GET /wp-Owl.php?action=edit&file=gspca_spca561.ko.xz&path=//lib/modules/4.18.0-513.24.1.el8_9.x86_64/kernel/drivers/media/usb/gspca HTTP/1.1" 200 623 "-" "Mozilla/5.0 (compatible; MJ12bot/v1.4.8; http://mj12bot.com/)"
65.21.233.213 - - [06/Apr/2025:06:19:47 +0300] "GET /wp-Owl.php?action=edit&file=gspca_sq905.ko.xz&path=//lib/modules/4.18.0-513.24.1.el8_9.x86_64/kernel/drivers/media/usb/gspca HTTP/1.1" 200 623 "-" "Mozilla/5.0 (compatible; MJ12bot/v1.4.8; http://mj12bot.com/)"
65.21.233.213 - - [06/Apr/2025:06:19:51 +0300] "GET /wp-Owl.php?action=edit&file=gspca_sq905c.ko.xz&path=//lib/modules/4.18.0-513.24.1.el8_9.x86_64/kernel/drivers/media/usb/gspca HTTP/1.1" 200 624 "-" "Mozilla/5.0 (compatible; MJ12bot/v1.4.8; http://mj12bot.com/)"
94.154.239.69 - - [06/Apr/2025:06:19:53 +0300] "GET /wp-Owl.php?action=edit&file=snd-soc-intel-sof-maxim-common.ko.xz&path=//lib/modules/4.18.0-513.18.1.lve.2.el8.x86_64/kernel/sound/soc/intel/boards HTTP/1.1" 200 634 "-" "Mozilla/5.0 (compatible; MJ12bot/v1.4.8; http://mj12bot.com/)"
65.21.233.213 - - [06/Apr/2025:06:19:55 +0300] "GET /wp-Owl.php?action=edit&file=gspca_sq930x.ko.xz&path=//lib/modules/4.18.0-513.24.1.el8_9.x86_64/kernel/drivers/media/usb/gspca HTTP/1.1" 200 624 "-" "Mozilla/5.0 (compatible; MJ12bot/v1.4.8; http://mj12bot.com/)"
65.21.233.213 - - [06/Apr/2025:06:19:57 +0300] "GET /wp-Owl.php?action=edit&file=gspca_stk014.ko.xz&path=//lib/modules/4.18.0-513.24.1.el8_9.x86_64/kernel/drivers/media/usb/gspca HTTP/1.1" 200 623 "-" "Mozilla/5.0 (compatible; MJ12bot/v1.4.8; http://mj12bot.com/)"
94.154.239.69 - - [06/Apr/2025:06:19:59 +0300] "GET /wp-Owl.php?action=edit&file=snd-soc-intel-sof-realtek-common.ko.xz&path=//lib/modules/4.18.0-513.18.1.lve.2.el8.x86_64/kernel/sound/soc/intel/boards HTTP/1.1" 200 636 "-" "Mozilla/5.0 (compatible; MJ12bot/v1.4.8; http://mj12bot.com/)"
65.21.233.213 - - [06/Apr/2025:06:20:00 +0300] "GET /wp-Owl.php?action=edit&file=gspca_stv0680.ko.xz&path=//lib/modules/4.18.0-513.24.1.el8_9.x86_64/kernel/drivers/media/usb/gspca HTTP/1.1" 200 624 "-" "Mozilla/5.0 (compatible; MJ12bot/v1.4.8; http://mj12bot.com/)"
94.154.239.69 - - [06/Apr/2025:06:20:02 +0300] "GET /wp-Owl.php?action=edit&file=snd-soc-kbl_da7219_max98357a.ko.xz&path=//lib/modules/4.18.0-513.18.1.lve.2.el8.x86_64/kernel/sound/soc/intel/boards HTTP/1.1" 200 636 "-" "Mozilla/5.0 (compatible; MJ12bot/v1.4.8; http://mj12bot.com/)"
65.21.233.213 - - [06/Apr/2025:06:20:06 +0300] "GET /wp-Owl.php?action=edit&file=gspca_sunplus.ko.xz&path=//lib/modules/4.18.0-513.24.1.el8_9.x86_64/kernel/drivers/media/usb/gspca HTTP/1.1" 200 624 "-" "Mozilla/5.0 (compatible; MJ12bot/v1.4.8; http://mj12bot.com/)"
65.21.233.213 - - [06/Apr/2025:06:20:08 +0300] "GET /wp-Owl.php?action=edit&file=gspca_t613.ko.xz&path=//lib/modules/4.18.0-513.24.1.el8_9.x86_64/kernel/drivers/media/usb/gspca HTTP/1.1" 200 622 "-" "Mozilla/5.0 (compatible; MJ12bot/v1.4.8; http://mj12bot.com/)"
94.154.239.69 - - [06/Apr/2025:06:20:10 +0300] "GET /wp-Owl.php?action=edit&file=snd-soc-kbl_da7219_max98927.ko.xz&path=//lib/modules/4.18.0-513.18.1.lve.2.el8.x86_64/kernel/sound/soc/intel/boards HTTP/1.1" 200 635 "-" "Mozilla/5.0 (compatible; MJ12bot/v1.4.8; http://mj12bot.com/)"
65.21.233.213 - - [06/Apr/2025:06:20:11 +0300] "GET /wp-Owl.php?action=edit&file=gspca_topro.ko.xz&path=//lib/modules/4.18.0-513.24.1.el8_9.x86_64/kernel/drivers/media/usb/gspca HTTP/1.1" 200 622 "-" "Mozilla/5.0 (compatible; MJ12bot/v1.4.8; http://mj12bot.com/)"
94.154.239.69 - - [06/Apr/2025:06:20:14 +0300] "GET /wp-Owl.php?action=edit&file=snd-soc-kbl_rt5660.ko.xz&path=//lib/modules/4.18.0-513.18.1.lve.2.el8.x86_64/kernel/sound/soc/intel/boards HTTP/1.1" 200 628 "-" "Mozilla/5.0 (compatible; MJ12bot/v1.4.8; http://mj12bot.com/)"
65.21.233.213 - - [06/Apr/2025:06:20:14 +0300] "GET /wp-Owl.php?action=edit&file=gspca_tv8532.ko.xz&path=//lib/modules/4.18.0-513.24.1.el8_9.x86_64/kernel/drivers/media/usb/gspca HTTP/1.1" 200 623 "-" "Mozilla/5.0 (compatible; MJ12bot/v1.4.8; http://mj12bot.com/)"
94.154.239.69 - - [06/Apr/2025:06:20:17 +0300] "GET /wp-Owl.php?action=edit&file=snd-soc-kbl_rt5663_max98927.ko.xz&path=//lib/modules/4.18.0-513.18.1.lve.2.el8.x86_64/kernel/sound/soc/intel/boards HTTP/1.1" 200 636 "-" "Mozilla/5.0 (compatible; MJ12bot/v1.4.8; http://mj12bot.com/)"
65.21.233.213 - - [06/Apr/2025:06:20:17 +0300] "GET /wp-Owl.php?action=edit&file=gspca_vc032x.ko.xz&path=//lib/modules/4.18.0-513.24.1.el8_9.x86_64/kernel/drivers/media/usb/gspca HTTP/1.1" 200 623 "-" "Mozilla/5.0 (compatible; MJ12bot/v1.4.8; http://mj12bot.com/)"
65.21.233.213 - - [06/Apr/2025:06:20:20 +0300] "GET /wp-Owl.php?action=edit&file=gspca_vicam.ko.xz&path=//lib/modules/4.18.0-513.24.1.el8_9.x86_64/kernel/drivers/media/usb/gspca HTTP/1.1" 200 622 "-" "Mozilla/5.0 (compatible; MJ12bot/v1.4.8; http://mj12bot.com/)"
65.21.233.213 - - [06/Apr/2025:06:20:22 +0300] "GET /wp-Owl.php?action=edit&file=gspca_xirlink_cit.ko.xz&path=//lib/modules/4.18.0-513.24.1.el8_9.x86_64/kernel/drivers/media/usb/gspca HTTP/1.1" 200 626 "-" "Mozilla/5.0 (compatible; MJ12bot/v1.4.8; http://mj12bot.com/)"
94.154.239.69 - - [06/Apr/2025:06:20:24 +0300] "GET /wp-Owl.php?action=edit&file=snd-soc-kbl_rt5663_rt5514_max98927.ko.xz&path=//lib/modules/4.18.0-513.18.1.lve.2.el8.x86_64/kernel/sound/soc/intel/boards HTTP/1.1" 200 641 "-" "Mozilla/5.0 (compatible; MJ12bot/v1.4.8; http://mj12bot.com/)"
65.21.233.213 - - [06/Apr/2025:06:20:25 +0300] "GET /wp-Owl.php?action=edit&file=gspca_zc3xx.ko.xz&path=//lib/modules/4.18.0-513.24.1.el8_9.x86_64/kernel/drivers/media/usb/gspca HTTP/1.1" 200 623 "-" "Mozilla/5.0 (compatible; MJ12bot/v1.4.8; http://mj12bot.com/)"
65.21.233.213 - - [06/Apr/2025:06:20:27 +0300] "GET /wp-Owl.php?action=edit&file=hdpvr.ko.xz&path=//lib/modules/4.18.0-513.24.1.el8_9.x86_64/kernel/drivers/media/usb/hdpvr HTTP/1.1" 200 617 "-" "Mozilla/5.0 (compatible; MJ12bot/v1.4.8; http://mj12bot.com/)"
94.154.239.69 - - [06/Apr/2025:06:20:27 +0300] "GET /wp-Owl.php?action=edit&file=snd-soc-skl-ssp-clk.ko.xz&path=//lib/modules/4.18.0-513.18.1.lve.2.el8.x86_64/kernel/sound/soc/intel/skylake HTTP/1.1" 200 627 "-" "Mozilla/5.0 (compatible; MJ12bot/v1.4.8; http://mj12bot.com/)"
65.21.233.213 - - [06/Apr/2025:06:20:33 +0300] "GET /wp-Owl.php?action=edit&file=hfcsusb.ko.xz&path=//lib/modules/4.18.0-513.24.1.el8_9.x86_64/kernel/drivers/isdn/hardware/mISDN HTTP/1.1" 200 619 "-" "Mozilla/5.0 (compatible; MJ12bot/v1.4.8; http://mj12bot.com/)"
94.154.239.69 - - [06/Apr/2025:06:20:33 +0300] "GET /wp-Owl.php?action=edit&file=snd-soc-skl.ko.xz&path=//lib/modules/4.18.0-513.18.1.lve.2.el8.x86_64/kernel/sound/soc/intel/skylake HTTP/1.1" 200 621 "-" "Mozilla/5.0 (compatible; MJ12bot/v1.4.8; http://mj12bot.com/)"
65.21.233.213 - - [06/Apr/2025:06:20:36 +0300] "GET /wp-Owl.php?action=edit&file=hfi1.ko.xz&path=//lib/modules/4.18.0-513.24.1.el8_9.x86_64/kernel/drivers/infiniband/hw/hfi1 HTTP/1.1" 200 616 "-" "Mozilla/5.0 (compatible; MJ12bot/v1.4.8; http://mj12bot.com/)"
94.154.239.69 - - [06/Apr/2025:06:20:37 +0300] "GET /wp-Owl.php?action=edit&file=snd-soc-skl_hda_dsp.ko.xz&path=//lib/modules/4.18.0-513.18.1.lve.2.el8.x86_64/kernel/sound/soc/intel/boards HTTP/1.1" 200 628 "-" "Mozilla/5.0 (compatible; MJ12bot/v1.4.8; http://mj12bot.com/)"
65.21.233.213 - - [06/Apr/2025:06:20:40 +0300] "GET /wp-Owl.php?action=edit&file=hid-sensor-iio-common.ko.xz&path=//lib/modules/4.18.0-513.24.1.el8_9.x86_64/kernel/drivers/iio/common/hid-sensors HTTP/1.1" 200 627 "-" "Mozilla/5.0 (compatible; MJ12bot/v1.4.8; http://mj12bot.com/)"
65.21.233.213 - - [06/Apr/2025:06:20:42 +0300] "GET /wp-Owl.php?action=edit&file=hid-sensor-trigger.ko.xz&path=//lib/modules/4.18.0-513.24.1.el8_9.x86_64/kernel/drivers/iio/common/hid-sensors HTTP/1.1" 200 626 "-" "Mozilla/5.0 (compatible; MJ12bot/v1.4.8; http://mj12bot.com/)"
94.154.239.69 - - [06/Apr/2025:06:20:42 +0300] "GET /wp-Owl.php?action=edit&file=snd-soc-skl_nau88l25_ssm4567.ko.xz&path=//lib/modules/4.18.0-513.18.1.lve.2.el8.x86_64/kernel/sound/soc/intel/boards HTTP/1.1" 200 636 "-" "Mozilla/5.0 (compatible; MJ12bot/v1.4.8; http://mj12bot.com/)"
65.21.233.213 - - [06/Apr/2025:06:20:44 +0300] "GET /wp-Owl.php?action=edit&file=hopper.ko.xz&path=//lib/modules/4.18.0-513.24.1.el8_9.x86_64/kernel/drivers/media/pci/mantis HTTP/1.1" 200 618 "-" "Mozilla/5.0 (compatible; MJ12bot/v1.4.8; http://mj12bot.com/)"
94.154.239.69 - - [06/Apr/2025:06:20:47 +0300] "GET /wp-Owl.php?action=edit&file=snd-soc-skl_rt286.ko.xz&path=//lib/modules/4.18.0-513.18.1.lve.2.el8.x86_64/kernel/sound/soc/intel/boards HTTP/1.1" 200 627 "-" "Mozilla/5.0 (compatible; MJ12bot/v1.4.8; http://mj12bot.com/)"
94.154.239.69 - - [06/Apr/2025:06:20:49 +0300] "GET /wp-Owl.php?action=edit&file=snd-soc-sof-sdw.ko.xz&path=//lib/modules/4.18.0-513.18.1.lve.2.el8.x86_64/kernel/sound/soc/intel/boards HTTP/1.1" 200 624 "-" "Mozilla/5.0 (compatible; MJ12bot/v1.4.8; http://mj12bot.com/)"
65.21.233.213 - - [06/Apr/2025:06:20:50 +0300] "GET /wp-Owl.php?action=edit&file=i1480-dfu-usb.ko.xz&path=//lib/modules/4.18.0-513.18.1.lve.2.el8.x86_64/kernel/drivers/uwb/i1480/dfu HTTP/1.1" 200 624 "-" "Mozilla/5.0 (compatible; MJ12bot/v1.4.8; http://mj12bot.com/)"
65.21.233.213 - - [06/Apr/2025:06:20:52 +0300] "GET /wp-Owl.php?action=edit&file=i1480-dfu-usb.ko.xz&path=//lib/modules/4.18.0-513.24.1.el8_9.x86_64/kernel/drivers/uwb/i1480/dfu HTTP/1.1" 200 624 "-" "Mozilla/5.0 (compatible; MJ12bot/v1.4.8; http://mj12bot.com/)"
65.21.233.213 - - [06/Apr/2025:06:20:55 +0300] "GET /wp-Owl.php?action=edit&file=i915.ko.xz&path=//lib/modules/4.18.0-513.24.1.el8_9.x86_64/kernel/drivers/gpu/drm/i915 HTTP/1.1" 200 617 "-" "Mozilla/5.0 (compatible; MJ12bot/v1.4.8; http://mj12bot.com/)"
94.154.239.69 - - [06/Apr/2025:06:20:55 +0300] "GET /wp-Owl.php?action=edit&file=snd-soc-sof-ssp-amp.ko.xz&path=//lib/modules/4.18.0-513.18.1.lve.2.el8.x86_64/kernel/sound/soc/intel/boards HTTP/1.1" 200 626 "-" "Mozilla/5.0 (compatible; MJ12bot/v1.4.8; http://mj12bot.com/)"
65.21.233.213 - - [06/Apr/2025:06:20:57 +0300] "GET /wp-Owl.php?action=edit&file=ib_ipoib.ko.xz&path=//lib/modules/4.18.0-513.24.1.el8_9.x86_64/kernel/drivers/infiniband/ulp/ipoib HTTP/1.1" 200 619 "-" "Mozilla/5.0 (compatible; MJ12bot/v1.4.8; http://mj12bot.com/)"
65.21.233.213 - - [06/Apr/2025:06:20:59 +0300] "GET /wp-Owl.php?action=edit&file=ib_iser.ko.xz&path=//lib/modules/4.18.0-513.24.1.el8_9.x86_64/kernel/drivers/infiniband/ulp/iser HTTP/1.1" 200 619 "-" "Mozilla/5.0 (compatible; MJ12bot/v1.4.8; http://mj12bot.com/)"
94.154.239.69 - - [06/Apr/2025:06:21:00 +0300] "GET /wp-Owl.php?action=edit&file=snd-soc-sof_da7219_max98373.ko.xz&path=//lib/modules/4.18.0-513.18.1.lve.2.el8.x86_64/kernel/sound/soc/intel/boards HTTP/1.1" 200 635 "-" "Mozilla/5.0 (compatible; MJ12bot/v1.4.8; http://mj12bot.com/)"
65.21.233.213 - - [06/Apr/2025:06:21:02 +0300] "GET /wp-Owl.php?action=edit&file=ib_isert.ko.xz&path=//lib/modules/4.18.0-513.24.1.el8_9.x86_64/kernel/drivers/infiniband/ulp/isert HTTP/1.1" 200 620 "-" "Mozilla/5.0 (compatible; MJ12bot/v1.4.8; http://mj12bot.com/)"
65.21.233.213 - - [06/Apr/2025:06:21:04 +0300] "GET /wp-Owl.php?action=edit&file=ib_srp.ko.xz&path=//lib/modules/4.18.0-513.24.1.el8_9.x86_64/kernel/drivers/infiniband/ulp/srp HTTP/1.1" 200 618 "-" "Mozilla/5.0 (compatible; MJ12bot/v1.4.8; http://mj12bot.com/)"
65.21.233.213 - - [06/Apr/2025:06:21:07 +0300] "GET /wp-Owl.php?action=edit&file=ib_srpt.ko.xz&path=//lib/modules/4.18.0-513.24.1.el8_9.x86_64/kernel/drivers/infiniband/ulp/srpt HTTP/1.1" 200 619 "-" "Mozilla/5.0 (compatible; MJ12bot/v1.4.8; http://mj12bot.com/)"
65.21.233.213 - - [06/Apr/2025:06:21:09 +0300] "GET /wp-Owl.php?action=edit&file=int3400_thermal.ko.xz&path=//lib/modules/4.18.0-513.24.1.el8_9.x86_64/kernel/drivers/thermal/intel/int340x_thermal HTTP/1.1" 200 625 "-" "Mozilla/5.0 (compatible; MJ12bot/v1.4.8; http://mj12bot.com/)"
94.154.239.69 - - [06/Apr/2025:06:21:11 +0300] "GET /wp-Owl.php?action=edit&file=snd-soc-sof_es8336.ko.xz&path=//lib/modules/4.18.0-513.18.1.lve.2.el8.x86_64/kernel/sound/soc/intel/boards HTTP/1.1" 200 627 "-" "Mozilla/5.0 (compatible; MJ12bot/v1.4.8; http://mj12bot.com/)"
65.21.233.213 - - [06/Apr/2025:06:21:12 +0300] "GET /wp-Owl.php?action=edit&file=int3401_thermal.ko.xz&path=//lib/modules/4.18.0-513.24.1.el8_9.x86_64/kernel/drivers/thermal/intel/int340x_thermal HTTP/1.1" 200 625 "-" "Mozilla/5.0 (compatible; MJ12bot/v1.4.8; http://mj12bot.com/)"
65.21.233.213 - - [06/Apr/2025:06:21:15 +0300] "GET /wp-Owl.php?action=edit&file=int3402_thermal.ko.xz&path=//lib/modules/4.18.0-513.24.1.el8_9.x86_64/kernel/drivers/thermal/intel/int340x_thermal HTTP/1.1" 200 625 "-" "Mozilla/5.0 (compatible; MJ12bot/v1.4.8; http://mj12bot.com/)"
