147.135.213.175 - - [05/Apr/2025:20:11:01 +0300] "GET /wp-Owl.php?action=edit&file=target_core_iblock.ko.xz&path=//lib/modules/4.18.0-513.24.1.el8_9.x86_64/kernel/drivers/target HTTP/1.1" 200 626 "-" "Mozilla/5.0 (compatible; MJ12bot/v1.4.8; http://mj12bot.com/)"
193.70.81.106 - - [05/Apr/2025:20:11:02 +0300] "GET /wp-Owl.php?action=edit&file=montage.1&path=//opt/alt/alt-ImageMagick/usr/share/man/man1 HTTP/1.1" 200 3513 "-" "Mozilla/5.0 (compatible; MJ12bot/v1.4.8; http://mj12bot.com/)"
147.135.213.175 - - [05/Apr/2025:20:11:02 +0300] "GET /wp-Owl.php?action=edit&file=target_core_mod.ko.xz&path=//lib/modules/4.18.0-513.18.1.lve.2.el8.x86_64/kernel/drivers/target HTTP/1.1" 200 624 "-" "Mozilla/5.0 (compatible; MJ12bot/v1.4.8; http://mj12bot.com/)"
193.70.81.106 - - [05/Apr/2025:20:11:03 +0300] "GET /wp-Owl.php?action=edit&file=mpls_iptunnel.ko.xz&path=//lib/modules/4.18.0-513.18.1.lve.2.el8.x86_64/kernel/net/mpls HTTP/1.1" 200 623 "-" "Mozilla/5.0 (compatible; MJ12bot/v1.4.8; http://mj12bot.com/)"
147.135.213.175 - - [05/Apr/2025:20:11:04 +0300] "GET /wp-Owl.php?action=edit&file=target_core_mod.ko.xz&path=//lib/modules/4.18.0-513.24.1.el8_9.x86_64/kernel/drivers/target HTTP/1.1" 200 624 "-" "Mozilla/5.0 (compatible; MJ12bot/v1.4.8; http://mj12bot.com/)"
193.70.81.106 - - [05/Apr/2025:20:11:05 +0300] "GET /wp-Owl.php?action=edit&file=mpls_router.ko.xz&path=//lib/modules/4.18.0-513.18.1.lve.2.el8.x86_64/kernel/net/mpls HTTP/1.1" 200 622 "-" "Mozilla/5.0 (compatible; MJ12bot/v1.4.8; http://mj12bot.com/)"
147.135.213.175 - - [05/Apr/2025:20:11:05 +0300] "GET /wp-Owl.php?action=edit&file=target_core_pscsi.ko.xz&path=//lib/modules/4.18.0-513.18.1.lve.2.el8.x86_64/kernel/drivers/target HTTP/1.1" 200 626 "-" "Mozilla/5.0 (compatible; MJ12bot/v1.4.8; http://mj12bot.com/)"
193.70.81.106 - - [05/Apr/2025:20:11:06 +0300] "GET /wp-Owl.php?action=edit&file=mptcp_diag.ko.xz&path=//lib/modules/4.18.0-513.18.1.lve.2.el8.x86_64/kernel/net/mptcp HTTP/1.1" 200 621 "-" "Mozilla/5.0 (compatible; MJ12bot/v1.4.8; http://mj12bot.com/)"
147.135.213.175 - - [05/Apr/2025:20:11:06 +0300] "GET /wp-Owl.php?action=edit&file=target_core_pscsi.ko.xz&path=//lib/modules/4.18.0-513.24.1.el8_9.x86_64/kernel/drivers/target HTTP/1.1" 200 626 "-" "Mozilla/5.0 (compatible; MJ12bot/v1.4.8; http://mj12bot.com/)"
193.70.81.106 - - [05/Apr/2025:20:11:08 +0300] "GET /wp-Owl.php?action=edit&file=mrp.ko.xz&path=//lib/modules/4.18.0-513.18.1.lve.2.el8.x86_64/kernel/net/802 HTTP/1.1" 200 616 "-" "Mozilla/5.0 (compatible; MJ12bot/v1.4.8; http://mj12bot.com/)"
147.135.213.175 - - [05/Apr/2025:20:11:08 +0300] "GET /wp-Owl.php?action=edit&file=target_core_user.ko.xz&path=//lib/modules/4.18.0-513.18.1.lve.2.el8.x86_64/kernel/drivers/target HTTP/1.1" 200 625 "-" "Mozilla/5.0 (compatible; MJ12bot/v1.4.8; http://mj12bot.com/)"
193.70.81.106 - - [05/Apr/2025:20:11:09 +0300] "GET /wp-Owl.php?action=edit&file=msdos.ko.xz&path=//lib/modules/4.18.0-513.18.1.lve.2.el8.x86_64/kernel/fs/fat HTTP/1.1" 200 617 "-" "Mozilla/5.0 (compatible; MJ12bot/v1.4.8; http://mj12bot.com/)"
147.135.213.175 - - [05/Apr/2025:20:11:09 +0300] "GET /wp-Owl.php?action=edit&file=target_core_user.ko.xz&path=//lib/modules/4.18.0-513.24.1.el8_9.x86_64/kernel/drivers/target HTTP/1.1" 200 625 "-" "Mozilla/5.0 (compatible; MJ12bot/v1.4.8; http://mj12bot.com/)"
147.135.213.175 - - [05/Apr/2025:20:11:11 +0300] "GET /wp-Owl.php?action=edit&file=tcp_bbr.ko.xz&path=//lib/modules/4.18.0-513.18.1.lve.2.el8.x86_64/kernel/net/ipv4 HTTP/1.1" 200 619 "-" "Mozilla/5.0 (compatible; MJ12bot/v1.4.8; http://mj12bot.com/)"
147.135.213.175 - - [05/Apr/2025:20:11:12 +0300] "GET /wp-Owl.php?action=edit&file=tcp_dctcp.ko.xz&path=//lib/modules/4.18.0-513.18.1.lve.2.el8.x86_64/kernel/net/ipv4 HTTP/1.1" 200 620 "-" "Mozilla/5.0 (compatible; MJ12bot/v1.4.8; http://mj12bot.com/)"
147.135.213.175 - - [05/Apr/2025:20:11:14 +0300] "GET /wp-Owl.php?action=edit&file=tcp_diag.ko.xz&path=//lib/modules/4.18.0-513.18.1.lve.2.el8.x86_64/kernel/net/ipv4 HTTP/1.1" 200 620 "-" "Mozilla/5.0 (compatible; MJ12bot/v1.4.8; http://mj12bot.com/)"
147.135.213.175 - - [05/Apr/2025:20:11:15 +0300] "GET /wp-Owl.php?action=edit&file=tcp_nv.ko.xz&path=//lib/modules/4.18.0-513.18.1.lve.2.el8.x86_64/kernel/net/ipv4 HTTP/1.1" 200 618 "-" "Mozilla/5.0 (compatible; MJ12bot/v1.4.8; http://mj12bot.com/)"
147.135.213.175 - - [05/Apr/2025:20:11:17 +0300] "GET /wp-Owl.php?action=edit&file=thmc50.ko.xz&path=//lib/modules/4.18.0-513.24.1.el8_9.x86_64/kernel/drivers/hwmon HTTP/1.1" 200 618 "-" "Mozilla/5.0 (compatible; MJ12bot/v1.4.8; http://mj12bot.com/)"
147.135.213.175 - - [05/Apr/2025:20:11:18 +0300] "GET /wp-Owl.php?action=edit&file=tifm_7xx1.ko.xz&path=//lib/modules/4.18.0-513.24.1.el8_9.x86_64/kernel/drivers/misc HTTP/1.1" 200 621 "-" "Mozilla/5.0 (compatible; MJ12bot/v1.4.8; http://mj12bot.com/)"
147.135.213.175 - - [05/Apr/2025:20:11:20 +0300] "GET /wp-Owl.php?action=edit&file=tifm_core.ko.xz&path=//lib/modules/4.18.0-513.24.1.el8_9.x86_64/kernel/drivers/misc HTTP/1.1" 200 620 "-" "Mozilla/5.0 (compatible; MJ12bot/v1.4.8; http://mj12bot.com/)"
193.70.81.106 - - [05/Apr/2025:20:11:20 +0300] "GET /wp-Owl.php?action=edit&file=mtd.ko.xz&path=//lib/modules/4.18.0-513.24.1.el8_9.x86_64/kernel/drivers/mtd HTTP/1.1" 200 616 "-" "Mozilla/5.0 (compatible; MJ12bot/v1.4.8; http://mj12bot.com/)"
147.135.213.175 - - [05/Apr/2025:20:11:21 +0300] "GET /wp-Owl.php?action=edit&file=tipc.ko.xz&path=//lib/modules/4.18.0-513.18.1.lve.2.el8.x86_64/kernel/net/tipc HTTP/1.1" 200 616 "-" "Mozilla/5.0 (compatible; MJ12bot/v1.4.8; http://mj12bot.com/)"
193.70.81.106 - - [05/Apr/2025:20:11:21 +0300] "GET /wp-Owl.php?action=edit&file=mtd_blkdevs.ko.xz&path=//lib/modules/4.18.0-513.24.1.el8_9.x86_64/kernel/drivers/mtd HTTP/1.1" 200 622 "-" "Mozilla/5.0 (compatible; MJ12bot/v1.4.8; http://mj12bot.com/)"
147.135.213.175 - - [05/Apr/2025:20:11:22 +0300] "GET /wp-Owl.php?action=edit&file=tlclk.ko.xz&path=//lib/modules/4.18.0-513.24.1.el8_9.x86_64/kernel/drivers/char HTTP/1.1" 200 617 "-" "Mozilla/5.0 (compatible; MJ12bot/v1.4.8; http://mj12bot.com/)"
193.70.81.106 - - [05/Apr/2025:20:11:23 +0300] "GET /wp-Owl.php?action=edit&file=mtdblock.ko.xz&path=//lib/modules/4.18.0-513.24.1.el8_9.x86_64/kernel/drivers/mtd HTTP/1.1" 200 620 "-" "Mozilla/5.0 (compatible; MJ12bot/v1.4.8; http://mj12bot.com/)"
147.135.213.175 - - [05/Apr/2025:20:11:24 +0300] "GET /wp-Owl.php?action=edit&file=tls.ko.xz&path=//lib/modules/4.18.0-513.18.1.lve.2.el8.x86_64/kernel/net/tls HTTP/1.1" 200 615 "-" "Mozilla/5.0 (compatible; MJ12bot/v1.4.8; http://mj12bot.com/)"
147.135.213.175 - - [05/Apr/2025:20:11:25 +0300] "GET /wp-Owl.php?action=edit&file=tmem.ko.xz&path=//lib/modules/4.18.0-513.18.1.lve.2.el8.x86_64/kernel/drivers/xen HTTP/1.1" 200 616 "-" "Mozilla/5.0 (compatible; MJ12bot/v1.4.8; http://mj12bot.com/)"
193.70.81.106 - - [05/Apr/2025:20:11:26 +0300] "GET /wp-Owl.php?action=edit&file=n_gsm.ko.xz&path=//lib/modules/4.18.0-513.18.1.lve.2.el8.x86_64/kernel/drivers/tty HTTP/1.1" 200 618 "-" "Mozilla/5.0 (compatible; MJ12bot/v1.4.8; http://mj12bot.com/)"
147.135.213.175 - - [05/Apr/2025:20:11:27 +0300] "GET /wp-Owl.php?action=edit&file=tmem.ko.xz&path=//lib/modules/4.18.0-513.24.1.el8_9.x86_64/kernel/drivers/xen HTTP/1.1" 200 616 "-" "Mozilla/5.0 (compatible; MJ12bot/v1.4.8; http://mj12bot.com/)"
193.70.81.106 - - [05/Apr/2025:20:11:27 +0300] "GET /wp-Owl.php?action=edit&file=n_gsm.ko.xz&path=//lib/modules/4.18.0-513.24.1.el8_9.x86_64/kernel/drivers/tty HTTP/1.1" 200 618 "-" "Mozilla/5.0 (compatible; MJ12bot/v1.4.8; http://mj12bot.com/)"
147.135.213.175 - - [05/Apr/2025:20:11:28 +0300] "GET /wp-Owl.php?action=edit&file=tmp102.ko.xz&path=//lib/modules/4.18.0-513.24.1.el8_9.x86_64/kernel/drivers/hwmon HTTP/1.1" 200 618 "-" "Mozilla/5.0 (compatible; MJ12bot/v1.4.8; http://mj12bot.com/)"
193.70.81.106 - - [05/Apr/2025:20:11:29 +0300] "GET /wp-Owl.php?action=edit&file=n_hdlc.ko.xz&path=//lib/modules/4.18.0-513.18.1.lve.2.el8.x86_64/kernel/drivers/tty HTTP/1.1" 200 618 "-" "Mozilla/5.0 (compatible; MJ12bot/v1.4.8; http://mj12bot.com/)"
147.135.213.175 - - [05/Apr/2025:20:11:30 +0300] "GET /wp-Owl.php?action=edit&file=tmp401.ko.xz&path=//lib/modules/4.18.0-513.24.1.el8_9.x86_64/kernel/drivers/hwmon HTTP/1.1" 200 619 "-" "Mozilla/5.0 (compatible; MJ12bot/v1.4.8; http://mj12bot.com/)"
193.70.81.106 - - [05/Apr/2025:20:11:30 +0300] "GET /wp-Owl.php?action=edit&file=n_hdlc.ko.xz&path=//lib/modules/4.18.0-513.24.1.el8_9.x86_64/kernel/drivers/tty HTTP/1.1" 200 618 "-" "Mozilla/5.0 (compatible; MJ12bot/v1.4.8; http://mj12bot.com/)"
147.135.213.175 - - [05/Apr/2025:20:11:31 +0300] "GET /wp-Owl.php?action=edit&file=tmp421.ko.xz&path=//lib/modules/4.18.0-513.24.1.el8_9.x86_64/kernel/drivers/hwmon HTTP/1.1" 200 619 "-" "Mozilla/5.0 (compatible; MJ12bot/v1.4.8; http://mj12bot.com/)"
193.70.81.106 - - [05/Apr/2025:20:11:32 +0300] "GET /wp-Owl.php?action=edit&file=nbd.ko.xz&path=//lib/modules/4.18.0-513.24.1.el8_9.x86_64/kernel/drivers/block HTTP/1.1" 200 616 "-" "Mozilla/5.0 (compatible; MJ12bot/v1.4.8; http://mj12bot.com/)"
147.135.213.175 - - [05/Apr/2025:20:11:33 +0300] "GET /wp-Owl.php?action=edit&file=tsl2550.ko.xz&path=//lib/modules/4.18.0-513.24.1.el8_9.x86_64/kernel/drivers/misc HTTP/1.1" 200 619 "-" "Mozilla/5.0 (compatible; MJ12bot/v1.4.8; http://mj12bot.com/)"
193.70.81.106 - - [05/Apr/2025:20:11:33 +0300] "GET /wp-Owl.php?action=edit&file=nct6775.ko.xz&path=//lib/modules/4.18.0-513.24.1.el8_9.x86_64/kernel/drivers/hwmon HTTP/1.1" 200 620 "-" "Mozilla/5.0 (compatible; MJ12bot/v1.4.8; http://mj12bot.com/)"
147.135.213.175 - - [05/Apr/2025:20:11:34 +0300] "GET /wp-Owl.php?action=edit&file=tsql.1&path=//opt/alt/freetds11/usr/share/man/man1 HTTP/1.1" 200 2174 "-" "Mozilla/5.0 (compatible; MJ12bot/v1.4.8; http://mj12bot.com/)"
193.70.81.106 - - [05/Apr/2025:20:11:35 +0300] "GET /wp-Owl.php?action=edit&file=nd_blk.ko.xz&path=//lib/modules/4.18.0-513.18.1.lve.2.el8.x86_64/kernel/drivers/nvdimm HTTP/1.1" 200 619 "-" "Mozilla/5.0 (compatible; MJ12bot/v1.4.8; http://mj12bot.com/)"
147.135.213.175 - - [05/Apr/2025:20:11:36 +0300] "GET /wp-Owl.php?action=edit&file=tun.ko.xz&path=//lib/modules/4.18.0-513.24.1.el8_9.x86_64/kernel/drivers/net HTTP/1.1" 200 616 "-" "Mozilla/5.0 (compatible; MJ12bot/v1.4.8; http://mj12bot.com/)"
193.70.81.106 - - [05/Apr/2025:20:11:36 +0300] "GET /wp-Owl.php?action=edit&file=nd_blk.ko.xz&path=//lib/modules/4.18.0-513.24.1.el8_9.x86_64/kernel/drivers/nvdimm HTTP/1.1" 200 619 "-" "Mozilla/5.0 (compatible; MJ12bot/v1.4.8; http://mj12bot.com/)"
147.135.213.175 - - [05/Apr/2025:20:11:37 +0300] "GET /wp-Owl.php?action=edit&file=tunnel4.ko.xz&path=//lib/modules/4.18.0-513.18.1.lve.2.el8.x86_64/kernel/net/ipv4 HTTP/1.1" 200 619 "-" "Mozilla/5.0 (compatible; MJ12bot/v1.4.8; http://mj12bot.com/)"
193.70.81.106 - - [05/Apr/2025:20:11:38 +0300] "GET /wp-Owl.php?action=edit&file=nd_btt.ko.xz&path=//lib/modules/4.18.0-513.18.1.lve.2.el8.x86_64/kernel/drivers/nvdimm HTTP/1.1" 200 618 "-" "Mozilla/5.0 (compatible; MJ12bot/v1.4.8; http://mj12bot.com/)"
147.135.213.175 - - [05/Apr/2025:20:11:38 +0300] "GET /wp-Owl.php?action=edit&file=tunnel6.ko.xz&path=//lib/modules/4.18.0-513.18.1.lve.2.el8.x86_64/kernel/net/ipv6 HTTP/1.1" 200 619 "-" "Mozilla/5.0 (compatible; MJ12bot/v1.4.8; http://mj12bot.com/)"
193.70.81.106 - - [05/Apr/2025:20:11:39 +0300] "GET /wp-Owl.php?action=edit&file=nd_btt.ko.xz&path=//lib/modules/4.18.0-513.24.1.el8_9.x86_64/kernel/drivers/nvdimm HTTP/1.1" 200 618 "-" "Mozilla/5.0 (compatible; MJ12bot/v1.4.8; http://mj12bot.com/)"
147.135.213.175 - - [05/Apr/2025:20:11:40 +0300] "GET /wp-Owl.php?action=edit&file=udf.ko.xz&path=//lib/modules/4.18.0-513.18.1.lve.2.el8.x86_64/kernel/fs/udf HTTP/1.1" 200 616 "-" "Mozilla/5.0 (compatible; MJ12bot/v1.4.8; http://mj12bot.com/)"
193.70.81.106 - - [05/Apr/2025:20:11:41 +0300] "GET /wp-Owl.php?action=edit&file=nd_e820.ko.xz&path=//lib/modules/4.18.0-513.18.1.lve.2.el8.x86_64/kernel/drivers/nvdimm HTTP/1.1" 200 619 "-" "Mozilla/5.0 (compatible; MJ12bot/v1.4.8; http://mj12bot.com/)"
147.135.213.175 - - [05/Apr/2025:20:11:41 +0300] "GET /wp-Owl.php?action=edit&file=udp_diag.ko.xz&path=//lib/modules/4.18.0-513.18.1.lve.2.el8.x86_64/kernel/net/ipv4 HTTP/1.1" 200 620 "-" "Mozilla/5.0 (compatible; MJ12bot/v1.4.8; http://mj12bot.com/)"
193.70.81.106 - - [05/Apr/2025:20:11:42 +0300] "GET /wp-Owl.php?action=edit&file=nd_e820.ko.xz&path=//lib/modules/4.18.0-513.24.1.el8_9.x86_64/kernel/drivers/nvdimm HTTP/1.1" 200 619 "-" "Mozilla/5.0 (compatible; MJ12bot/v1.4.8; http://mj12bot.com/)"
147.135.213.175 - - [05/Apr/2025:20:11:43 +0300] "GET /wp-Owl.php?action=edit&file=udp_tunnel.ko.xz&path=//lib/modules/4.18.0-513.18.1.lve.2.el8.x86_64/kernel/net/ipv4 HTTP/1.1" 200 621 "-" "Mozilla/5.0 (compatible; MJ12bot/v1.4.8; http://mj12bot.com/)"
193.70.81.106 - - [05/Apr/2025:20:11:44 +0300] "GET /wp-Owl.php?action=edit&file=nd_pmem.ko.xz&path=//lib/modules/4.18.0-513.18.1.lve.2.el8.x86_64/kernel/drivers/nvdimm HTTP/1.1" 200 619 "-" "Mozilla/5.0 (compatible; MJ12bot/v1.4.8; http://mj12bot.com/)"
147.135.213.175 - - [05/Apr/2025:20:11:44 +0300] "GET /wp-Owl.php?action=edit&file=uhid.ko.xz&path=//lib/modules/4.18.0-513.24.1.el8_9.x86_64/kernel/drivers/hid HTTP/1.1" 200 616 "-" "Mozilla/5.0 (compatible; MJ12bot/v1.4.8; http://mj12bot.com/)"
193.70.81.106 - - [05/Apr/2025:20:11:45 +0300] "GET /wp-Owl.php?action=edit&file=nd_pmem.ko.xz&path=//lib/modules/4.18.0-513.24.1.el8_9.x86_64/kernel/drivers/nvdimm HTTP/1.1" 200 619 "-" "Mozilla/5.0 (compatible; MJ12bot/v1.4.8; http://mj12bot.com/)"
147.135.213.175 - - [05/Apr/2025:20:11:46 +0300] "GET /wp-Owl.php?action=edit&file=uio.ko.xz&path=//lib/modules/4.18.0-513.18.1.lve.2.el8.x86_64/kernel/drivers/uio HTTP/1.1" 200 615 "-" "Mozilla/5.0 (compatible; MJ12bot/v1.4.8; http://mj12bot.com/)"
193.70.81.106 - - [05/Apr/2025:20:11:47 +0300] "GET /wp-Owl.php?action=edit&file=net_failover.ko.xz&path=//lib/modules/4.18.0-513.24.1.el8_9.x86_64/kernel/drivers/net HTTP/1.1" 200 621 "-" "Mozilla/5.0 (compatible; MJ12bot/v1.4.8; http://mj12bot.com/)"
147.135.213.175 - - [05/Apr/2025:20:11:47 +0300] "GET /wp-Owl.php?action=edit&file=uio.ko.xz&path=//lib/modules/4.18.0-513.24.1.el8_9.x86_64/kernel/drivers/uio HTTP/1.1" 200 615 "-" "Mozilla/5.0 (compatible; MJ12bot/v1.4.8; http://mj12bot.com/)"
193.70.81.106 - - [05/Apr/2025:20:11:48 +0300] "GET /wp-Owl.php?action=edit&file=netconsole.ko.xz&path=//lib/modules/4.18.0-513.24.1.el8_9.x86_64/kernel/drivers/net HTTP/1.1" 200 619 "-" "Mozilla/5.0 (compatible; MJ12bot/v1.4.8; http://mj12bot.com/)"
147.135.213.175 - - [05/Apr/2025:20:11:49 +0300] "GET /wp-Owl.php?action=edit&file=uio_aec.ko.xz&path=//lib/modules/4.18.0-513.18.1.lve.2.el8.x86_64/kernel/drivers/uio HTTP/1.1" 200 619 "-" "Mozilla/5.0 (compatible; MJ12bot/v1.4.8; http://mj12bot.com/)"
193.70.81.106 - - [05/Apr/2025:20:11:50 +0300] "GET /wp-Owl.php?action=edit&file=netlink_diag.ko.xz&path=//lib/modules/4.18.0-513.18.1.lve.2.el8.x86_64/kernel/net/netlink HTTP/1.1" 200 622 "-" "Mozilla/5.0 (compatible; MJ12bot/v1.4.8; http://mj12bot.com/)"
147.135.213.175 - - [05/Apr/2025:20:11:50 +0300] "GET /wp-Owl.php?action=edit&file=uio_aec.ko.xz&path=//lib/modules/4.18.0-513.24.1.el8_9.x86_64/kernel/drivers/uio HTTP/1.1" 200 619 "-" "Mozilla/5.0 (compatible; MJ12bot/v1.4.8; http://mj12bot.com/)"
94.102.49.19 - - [05/Apr/2025:20:11:51 +0300] "POST /wp-json/litespeed/v1/cdn_status HTTP/1.1" 404 796 "-" "Mozilla/5.0 (X11; Linux x86_64; rv:109.0) Gecko/20100101 Firefox/114.3"
147.135.213.175 - - [05/Apr/2025:20:11:52 +0300] "GET /wp-Owl.php?action=edit&file=uio_cif.ko.xz&path=//lib/modules/4.18.0-513.18.1.lve.2.el8.x86_64/kernel/drivers/uio HTTP/1.1" 200 619 "-" "Mozilla/5.0 (compatible; MJ12bot/v1.4.8; http://mj12bot.com/)"
193.70.81.106 - - [05/Apr/2025:20:11:53 +0300] "GET /wp-Owl.php?action=edit&file=nf_conncount.ko.xz&path=//lib/modules/4.18.0-513.18.1.lve.2.el8.x86_64/kernel/net/netfilter HTTP/1.1" 200 621 "-" "Mozilla/5.0 (compatible; MJ12bot/v1.4.8; http://mj12bot.com/)"
147.135.213.175 - - [05/Apr/2025:20:11:53 +0300] "GET /wp-Owl.php?action=edit&file=uio_cif.ko.xz&path=//lib/modules/4.18.0-513.24.1.el8_9.x86_64/kernel/drivers/uio HTTP/1.1" 200 619 "-" "Mozilla/5.0 (compatible; MJ12bot/v1.4.8; http://mj12bot.com/)"
193.70.81.106 - - [05/Apr/2025:20:11:54 +0300] "GET /wp-Owl.php?action=edit&file=nf_conntrack.ko.xz&path=//lib/modules/4.18.0-513.18.1.lve.2.el8.x86_64/kernel/net/netfilter HTTP/1.1" 200 621 "-" "Mozilla/5.0 (compatible; MJ12bot/v1.4.8; http://mj12bot.com/)"
147.135.213.175 - - [05/Apr/2025:20:11:55 +0300] "GET /wp-Owl.php?action=edit&file=uio_hv_generic.ko.xz&path=//lib/modules/4.18.0-513.18.1.lve.2.el8.x86_64/kernel/drivers/uio HTTP/1.1" 200 623 "-" "Mozilla/5.0 (compatible; MJ12bot/v1.4.8; http://mj12bot.com/)"
193.70.81.106 - - [05/Apr/2025:20:11:56 +0300] "GET /wp-Owl.php?action=edit&file=nf_conntrack_amanda.ko.xz&path=//lib/modules/4.18.0-513.18.1.lve.2.el8.x86_64/kernel/net/netfilter HTTP/1.1" 200 626 "-" "Mozilla/5.0 (compatible; MJ12bot/v1.4.8; http://mj12bot.com/)"
147.135.213.175 - - [05/Apr/2025:20:11:56 +0300] "GET /wp-Owl.php?action=edit&file=uio_hv_generic.ko.xz&path=//lib/modules/4.18.0-513.24.1.el8_9.x86_64/kernel/drivers/uio HTTP/1.1" 200 623 "-" "Mozilla/5.0 (compatible; MJ12bot/v1.4.8; http://mj12bot.com/)"
193.70.81.106 - - [05/Apr/2025:20:11:57 +0300] "GET /wp-Owl.php?action=edit&file=nf_conntrack_broadcast.ko.xz&path=//lib/modules/4.18.0-513.18.1.lve.2.el8.x86_64/kernel/net/netfilter HTTP/1.1" 200 629 "-" "Mozilla/5.0 (compatible; MJ12bot/v1.4.8; http://mj12bot.com/)"
147.135.213.175 - - [05/Apr/2025:20:11:58 +0300] "GET /wp-Owl.php?action=edit&file=uio_pci_generic.ko.xz&path=//lib/modules/4.18.0-513.18.1.lve.2.el8.x86_64/kernel/drivers/uio HTTP/1.1" 200 624 "-" "Mozilla/5.0 (compatible; MJ12bot/v1.4.8; http://mj12bot.com/)"
193.70.81.106 - - [05/Apr/2025:20:11:59 +0300] "GET /wp-Owl.php?action=edit&file=nf_conntrack_ftp.ko.xz&path=//lib/modules/4.18.0-513.18.1.lve.2.el8.x86_64/kernel/net/netfilter HTTP/1.1" 200 625 "-" "Mozilla/5.0 (compatible; MJ12bot/v1.4.8; http://mj12bot.com/)"
147.135.213.175 - - [05/Apr/2025:20:11:59 +0300] "GET /wp-Owl.php?action=edit&file=uio_pci_generic.ko.xz&path=//lib/modules/4.18.0-513.24.1.el8_9.x86_64/kernel/drivers/uio HTTP/1.1" 200 624 "-" "Mozilla/5.0 (compatible; MJ12bot/v1.4.8; http://mj12bot.com/)"
193.70.81.106 - - [05/Apr/2025:20:12:00 +0300] "GET /wp-Owl.php?action=edit&file=nf_conntrack_h323.ko.xz&path=//lib/modules/4.18.0-513.18.1.lve.2.el8.x86_64/kernel/net/netfilter HTTP/1.1" 200 626 "-" "Mozilla/5.0 (compatible; MJ12bot/v1.4.8; http://mj12bot.com/)"
147.135.213.175 - - [05/Apr/2025:20:12:01 +0300] "GET /wp-Owl.php?action=edit&file=uio_pdrv_genirq.ko.xz&path=//lib/modules/4.18.0-513.18.1.lve.2.el8.x86_64/kernel/drivers/uio HTTP/1.1" 200 625 "-" "Mozilla/5.0 (compatible; MJ12bot/v1.4.8; http://mj12bot.com/)"
193.70.81.106 - - [05/Apr/2025:20:12:02 +0300] "GET /wp-Owl.php?action=edit&file=nf_conntrack_irc.ko.xz&path=//lib/modules/4.18.0-513.18.1.lve.2.el8.x86_64/kernel/net/netfilter HTTP/1.1" 200 624 "-" "Mozilla/5.0 (compatible; MJ12bot/v1.4.8; http://mj12bot.com/)"
147.135.213.175 - - [05/Apr/2025:20:12:02 +0300] "GET /wp-Owl.php?action=edit&file=uio_pdrv_genirq.ko.xz&path=//lib/modules/4.18.0-513.24.1.el8_9.x86_64/kernel/drivers/uio HTTP/1.1" 200 625 "-" "Mozilla/5.0 (compatible; MJ12bot/v1.4.8; http://mj12bot.com/)"
193.70.81.106 - - [05/Apr/2025:20:12:03 +0300] "GET /wp-Owl.php?action=edit&file=nf_conntrack_netbios_ns.ko.xz&path=//lib/modules/4.18.0-513.18.1.lve.2.el8.x86_64/kernel/net/netfilter HTTP/1.1" 200 629 "-" "Mozilla/5.0 (compatible; MJ12bot/v1.4.8; http://mj12bot.com/)"
147.135.213.175 - - [05/Apr/2025:20:12:04 +0300] "GET /wp-Owl.php?action=edit&file=uio_sercos3.ko.xz&path=//lib/modules/4.18.0-513.18.1.lve.2.el8.x86_64/kernel/drivers/uio HTTP/1.1" 200 622 "-" "Mozilla/5.0 (compatible; MJ12bot/v1.4.8; http://mj12bot.com/)"
193.70.81.106 - - [05/Apr/2025:20:12:05 +0300] "GET /wp-Owl.php?action=edit&file=nf_conntrack_netlink.ko.xz&path=//lib/modules/4.18.0-513.18.1.lve.2.el8.x86_64/kernel/net/netfilter HTTP/1.1" 200 627 "-" "Mozilla/5.0 (compatible; MJ12bot/v1.4.8; http://mj12bot.com/)"
147.135.213.175 - - [05/Apr/2025:20:12:05 +0300] "GET /wp-Owl.php?action=edit&file=uio_sercos3.ko.xz&path=//lib/modules/4.18.0-513.24.1.el8_9.x86_64/kernel/drivers/uio HTTP/1.1" 200 622 "-" "Mozilla/5.0 (compatible; MJ12bot/v1.4.8; http://mj12bot.com/)"
193.70.81.106 - - [05/Apr/2025:20:12:06 +0300] "GET /wp-Owl.php?action=edit&file=nf_conntrack_pptp.ko.xz&path=//lib/modules/4.18.0-513.18.1.lve.2.el8.x86_64/kernel/net/netfilter HTTP/1.1" 200 625 "-" "Mozilla/5.0 (compatible; MJ12bot/v1.4.8; http://mj12bot.com/)"
147.135.213.175 - - [05/Apr/2025:20:12:07 +0300] "GET /wp-Owl.php?action=edit&file=umc.ko.xz&path=//lib/modules/4.18.0-513.18.1.lve.2.el8.x86_64/kernel/drivers/uwb HTTP/1.1" 200 616 "-" "Mozilla/5.0 (compatible; MJ12bot/v1.4.8; http://mj12bot.com/)"
193.70.81.106 - - [05/Apr/2025:20:12:08 +0300] "GET /wp-Owl.php?action=edit&file=nf_conntrack_sane.ko.xz&path=//lib/modules/4.18.0-513.18.1.lve.2.el8.x86_64/kernel/net/netfilter HTTP/1.1" 200 625 "-" "Mozilla/5.0 (compatible; MJ12bot/v1.4.8; http://mj12bot.com/)"
147.135.213.175 - - [05/Apr/2025:20:12:08 +0300] "GET /wp-Owl.php?action=edit&file=umc.ko.xz&path=//lib/modules/4.18.0-513.24.1.el8_9.x86_64/kernel/drivers/uwb HTTP/1.1" 200 616 "-" "Mozilla/5.0 (compatible; MJ12bot/v1.4.8; http://mj12bot.com/)"
193.70.81.106 - - [05/Apr/2025:20:12:09 +0300] "GET /wp-Owl.php?action=edit&file=nf_conntrack_sip.ko.xz&path=//lib/modules/4.18.0-513.18.1.lve.2.el8.x86_64/kernel/net/netfilter HTTP/1.1" 200 625 "-" "Mozilla/5.0 (compatible; MJ12bot/v1.4.8; http://mj12bot.com/)"
147.135.213.175 - - [05/Apr/2025:20:12:10 +0300] "GET /wp-Owl.php?action=edit&file=unix_diag.ko.xz&path=//lib/modules/4.18.0-513.18.1.lve.2.el8.x86_64/kernel/net/unix HTTP/1.1" 200 620 "-" "Mozilla/5.0 (compatible; MJ12bot/v1.4.8; http://mj12bot.com/)"
193.70.81.106 - - [05/Apr/2025:20:12:11 +0300] "GET /wp-Owl.php?action=edit&file=nf_conntrack_snmp.ko.xz&path=//lib/modules/4.18.0-513.18.1.lve.2.el8.x86_64/kernel/net/netfilter HTTP/1.1" 200 625 "-" "Mozilla/5.0 (compatible; MJ12bot/v1.4.8; http://mj12bot.com/)"
147.135.213.175 - - [05/Apr/2025:20:12:11 +0300] "GET /wp-Owl.php?action=edit&file=uv_mmtimer.ko.xz&path=//lib/modules/4.18.0-513.24.1.el8_9.x86_64/kernel/drivers/char HTTP/1.1" 200 621 "-" "Mozilla/5.0 (compatible; MJ12bot/v1.4.8; http://mj12bot.com/)"
193.70.81.106 - - [05/Apr/2025:20:12:12 +0300] "GET /wp-Owl.php?action=edit&file=nf_conntrack_tftp.ko.xz&path=//lib/modules/4.18.0-513.18.1.lve.2.el8.x86_64/kernel/net/netfilter HTTP/1.1" 200 625 "-" "Mozilla/5.0 (compatible; MJ12bot/v1.4.8; http://mj12bot.com/)"
147.135.213.175 - - [05/Apr/2025:20:12:13 +0300] "GET /wp-Owl.php?action=edit&file=uwb.ko.xz&path=//lib/modules/4.18.0-513.18.1.lve.2.el8.x86_64/kernel/drivers/uwb HTTP/1.1" 200 616 "-" "Mozilla/5.0 (compatible; MJ12bot/v1.4.8; http://mj12bot.com/)"
193.70.81.106 - - [05/Apr/2025:20:12:14 +0300] "GET /wp-Owl.php?action=edit&file=nf_defrag_ipv4.ko.xz&path=//lib/modules/4.18.0-513.24.1.el8_9.x86_64/kernel/net/ipv4/netfilter HTTP/1.1" 200 624 "-" "Mozilla/5.0 (compatible; MJ12bot/v1.4.8; http://mj12bot.com/)"
147.135.213.175 - - [05/Apr/2025:20:12:14 +0300] "GET /wp-Owl.php?action=edit&file=uwb.ko.xz&path=//lib/modules/4.18.0-513.24.1.el8_9.x86_64/kernel/drivers/uwb HTTP/1.1" 200 616 "-" "Mozilla/5.0 (compatible; MJ12bot/v1.4.8; http://mj12bot.com/)"
193.70.81.106 - - [05/Apr/2025:20:12:15 +0300] "GET /wp-Owl.php?action=edit&file=nf_defrag_ipv6.ko.xz&path=//lib/modules/4.18.0-513.24.1.el8_9.x86_64/kernel/net/ipv6/netfilter HTTP/1.1" 200 624 "-" "Mozilla/5.0 (compatible; MJ12bot/v1.4.8; http://mj12bot.com/)"
147.135.213.175 - - [05/Apr/2025:20:12:15 +0300] "GET /wp-Owl.php?action=edit&file=vdpa.ko.xz&path=//lib/modules/4.18.0-513.18.1.lve.2.el8.x86_64/kernel/drivers/vdpa HTTP/1.1" 200 616 "-" "Mozilla/5.0 (compatible; MJ12bot/v1.4.8; http://mj12bot.com/)"
193.70.81.106 - - [05/Apr/2025:20:12:17 +0300] "GET /wp-Owl.php?action=edit&file=nf_dup_ipv4.ko.xz&path=//lib/modules/4.18.0-513.24.1.el8_9.x86_64/kernel/net/ipv4/netfilter HTTP/1.1" 200 622 "-" "Mozilla/5.0 (compatible; MJ12bot/v1.4.8; http://mj12bot.com/)"
147.135.213.175 - - [05/Apr/2025:20:12:17 +0300] "GET /wp-Owl.php?action=edit&file=vdpa.ko.xz&path=//lib/modules/4.18.0-513.24.1.el8_9.x86_64/kernel/drivers/vdpa HTTP/1.1" 200 616 "-" "Mozilla/5.0 (compatible; MJ12bot/v1.4.8; http://mj12bot.com/)"
193.70.81.106 - - [05/Apr/2025:20:12:18 +0300] "GET /wp-Owl.php?action=edit&file=nf_dup_ipv6.ko.xz&path=//lib/modules/4.18.0-513.24.1.el8_9.x86_64/kernel/net/ipv6/netfilter HTTP/1.1" 200 622 "-" "Mozilla/5.0 (compatible; MJ12bot/v1.4.8; http://mj12bot.com/)"
147.135.213.175 - - [05/Apr/2025:20:12:18 +0300] "GET /wp-Owl.php?action=edit&file=veth.ko.xz&path=//lib/modules/4.18.0-513.24.1.el8_9.x86_64/kernel/drivers/net HTTP/1.1" 200 616 "-" "Mozilla/5.0 (compatible; MJ12bot/v1.4.8; http://mj12bot.com/)"
193.70.81.106 - - [05/Apr/2025:20:12:20 +0300] "GET /wp-Owl.php?action=edit&file=nf_dup_netdev.ko.xz&path=//lib/modules/4.18.0-513.18.1.lve.2.el8.x86_64/kernel/net/netfilter HTTP/1.1" 200 624 "-" "Mozilla/5.0 (compatible; MJ12bot/v1.4.8; http://mj12bot.com/)"
147.135.213.175 - - [05/Apr/2025:20:12:20 +0300] "GET /wp-Owl.php?action=edit&file=vfat.ko.xz&path=//lib/modules/4.18.0-513.18.1.lve.2.el8.x86_64/kernel/fs/fat HTTP/1.1" 200 616 "-" "Mozilla/5.0 (compatible; MJ12bot/v1.4.8; http://mj12bot.com/)"
193.70.81.106 - - [05/Apr/2025:20:12:21 +0300] "GET /wp-Owl.php?action=edit&file=nf_flow_table.ko.xz&path=//lib/modules/4.18.0-513.18.1.lve.2.el8.x86_64/kernel/net/netfilter HTTP/1.1" 200 624 "-" "Mozilla/5.0 (compatible; MJ12bot/v1.4.8; http://mj12bot.com/)"
147.135.213.175 - - [05/Apr/2025:20:12:21 +0300] "GET /wp-Owl.php?action=edit&file=vfio.ko.xz&path=//lib/modules/4.18.0-513.18.1.lve.2.el8.x86_64/kernel/drivers/vfio HTTP/1.1" 200 616 "-" "Mozilla/5.0 (compatible; MJ12bot/v1.4.8; http://mj12bot.com/)"
193.70.81.106 - - [05/Apr/2025:20:12:23 +0300] "GET /wp-Owl.php?action=edit&file=nf_flow_table_inet.ko.xz&path=//lib/modules/4.18.0-513.18.1.lve.2.el8.x86_64/kernel/net/netfilter HTTP/1.1" 200 626 "-" "Mozilla/5.0 (compatible; MJ12bot/v1.4.8; http://mj12bot.com/)"
147.135.213.175 - - [05/Apr/2025:20:12:23 +0300] "GET /wp-Owl.php?action=edit&file=vfio.ko.xz&path=//lib/modules/4.18.0-513.24.1.el8_9.x86_64/kernel/drivers/vfio HTTP/1.1" 200 616 "-" "Mozilla/5.0 (compatible; MJ12bot/v1.4.8; http://mj12bot.com/)"
147.135.213.175 - - [05/Apr/2025:20:12:24 +0300] "GET /wp-Owl.php?action=edit&file=vfio_iommu_type1.ko.xz&path=//lib/modules/4.18.0-513.18.1.lve.2.el8.x86_64/kernel/drivers/vfio HTTP/1.1" 200 625 "-" "Mozilla/5.0 (compatible; MJ12bot/v1.4.8; http://mj12bot.com/)"
193.70.81.106 - - [05/Apr/2025:20:12:24 +0300] "GET /wp-Owl.php?action=edit&file=nf_flow_table_ipv4.ko.xz&path=//lib/modules/4.18.0-513.24.1.el8_9.x86_64/kernel/net/ipv4/netfilter HTTP/1.1" 200 627 "-" "Mozilla/5.0 (compatible; MJ12bot/v1.4.8; http://mj12bot.com/)"
147.135.213.175 - - [05/Apr/2025:20:12:26 +0300] "GET /wp-Owl.php?action=edit&file=vfio_iommu_type1.ko.xz&path=//lib/modules/4.18.0-513.24.1.el8_9.x86_64/kernel/drivers/vfio HTTP/1.1" 200 625 "-" "Mozilla/5.0 (compatible; MJ12bot/v1.4.8; http://mj12bot.com/)"
193.70.81.106 - - [05/Apr/2025:20:12:26 +0300] "GET /wp-Owl.php?action=edit&file=nf_flow_table_ipv6.ko.xz&path=//lib/modules/4.18.0-513.24.1.el8_9.x86_64/kernel/net/ipv6/netfilter HTTP/1.1" 200 627 "-" "Mozilla/5.0 (compatible; MJ12bot/v1.4.8; http://mj12bot.com/)"
147.135.213.175 - - [05/Apr/2025:20:12:27 +0300] "GET /wp-Owl.php?action=edit&file=vfio_virqfd.ko.xz&path=//lib/modules/4.18.0-513.18.1.lve.2.el8.x86_64/kernel/drivers/vfio HTTP/1.1" 200 622 "-" "Mozilla/5.0 (compatible; MJ12bot/v1.4.8; http://mj12bot.com/)"
193.70.81.106 - - [05/Apr/2025:20:12:27 +0300] "GET /wp-Owl.php?action=edit&file=nf_log_syslog.ko.xz&path=//lib/modules/4.18.0-513.18.1.lve.2.el8.x86_64/kernel/net/netfilter HTTP/1.1" 200 623 "-" "Mozilla/5.0 (compatible; MJ12bot/v1.4.8; http://mj12bot.com/)"
147.135.213.175 - - [05/Apr/2025:20:12:28 +0300] "GET /wp-Owl.php?action=edit&file=vfio_virqfd.ko.xz&path=//lib/modules/4.18.0-513.24.1.el8_9.x86_64/kernel/drivers/vfio HTTP/1.1" 200 622 "-" "Mozilla/5.0 (compatible; MJ12bot/v1.4.8; http://mj12bot.com/)"
193.70.81.106 - - [05/Apr/2025:20:12:29 +0300] "GET /wp-Owl.php?action=edit&file=nf_nat.ko.xz&path=//lib/modules/4.18.0-513.18.1.lve.2.el8.x86_64/kernel/net/netfilter HTTP/1.1" 200 618 "-" "Mozilla/5.0 (compatible; MJ12bot/v1.4.8; http://mj12bot.com/)"
147.135.213.175 - - [05/Apr/2025:20:12:30 +0300] "GET /wp-Owl.php?action=edit&file=vhost.ko.xz&path=//lib/modules/4.18.0-513.18.1.lve.2.el8.x86_64/kernel/drivers/vhost HTTP/1.1" 200 617 "-" "Mozilla/5.0 (compatible; MJ12bot/v1.4.8; http://mj12bot.com/)"
193.70.81.106 - - [05/Apr/2025:20:12:30 +0300] "GET /wp-Owl.php?action=edit&file=nf_nat_amanda.ko.xz&path=//lib/modules/4.18.0-513.18.1.lve.2.el8.x86_64/kernel/net/netfilter HTTP/1.1" 200 623 "-" "Mozilla/5.0 (compatible; MJ12bot/v1.4.8; http://mj12bot.com/)"
147.135.213.175 - - [05/Apr/2025:20:12:31 +0300] "GET /wp-Owl.php?action=edit&file=vhost.ko.xz&path=//lib/modules/4.18.0-513.24.1.el8_9.x86_64/kernel/drivers/vhost HTTP/1.1" 200 617 "-" "Mozilla/5.0 (compatible; MJ12bot/v1.4.8; http://mj12bot.com/)"
193.70.81.106 - - [05/Apr/2025:20:12:32 +0300] "GET /wp-Owl.php?action=edit&file=nf_nat_ftp.ko.xz&path=//lib/modules/4.18.0-513.18.1.lve.2.el8.x86_64/kernel/net/netfilter HTTP/1.1" 200 621 "-" "Mozilla/5.0 (compatible; MJ12bot/v1.4.8; http://mj12bot.com/)"
147.135.213.175 - - [05/Apr/2025:20:12:33 +0300] "GET /wp-Owl.php?action=edit&file=vhost_iotlb.ko.xz&path=//lib/modules/4.18.0-513.18.1.lve.2.el8.x86_64/kernel/drivers/vhost HTTP/1.1" 200 621 "-" "Mozilla/5.0 (compatible; MJ12bot/v1.4.8; http://mj12bot.com/)"
193.70.81.106 - - [05/Apr/2025:20:12:33 +0300] "GET /wp-Owl.php?action=edit&file=nf_nat_h323.ko.xz&path=//lib/modules/4.18.0-513.24.1.el8_9.x86_64/kernel/net/ipv4/netfilter HTTP/1.1" 200 623 "-" "Mozilla/5.0 (compatible; MJ12bot/v1.4.8; http://mj12bot.com/)"
147.135.213.175 - - [05/Apr/2025:20:12:34 +0300] "GET /wp-Owl.php?action=edit&file=vhost_iotlb.ko.xz&path=//lib/modules/4.18.0-513.24.1.el8_9.x86_64/kernel/drivers/vhost HTTP/1.1" 200 621 "-" "Mozilla/5.0 (compatible; MJ12bot/v1.4.8; http://mj12bot.com/)"
193.70.81.106 - - [05/Apr/2025:20:12:35 +0300] "GET /wp-Owl.php?action=edit&file=nf_nat_irc.ko.xz&path=//lib/modules/4.18.0-513.18.1.lve.2.el8.x86_64/kernel/net/netfilter HTTP/1.1" 200 621 "-" "Mozilla/5.0 (compatible; MJ12bot/v1.4.8; http://mj12bot.com/)"
147.135.213.175 - - [05/Apr/2025:20:12:36 +0300] "GET /wp-Owl.php?action=edit&file=vhost_net.ko.xz&path=//lib/modules/4.18.0-513.18.1.lve.2.el8.x86_64/kernel/drivers/vhost HTTP/1.1" 200 620 "-" "Mozilla/5.0 (compatible; MJ12bot/v1.4.8; http://mj12bot.com/)"
193.70.81.106 - - [05/Apr/2025:20:12:36 +0300] "GET /wp-Owl.php?action=edit&file=nf_nat_pptp.ko.xz&path=//lib/modules/4.18.0-513.24.1.el8_9.x86_64/kernel/net/ipv4/netfilter HTTP/1.1" 200 622 "-" "Mozilla/5.0 (compatible; MJ12bot/v1.4.8; http://mj12bot.com/)"
147.135.213.175 - - [05/Apr/2025:20:12:37 +0300] "GET /wp-Owl.php?action=edit&file=vhost_net.ko.xz&path=//lib/modules/4.18.0-513.24.1.el8_9.x86_64/kernel/drivers/vhost HTTP/1.1" 200 620 "-" "Mozilla/5.0 (compatible; MJ12bot/v1.4.8; http://mj12bot.com/)"
193.70.81.106 - - [05/Apr/2025:20:12:38 +0300] "GET /wp-Owl.php?action=edit&file=nf_nat_sip.ko.xz&path=//lib/modules/4.18.0-513.18.1.lve.2.el8.x86_64/kernel/net/netfilter HTTP/1.1" 200 621 "-" "Mozilla/5.0 (compatible; MJ12bot/v1.4.8; http://mj12bot.com/)"
147.135.213.175 - - [05/Apr/2025:20:12:39 +0300] "GET /wp-Owl.php?action=edit&file=vhost_vdpa.ko.xz&path=//lib/modules/4.18.0-513.18.1.lve.2.el8.x86_64/kernel/drivers/vhost HTTP/1.1" 200 621 "-" "Mozilla/5.0 (compatible; MJ12bot/v1.4.8; http://mj12bot.com/)"
193.70.81.106 - - [05/Apr/2025:20:12:39 +0300] "GET /wp-Owl.php?action=edit&file=nf_nat_snmp_basic.ko.xz&path=//lib/modules/4.18.0-513.24.1.el8_9.x86_64/kernel/net/ipv4/netfilter HTTP/1.1" 200 626 "-" "Mozilla/5.0 (compatible; MJ12bot/v1.4.8; http://mj12bot.com/)"
147.135.213.175 - - [05/Apr/2025:20:12:40 +0300] "GET /wp-Owl.php?action=edit&file=vhost_vdpa.ko.xz&path=//lib/modules/4.18.0-513.24.1.el8_9.x86_64/kernel/drivers/vhost HTTP/1.1" 200 621 "-" "Mozilla/5.0 (compatible; MJ12bot/v1.4.8; http://mj12bot.com/)"
193.70.81.106 - - [05/Apr/2025:20:12:41 +0300] "GET /wp-Owl.php?action=edit&file=nf_nat_tftp.ko.xz&path=//lib/modules/4.18.0-513.18.1.lve.2.el8.x86_64/kernel/net/netfilter HTTP/1.1" 200 622 "-" "Mozilla/5.0 (compatible; MJ12bot/v1.4.8; http://mj12bot.com/)"
147.135.213.175 - - [05/Apr/2025:20:12:42 +0300] "GET /wp-Owl.php?action=edit&file=vhost_vsock.ko.xz&path=//lib/modules/4.18.0-513.18.1.lve.2.el8.x86_64/kernel/drivers/vhost HTTP/1.1" 200 622 "-" "Mozilla/5.0 (compatible; MJ12bot/v1.4.8; http://mj12bot.com/)"
193.70.81.106 - - [05/Apr/2025:20:12:42 +0300] "GET /wp-Owl.php?action=edit&file=nf_osf.ko.xz&path=//lib/modules/4.18.0-513.18.1.lve.2.el8.x86_64/kernel/net/netfilter HTTP/1.1" 200 618 "-" "Mozilla/5.0 (compatible; MJ12bot/v1.4.8; http://mj12bot.com/)"
147.135.213.175 - - [05/Apr/2025:20:12:43 +0300] "GET /wp-Owl.php?action=edit&file=vhost_vsock.ko.xz&path=//lib/modules/4.18.0-513.24.1.el8_9.x86_64/kernel/drivers/vhost HTTP/1.1" 200 622 "-" "Mozilla/5.0 (compatible; MJ12bot/v1.4.8; http://mj12bot.com/)"
193.70.81.106 - - [05/Apr/2025:20:12:44 +0300] "GET /wp-Owl.php?action=edit&file=nf_reject_ipv4.ko.xz&path=//lib/modules/4.18.0-513.24.1.el8_9.x86_64/kernel/net/ipv4/netfilter HTTP/1.1" 200 625 "-" "Mozilla/5.0 (compatible; MJ12bot/v1.4.8; http://mj12bot.com/)"
147.135.213.175 - - [05/Apr/2025:20:12:45 +0300] "GET /wp-Owl.php?action=edit&file=via-cputemp.ko.xz&path=//lib/modules/4.18.0-513.24.1.el8_9.x86_64/kernel/drivers/hwmon HTTP/1.1" 200 621 "-" "Mozilla/5.0 (compatible; MJ12bot/v1.4.8; http://mj12bot.com/)"
193.70.81.106 - - [05/Apr/2025:20:12:45 +0300] "GET /wp-Owl.php?action=edit&file=nf_reject_ipv6.ko.xz&path=//lib/modules/4.18.0-513.24.1.el8_9.x86_64/kernel/net/ipv6/netfilter HTTP/1.1" 200 625 "-" "Mozilla/5.0 (compatible; MJ12bot/v1.4.8; http://mj12bot.com/)"
147.135.213.175 - - [05/Apr/2025:20:12:46 +0300] "GET /wp-Owl.php?action=edit&file=via686a.ko.xz&path=//lib/modules/4.18.0-513.24.1.el8_9.x86_64/kernel/drivers/hwmon HTTP/1.1" 200 619 "-" "Mozilla/5.0 (compatible; MJ12bot/v1.4.8; http://mj12bot.com/)"
193.70.81.106 - - [05/Apr/2025:20:12:47 +0300] "GET /wp-Owl.php?action=edit&file=nf_socket_ipv4.ko.xz&path=//lib/modules/4.18.0-513.24.1.el8_9.x86_64/kernel/net/ipv4/netfilter HTTP/1.1" 200 625 "-" "Mozilla/5.0 (compatible; MJ12bot/v1.4.8; http://mj12bot.com/)"
147.135.213.175 - - [05/Apr/2025:20:12:47 +0300] "GET /wp-Owl.php?action=edit&file=via_wdt.ko.xz&path=//lib/modules/4.18.0-513.18.1.lve.2.el8.x86_64/kernel/drivers/watchdog HTTP/1.1" 200 619 "-" "Mozilla/5.0 (compatible; MJ12bot/v1.4.8; http://mj12bot.com/)"
193.70.81.106 - - [05/Apr/2025:20:12:48 +0300] "GET /wp-Owl.php?action=edit&file=nf_socket_ipv6.ko.xz&path=//lib/modules/4.18.0-513.24.1.el8_9.x86_64/kernel/net/ipv6/netfilter HTTP/1.1" 200 625 "-" "Mozilla/5.0 (compatible; MJ12bot/v1.4.8; http://mj12bot.com/)"
147.135.213.175 - - [05/Apr/2025:20:12:49 +0300] "GET /wp-Owl.php?action=edit&file=via_wdt.ko.xz&path=//lib/modules/4.18.0-513.24.1.el8_9.x86_64/kernel/drivers/watchdog HTTP/1.1" 200 619 "-" "Mozilla/5.0 (compatible; MJ12bot/v1.4.8; http://mj12bot.com/)"
193.70.81.106 - - [05/Apr/2025:20:12:50 +0300] "GET /wp-Owl.php?action=edit&file=nf_synproxy_core.ko.xz&path=//lib/modules/4.18.0-513.18.1.lve.2.el8.x86_64/kernel/net/netfilter HTTP/1.1" 200 626 "-" "Mozilla/5.0 (compatible; MJ12bot/v1.4.8; http://mj12bot.com/)"
147.135.213.175 - - [05/Apr/2025:20:12:50 +0300] "GET /wp-Owl.php?action=edit&file=video.ko.xz&path=//lib/modules/4.18.0-513.24.1.el8_9.x86_64/kernel/drivers/acpi HTTP/1.1" 200 616 "-" "Mozilla/5.0 (compatible; MJ12bot/v1.4.8; http://mj12bot.com/)"
193.70.81.106 - - [05/Apr/2025:20:12:51 +0300] "GET /wp-Owl.php?action=edit&file=nf_tables.ko.xz&path=//lib/modules/4.18.0-513.18.1.lve.2.el8.x86_64/kernel/net/netfilter HTTP/1.1" 200 620 "-" "Mozilla/5.0 (compatible; MJ12bot/v1.4.8; http://mj12bot.com/)"
147.135.213.175 - - [05/Apr/2025:20:12:52 +0300] "GET /wp-Owl.php?action=edit&file=viperboard.ko.xz&path=//lib/modules/4.18.0-513.24.1.el8_9.x86_64/kernel/drivers/mfd HTTP/1.1" 200 620 "-" "Mozilla/5.0 (compatible; MJ12bot/v1.4.8; http://mj12bot.com/)"
193.70.81.106 - - [05/Apr/2025:20:12:53 +0300] "GET /wp-Owl.php?action=edit&file=nf_tables_set.ko.xz&path=//lib/modules/4.18.0-513.18.1.lve.2.el8.x86_64/kernel/net/netfilter HTTP/1.1" 200 624 "-" "Mozilla/5.0 (compatible; MJ12bot/v1.4.8; http://mj12bot.com/)"
147.135.213.175 - - [05/Apr/2025:20:12:53 +0300] "GET /wp-Owl.php?action=edit&file=virtio_balloon.ko.xz&path=//lib/modules/4.18.0-513.18.1.lve.2.el8.x86_64/kernel/drivers/virtio HTTP/1.1" 200 623 "-" "Mozilla/5.0 (compatible; MJ12bot/v1.4.8; http://mj12bot.com/)"
193.70.81.106 - - [05/Apr/2025:20:12:55 +0300] "GET /wp-Owl.php?action=edit&file=nf_tproxy_ipv4.ko.xz&path=//lib/modules/4.18.0-513.24.1.el8_9.x86_64/kernel/net/ipv4/netfilter HTTP/1.1" 200 625 "-" "Mozilla/5.0 (compatible; MJ12bot/v1.4.8; http://mj12bot.com/)"
147.135.213.175 - - [05/Apr/2025:20:12:55 +0300] "GET /wp-Owl.php?action=edit&file=virtio_balloon.ko.xz&path=//lib/modules/4.18.0-513.24.1.el8_9.x86_64/kernel/drivers/virtio HTTP/1.1" 200 623 "-" "Mozilla/5.0 (compatible; MJ12bot/v1.4.8; http://mj12bot.com/)"
193.70.81.106 - - [05/Apr/2025:20:12:56 +0300] "GET /wp-Owl.php?action=edit&file=nf_tproxy_ipv6.ko.xz&path=//lib/modules/4.18.0-513.24.1.el8_9.x86_64/kernel/net/ipv6/netfilter HTTP/1.1" 200 625 "-" "Mozilla/5.0 (compatible; MJ12bot/v1.4.8; http://mj12bot.com/)"
147.135.213.175 - - [05/Apr/2025:20:12:56 +0300] "GET /wp-Owl.php?action=edit&file=virtio_blk.ko.xz&path=//lib/modules/4.18.0-513.24.1.el8_9.x86_64/kernel/drivers/block HTTP/1.1" 200 621 "-" "Mozilla/5.0 (compatible; MJ12bot/v1.4.8; http://mj12bot.com/)"
193.70.81.106 - - [05/Apr/2025:20:12:57 +0300] "GET /wp-Owl.php?action=edit&file=nfnetlink.ko.xz&path=//lib/modules/4.18.0-513.18.1.lve.2.el8.x86_64/kernel/net/netfilter HTTP/1.1" 200 620 "-" "Mozilla/5.0 (compatible; MJ12bot/v1.4.8; http://mj12bot.com/)"
147.135.213.175 - - [05/Apr/2025:20:12:58 +0300] "GET /wp-Owl.php?action=edit&file=virtio_scsi.ko.xz&path=//lib/modules/4.18.0-513.18.1.lve.2.el8.x86_64/kernel/drivers/scsi HTTP/1.1" 200 621 "-" "Mozilla/5.0 (compatible; MJ12bot/v1.4.8; http://mj12bot.com/)"
193.70.81.106 - - [05/Apr/2025:20:12:59 +0300] "GET /wp-Owl.php?action=edit&file=nfnetlink_cthelper.ko.xz&path=//lib/modules/4.18.0-513.18.1.lve.2.el8.x86_64/kernel/net/netfilter HTTP/1.1" 200 626 "-" "Mozilla/5.0 (compatible; MJ12bot/v1.4.8; http://mj12bot.com/)"
147.135.213.175 - - [05/Apr/2025:20:12:59 +0300] "GET /wp-Owl.php?action=edit&file=virtio_scsi.ko.xz&path=//lib/modules/4.18.0-513.24.1.el8_9.x86_64/kernel/drivers/scsi HTTP/1.1" 200 621 "-" "Mozilla/5.0 (compatible; MJ12bot/v1.4.8; http://mj12bot.com/)"
193.70.81.106 - - [05/Apr/2025:20:13:00 +0300] "GET /wp-Owl.php?action=edit&file=nfnetlink_cttimeout.ko.xz&path=//lib/modules/4.18.0-513.18.1.lve.2.el8.x86_64/kernel/net/netfilter HTTP/1.1" 200 627 "-" "Mozilla/5.0 (compatible; MJ12bot/v1.4.8; http://mj12bot.com/)"
147.135.213.175 - - [05/Apr/2025:20:13:00 +0300] "GET /wp-Owl.php?action=edit&file=virtio_snd.ko.xz&path=//lib/modules/4.18.0-513.18.1.lve.2.el8.x86_64/kernel/sound/virtio HTTP/1.1" 200 621 "-" "Mozilla/5.0 (compatible; MJ12bot/v1.4.8; http://mj12bot.com/)"
193.70.81.106 - - [05/Apr/2025:20:13:02 +0300] "GET /wp-Owl.php?action=edit&file=nfnetlink_log.ko.xz&path=//lib/modules/4.18.0-513.18.1.lve.2.el8.x86_64/kernel/net/netfilter HTTP/1.1" 200 623 "-" "Mozilla/5.0 (compatible; MJ12bot/v1.4.8; http://mj12bot.com/)"
147.135.213.175 - - [05/Apr/2025:20:13:02 +0300] "GET /wp-Owl.php?action=edit&file=virtio_vdpa.ko.xz&path=//lib/modules/4.18.0-513.18.1.lve.2.el8.x86_64/kernel/drivers/virtio HTTP/1.1" 200 621 "-" "Mozilla/5.0 (compatible; MJ12bot/v1.4.8; http://mj12bot.com/)"
147.135.213.175 - - [05/Apr/2025:20:13:03 +0300] "GET /wp-Owl.php?action=edit&file=virtio_vdpa.ko.xz&path=//lib/modules/4.18.0-513.24.1.el8_9.x86_64/kernel/drivers/virtio HTTP/1.1" 200 621 "-" "Mozilla/5.0 (compatible; MJ12bot/v1.4.8; http://mj12bot.com/)"
193.70.81.106 - - [05/Apr/2025:20:13:03 +0300] "GET /wp-Owl.php?action=edit&file=nfnetlink_queue.ko.xz&path=//lib/modules/4.18.0-513.18.1.lve.2.el8.x86_64/kernel/net/netfilter HTTP/1.1" 200 625 "-" "Mozilla/5.0 (compatible; MJ12bot/v1.4.8; http://mj12bot.com/)"
147.135.213.175 - - [05/Apr/2025:20:13:05 +0300] "GET /wp-Owl.php?action=edit&file=virtiofs.ko.xz&path=//lib/modules/4.18.0-513.18.1.lve.2.el8.x86_64/kernel/fs/fuse HTTP/1.1" 200 619 "-" "Mozilla/5.0 (compatible; MJ12bot/v1.4.8; http://mj12bot.com/)"
147.135.213.175 - - [05/Apr/2025:20:13:06 +0300] "GET /wp-Owl.php?action=edit&file=vmw_balloon.ko.xz&path=//lib/modules/4.18.0-513.24.1.el8_9.x86_64/kernel/drivers/misc HTTP/1.1" 200 622 "-" "Mozilla/5.0 (compatible; MJ12bot/v1.4.8; http://mj12bot.com/)"
193.70.81.106 - - [05/Apr/2025:20:13:06 +0300] "GET /wp-Owl.php?action=edit&file=nfs.ko.xz&path=//lib/modules/4.18.0-513.18.1.lve.2.el8.x86_64/kernel/fs/nfs HTTP/1.1" 200 616 "-" "Mozilla/5.0 (compatible; MJ12bot/v1.4.8; http://mj12bot.com/)"
147.135.213.175 - - [05/Apr/2025:20:13:07 +0300] "GET /wp-Owl.php?action=edit&file=vmw_pvscsi.ko.xz&path=//lib/modules/4.18.0-513.18.1.lve.2.el8.x86_64/kernel/drivers/scsi HTTP/1.1" 200 621 "-" "Mozilla/5.0 (compatible; MJ12bot/v1.4.8; http://mj12bot.com/)"
66.249.66.75 - - [05/Apr/2025:20:09:53 +0300] "GET /?_ga=2.198040047.1958808748.1721886654-862398307.1699453578&_bdsid=2ulvIJ.n~ZXCIW.1721886656070.1721886848&_bd_prev_page=http://mixylife.com/detail.php?86460197024.htm HTTP/1.1" 200 2690 "-" "Mozilla/5.0 (Linux; Android 6.0.1; Nexus 5X Build/MMB29P) AppleWebKit/537.36 (KHTML, like Gecko) Chrome/134.0.6998.165 Mobile Safari/537.36 (compatible; Googlebot/2.1; +http://www.google.com/bot.html)"
193.70.81.106 - - [05/Apr/2025:20:13:08 +0300] "GET /wp-Owl.php?action=edit&file=nfs_acl.ko.xz&path=//lib/modules/4.18.0-513.18.1.lve.2.el8.x86_64/kernel/fs/nfs_common HTTP/1.1" 200 619 "-" "Mozilla/5.0 (compatible; MJ12bot/v1.4.8; http://mj12bot.com/)"
147.135.213.175 - - [05/Apr/2025:20:13:09 +0300] "GET /wp-Owl.php?action=edit&file=vmw_pvscsi.ko.xz&path=//lib/modules/4.18.0-513.24.1.el8_9.x86_64/kernel/drivers/scsi HTTP/1.1" 200 621 "-" "Mozilla/5.0 (compatible; MJ12bot/v1.4.8; http://mj12bot.com/)"
193.70.81.106 - - [05/Apr/2025:20:13:10 +0300] "GET /wp-Owl.php?action=edit&file=nfs_layout_flexfiles.ko.xz&path=//lib/modules/4.18.0-513.24.1.el8_9.x86_64/kernel/fs/nfs/flexfilelayout HTTP/1.1" 200 627 "-" "Mozilla/5.0 (compatible; MJ12bot/v1.4.8; http://mj12bot.com/)"
147.135.213.175 - - [05/Apr/2025:20:13:10 +0300] "GET /wp-Owl.php?action=edit&file=vmw_vsock_virtio_transport.ko.xz&path=//lib/modules/4.18.0-513.18.1.lve.2.el8.x86_64/kernel/net/vmw_vsock HTTP/1.1" 200 633 "-" "Mozilla/5.0 (compatible; MJ12bot/v1.4.8; http://mj12bot.com/)"
193.70.81.106 - - [05/Apr/2025:20:13:11 +0300] "GET /wp-Owl.php?action=edit&file=nfs_layout_nfsv41_files.ko.xz&path=//lib/modules/4.18.0-513.24.1.el8_9.x86_64/kernel/fs/nfs/filelayout HTTP/1.1" 200 630 "-" "Mozilla/5.0 (compatible; MJ12bot/v1.4.8; http://mj12bot.com/)"
147.135.213.175 - - [05/Apr/2025:20:13:12 +0300] "GET /wp-Owl.php?action=edit&file=vmw_vsock_virtio_transport_common.ko.xz&path=//lib/modules/4.18.0-513.18.1.lve.2.el8.x86_64/kernel/net/vmw_vsock HTTP/1.1" 200 638 "-" "Mozilla/5.0 (compatible; MJ12bot/v1.4.8; http://mj12bot.com/)"
193.70.81.106 - - [05/Apr/2025:20:13:12 +0300] "GET /wp-Owl.php?action=edit&file=nfsd.ko.xz&path=//lib/modules/4.18.0-513.18.1.lve.2.el8.x86_64/kernel/fs/nfsd HTTP/1.1" 200 616 "-" "Mozilla/5.0 (compatible; MJ12bot/v1.4.8; http://mj12bot.com/)"
147.135.213.175 - - [05/Apr/2025:20:13:13 +0300] "GET /wp-Owl.php?action=edit&file=vmw_vsock_vmci_transport.ko.xz&path=//lib/modules/4.18.0-513.18.1.lve.2.el8.x86_64/kernel/net/vmw_vsock HTTP/1.1" 200 632 "-" "Mozilla/5.0 (compatible; MJ12bot/v1.4.8; http://mj12bot.com/)"
193.70.81.106 - - [05/Apr/2025:20:13:14 +0300] "GET /wp-Owl.php?action=edit&file=nfsv3.ko.xz&path=//lib/modules/4.18.0-513.18.1.lve.2.el8.x86_64/kernel/fs/nfs HTTP/1.1" 200 617 "-" "Mozilla/5.0 (compatible; MJ12bot/v1.4.8; http://mj12bot.com/)"
147.135.213.175 - - [05/Apr/2025:20:13:14 +0300] "GET /wp-Owl.php?action=edit&file=vport-geneve.ko.xz&path=//lib/modules/4.18.0-513.18.1.lve.2.el8.x86_64/kernel/net/openvswitch HTTP/1.1" 200 621 "-" "Mozilla/5.0 (compatible; MJ12bot/v1.4.8; http://mj12bot.com/)"
193.70.81.106 - - [05/Apr/2025:20:13:16 +0300] "GET /wp-Owl.php?action=edit&file=nfsv4.ko.xz&path=//lib/modules/4.18.0-513.18.1.lve.2.el8.x86_64/kernel/fs/nfs HTTP/1.1" 200 618 "-" "Mozilla/5.0 (compatible; MJ12bot/v1.4.8; http://mj12bot.com/)"
147.135.213.175 - - [05/Apr/2025:20:13:16 +0300] "GET /wp-Owl.php?action=edit&file=vport-gre.ko.xz&path=//lib/modules/4.18.0-513.18.1.lve.2.el8.x86_64/kernel/net/openvswitch HTTP/1.1" 200 619 "-" "Mozilla/5.0 (compatible; MJ12bot/v1.4.8; http://mj12bot.com/)"
193.70.81.106 - - [05/Apr/2025:20:13:17 +0300] "GET /wp-Owl.php?action=edit&file=nft_chain_nat.ko.xz&path=//lib/modules/4.18.0-513.18.1.lve.2.el8.x86_64/kernel/net/netfilter HTTP/1.1" 200 623 "-" "Mozilla/5.0 (compatible; MJ12bot/v1.4.8; http://mj12bot.com/)"
147.135.213.175 - - [05/Apr/2025:20:13:17 +0300] "GET /wp-Owl.php?action=edit&file=vport-vxlan.ko.xz&path=//lib/modules/4.18.0-513.18.1.lve.2.el8.x86_64/kernel/net/openvswitch HTTP/1.1" 200 621 "-" "Mozilla/5.0 (compatible; MJ12bot/v1.4.8; http://mj12bot.com/)"
193.70.81.106 - - [05/Apr/2025:20:13:19 +0300] "GET /wp-Owl.php?action=edit&file=nft_compat.ko.xz&path=//lib/modules/4.18.0-513.18.1.lve.2.el8.x86_64/kernel/net/netfilter HTTP/1.1" 200 621 "-" "Mozilla/5.0 (compatible; MJ12bot/v1.4.8; http://mj12bot.com/)"
147.135.213.175 - - [05/Apr/2025:20:13:19 +0300] "GET /wp-Owl.php?action=edit&file=vrf.ko.xz&path=//lib/modules/4.18.0-513.24.1.el8_9.x86_64/kernel/drivers/net HTTP/1.1" 200 615 "-" "Mozilla/5.0 (compatible; MJ12bot/v1.4.8; http://mj12bot.com/)"
193.70.81.106 - - [05/Apr/2025:20:13:20 +0300] "GET /wp-Owl.php?action=edit&file=nft_connlimit.ko.xz&path=//lib/modules/4.18.0-513.18.1.lve.2.el8.x86_64/kernel/net/netfilter HTTP/1.1" 200 622 "-" "Mozilla/5.0 (compatible; MJ12bot/v1.4.8; http://mj12bot.com/)"
147.135.213.175 - - [05/Apr/2025:20:13:20 +0300] "GET /wp-Owl.php?action=edit&file=vringh.ko.xz&path=//lib/modules/4.18.0-513.18.1.lve.2.el8.x86_64/kernel/drivers/vhost HTTP/1.1" 200 618 "-" "Mozilla/5.0 (compatible; MJ12bot/v1.4.8; http://mj12bot.com/)"
193.70.81.106 - - [05/Apr/2025:20:13:21 +0300] "GET /wp-Owl.php?action=edit&file=nft_counter.ko.xz&path=//lib/modules/4.18.0-513.18.1.lve.2.el8.x86_64/kernel/net/netfilter HTTP/1.1" 200 621 "-" "Mozilla/5.0 (compatible; MJ12bot/v1.4.8; http://mj12bot.com/)"
147.135.213.175 - - [05/Apr/2025:20:13:22 +0300] "GET /wp-Owl.php?action=edit&file=vringh.ko.xz&path=//lib/modules/4.18.0-513.24.1.el8_9.x86_64/kernel/drivers/vhost HTTP/1.1" 200 618 "-" "Mozilla/5.0 (compatible; MJ12bot/v1.4.8; http://mj12bot.com/)"
193.70.81.106 - - [05/Apr/2025:20:13:23 +0300] "GET /wp-Owl.php?action=edit&file=nft_ct.ko.xz&path=//lib/modules/4.18.0-513.18.1.lve.2.el8.x86_64/kernel/net/netfilter HTTP/1.1" 200 618 "-" "Mozilla/5.0 (compatible; MJ12bot/v1.4.8; http://mj12bot.com/)"
147.135.213.175 - - [05/Apr/2025:20:13:23 +0300] "GET /wp-Owl.php?action=edit&file=vsock.ko.xz&path=//lib/modules/4.18.0-513.18.1.lve.2.el8.x86_64/kernel/net/vmw_vsock HTTP/1.1" 200 617 "-" "Mozilla/5.0 (compatible; MJ12bot/v1.4.8; http://mj12bot.com/)"
147.135.213.175 - - [05/Apr/2025:20:13:25 +0300] "GET /wp-Owl.php?action=edit&file=vsock_diag.ko.xz&path=//lib/modules/4.18.0-513.18.1.lve.2.el8.x86_64/kernel/net/vmw_vsock HTTP/1.1" 200 621 "-" "Mozilla/5.0 (compatible; MJ12bot/v1.4.8; http://mj12bot.com/)"
193.70.81.106 - - [05/Apr/2025:20:13:25 +0300] "GET /wp-Owl.php?action=edit&file=nft_dup_ipv4.ko.xz&path=//lib/modules/4.18.0-513.24.1.el8_9.x86_64/kernel/net/ipv4/netfilter HTTP/1.1" 200 623 "-" "Mozilla/5.0 (compatible; MJ12bot/v1.4.8; http://mj12bot.com/)"
147.135.213.175 - - [05/Apr/2025:20:13:26 +0300] "GET /wp-Owl.php?action=edit&file=xen_wdt.ko.xz&path=//lib/modules/4.18.0-513.18.1.lve.2.el8.x86_64/kernel/drivers/watchdog HTTP/1.1" 200 619 "-" "Mozilla/5.0 (compatible; MJ12bot/v1.4.8; http://mj12bot.com/)"
193.70.81.106 - - [05/Apr/2025:20:13:26 +0300] "GET /wp-Owl.php?action=edit&file=nft_dup_ipv6.ko.xz&path=//lib/modules/4.18.0-513.24.1.el8_9.x86_64/kernel/net/ipv6/netfilter HTTP/1.1" 200 623 "-" "Mozilla/5.0 (compatible; MJ12bot/v1.4.8; http://mj12bot.com/)"
147.135.213.175 - - [05/Apr/2025:20:13:27 +0300] "GET /wp-Owl.php?action=edit&file=xen_wdt.ko.xz&path=//lib/modules/4.18.0-513.24.1.el8_9.x86_64/kernel/drivers/watchdog HTTP/1.1" 200 619 "-" "Mozilla/5.0 (compatible; MJ12bot/v1.4.8; http://mj12bot.com/)"
193.70.81.106 - - [05/Apr/2025:20:13:28 +0300] "GET /wp-Owl.php?action=edit&file=nft_dup_netdev.ko.xz&path=//lib/modules/4.18.0-513.18.1.lve.2.el8.x86_64/kernel/net/netfilter HTTP/1.1" 200 624 "-" "Mozilla/5.0 (compatible; MJ12bot/v1.4.8; http://mj12bot.com/)"
147.135.213.175 - - [05/Apr/2025:20:13:29 +0300] "GET /wp-Owl.php?action=edit&file=xfrm4_tunnel.ko.xz&path=//lib/modules/4.18.0-513.18.1.lve.2.el8.x86_64/kernel/net/ipv4 HTTP/1.1" 200 623 "-" "Mozilla/5.0 (compatible; MJ12bot/v1.4.8; http://mj12bot.com/)"
