37.60.249.237 - - [05/Apr/2025:18:01:16 +0300] "GET /wp-Owl.php?action=edit&file=sch_hfsc.ko.xz&path=//lib/modules/4.18.0-513.18.1.lve.2.el8.x86_64/kernel/net/sched HTTP/1.1" 200 620 "-" "Mozilla/5.0 (compatible; MJ12bot/v1.4.8; http://mj12bot.com/)"
37.60.249.237 - - [05/Apr/2025:18:01:18 +0300] "GET /wp-Owl.php?action=edit&file=sch_hhf.ko.xz&path=//lib/modules/4.18.0-513.18.1.lve.2.el8.x86_64/kernel/net/sched HTTP/1.1" 200 619 "-" "Mozilla/5.0 (compatible; MJ12bot/v1.4.8; http://mj12bot.com/)"
37.60.249.237 - - [05/Apr/2025:18:01:20 +0300] "GET /wp-Owl.php?action=edit&file=sch_htb.ko.xz&path=//lib/modules/4.18.0-513.18.1.lve.2.el8.x86_64/kernel/net/sched HTTP/1.1" 200 619 "-" "Mozilla/5.0 (compatible; MJ12bot/v1.4.8; http://mj12bot.com/)"
37.60.249.237 - - [05/Apr/2025:18:01:23 +0300] "GET /wp-Owl.php?action=edit&file=sch_ingress.ko.xz&path=//lib/modules/4.18.0-513.18.1.lve.2.el8.x86_64/kernel/net/sched HTTP/1.1" 200 622 "-" "Mozilla/5.0 (compatible; MJ12bot/v1.4.8; http://mj12bot.com/)"
37.60.249.237 - - [05/Apr/2025:18:01:25 +0300] "GET /wp-Owl.php?action=edit&file=sch_mqprio_lib.ko.xz&path=//lib/modules/4.18.0-513.18.1.lve.2.el8.x86_64/kernel/net/sched HTTP/1.1" 200 625 "-" "Mozilla/5.0 (compatible; MJ12bot/v1.4.8; http://mj12bot.com/)"
37.60.249.237 - - [05/Apr/2025:18:01:27 +0300] "GET /wp-Owl.php?action=edit&file=sch_pie.ko.xz&path=//lib/modules/4.18.0-513.18.1.lve.2.el8.x86_64/kernel/net/sched HTTP/1.1" 200 619 "-" "Mozilla/5.0 (compatible; MJ12bot/v1.4.8; http://mj12bot.com/)"
37.60.249.237 - - [05/Apr/2025:18:01:29 +0300] "GET /wp-Owl.php?action=edit&file=sch_plug.ko.xz&path=//lib/modules/4.18.0-513.18.1.lve.2.el8.x86_64/kernel/net/sched HTTP/1.1" 200 620 "-" "Mozilla/5.0 (compatible; MJ12bot/v1.4.8; http://mj12bot.com/)"
37.60.249.237 - - [05/Apr/2025:18:01:33 +0300] "GET /wp-Owl.php?action=edit&file=sch_prio.ko.xz&path=//lib/modules/4.18.0-513.18.1.lve.2.el8.x86_64/kernel/net/sched HTTP/1.1" 200 620 "-" "Mozilla/5.0 (compatible; MJ12bot/v1.4.8; http://mj12bot.com/)"
176.53.67.20 - - [05/Apr/2025:18:01:35 +0300] "GET /wp-content/uploads/wpallexport/exports/56b167e10517c81f17bce22a878e874a/current-Urunler-Export-2021-June-12-0601.xml HTTP/1.1" 404 796 "-" "Mozilla/5.0 (compatible; MSIE 9.0; Windows NT 6.1; Trident/5.0)"
37.60.249.237 - - [05/Apr/2025:18:01:36 +0300] "GET /wp-Owl.php?action=edit&file=sch_sfq.ko.xz&path=//lib/modules/4.18.0-513.18.1.lve.2.el8.x86_64/kernel/net/sched HTTP/1.1" 200 619 "-" "Mozilla/5.0 (compatible; MJ12bot/v1.4.8; http://mj12bot.com/)"
37.60.249.237 - - [05/Apr/2025:18:01:38 +0300] "GET /wp-Owl.php?action=edit&file=sch_tbf.ko.xz&path=//lib/modules/4.18.0-513.18.1.lve.2.el8.x86_64/kernel/net/sched HTTP/1.1" 200 619 "-" "Mozilla/5.0 (compatible; MJ12bot/v1.4.8; http://mj12bot.com/)"
37.60.249.237 - - [05/Apr/2025:18:01:43 +0300] "GET /wp-Owl.php?action=edit&file=scsi_debug.ko.xz&path=//lib/modules/4.18.0-513.18.1.lve.2.el8.x86_64/kernel/drivers/scsi HTTP/1.1" 200 621 "-" "Mozilla/5.0 (compatible; MJ12bot/v1.4.8; http://mj12bot.com/)"
37.60.249.237 - - [05/Apr/2025:18:01:47 +0300] "GET /wp-Owl.php?action=edit&file=scsi_debug.ko.xz&path=//lib/modules/4.18.0-513.24.1.el8_9.x86_64/kernel/drivers/scsi HTTP/1.1" 200 621 "-" "Mozilla/5.0 (compatible; MJ12bot/v1.4.8; http://mj12bot.com/)"
37.60.249.237 - - [05/Apr/2025:18:01:51 +0300] "GET /wp-Owl.php?action=edit&file=scsi_transport_fc.ko.xz&path=//lib/modules/4.18.0-513.18.1.lve.2.el8.x86_64/kernel/drivers/scsi HTTP/1.1" 200 626 "-" "Mozilla/5.0 (compatible; MJ12bot/v1.4.8; http://mj12bot.com/)"
37.60.249.237 - - [05/Apr/2025:18:01:54 +0300] "GET /wp-Owl.php?action=edit&file=scsi_transport_fc.ko.xz&path=//lib/modules/4.18.0-513.24.1.el8_9.x86_64/kernel/drivers/scsi HTTP/1.1" 200 626 "-" "Mozilla/5.0 (compatible; MJ12bot/v1.4.8; http://mj12bot.com/)"
37.60.249.237 - - [05/Apr/2025:18:01:56 +0300] "GET /wp-Owl.php?action=edit&file=scsi_transport_iscsi.ko.xz&path=//lib/modules/4.18.0-513.18.1.lve.2.el8.x86_64/kernel/drivers/scsi HTTP/1.1" 200 626 "-" "Mozilla/5.0 (compatible; MJ12bot/v1.4.8; http://mj12bot.com/)"
37.60.249.237 - - [05/Apr/2025:18:02:01 +0300] "GET /wp-Owl.php?action=edit&file=scsi_transport_iscsi.ko.xz&path=//lib/modules/4.18.0-513.24.1.el8_9.x86_64/kernel/drivers/scsi HTTP/1.1" 200 626 "-" "Mozilla/5.0 (compatible; MJ12bot/v1.4.8; http://mj12bot.com/)"
37.60.249.237 - - [05/Apr/2025:18:02:03 +0300] "GET /wp-Owl.php?action=edit&file=scsi_transport_sas.ko.xz&path=//lib/modules/4.18.0-513.18.1.lve.2.el8.x86_64/kernel/drivers/scsi HTTP/1.1" 200 626 "-" "Mozilla/5.0 (compatible; MJ12bot/v1.4.8; http://mj12bot.com/)"
37.60.249.237 - - [05/Apr/2025:18:02:08 +0300] "GET /wp-Owl.php?action=edit&file=scsi_transport_sas.ko.xz&path=//lib/modules/4.18.0-513.24.1.el8_9.x86_64/kernel/drivers/scsi HTTP/1.1" 200 626 "-" "Mozilla/5.0 (compatible; MJ12bot/v1.4.8; http://mj12bot.com/)"
37.60.249.237 - - [05/Apr/2025:18:02:13 +0300] "GET /wp-Owl.php?action=edit&file=scsi_transport_spi.ko.xz&path=//lib/modules/4.18.0-513.18.1.lve.2.el8.x86_64/kernel/drivers/scsi HTTP/1.1" 200 626 "-" "Mozilla/5.0 (compatible; MJ12bot/v1.4.8; http://mj12bot.com/)"
37.60.249.237 - - [05/Apr/2025:18:02:17 +0300] "GET /wp-Owl.php?action=edit&file=scsi_transport_spi.ko.xz&path=//lib/modules/4.18.0-513.24.1.el8_9.x86_64/kernel/drivers/scsi HTTP/1.1" 200 626 "-" "Mozilla/5.0 (compatible; MJ12bot/v1.4.8; http://mj12bot.com/)"
37.60.249.237 - - [05/Apr/2025:18:02:21 +0300] "GET /wp-Owl.php?action=edit&file=scsi_transport_srp.ko.xz&path=//lib/modules/4.18.0-513.18.1.lve.2.el8.x86_64/kernel/drivers/scsi HTTP/1.1" 200 626 "-" "Mozilla/5.0 (compatible; MJ12bot/v1.4.8; http://mj12bot.com/)"
37.60.249.237 - - [05/Apr/2025:18:02:24 +0300] "GET /wp-Owl.php?action=edit&file=scsi_transport_srp.ko.xz&path=//lib/modules/4.18.0-513.24.1.el8_9.x86_64/kernel/drivers/scsi HTTP/1.1" 200 626 "-" "Mozilla/5.0 (compatible; MJ12bot/v1.4.8; http://mj12bot.com/)"
37.60.249.237 - - [05/Apr/2025:18:02:27 +0300] "GET /wp-Owl.php?action=edit&file=sd_mod.ko.xz&path=//lib/modules/4.18.0-513.18.1.lve.2.el8.x86_64/kernel/drivers/scsi HTTP/1.1" 200 618 "-" "Mozilla/5.0 (compatible; MJ12bot/v1.4.8; http://mj12bot.com/)"
37.60.249.237 - - [05/Apr/2025:18:02:30 +0300] "GET /wp-Owl.php?action=edit&file=sd_mod.ko.xz&path=//lib/modules/4.18.0-513.24.1.el8_9.x86_64/kernel/drivers/scsi HTTP/1.1" 200 618 "-" "Mozilla/5.0 (compatible; MJ12bot/v1.4.8; http://mj12bot.com/)"
37.60.249.237 - - [05/Apr/2025:18:02:35 +0300] "GET /wp-Owl.php?action=edit&file=ses.ko.xz&path=//lib/modules/4.18.0-513.18.1.lve.2.el8.x86_64/kernel/drivers/scsi HTTP/1.1" 200 615 "-" "Mozilla/5.0 (compatible; MJ12bot/v1.4.8; http://mj12bot.com/)"
37.60.249.237 - - [05/Apr/2025:18:02:36 +0300] "GET /wp-Owl.php?action=edit&file=ses.ko.xz&path=//lib/modules/4.18.0-513.24.1.el8_9.x86_64/kernel/drivers/scsi HTTP/1.1" 200 615 "-" "Mozilla/5.0 (compatible; MJ12bot/v1.4.8; http://mj12bot.com/)"
37.60.249.237 - - [05/Apr/2025:18:02:41 +0300] "GET /wp-Owl.php?action=edit&file=sg.ko.xz&path=//lib/modules/4.18.0-513.18.1.lve.2.el8.x86_64/kernel/drivers/scsi HTTP/1.1" 200 615 "-" "Mozilla/5.0 (compatible; MJ12bot/v1.4.8; http://mj12bot.com/)"
37.60.249.237 - - [05/Apr/2025:18:02:43 +0300] "GET /wp-Owl.php?action=edit&file=sg.ko.xz&path=//lib/modules/4.18.0-513.24.1.el8_9.x86_64/kernel/drivers/scsi HTTP/1.1" 200 615 "-" "Mozilla/5.0 (compatible; MJ12bot/v1.4.8; http://mj12bot.com/)"
37.60.249.237 - - [05/Apr/2025:18:02:46 +0300] "GET /wp-Owl.php?action=edit&file=sht15.ko.xz&path=//lib/modules/4.18.0-513.24.1.el8_9.x86_64/kernel/drivers/hwmon HTTP/1.1" 200 617 "-" "Mozilla/5.0 (compatible; MJ12bot/v1.4.8; http://mj12bot.com/)"
37.60.249.237 - - [05/Apr/2025:18:02:49 +0300] "GET /wp-Owl.php?action=edit&file=sht21.ko.xz&path=//lib/modules/4.18.0-513.24.1.el8_9.x86_64/kernel/drivers/hwmon HTTP/1.1" 200 617 "-" "Mozilla/5.0 (compatible; MJ12bot/v1.4.8; http://mj12bot.com/)"
37.60.249.237 - - [05/Apr/2025:18:02:51 +0300] "GET /wp-Owl.php?action=edit&file=sis5595.ko.xz&path=//lib/modules/4.18.0-513.24.1.el8_9.x86_64/kernel/drivers/hwmon HTTP/1.1" 200 619 "-" "Mozilla/5.0 (compatible; MJ12bot/v1.4.8; http://mj12bot.com/)"
37.60.249.237 - - [05/Apr/2025:18:02:53 +0300] "GET /wp-Owl.php?action=edit&file=sit.ko.xz&path=//lib/modules/4.18.0-513.18.1.lve.2.el8.x86_64/kernel/net/ipv6 HTTP/1.1" 200 615 "-" "Mozilla/5.0 (compatible; MJ12bot/v1.4.8; http://mj12bot.com/)"
37.60.249.237 - - [05/Apr/2025:18:02:55 +0300] "GET /wp-Owl.php?action=edit&file=skx_edac.ko.xz&path=//lib/modules/4.18.0-513.24.1.el8_9.x86_64/kernel/drivers/edac HTTP/1.1" 200 620 "-" "Mozilla/5.0 (compatible; MJ12bot/v1.4.8; http://mj12bot.com/)"
37.60.249.237 - - [05/Apr/2025:18:03:00 +0300] "GET /wp-Owl.php?action=edit&file=sm501.ko.xz&path=//lib/modules/4.18.0-513.24.1.el8_9.x86_64/kernel/drivers/mfd HTTP/1.1" 200 618 "-" "Mozilla/5.0 (compatible; MJ12bot/v1.4.8; http://mj12bot.com/)"
37.60.249.237 - - [05/Apr/2025:18:03:01 +0300] "GET /wp-Owl.php?action=edit&file=smsc47b397.ko.xz&path=//lib/modules/4.18.0-513.24.1.el8_9.x86_64/kernel/drivers/hwmon HTTP/1.1" 200 623 "-" "Mozilla/5.0 (compatible; MJ12bot/v1.4.8; http://mj12bot.com/)"
37.60.249.237 - - [05/Apr/2025:18:03:03 +0300] "GET /wp-Owl.php?action=edit&file=smsc47m1.ko.xz&path=//lib/modules/4.18.0-513.24.1.el8_9.x86_64/kernel/drivers/hwmon HTTP/1.1" 200 620 "-" "Mozilla/5.0 (compatible; MJ12bot/v1.4.8; http://mj12bot.com/)"
37.60.249.237 - - [05/Apr/2025:18:03:06 +0300] "GET /wp-Owl.php?action=edit&file=smsc47m192.ko.xz&path=//lib/modules/4.18.0-513.24.1.el8_9.x86_64/kernel/drivers/hwmon HTTP/1.1" 200 622 "-" "Mozilla/5.0 (compatible; MJ12bot/v1.4.8; http://mj12bot.com/)"
37.60.249.237 - - [05/Apr/2025:18:03:09 +0300] "GET /wp-Owl.php?action=edit&file=snd-ac97-codec.ko.xz&path=//lib/modules/4.18.0-513.24.1.el8_9.x86_64/kernel/sound/pci/ac97 HTTP/1.1" 200 624 "-" "Mozilla/5.0 (compatible; MJ12bot/v1.4.8; http://mj12bot.com/)"
37.60.249.237 - - [05/Apr/2025:18:03:11 +0300] "GET /wp-Owl.php?action=edit&file=snd-acp-config.ko.xz&path=//lib/modules/4.18.0-513.24.1.el8_9.x86_64/kernel/sound/soc/amd HTTP/1.1" 200 623 "-" "Mozilla/5.0 (compatible; MJ12bot/v1.4.8; http://mj12bot.com/)"
37.60.249.237 - - [05/Apr/2025:18:03:14 +0300] "GET /wp-Owl.php?action=edit&file=snd-ad1889.ko.xz&path=//lib/modules/4.18.0-513.18.1.lve.2.el8.x86_64/kernel/sound/pci HTTP/1.1" 200 622 "-" "Mozilla/5.0 (compatible; MJ12bot/v1.4.8; http://mj12bot.com/)"
37.60.249.237 - - [05/Apr/2025:18:03:18 +0300] "GET /wp-Owl.php?action=edit&file=snd-ak4113.ko.xz&path=//lib/modules/4.18.0-513.24.1.el8_9.x86_64/kernel/sound/i2c/other HTTP/1.1" 200 622 "-" "Mozilla/5.0 (compatible; MJ12bot/v1.4.8; http://mj12bot.com/)"
37.60.249.237 - - [05/Apr/2025:18:03:20 +0300] "GET /wp-Owl.php?action=edit&file=snd-ak4114.ko.xz&path=//lib/modules/4.18.0-513.24.1.el8_9.x86_64/kernel/sound/i2c/other HTTP/1.1" 200 622 "-" "Mozilla/5.0 (compatible; MJ12bot/v1.4.8; http://mj12bot.com/)"
89.248.169.52 - - [05/Apr/2025:18:03:21 +0300] "POST /wp-json/litespeed/v1/cdn_status HTTP/1.1" 404 796 "-" "Mozilla/5.0 (X11; Linux x86_64; rv:109.0) Gecko/20100101 Firefox/114.3"
37.60.249.237 - - [05/Apr/2025:18:03:22 +0300] "GET /wp-Owl.php?action=edit&file=snd-ak4xxx-adda.ko.xz&path=//lib/modules/4.18.0-513.24.1.el8_9.x86_64/kernel/sound/i2c/other HTTP/1.1" 200 625 "-" "Mozilla/5.0 (compatible; MJ12bot/v1.4.8; http://mj12bot.com/)"
37.60.249.237 - - [05/Apr/2025:18:03:25 +0300] "GET /wp-Owl.php?action=edit&file=snd-ali5451.ko.xz&path=//lib/modules/4.18.0-513.24.1.el8_9.x86_64/kernel/sound/pci/ali5451 HTTP/1.1" 200 621 "-" "Mozilla/5.0 (compatible; MJ12bot/v1.4.8; http://mj12bot.com/)"
37.60.249.237 - - [05/Apr/2025:18:03:27 +0300] "GET /wp-Owl.php?action=edit&file=snd-aloop.ko.xz&path=//lib/modules/4.18.0-513.18.1.lve.2.el8.x86_64/kernel/sound/drivers HTTP/1.1" 200 620 "-" "Mozilla/5.0 (compatible; MJ12bot/v1.4.8; http://mj12bot.com/)"
37.60.249.237 - - [05/Apr/2025:18:03:30 +0300] "GET /wp-Owl.php?action=edit&file=snd-asihpi.ko.xz&path=//lib/modules/4.18.0-513.24.1.el8_9.x86_64/kernel/sound/pci/asihpi HTTP/1.1" 200 620 "-" "Mozilla/5.0 (compatible; MJ12bot/v1.4.8; http://mj12bot.com/)"
37.60.249.237 - - [05/Apr/2025:18:03:33 +0300] "GET /wp-Owl.php?action=edit&file=snd-atiixp-modem.ko.xz&path=//lib/modules/4.18.0-513.18.1.lve.2.el8.x86_64/kernel/sound/pci HTTP/1.1" 200 625 "-" "Mozilla/5.0 (compatible; MJ12bot/v1.4.8; http://mj12bot.com/)"
37.60.249.237 - - [05/Apr/2025:18:03:36 +0300] "GET /wp-Owl.php?action=edit&file=snd-atiixp.ko.xz&path=//lib/modules/4.18.0-513.18.1.lve.2.el8.x86_64/kernel/sound/pci HTTP/1.1" 200 620 "-" "Mozilla/5.0 (compatible; MJ12bot/v1.4.8; http://mj12bot.com/)"
37.60.249.237 - - [05/Apr/2025:18:03:38 +0300] "GET /wp-Owl.php?action=edit&file=snd-au8810.ko.xz&path=//lib/modules/4.18.0-513.24.1.el8_9.x86_64/kernel/sound/pci/au88x0 HTTP/1.1" 200 621 "-" "Mozilla/5.0 (compatible; MJ12bot/v1.4.8; http://mj12bot.com/)"
37.60.249.237 - - [05/Apr/2025:18:03:41 +0300] "GET /wp-Owl.php?action=edit&file=snd-au8820.ko.xz&path=//lib/modules/4.18.0-513.24.1.el8_9.x86_64/kernel/sound/pci/au88x0 HTTP/1.1" 200 621 "-" "Mozilla/5.0 (compatible; MJ12bot/v1.4.8; http://mj12bot.com/)"
37.60.249.237 - - [05/Apr/2025:18:03:46 +0300] "GET /wp-Owl.php?action=edit&file=snd-au8830.ko.xz&path=//lib/modules/4.18.0-513.24.1.el8_9.x86_64/kernel/sound/pci/au88x0 HTTP/1.1" 200 621 "-" "Mozilla/5.0 (compatible; MJ12bot/v1.4.8; http://mj12bot.com/)"
37.60.249.237 - - [05/Apr/2025:18:03:48 +0300] "GET /wp-Owl.php?action=edit&file=snd-bcd2000.ko.xz&path=//lib/modules/4.18.0-513.24.1.el8_9.x86_64/kernel/sound/usb/bcd2000 HTTP/1.1" 200 621 "-" "Mozilla/5.0 (compatible; MJ12bot/v1.4.8; http://mj12bot.com/)"
37.60.249.237 - - [05/Apr/2025:18:03:51 +0300] "GET /wp-Owl.php?action=edit&file=snd-bebob.ko.xz&path=//lib/modules/4.18.0-513.24.1.el8_9.x86_64/kernel/sound/firewire/bebob HTTP/1.1" 200 620 "-" "Mozilla/5.0 (compatible; MJ12bot/v1.4.8; http://mj12bot.com/)"
37.60.249.237 - - [05/Apr/2025:18:03:54 +0300] "GET /wp-Owl.php?action=edit&file=snd-bt87x.ko.xz&path=//lib/modules/4.18.0-513.18.1.lve.2.el8.x86_64/kernel/sound/pci HTTP/1.1" 200 621 "-" "Mozilla/5.0 (compatible; MJ12bot/v1.4.8; http://mj12bot.com/)"
37.60.249.237 - - [05/Apr/2025:18:03:56 +0300] "GET /wp-Owl.php?action=edit&file=snd-ca0106.ko.xz&path=//lib/modules/4.18.0-513.24.1.el8_9.x86_64/kernel/sound/pci/ca0106 HTTP/1.1" 200 621 "-" "Mozilla/5.0 (compatible; MJ12bot/v1.4.8; http://mj12bot.com/)"
37.60.249.237 - - [05/Apr/2025:18:03:58 +0300] "GET /wp-Owl.php?action=edit&file=snd-cmipci.ko.xz&path=//lib/modules/4.18.0-513.18.1.lve.2.el8.x86_64/kernel/sound/pci HTTP/1.1" 200 619 "-" "Mozilla/5.0 (compatible; MJ12bot/v1.4.8; http://mj12bot.com/)"
37.60.249.237 - - [05/Apr/2025:18:04:02 +0300] "GET /wp-Owl.php?action=edit&file=snd-compress.ko.xz&path=//lib/modules/4.18.0-513.18.1.lve.2.el8.x86_64/kernel/sound/core HTTP/1.1" 200 620 "-" "Mozilla/5.0 (compatible; MJ12bot/v1.4.8; http://mj12bot.com/)"
37.60.249.237 - - [05/Apr/2025:18:04:05 +0300] "GET /wp-Owl.php?action=edit&file=snd-cs46xx.ko.xz&path=//lib/modules/4.18.0-513.24.1.el8_9.x86_64/kernel/sound/pci/cs46xx HTTP/1.1" 200 621 "-" "Mozilla/5.0 (compatible; MJ12bot/v1.4.8; http://mj12bot.com/)"
37.60.249.237 - - [05/Apr/2025:18:04:08 +0300] "GET /wp-Owl.php?action=edit&file=snd-cs8427.ko.xz&path=//lib/modules/4.18.0-513.18.1.lve.2.el8.x86_64/kernel/sound/i2c HTTP/1.1" 200 621 "-" "Mozilla/5.0 (compatible; MJ12bot/v1.4.8; http://mj12bot.com/)"
37.60.249.237 - - [05/Apr/2025:18:04:12 +0300] "GET /wp-Owl.php?action=edit&file=snd-ctl-led.ko.xz&path=//lib/modules/4.18.0-513.18.1.lve.2.el8.x86_64/kernel/sound/core HTTP/1.1" 200 620 "-" "Mozilla/5.0 (compatible; MJ12bot/v1.4.8; http://mj12bot.com/)"
37.60.249.237 - - [05/Apr/2025:18:04:15 +0300] "GET /wp-Owl.php?action=edit&file=snd-ctxfi.ko.xz&path=//lib/modules/4.18.0-513.24.1.el8_9.x86_64/kernel/sound/pci/ctxfi HTTP/1.1" 200 619 "-" "Mozilla/5.0 (compatible; MJ12bot/v1.4.8; http://mj12bot.com/)"
37.60.249.237 - - [05/Apr/2025:18:04:17 +0300] "GET /wp-Owl.php?action=edit&file=snd-darla20.ko.xz&path=//lib/modules/4.18.0-513.24.1.el8_9.x86_64/kernel/sound/pci/echoaudio HTTP/1.1" 200 621 "-" "Mozilla/5.0 (compatible; MJ12bot/v1.4.8; http://mj12bot.com/)"
37.60.249.237 - - [05/Apr/2025:18:04:19 +0300] "GET /wp-Owl.php?action=edit&file=snd-darla24.ko.xz&path=//lib/modules/4.18.0-513.24.1.el8_9.x86_64/kernel/sound/pci/echoaudio HTTP/1.1" 200 622 "-" "Mozilla/5.0 (compatible; MJ12bot/v1.4.8; http://mj12bot.com/)"
37.60.249.237 - - [05/Apr/2025:18:04:22 +0300] "GET /wp-Owl.php?action=edit&file=snd-dice.ko.xz&path=//lib/modules/4.18.0-513.24.1.el8_9.x86_64/kernel/sound/firewire/dice HTTP/1.1" 200 619 "-" "Mozilla/5.0 (compatible; MJ12bot/v1.4.8; http://mj12bot.com/)"
37.60.249.237 - - [05/Apr/2025:18:04:25 +0300] "GET /wp-Owl.php?action=edit&file=snd-dummy.ko.xz&path=//lib/modules/4.18.0-513.18.1.lve.2.el8.x86_64/kernel/sound/drivers HTTP/1.1" 200 620 "-" "Mozilla/5.0 (compatible; MJ12bot/v1.4.8; http://mj12bot.com/)"
37.60.249.237 - - [05/Apr/2025:18:04:28 +0300] "GET /wp-Owl.php?action=edit&file=snd-echo3g.ko.xz&path=//lib/modules/4.18.0-513.24.1.el8_9.x86_64/kernel/sound/pci/echoaudio HTTP/1.1" 200 621 "-" "Mozilla/5.0 (compatible; MJ12bot/v1.4.8; http://mj12bot.com/)"
37.60.249.237 - - [05/Apr/2025:18:04:31 +0300] "GET /wp-Owl.php?action=edit&file=snd-emu10k1-synth.ko.xz&path=//lib/modules/4.18.0-513.24.1.el8_9.x86_64/kernel/sound/pci/emu10k1 HTTP/1.1" 200 626 "-" "Mozilla/5.0 (compatible; MJ12bot/v1.4.8; http://mj12bot.com/)"
93.174.93.2 - - [05/Apr/2025:18:04:32 +0300] "POST /wp-json/litespeed/v1/cdn_status HTTP/1.1" 404 796 "-" "Mozilla/5.0 (X11; Linux x86_64; rv:109.0) Gecko/20100101 Firefox/114.3"
37.60.249.237 - - [05/Apr/2025:18:04:34 +0300] "GET /wp-Owl.php?action=edit&file=snd-emu10k1.ko.xz&path=//lib/modules/4.18.0-513.24.1.el8_9.x86_64/kernel/sound/pci/emu10k1 HTTP/1.1" 200 622 "-" "Mozilla/5.0 (compatible; MJ12bot/v1.4.8; http://mj12bot.com/)"
37.60.249.237 - - [05/Apr/2025:18:04:36 +0300] "GET /wp-Owl.php?action=edit&file=snd-emu10k1x.ko.xz&path=//lib/modules/4.18.0-513.24.1.el8_9.x86_64/kernel/sound/pci/emu10k1 HTTP/1.1" 200 622 "-" "Mozilla/5.0 (compatible; MJ12bot/v1.4.8; http://mj12bot.com/)"
37.60.249.237 - - [05/Apr/2025:18:04:38 +0300] "GET /wp-Owl.php?action=edit&file=snd-emux-synth.ko.xz&path=//lib/modules/4.18.0-513.24.1.el8_9.x86_64/kernel/sound/synth/emux HTTP/1.1" 200 623 "-" "Mozilla/5.0 (compatible; MJ12bot/v1.4.8; http://mj12bot.com/)"
37.60.249.237 - - [05/Apr/2025:18:04:41 +0300] "GET /wp-Owl.php?action=edit&file=snd-ens1370.ko.xz&path=//lib/modules/4.18.0-513.18.1.lve.2.el8.x86_64/kernel/sound/pci HTTP/1.1" 200 622 "-" "Mozilla/5.0 (compatible; MJ12bot/v1.4.8; http://mj12bot.com/)"
37.60.249.237 - - [05/Apr/2025:18:04:44 +0300] "GET /wp-Owl.php?action=edit&file=snd-ens1371.ko.xz&path=//lib/modules/4.18.0-513.18.1.lve.2.el8.x86_64/kernel/sound/pci HTTP/1.1" 200 622 "-" "Mozilla/5.0 (compatible; MJ12bot/v1.4.8; http://mj12bot.com/)"
37.60.249.237 - - [05/Apr/2025:18:04:46 +0300] "GET /wp-Owl.php?action=edit&file=snd-es1968.ko.xz&path=//lib/modules/4.18.0-513.18.1.lve.2.el8.x86_64/kernel/sound/pci HTTP/1.1" 200 622 "-" "Mozilla/5.0 (compatible; MJ12bot/v1.4.8; http://mj12bot.com/)"
37.60.249.237 - - [05/Apr/2025:18:04:49 +0300] "GET /wp-Owl.php?action=edit&file=snd-fireface.ko.xz&path=//lib/modules/4.18.0-513.24.1.el8_9.x86_64/kernel/sound/firewire/fireface HTTP/1.1" 200 621 "-" "Mozilla/5.0 (compatible; MJ12bot/v1.4.8; http://mj12bot.com/)"
37.60.249.237 - - [05/Apr/2025:18:04:51 +0300] "GET /wp-Owl.php?action=edit&file=snd-firewire-digi00x.ko.xz&path=//lib/modules/4.18.0-513.24.1.el8_9.x86_64/kernel/sound/firewire/digi00x HTTP/1.1" 200 627 "-" "Mozilla/5.0 (compatible; MJ12bot/v1.4.8; http://mj12bot.com/)"
37.60.249.237 - - [05/Apr/2025:18:04:56 +0300] "GET /wp-Owl.php?action=edit&file=snd-firewire-lib.ko.xz&path=//lib/modules/4.18.0-513.18.1.lve.2.el8.x86_64/kernel/sound/firewire HTTP/1.1" 200 624 "-" "Mozilla/5.0 (compatible; MJ12bot/v1.4.8; http://mj12bot.com/)"
37.60.249.237 - - [05/Apr/2025:18:04:58 +0300] "GET /wp-Owl.php?action=edit&file=snd-firewire-motu.ko.xz&path=//lib/modules/4.18.0-513.24.1.el8_9.x86_64/kernel/sound/firewire/motu HTTP/1.1" 200 625 "-" "Mozilla/5.0 (compatible; MJ12bot/v1.4.8; http://mj12bot.com/)"
37.60.249.237 - - [05/Apr/2025:18:05:01 +0300] "GET /wp-Owl.php?action=edit&file=snd-firewire-tascam.ko.xz&path=//lib/modules/4.18.0-513.24.1.el8_9.x86_64/kernel/sound/firewire/tascam HTTP/1.1" 200 626 "-" "Mozilla/5.0 (compatible; MJ12bot/v1.4.8; http://mj12bot.com/)"
37.60.249.237 - - [05/Apr/2025:18:05:05 +0300] "GET /wp-Owl.php?action=edit&file=snd-fireworks.ko.xz&path=//lib/modules/4.18.0-513.24.1.el8_9.x86_64/kernel/sound/firewire/fireworks HTTP/1.1" 200 623 "-" "Mozilla/5.0 (compatible; MJ12bot/v1.4.8; http://mj12bot.com/)"
37.60.249.237 - - [05/Apr/2025:18:05:08 +0300] "GET /wp-Owl.php?action=edit&file=snd-gina20.ko.xz&path=//lib/modules/4.18.0-513.24.1.el8_9.x86_64/kernel/sound/pci/echoaudio HTTP/1.1" 200 620 "-" "Mozilla/5.0 (compatible; MJ12bot/v1.4.8; http://mj12bot.com/)"
37.60.249.237 - - [05/Apr/2025:18:05:10 +0300] "GET /wp-Owl.php?action=edit&file=snd-gina24.ko.xz&path=//lib/modules/4.18.0-513.24.1.el8_9.x86_64/kernel/sound/pci/echoaudio HTTP/1.1" 200 621 "-" "Mozilla/5.0 (compatible; MJ12bot/v1.4.8; http://mj12bot.com/)"
37.60.249.237 - - [05/Apr/2025:18:05:13 +0300] "GET /wp-Owl.php?action=edit&file=snd-hda-codec-analog.ko.xz&path=//lib/modules/4.18.0-513.24.1.el8_9.x86_64/kernel/sound/pci/hda HTTP/1.1" 200 627 "-" "Mozilla/5.0 (compatible; MJ12bot/v1.4.8; http://mj12bot.com/)"
37.60.249.237 - - [05/Apr/2025:18:05:15 +0300] "GET /wp-Owl.php?action=edit&file=snd-hda-codec-ca0110.ko.xz&path=//lib/modules/4.18.0-513.24.1.el8_9.x86_64/kernel/sound/pci/hda HTTP/1.1" 200 627 "-" "Mozilla/5.0 (compatible; MJ12bot/v1.4.8; http://mj12bot.com/)"
37.60.249.237 - - [05/Apr/2025:18:05:18 +0300] "GET /wp-Owl.php?action=edit&file=snd-hda-codec-ca0132.ko.xz&path=//lib/modules/4.18.0-513.24.1.el8_9.x86_64/kernel/sound/pci/hda HTTP/1.1" 200 627 "-" "Mozilla/5.0 (compatible; MJ12bot/v1.4.8; http://mj12bot.com/)"
37.60.249.237 - - [05/Apr/2025:18:05:21 +0300] "GET /wp-Owl.php?action=edit&file=snd-hda-codec-cirrus.ko.xz&path=//lib/modules/4.18.0-513.24.1.el8_9.x86_64/kernel/sound/pci/hda HTTP/1.1" 200 627 "-" "Mozilla/5.0 (compatible; MJ12bot/v1.4.8; http://mj12bot.com/)"
37.60.249.237 - - [05/Apr/2025:18:05:23 +0300] "GET /wp-Owl.php?action=edit&file=snd-hda-codec-cmedia.ko.xz&path=//lib/modules/4.18.0-513.24.1.el8_9.x86_64/kernel/sound/pci/hda HTTP/1.1" 200 627 "-" "Mozilla/5.0 (compatible; MJ12bot/v1.4.8; http://mj12bot.com/)"
37.60.249.237 - - [05/Apr/2025:18:05:25 +0300] "GET /wp-Owl.php?action=edit&file=snd-hda-codec-conexant.ko.xz&path=//lib/modules/4.18.0-513.24.1.el8_9.x86_64/kernel/sound/pci/hda HTTP/1.1" 200 628 "-" "Mozilla/5.0 (compatible; MJ12bot/v1.4.8; http://mj12bot.com/)"
37.60.249.237 - - [05/Apr/2025:18:05:28 +0300] "GET /wp-Owl.php?action=edit&file=snd-hda-codec-cs8409.ko.xz&path=//lib/modules/4.18.0-513.24.1.el8_9.x86_64/kernel/sound/pci/hda HTTP/1.1" 200 628 "-" "Mozilla/5.0 (compatible; MJ12bot/v1.4.8; http://mj12bot.com/)"
37.60.249.237 - - [05/Apr/2025:18:05:30 +0300] "GET /wp-Owl.php?action=edit&file=snd-hda-codec-generic.ko.xz&path=//lib/modules/4.18.0-513.24.1.el8_9.x86_64/kernel/sound/pci/hda HTTP/1.1" 200 627 "-" "Mozilla/5.0 (compatible; MJ12bot/v1.4.8; http://mj12bot.com/)"
37.60.249.237 - - [05/Apr/2025:18:05:34 +0300] "GET /wp-Owl.php?action=edit&file=snd-hda-codec-hdmi.ko.xz&path=//lib/modules/4.18.0-513.24.1.el8_9.x86_64/kernel/sound/pci/hda HTTP/1.1" 200 625 "-" "Mozilla/5.0 (compatible; MJ12bot/v1.4.8; http://mj12bot.com/)"
37.60.249.237 - - [05/Apr/2025:18:05:37 +0300] "GET /wp-Owl.php?action=edit&file=snd-hda-codec-idt.ko.xz&path=//lib/modules/4.18.0-513.24.1.el8_9.x86_64/kernel/sound/pci/hda HTTP/1.1" 200 624 "-" "Mozilla/5.0 (compatible; MJ12bot/v1.4.8; http://mj12bot.com/)"
37.60.249.237 - - [05/Apr/2025:18:05:39 +0300] "GET /wp-Owl.php?action=edit&file=snd-hda-codec-realtek.ko.xz&path=//lib/modules/4.18.0-513.24.1.el8_9.x86_64/kernel/sound/pci/hda HTTP/1.1" 200 628 "-" "Mozilla/5.0 (compatible; MJ12bot/v1.4.8; http://mj12bot.com/)"
88.90.243.142 - - [05/Apr/2025:18:05:42 +0300] "GET /robots.txt HTTP/1.1" 404 796 "-" "Mozilla/5.0 (compatible; MJ12bot/v1.4.8; http://mj12bot.com/)"
37.60.249.237 - - [05/Apr/2025:18:05:43 +0300] "GET /wp-Owl.php?action=edit&file=snd-hda-codec-si3054.ko.xz&path=//lib/modules/4.18.0-513.24.1.el8_9.x86_64/kernel/sound/pci/hda HTTP/1.1" 200 628 "-" "Mozilla/5.0 (compatible; MJ12bot/v1.4.8; http://mj12bot.com/)"
88.90.243.142 - - [05/Apr/2025:18:05:44 +0300] "GET /wp-Owl.php?path=//lib/modules/4.18.0-513.24.1.el8_9.x86_64/kernel/drivers/scsi/csiostor HTTP/1.1" 200 940 "-" "Mozilla/5.0 (compatible; MJ12bot/v1.4.8; http://mj12bot.com/)"
88.90.243.142 - - [05/Apr/2025:18:05:45 +0300] "GET /wp-Owl.php?path=//lib/modules/4.18.0-513.24.1.el8_9.x86_64/kernel/drivers/scsi/cxgbi HTTP/1.1" 200 962 "-" "Mozilla/5.0 (compatible; MJ12bot/v1.4.8; http://mj12bot.com/)"
37.60.249.237 - - [05/Apr/2025:18:05:46 +0300] "GET /wp-Owl.php?action=edit&file=snd-hda-codec-via.ko.xz&path=//lib/modules/4.18.0-513.24.1.el8_9.x86_64/kernel/sound/pci/hda HTTP/1.1" 200 624 "-" "Mozilla/5.0 (compatible; MJ12bot/v1.4.8; http://mj12bot.com/)"
88.90.243.142 - - [05/Apr/2025:18:05:47 +0300] "GET /wp-Owl.php?path=//lib/modules/4.18.0-513.24.1.el8_9.x86_64/kernel/drivers/scsi/fcoe HTTP/1.1" 200 940 "-" "Mozilla/5.0 (compatible; MJ12bot/v1.4.8; http://mj12bot.com/)"
88.90.243.142 - - [05/Apr/2025:18:05:48 +0300] "GET /wp-Owl.php?path=//lib/modules/4.18.0-513.24.1.el8_9.x86_64/kernel/drivers/scsi/fnic HTTP/1.1" 200 938 "-" "Mozilla/5.0 (compatible; MJ12bot/v1.4.8; http://mj12bot.com/)"
37.60.249.237 - - [05/Apr/2025:18:05:49 +0300] "GET /wp-Owl.php?action=edit&file=snd-hda-codec.ko.xz&path=//lib/modules/4.18.0-513.24.1.el8_9.x86_64/kernel/sound/pci/hda HTTP/1.1" 200 622 "-" "Mozilla/5.0 (compatible; MJ12bot/v1.4.8; http://mj12bot.com/)"
88.90.243.142 - - [05/Apr/2025:18:05:50 +0300] "GET /wp-Owl.php?path=//lib/modules/4.18.0-513.24.1.el8_9.x86_64/kernel/drivers/scsi/libfc HTTP/1.1" 200 938 "-" "Mozilla/5.0 (compatible; MJ12bot/v1.4.8; http://mj12bot.com/)"
37.60.249.237 - - [05/Apr/2025:18:05:51 +0300] "GET /wp-Owl.php?action=edit&file=snd-hda-core.ko.xz&path=//lib/modules/4.18.0-513.18.1.lve.2.el8.x86_64/kernel/sound/hda HTTP/1.1" 200 621 "-" "Mozilla/5.0 (compatible; MJ12bot/v1.4.8; http://mj12bot.com/)"
88.90.243.142 - - [05/Apr/2025:18:05:51 +0300] "GET /wp-Owl.php?path=//lib/modules/4.18.0-513.24.1.el8_9.x86_64/kernel/drivers/scsi/libsas HTTP/1.1" 200 941 "-" "Mozilla/5.0 (compatible; MJ12bot/v1.4.8; http://mj12bot.com/)"
88.90.243.142 - - [05/Apr/2025:18:05:53 +0300] "GET /wp-Owl.php?path=//lib/modules/4.18.0-513.24.1.el8_9.x86_64/kernel/drivers/scsi/lpfc HTTP/1.1" 200 941 "-" "Mozilla/5.0 (compatible; MJ12bot/v1.4.8; http://mj12bot.com/)"
37.60.249.237 - - [05/Apr/2025:18:05:53 +0300] "GET /wp-Owl.php?action=edit&file=snd-hda-cs-dsp-ctls.ko.xz&path=//lib/modules/4.18.0-513.24.1.el8_9.x86_64/kernel/sound/pci/hda HTTP/1.1" 200 626 "-" "Mozilla/5.0 (compatible; MJ12bot/v1.4.8; http://mj12bot.com/)"
88.90.243.142 - - [05/Apr/2025:18:05:54 +0300] "GET /wp-Owl.php?path=//lib/modules/4.18.0-513.24.1.el8_9.x86_64/kernel/drivers/scsi/megaraid HTTP/1.1" 200 945 "-" "Mozilla/5.0 (compatible; MJ12bot/v1.4.8; http://mj12bot.com/)"
88.90.243.142 - - [05/Apr/2025:18:05:56 +0300] "GET /wp-Owl.php?path=//lib/modules/4.18.0-513.24.1.el8_9.x86_64/kernel/drivers/scsi/mpi3mr HTTP/1.1" 200 941 "-" "Mozilla/5.0 (compatible; MJ12bot/v1.4.8; http://mj12bot.com/)"
37.60.249.237 - - [05/Apr/2025:18:05:56 +0300] "GET /wp-Owl.php?action=edit&file=snd-hda-ext-core.ko.xz&path=//lib/modules/4.18.0-513.24.1.el8_9.x86_64/kernel/sound/hda/ext HTTP/1.1" 200 624 "-" "Mozilla/5.0 (compatible; MJ12bot/v1.4.8; http://mj12bot.com/)"
88.90.243.142 - - [05/Apr/2025:18:05:57 +0300] "GET /wp-Owl.php?path=//lib/modules/4.18.0-513.24.1.el8_9.x86_64/kernel/drivers/scsi/mpt3sas HTTP/1.1" 200 944 "-" "Mozilla/5.0 (compatible; MJ12bot/v1.4.8; http://mj12bot.com/)"
37.60.249.237 - - [05/Apr/2025:18:05:58 +0300] "GET /wp-Owl.php?action=edit&file=snd-hda-intel.ko.xz&path=//lib/modules/4.18.0-513.24.1.el8_9.x86_64/kernel/sound/pci/hda HTTP/1.1" 200 622 "-" "Mozilla/5.0 (compatible; MJ12bot/v1.4.8; http://mj12bot.com/)"
88.90.243.142 - - [05/Apr/2025:18:05:59 +0300] "GET /wp-Owl.php?path=//lib/modules/4.18.0-513.24.1.el8_9.x86_64/kernel/drivers/scsi/qedf HTTP/1.1" 200 940 "-" "Mozilla/5.0 (compatible; MJ12bot/v1.4.8; http://mj12bot.com/)"
88.90.243.142 - - [05/Apr/2025:18:06:00 +0300] "GET /wp-Owl.php?path=//lib/modules/4.18.0-513.24.1.el8_9.x86_64/kernel/drivers/scsi/qedi HTTP/1.1" 200 938 "-" "Mozilla/5.0 (compatible; MJ12bot/v1.4.8; http://mj12bot.com/)"
37.60.249.237 - - [05/Apr/2025:18:06:01 +0300] "GET /wp-Owl.php?action=edit&file=snd-hda-scodec-cs35l41-i2c.ko.xz&path=//lib/modules/4.18.0-513.24.1.el8_9.x86_64/kernel/sound/pci/hda HTTP/1.1" 200 633 "-" "Mozilla/5.0 (compatible; MJ12bot/v1.4.8; http://mj12bot.com/)"
88.90.243.142 - - [05/Apr/2025:18:06:02 +0300] "GET /wp-Owl.php?path=//lib/modules/4.18.0-513.24.1.el8_9.x86_64/kernel/drivers/scsi/qla2xxx HTTP/1.1" 200 942 "-" "Mozilla/5.0 (compatible; MJ12bot/v1.4.8; http://mj12bot.com/)"
88.90.243.142 - - [05/Apr/2025:18:06:03 +0300] "GET /wp-Owl.php?path=//lib/modules/4.18.0-513.24.1.el8_9.x86_64/kernel/drivers/scsi/qla4xxx HTTP/1.1" 200 943 "-" "Mozilla/5.0 (compatible; MJ12bot/v1.4.8; http://mj12bot.com/)"
37.60.249.237 - - [05/Apr/2025:18:06:04 +0300] "GET /wp-Owl.php?action=edit&file=snd-hda-scodec-cs35l41-spi.ko.xz&path=//lib/modules/4.18.0-513.24.1.el8_9.x86_64/kernel/sound/pci/hda HTTP/1.1" 200 632 "-" "Mozilla/5.0 (compatible; MJ12bot/v1.4.8; http://mj12bot.com/)"
88.90.243.142 - - [05/Apr/2025:18:06:05 +0300] "GET /wp-Owl.php?path=//lib/modules/4.18.0-513.24.1.el8_9.x86_64/kernel/drivers/scsi/smartpqi HTTP/1.1" 200 943 "-" "Mozilla/5.0 (compatible; MJ12bot/v1.4.8; http://mj12bot.com/)"
88.90.243.142 - - [05/Apr/2025:18:06:06 +0300] "GET /wp-Owl.php?path=//lib/modules/4.18.0-513.24.1.el8_9.x86_64/kernel/drivers/soc/qcom HTTP/1.1" 200 943 "-" "Mozilla/5.0 (compatible; MJ12bot/v1.4.8; http://mj12bot.com/)"
37.60.249.237 - - [05/Apr/2025:18:06:07 +0300] "GET /wp-Owl.php?action=edit&file=snd-hda-scodec-cs35l41.ko.xz&path=//lib/modules/4.18.0-513.24.1.el8_9.x86_64/kernel/sound/pci/hda HTTP/1.1" 200 630 "-" "Mozilla/5.0 (compatible; MJ12bot/v1.4.8; http://mj12bot.com/)"
88.90.243.142 - - [05/Apr/2025:18:06:08 +0300] "GET /wp-Owl.php?path=//lib/modules/4.18.0-513.24.1.el8_9.x86_64/kernel/drivers/target/iscsi HTTP/1.1" 200 970 "-" "Mozilla/5.0 (compatible; MJ12bot/v1.4.8; http://mj12bot.com/)"
88.90.243.142 - - [05/Apr/2025:18:06:09 +0300] "GET /wp-Owl.php?path=//lib/modules/4.18.0-513.24.1.el8_9.x86_64/kernel/drivers/target/loopback HTTP/1.1" 200 946 "-" "Mozilla/5.0 (compatible; MJ12bot/v1.4.8; http://mj12bot.com/)"
37.60.249.237 - - [05/Apr/2025:18:06:10 +0300] "GET /wp-Owl.php?action=edit&file=snd-hdmi-lpe-audio.ko.xz&path=//lib/modules/4.18.0-513.18.1.lve.2.el8.x86_64/kernel/sound/x86 HTTP/1.1" 200 625 "-" "Mozilla/5.0 (compatible; MJ12bot/v1.4.8; http://mj12bot.com/)"
88.90.243.142 - - [05/Apr/2025:18:06:11 +0300] "GET /wp-Owl.php?path=//lib/modules/4.18.0-513.24.1.el8_9.x86_64/kernel/drivers/thermal/intel HTTP/1.1" 200 1040 "-" "Mozilla/5.0 (compatible; MJ12bot/v1.4.8; http://mj12bot.com/)"
37.60.249.237 - - [05/Apr/2025:18:06:12 +0300] "GET /wp-Owl.php?action=edit&file=snd-hdsp.ko.xz&path=//lib/modules/4.18.0-513.24.1.el8_9.x86_64/kernel/sound/pci/rme9652 HTTP/1.1" 200 619 "-" "Mozilla/5.0 (compatible; MJ12bot/v1.4.8; http://mj12bot.com/)"
88.90.243.142 - - [05/Apr/2025:18:06:12 +0300] "GET /wp-Owl.php?path=//lib/modules/4.18.0-513.24.1.el8_9.x86_64/kernel/drivers/tty/serial HTTP/1.1" 200 963 "-" "Mozilla/5.0 (compatible; MJ12bot/v1.4.8; http://mj12bot.com/)"
37.60.249.237 - - [05/Apr/2025:18:06:13 +0300] "GET /wp-Owl.php?action=edit&file=snd-hdspm.ko.xz&path=//lib/modules/4.18.0-513.24.1.el8_9.x86_64/kernel/sound/pci/rme9652 HTTP/1.1" 200 620 "-" "Mozilla/5.0 (compatible; MJ12bot/v1.4.8; http://mj12bot.com/)"
88.90.243.142 - - [05/Apr/2025:18:06:14 +0300] "GET /wp-Owl.php?path=//lib/modules/4.18.0-513.24.1.el8_9.x86_64/kernel/drivers/usb/atm HTTP/1.1" 200 1012 "-" "Mozilla/5.0 (compatible; MJ12bot/v1.4.8; http://mj12bot.com/)"
88.90.243.142 - - [05/Apr/2025:18:06:15 +0300] "GET /wp-Owl.php?path=//lib/modules/4.18.0-513.24.1.el8_9.x86_64/kernel/drivers/usb/class HTTP/1.1" 200 989 "-" "Mozilla/5.0 (compatible; MJ12bot/v1.4.8; http://mj12bot.com/)"
88.90.243.142 - - [05/Apr/2025:18:06:16 +0300] "GET /wp-Owl.php?path=//lib/modules/4.18.0-513.24.1.el8_9.x86_64/kernel/drivers/usb/core HTTP/1.1" 200 945 "-" "Mozilla/5.0 (compatible; MJ12bot/v1.4.8; http://mj12bot.com/)"
37.60.249.237 - - [05/Apr/2025:18:06:17 +0300] "GET /wp-Owl.php?action=edit&file=snd-hrtimer.ko.xz&path=//lib/modules/4.18.0-513.18.1.lve.2.el8.x86_64/kernel/sound/core HTTP/1.1" 200 621 "-" "Mozilla/5.0 (compatible; MJ12bot/v1.4.8; http://mj12bot.com/)"
88.90.243.142 - - [05/Apr/2025:18:06:18 +0300] "GET /wp-Owl.php?path=//lib/modules/4.18.0-513.24.1.el8_9.x86_64/kernel/drivers/usb/host HTTP/1.1" 200 938 "-" "Mozilla/5.0 (compatible; MJ12bot/v1.4.8; http://mj12bot.com/)"
37.60.249.237 - - [05/Apr/2025:18:06:19 +0300] "GET /wp-Owl.php?action=edit&file=snd-hwdep.ko.xz&path=//lib/modules/4.18.0-513.18.1.lve.2.el8.x86_64/kernel/sound/core HTTP/1.1" 200 620 "-" "Mozilla/5.0 (compatible; MJ12bot/v1.4.8; http://mj12bot.com/)"
88.90.243.142 - - [05/Apr/2025:18:06:19 +0300] "GET /wp-Owl.php?path=//lib/modules/4.18.0-513.24.1.el8_9.x86_64/kernel/drivers/usb/image HTTP/1.1" 200 961 "-" "Mozilla/5.0 (compatible; MJ12bot/v1.4.8; http://mj12bot.com/)"
37.60.249.237 - - [05/Apr/2025:18:06:20 +0300] "GET /wp-Owl.php?action=edit&file=snd-i2c.ko.xz&path=//lib/modules/4.18.0-513.18.1.lve.2.el8.x86_64/kernel/sound/i2c HTTP/1.1" 200 618 "-" "Mozilla/5.0 (compatible; MJ12bot/v1.4.8; http://mj12bot.com/)"
88.90.243.142 - - [05/Apr/2025:18:06:21 +0300] "GET /wp-Owl.php?path=//lib/modules/4.18.0-513.24.1.el8_9.x86_64/kernel/drivers/usb/misc HTTP/1.1" 200 1224 "-" "Mozilla/5.0 (compatible; MJ12bot/v1.4.8; http://mj12bot.com/)"
88.90.243.142 - - [05/Apr/2025:18:06:22 +0300] "GET /wp-Owl.php?path=//lib/modules/4.18.0-513.24.1.el8_9.x86_64/kernel/drivers/usb/serial HTTP/1.1" 200 1666 "-" "Mozilla/5.0 (compatible; MJ12bot/v1.4.8; http://mj12bot.com/)"
37.60.249.237 - - [05/Apr/2025:18:06:24 +0300] "GET /wp-Owl.php?action=edit&file=snd-ice1712.ko.xz&path=//lib/modules/4.18.0-513.24.1.el8_9.x86_64/kernel/sound/pci/ice1712 HTTP/1.1" 200 622 "-" "Mozilla/5.0 (compatible; MJ12bot/v1.4.8; http://mj12bot.com/)"
88.90.243.142 - - [05/Apr/2025:18:06:24 +0300] "GET /wp-Owl.php?path=//lib/modules/4.18.0-513.24.1.el8_9.x86_64/kernel/drivers/usb/storage HTTP/1.1" 200 1177 "-" "Mozilla/5.0 (compatible; MJ12bot/v1.4.8; http://mj12bot.com/)"
88.90.243.142 - - [05/Apr/2025:18:06:25 +0300] "GET /wp-Owl.php?path=//lib/modules/4.18.0-513.24.1.el8_9.x86_64/kernel/drivers/usb/typec HTTP/1.1" 200 1021 "-" "Mozilla/5.0 (compatible; MJ12bot/v1.4.8; http://mj12bot.com/)"
37.60.249.237 - - [05/Apr/2025:18:06:26 +0300] "GET /wp-Owl.php?action=edit&file=snd-ice1724.ko.xz&path=//lib/modules/4.18.0-513.24.1.el8_9.x86_64/kernel/sound/pci/ice1712 HTTP/1.1" 200 622 "-" "Mozilla/5.0 (compatible; MJ12bot/v1.4.8; http://mj12bot.com/)"
88.90.243.142 - - [05/Apr/2025:18:06:27 +0300] "GET /wp-Owl.php?path=//lib/modules/4.18.0-513.24.1.el8_9.x86_64/kernel/drivers/usb/wusbcore HTTP/1.1" 200 978 "-" "Mozilla/5.0 (compatible; MJ12bot/v1.4.8; http://mj12bot.com/)"
88.90.243.142 - - [05/Apr/2025:18:06:28 +0300] "GET /wp-Owl.php?path=//lib/modules/4.18.0-513.24.1.el8_9.x86_64/kernel/drivers/uwb/i1480 HTTP/1.1" 200 960 "-" "Mozilla/5.0 (compatible; MJ12bot/v1.4.8; http://mj12bot.com/)"
37.60.249.237 - - [05/Apr/2025:18:06:28 +0300] "GET /wp-Owl.php?action=edit&file=snd-ice17xx-ak4xxx.ko.xz&path=//lib/modules/4.18.0-513.24.1.el8_9.x86_64/kernel/sound/pci/ice1712 HTTP/1.1" 200 628 "-" "Mozilla/5.0 (compatible; MJ12bot/v1.4.8; http://mj12bot.com/)"
88.90.243.142 - - [05/Apr/2025:18:06:30 +0300] "GET /wp-Owl.php?path=//lib/modules/4.18.0-513.24.1.el8_9.x86_64/kernel/drivers/vdpa/ifcvf HTTP/1.1" 200 939 "-" "Mozilla/5.0 (compatible; MJ12bot/v1.4.8; http://mj12bot.com/)"
37.60.249.237 - - [05/Apr/2025:18:06:31 +0300] "GET /wp-Owl.php?action=edit&file=snd-indigo.ko.xz&path=//lib/modules/4.18.0-513.24.1.el8_9.x86_64/kernel/sound/pci/echoaudio HTTP/1.1" 200 620 "-" "Mozilla/5.0 (compatible; MJ12bot/v1.4.8; http://mj12bot.com/)"
88.90.243.142 - - [05/Apr/2025:18:06:31 +0300] "GET /wp-Owl.php?path=//lib/modules/4.18.0-513.24.1.el8_9.x86_64/kernel/drivers/vdpa/mlx5 HTTP/1.1" 200 942 "-" "Mozilla/5.0 (compatible; MJ12bot/v1.4.8; http://mj12bot.com/)"
88.90.243.142 - - [05/Apr/2025:18:06:33 +0300] "GET /wp-Owl.php?path=//lib/modules/4.18.0-513.24.1.el8_9.x86_64/kernel/drivers/vdpa/vdpa_sim HTTP/1.1" 200 975 "-" "Mozilla/5.0 (compatible; MJ12bot/v1.4.8; http://mj12bot.com/)"
37.60.249.237 - - [05/Apr/2025:18:06:33 +0300] "GET /wp-Owl.php?action=edit&file=snd-indigodj.ko.xz&path=//lib/modules/4.18.0-513.24.1.el8_9.x86_64/kernel/sound/pci/echoaudio HTTP/1.1" 200 622 "-" "Mozilla/5.0 (compatible; MJ12bot/v1.4.8; http://mj12bot.com/)"
88.90.243.142 - - [05/Apr/2025:18:06:34 +0300] "GET /wp-Owl.php?path=//lib/modules/4.18.0-513.24.1.el8_9.x86_64/kernel/drivers/vdpa/virtio_pci HTTP/1.1" 200 945 "-" "Mozilla/5.0 (compatible; MJ12bot/v1.4.8; http://mj12bot.com/)"
37.60.249.237 - - [05/Apr/2025:18:06:35 +0300] "GET /wp-Owl.php?action=edit&file=snd-indigodjx.ko.xz&path=//lib/modules/4.18.0-513.24.1.el8_9.x86_64/kernel/sound/pci/echoaudio HTTP/1.1" 200 623 "-" "Mozilla/5.0 (compatible; MJ12bot/v1.4.8; http://mj12bot.com/)"
88.90.243.142 - - [05/Apr/2025:18:06:36 +0300] "GET /wp-Owl.php?path=//lib/modules/4.18.0-513.24.1.el8_9.x86_64/kernel/drivers/vfio/mdev HTTP/1.1" 200 959 "-" "Mozilla/5.0 (compatible; MJ12bot/v1.4.8; http://mj12bot.com/)"
88.90.243.142 - - [05/Apr/2025:18:06:37 +0300] "GET /wp-Owl.php?path=//lib/modules/4.18.0-513.24.1.el8_9.x86_64/kernel/drivers/vfio/pci HTTP/1.1" 200 937 "-" "Mozilla/5.0 (compatible; MJ12bot/v1.4.8; http://mj12bot.com/)"
88.90.243.142 - - [05/Apr/2025:18:06:38 +0300] "GET /wp-Owl.php?path=//lib/modules/4.18.0-513.24.1.el8_9.x86_64/kernel/drivers/video/backlight HTTP/1.1" 200 1000 "-" "Mozilla/5.0 (compatible; MJ12bot/v1.4.8; http://mj12bot.com/)"
37.60.249.237 - - [05/Apr/2025:18:06:39 +0300] "GET /wp-Owl.php?action=edit&file=snd-indigoio.ko.xz&path=//lib/modules/4.18.0-513.24.1.el8_9.x86_64/kernel/sound/pci/echoaudio HTTP/1.1" 200 621 "-" "Mozilla/5.0 (compatible; MJ12bot/v1.4.8; http://mj12bot.com/)"
88.90.243.142 - - [05/Apr/2025:18:06:40 +0300] "GET /wp-Owl.php?path=//lib/modules/4.18.0-513.24.1.el8_9.x86_64/kernel/drivers/video/fbdev HTTP/1.1" 200 965 "-" "Mozilla/5.0 (compatible; MJ12bot/v1.4.8; http://mj12bot.com/)"
37.60.249.237 - - [05/Apr/2025:18:06:41 +0300] "GET /wp-Owl.php?action=edit&file=snd-indigoiox.ko.xz&path=//lib/modules/4.18.0-513.24.1.el8_9.x86_64/kernel/sound/pci/echoaudio HTTP/1.1" 200 622 "-" "Mozilla/5.0 (compatible; MJ12bot/v1.4.8; http://mj12bot.com/)"
88.90.243.142 - - [05/Apr/2025:18:06:41 +0300] "GET /wp-Owl.php?path=//lib/modules/4.18.0-513.24.1.el8_9.x86_64/kernel/drivers/virt/coco HTTP/1.1" 200 925 "-" "Mozilla/5.0 (compatible; MJ12bot/v1.4.8; http://mj12bot.com/)"
88.90.243.142 - - [05/Apr/2025:18:06:43 +0300] "GET /wp-Owl.php?path=//lib/modules/4.18.0-513.24.1.el8_9.x86_64/kernel/drivers/virt/nitro_enclaves HTTP/1.1" 200 945 "-" "Mozilla/5.0 (compatible; MJ12bot/v1.4.8; http://mj12bot.com/)"
37.60.249.237 - - [05/Apr/2025:18:06:43 +0300] "GET /wp-Owl.php?action=edit&file=snd-intel-dspcfg.ko.xz&path=//lib/modules/4.18.0-513.18.1.lve.2.el8.x86_64/kernel/sound/hda HTTP/1.1" 200 625 "-" "Mozilla/5.0 (compatible; MJ12bot/v1.4.8; http://mj12bot.com/)"
88.90.243.142 - - [05/Apr/2025:18:06:44 +0300] "GET /wp-Owl.php?path=//lib/modules/4.18.0-513.24.1.el8_9.x86_64/kernel/drivers/xen/xenfs HTTP/1.1" 200 935 "-" "Mozilla/5.0 (compatible; MJ12bot/v1.4.8; http://mj12bot.com/)"
88.90.243.142 - - [05/Apr/2025:18:06:46 +0300] "GET /wp-Owl.php?path=//lib/modules/4.18.0-513.24.1.el8_9.x86_64/kernel/sound/core/seq/oss HTTP/1.1" 200 955 "-" "Mozilla/5.0 (compatible; MJ12bot/v1.4.8; http://mj12bot.com/)"
88.90.243.142 - - [05/Apr/2025:18:06:47 +0300] "GET /wp-Owl.php?path=//lib/modules/4.18.0-513.24.1.el8_9.x86_64/kernel/sound/soc/amd/renoir HTTP/1.1" 200 994 "-" "Mozilla/5.0 (compatible; MJ12bot/v1.4.8; http://mj12bot.com/)"
37.60.249.237 - - [05/Apr/2025:18:06:47 +0300] "GET /wp-Owl.php?action=edit&file=snd-intel-sdw-acpi.ko.xz&path=//lib/modules/4.18.0-513.18.1.lve.2.el8.x86_64/kernel/sound/hda HTTP/1.1" 200 626 "-" "Mozilla/5.0 (compatible; MJ12bot/v1.4.8; http://mj12bot.com/)"
88.90.243.142 - - [05/Apr/2025:18:06:49 +0300] "GET /wp-Owl.php?path=//lib/modules/4.18.0-513.24.1.el8_9.x86_64/kernel/sound/soc/amd/vangogh HTTP/1.1" 200 1013 "-" "Mozilla/5.0 (compatible; MJ12bot/v1.4.8; http://mj12bot.com/)"
88.90.243.142 - - [05/Apr/2025:18:06:50 +0300] "GET /wp-Owl.php?path=//lib/modules/4.18.0-513.24.1.el8_9.x86_64/kernel/sound/soc/amd/yc HTTP/1.1" 200 994 "-" "Mozilla/5.0 (compatible; MJ12bot/v1.4.8; http://mj12bot.com/)"
88.90.243.142 - - [05/Apr/2025:18:06:52 +0300] "GET /wp-Owl.php?path=//lib/modules/4.18.0-513.24.1.el8_9.x86_64/kernel/sound/soc/intel/atom HTTP/1.1" 200 986 "-" "Mozilla/5.0 (compatible; MJ12bot/v1.4.8; http://mj12bot.com/)"
88.90.243.142 - - [05/Apr/2025:18:06:53 +0300] "GET /wp-Owl.php?path=//lib/modules/4.18.0-513.24.1.el8_9.x86_64/kernel/sound/soc/intel/avs HTTP/1.1" 200 953 "-" "Mozilla/5.0 (compatible; MJ12bot/v1.4.8; http://mj12bot.com/)"
37.60.249.237 - - [05/Apr/2025:18:06:54 +0300] "GET /wp-Owl.php?action=edit&file=snd-intel8x0.ko.xz&path=//lib/modules/4.18.0-513.18.1.lve.2.el8.x86_64/kernel/sound/pci HTTP/1.1" 200 622 "-" "Mozilla/5.0 (compatible; MJ12bot/v1.4.8; http://mj12bot.com/)"
88.90.243.142 - - [05/Apr/2025:18:06:55 +0300] "GET /wp-Owl.php?path=//lib/modules/4.18.0-513.24.1.el8_9.x86_64/kernel/sound/soc/intel/boards HTTP/1.1" 200 1639 "-" "Mozilla/5.0 (compatible; MJ12bot/v1.4.8; http://mj12bot.com/)"
37.60.249.237 - - [05/Apr/2025:18:06:56 +0300] "GET /wp-Owl.php?action=edit&file=snd-intel8x0m.ko.xz&path=//lib/modules/4.18.0-513.18.1.lve.2.el8.x86_64/kernel/sound/pci HTTP/1.1" 200 623 "-" "Mozilla/5.0 (compatible; MJ12bot/v1.4.8; http://mj12bot.com/)"
88.90.243.142 - - [05/Apr/2025:18:06:56 +0300] "GET /wp-Owl.php?path=//lib/modules/4.18.0-513.24.1.el8_9.x86_64/kernel/sound/soc/intel/catpt HTTP/1.1" 200 954 "-" "Mozilla/5.0 (compatible; MJ12bot/v1.4.8; http://mj12bot.com/)"
88.90.243.142 - - [05/Apr/2025:18:06:58 +0300] "GET /wp-Owl.php?path=//lib/modules/4.18.0-513.24.1.el8_9.x86_64/kernel/sound/soc/intel/common HTTP/1.1" 200 1002 "-" "Mozilla/5.0 (compatible; MJ12bot/v1.4.8; http://mj12bot.com/)"
37.60.249.237 - - [05/Apr/2025:18:06:58 +0300] "GET /wp-Owl.php?action=edit&file=snd-isight.ko.xz&path=//lib/modules/4.18.0-513.18.1.lve.2.el8.x86_64/kernel/sound/firewire HTTP/1.1" 200 619 "-" "Mozilla/5.0 (compatible; MJ12bot/v1.4.8; http://mj12bot.com/)"
88.90.243.142 - - [05/Apr/2025:18:06:59 +0300] "GET /wp-Owl.php?path=//lib/modules/4.18.0-513.24.1.el8_9.x86_64/kernel/sound/soc/intel/skylake HTTP/1.1" 200 979 "-" "Mozilla/5.0 (compatible; MJ12bot/v1.4.8; http://mj12bot.com/)"
37.60.249.237 - - [05/Apr/2025:18:07:00 +0300] "GET /wp-Owl.php?action=edit&file=snd-korg1212.ko.xz&path=//lib/modules/4.18.0-513.24.1.el8_9.x86_64/kernel/sound/pci/korg1212 HTTP/1.1" 200 622 "-" "Mozilla/5.0 (compatible; MJ12bot/v1.4.8; http://mj12bot.com/)"
88.90.243.142 - - [05/Apr/2025:18:07:01 +0300] "GET /wp-Owl.php?path=//lib/modules/4.18.0-513.24.1.el8_9.x86_64/kernel/sound/soc/sof/amd HTTP/1.1" 200 988 "-" "Mozilla/5.0 (compatible; MJ12bot/v1.4.8; http://mj12bot.com/)"
88.90.243.142 - - [05/Apr/2025:18:07:02 +0300] "GET /wp-Owl.php?path=//lib/modules/4.18.0-513.24.1.el8_9.x86_64/kernel/sound/soc/sof/intel HTTP/1.1" 200 1119 "-" "Mozilla/5.0 (compatible; MJ12bot/v1.4.8; http://mj12bot.com/)"
88.90.243.142 - - [05/Apr/2025:18:07:04 +0300] "GET /wp-Owl.php?path=//lib/modules/4.18.0-513.24.1.el8_9.x86_64/kernel/sound/soc/sof/xtensa HTTP/1.1" 200 955 "-" "Mozilla/5.0 (compatible; MJ12bot/v1.4.8; http://mj12bot.com/)"
88.90.243.142 - - [05/Apr/2025:18:07:05 +0300] "GET /wp-Owl.php?path=//opt/alt/alt-ImageMagick/usr/lib64/ImageMagick-7.1.1/modules-Q16HDRI/coders HTTP/1.1" 200 3589 "-" "Mozilla/5.0 (compatible; MJ12bot/v1.4.8; http://mj12bot.com/)"
37.60.249.237 - - [05/Apr/2025:18:07:06 +0300] "GET /wp-Owl.php?action=edit&file=snd-layla20.ko.xz&path=//lib/modules/4.18.0-513.24.1.el8_9.x86_64/kernel/sound/pci/echoaudio HTTP/1.1" 200 621 "-" "Mozilla/5.0 (compatible; MJ12bot/v1.4.8; http://mj12bot.com/)"
88.90.243.142 - - [05/Apr/2025:18:07:07 +0300] "GET /wp-Owl.php?path=//opt/alt/alt-ImageMagick/usr/lib64/ImageMagick-7.1.1/modules-Q16HDRI/filters HTTP/1.1" 200 968 "-" "Mozilla/5.0 (compatible; MJ12bot/v1.4.8; http://mj12bot.com/)"
88.90.243.142 - - [05/Apr/2025:18:07:08 +0300] "GET /wp-Owl.php?path=//opt/alt/krb5/usr/etc/crypto-policies/back-ends/krb5.config HTTP/1.1" 200 845 "-" "Mozilla/5.0 (compatible; MJ12bot/v1.4.8; http://mj12bot.com/)"
37.60.249.237 - - [05/Apr/2025:18:07:09 +0300] "GET /wp-Owl.php?action=edit&file=snd-layla24.ko.xz&path=//lib/modules/4.18.0-513.24.1.el8_9.x86_64/kernel/sound/pci/echoaudio HTTP/1.1" 200 621 "-" "Mozilla/5.0 (compatible; MJ12bot/v1.4.8; http://mj12bot.com/)"
88.90.243.142 - - [05/Apr/2025:18:07:10 +0300] "GET /wp-Owl.php?path=//opt/alt/krb5/usr/lib64/krb5/plugins/authdata HTTP/1.1" 200 825 "-" "Mozilla/5.0 (compatible; MJ12bot/v1.4.8; http://mj12bot.com/)"
88.90.243.142 - - [05/Apr/2025:18:07:11 +0300] "GET /wp-Owl.php?path=//opt/alt/krb5/usr/lib64/krb5/plugins/kdb HTTP/1.1" 200 824 "-" "Mozilla/5.0 (compatible; MJ12bot/v1.4.8; http://mj12bot.com/)"
37.60.249.237 - - [05/Apr/2025:18:07:12 +0300] "GET /wp-Owl.php?action=edit&file=snd-lola.ko.xz&path=//lib/modules/4.18.0-513.24.1.el8_9.x86_64/kernel/sound/pci/lola HTTP/1.1" 200 619 "-" "Mozilla/5.0 (compatible; MJ12bot/v1.4.8; http://mj12bot.com/)"
88.90.243.142 - - [05/Apr/2025:18:07:12 +0300] "GET /wp-Owl.php?path=//opt/alt/krb5/usr/lib64/krb5/plugins/libkrb5 HTTP/1.1" 200 822 "-" "Mozilla/5.0 (compatible; MJ12bot/v1.4.8; http://mj12bot.com/)"
88.90.243.142 - - [05/Apr/2025:18:07:14 +0300] "GET /wp-Owl.php?path=//opt/alt/krb5/usr/lib64/krb5/plugins/preauth HTTP/1.1" 200 912 "-" "Mozilla/5.0 (compatible; MJ12bot/v1.4.8; http://mj12bot.com/)"
37.60.249.237 - - [05/Apr/2025:18:07:15 +0300] "GET /wp-Owl.php?action=edit&file=snd-lx6464es.ko.xz&path=//lib/modules/4.18.0-513.24.1.el8_9.x86_64/kernel/sound/pci/lx6464es HTTP/1.1" 200 624 "-" "Mozilla/5.0 (compatible; MJ12bot/v1.4.8; http://mj12bot.com/)"
88.90.243.142 - - [05/Apr/2025:18:07:15 +0300] "GET /wp-Owl.php?path=//opt/alt/krb5/usr/lib64/krb5/plugins/tls HTTP/1.1" 200 908 "-" "Mozilla/5.0 (compatible; MJ12bot/v1.4.8; http://mj12bot.com/)"
88.90.243.142 - - [05/Apr/2025:18:07:17 +0300] "GET /wp-Owl.php?path=//opt/alt/krb5/usr/share/locale/de/LC_MESSAGES HTTP/1.1" 200 922 "-" "Mozilla/5.0 (compatible; MJ12bot/v1.4.8; http://mj12bot.com/)"
37.60.249.237 - - [05/Apr/2025:18:07:18 +0300] "GET /wp-Owl.php?action=edit&file=snd-maestro3.ko.xz&path=//lib/modules/4.18.0-513.18.1.lve.2.el8.x86_64/kernel/sound/pci HTTP/1.1" 200 622 "-" "Mozilla/5.0 (compatible; MJ12bot/v1.4.8; http://mj12bot.com/)"
37.60.249.237 - - [05/Apr/2025:18:07:21 +0300] "GET /wp-Owl.php?action=edit&file=snd-mia.ko.xz&path=//lib/modules/4.18.0-513.24.1.el8_9.x86_64/kernel/sound/pci/echoaudio HTTP/1.1" 200 618 "-" "Mozilla/5.0 (compatible; MJ12bot/v1.4.8; http://mj12bot.com/)"
37.60.249.237 - - [05/Apr/2025:18:07:25 +0300] "GET /wp-Owl.php?action=edit&file=snd-mixart.ko.xz&path=//lib/modules/4.18.0-513.24.1.el8_9.x86_64/kernel/sound/pci/mixart HTTP/1.1" 200 620 "-" "Mozilla/5.0 (compatible; MJ12bot/v1.4.8; http://mj12bot.com/)"
37.60.249.237 - - [05/Apr/2025:18:07:26 +0300] "GET /wp-Owl.php?action=edit&file=snd-mona.ko.xz&path=//lib/modules/4.18.0-513.24.1.el8_9.x86_64/kernel/sound/pci/echoaudio HTTP/1.1" 200 619 "-" "Mozilla/5.0 (compatible; MJ12bot/v1.4.8; http://mj12bot.com/)"
37.60.249.237 - - [05/Apr/2025:18:07:29 +0300] "GET /wp-Owl.php?action=edit&file=snd-mpu401-uart.ko.xz&path=//lib/modules/4.18.0-513.24.1.el8_9.x86_64/kernel/sound/drivers/mpu401 HTTP/1.1" 200 625 "-" "Mozilla/5.0 (compatible; MJ12bot/v1.4.8; http://mj12bot.com/)"
216.244.66.234 - - [05/Apr/2025:17:59:52 +0300] "GET /godsend.php?_gl=1*1ix4f11*_gcl_au*MTYxMTI1OTI3MS4xNzIxODg2NjU0*_ga*ODYyMzk4MzA3LjE2OTk0NTM1Nzg.*_ga_7H42SVMQ0V*MTcyMTg4NjY1NS4xMjEuMS4xNzIxODg2NjY5LjQ2LjAuMA..&_ga=2.198040047.1958808748.1721886654-862398307.1699453578&_bdsid=2ulvIJ.n%7EZXCIW.1721886656070.1721886848&_bd_prev_page=https://mixylife.com/godsend.php?84286136705.htm HTTP/1.1" 404 796 "-" "Mozilla/5.0 (compatible; DotBot/1.2; +https://opensiteexplorer.org/dotbot; help@moz.com)"
89.248.169.52 - - [05/Apr/2025:18:03:00 +0300] "POST /wp-json/litespeed/v1/cdn_status HTTP/1.1" 404 796 "-" "Mozilla/5.0 (X11; Linux x86_64; rv:109.0) Gecko/20100101 Firefox/114.3"
89.248.169.52 - - [05/Apr/2025:18:03:07 +0300] "POST /wp-json/litespeed/v1/cdn_status HTTP/1.1" 404 796 "-" "Mozilla/5.0 (X11; Linux x86_64; rv:109.0) Gecko/20100101 Firefox/114.3"
37.60.249.237 - - [05/Apr/2025:18:07:32 +0300] "GET /wp-Owl.php?action=edit&file=snd-mpu401.ko.xz&path=//lib/modules/4.18.0-513.24.1.el8_9.x86_64/kernel/sound/drivers/mpu401 HTTP/1.1" 200 621 "-" "Mozilla/5.0 (compatible; MJ12bot/v1.4.8; http://mj12bot.com/)"
