89.248.169.52 - - [05/Apr/2025:22:03:41 +0300] "POST /wp-json/litespeed/v1/cdn_status HTTP/1.1" 404 796 "-" "Mozilla/5.0 (X11; Linux x86_64; rv:109.0) Gecko/20100101 Firefox/114.3"
93.174.93.2 - - [05/Apr/2025:22:05:34 +0300] "POST /wp-json/litespeed/v1/cdn_status HTTP/1.1" 404 796 "-" "Mozilla/5.0 (X11; Linux x86_64; rv:109.0) Gecko/20100101 Firefox/114.3"
93.174.93.2 - - [05/Apr/2025:22:05:36 +0300] "POST /wp-json/litespeed/v1/cdn_status HTTP/1.1" 404 796 "-" "Mozilla/5.0 (X11; Linux x86_64; rv:109.0) Gecko/20100101 Firefox/114.3"
94.102.49.19 - - [05/Apr/2025:22:08:55 +0300] "POST /wp-json/litespeed/v1/cdn_status HTTP/1.1" 404 796 "-" "Mozilla/5.0 (X11; Linux x86_64; rv:109.0) Gecko/20100101 Firefox/114.3"
94.102.49.19 - - [05/Apr/2025:22:09:01 +0300] "POST /wp-json/litespeed/v1/cdn_status HTTP/1.1" 404 796 "-" "Mozilla/5.0 (X11; Linux x86_64; rv:109.0) Gecko/20100101 Firefox/114.3"
89.248.169.52 - - [05/Apr/2025:22:05:53 +0300] "POST /wp-json/litespeed/v1/cdn_status HTTP/1.1" 404 796 "-" "Mozilla/5.0 (X11; Linux x86_64; rv:109.0) Gecko/20100101 Firefox/114.3"
89.248.169.52 - - [05/Apr/2025:22:06:02 +0300] "POST /wp-json/litespeed/v1/cdn_status HTTP/1.1" 404 796 "-" "Mozilla/5.0 (X11; Linux x86_64; rv:109.0) Gecko/20100101 Firefox/114.3"
94.102.49.19 - - [05/Apr/2025:22:06:35 +0300] "POST /wp-json/litespeed/v1/cdn_status HTTP/1.1" 404 796 "-" "Mozilla/5.0 (X11; Linux x86_64; rv:109.0) Gecko/20100101 Firefox/114.3"
94.102.49.19 - - [05/Apr/2025:22:06:36 +0300] "POST /wp-json/litespeed/v1/cdn_status HTTP/1.1" 404 796 "-" "Mozilla/5.0 (X11; Linux x86_64; rv:109.0) Gecko/20100101 Firefox/114.3"
89.248.169.52 - - [05/Apr/2025:22:19:25 +0300] "POST /wp-json/litespeed/v1/cdn_status HTTP/1.1" 404 796 "-" "Mozilla/5.0 (X11; Linux x86_64; rv:109.0) Gecko/20100101 Firefox/114.3"
66.249.66.77 - - [05/Apr/2025:22:20:51 +0300] "GET /?_ga=2.198040047.1958808748.1721886654-862398307.1699453578&_bdsid=2ulvIJ.n~ZXCIW.1721886656070.1721886848&_bd_prev_page=http://mixylife.com/detail.php?3259032225.htm HTTP/1.1" 200 2691 "-" "Mozilla/5.0 (Linux; Android 6.0.1; Nexus 5X Build/MMB29P) AppleWebKit/537.36 (KHTML, like Gecko) Chrome/134.0.6998.165 Mobile Safari/537.36 (compatible; Googlebot/2.1; +http://www.google.com/bot.html)"
4.227.36.30 - - [05/Apr/2025:22:25:00 +0300] "GET /robots.txt HTTP/1.1" 404 796 "-" "Mozilla/5.0 AppleWebKit/537.36 (KHTML, like Gecko; compatible; GPTBot/1.2; +https://openai.com/gptbot)"
66.249.66.76 - - [05/Apr/2025:22:10:12 +0300] "GET /?_ga=2.198040047.1958808748.1721886654-862398307.1699453578&_bdsid=2ulvIJ.n~ZXCIW.1721886656070.1721886848&_bd_prev_page=http://mixylife.com/detail.php?32590139971.htm HTTP/1.1" 200 2691 "-" "Mozilla/5.0 (Linux; Android 6.0.1; Nexus 5X Build/MMB29P) AppleWebKit/537.36 (KHTML, like Gecko) Chrome/134.0.6998.165 Mobile Safari/537.36 (compatible; Googlebot/2.1; +http://www.google.com/bot.html)"
93.174.93.2 - - [05/Apr/2025:22:12:32 +0300] "POST /wp-json/litespeed/v1/cdn_status HTTP/1.1" 404 796 "-" "Mozilla/5.0 (X11; Linux x86_64; rv:109.0) Gecko/20100101 Firefox/114.3"
93.174.93.2 - - [05/Apr/2025:22:12:42 +0300] "POST /wp-json/litespeed/v1/cdn_status HTTP/1.1" 404 796 "-" "Mozilla/5.0 (X11; Linux x86_64; rv:109.0) Gecko/20100101 Firefox/114.3"
94.102.49.19 - - [05/Apr/2025:22:16:08 +0300] "POST /wp-json/litespeed/v1/cdn_status HTTP/1.1" 404 796 "-" "Mozilla/5.0 (X11; Linux x86_64; rv:109.0) Gecko/20100101 Firefox/114.3"
94.102.49.19 - - [05/Apr/2025:22:16:11 +0300] "POST /wp-json/litespeed/v1/cdn_status HTTP/1.1" 404 796 "-" "Mozilla/5.0 (X11; Linux x86_64; rv:109.0) Gecko/20100101 Firefox/114.3"
66.249.66.75 - - [05/Apr/2025:22:22:49 +0300] "GET /_autoindex/assets/js/tablesort.number.js HTTP/1.1" 200 353 "http://mixylife.com/?_ga=2.198040047.1958808748.1721886654-862398307.1699453578&_bdsid=2ulvIJ.n~ZXCIW.1721886656070.1721886848&_bd_prev_page=http://mixylife.com/detail.php?3259032225.htm" "Mozilla/5.0 (Linux; Android 6.0.1; Nexus 5X Build/MMB29P) AppleWebKit/537.36 (KHTML, like Gecko) Chrome/134.0.6998.165 Mobile Safari/537.36 (compatible; Googlebot/2.1; +http://www.google.com/bot.html)"
94.102.49.19 - - [05/Apr/2025:22:26:54 +0300] "POST /wp-json/litespeed/v1/cdn_status HTTP/1.1" 404 796 "-" "Mozilla/5.0 (X11; Linux x86_64; rv:109.0) Gecko/20100101 Firefox/114.3"
94.102.49.19 - - [05/Apr/2025:22:26:55 +0300] "POST /wp-json/litespeed/v1/cdn_status HTTP/1.1" 404 796 "-" "Mozilla/5.0 (X11; Linux x86_64; rv:109.0) Gecko/20100101 Firefox/114.3"
89.248.169.52 - - [05/Apr/2025:22:28:51 +0300] "POST /wp-json/litespeed/v1/cdn_status HTTP/1.1" 404 796 "-" "Mozilla/5.0 (X11; Linux x86_64; rv:109.0) Gecko/20100101 Firefox/114.3"
89.248.169.52 - - [05/Apr/2025:22:29:03 +0300] "POST /wp-json/litespeed/v1/cdn_status HTTP/1.1" 404 796 "-" "Mozilla/5.0 (X11; Linux x86_64; rv:109.0) Gecko/20100101 Firefox/114.3"
89.248.169.52 - - [05/Apr/2025:22:30:42 +0300] "POST /wp-json/litespeed/v1/cdn_status HTTP/1.1" 404 796 "-" "Mozilla/5.0 (X11; Linux x86_64; rv:109.0) Gecko/20100101 Firefox/114.3"
66.249.66.77 - - [05/Apr/2025:22:30:55 +0300] "GET /?_ga=2.198040047.1958808748.1721886654-862398307.1699453578&_bdsid=2ulvIJ.n~ZXCIW.1721886656070.1721886848&_bd_prev_page=http://mixylife.com/detail.php?91636257161.htm HTTP/1.1" 200 2691 "-" "Mozilla/5.0 (Linux; Android 6.0.1; Nexus 5X Build/MMB29P) AppleWebKit/537.36 (KHTML, like Gecko) Chrome/134.0.6998.165 Mobile Safari/537.36 (compatible; Googlebot/2.1; +http://www.google.com/bot.html)"
94.102.49.19 - - [05/Apr/2025:22:32:52 +0300] "POST /wp-json/litespeed/v1/cdn_status HTTP/1.1" 404 796 "-" "Mozilla/5.0 (X11; Linux x86_64; rv:109.0) Gecko/20100101 Firefox/114.3"
217.182.134.134 - - [05/Apr/2025:22:33:00 +0300] "GET /robots.txt HTTP/1.1" 404 796 "-" "Mozilla/5.0 (compatible; MJ12bot/v1.4.8; http://mj12bot.com/)"
217.182.134.134 - - [05/Apr/2025:22:33:01 +0300] "GET /wp-Owl.php?action=edit&file=.k5login.5&path=//opt/alt/krb5/usr/share/man/man5 HTTP/1.1" 200 624 "-" "Mozilla/5.0 (compatible; MJ12bot/v1.4.8; http://mj12bot.com/)"
217.182.134.134 - - [05/Apr/2025:22:33:03 +0300] "GET /wp-Owl.php?action=edit&file=6lowpan.ko.xz&path=//lib/modules/4.18.0-513.18.1.lve.2.el8.x86_64/kernel/net/6lowpan HTTP/1.1" 200 619 "-" "Mozilla/5.0 (compatible; MJ12bot/v1.4.8; http://mj12bot.com/)"
217.182.134.134 - - [05/Apr/2025:22:33:04 +0300] "GET /wp-Owl.php?action=edit&file=8021q.ko.xz&path=//lib/modules/4.18.0-513.18.1.lve.2.el8.x86_64/kernel/net/8021q HTTP/1.1" 200 617 "-" "Mozilla/5.0 (compatible; MJ12bot/v1.4.8; http://mj12bot.com/)"
217.182.134.134 - - [05/Apr/2025:22:33:06 +0300] "GET /wp-Owl.php?action=edit&file=AUTHORS&path=//opt/alt/freetds11/usr/share/doc/alt-freetds11 HTTP/1.1" 200 2134 "-" "Mozilla/5.0 (compatible; MJ12bot/v1.4.8; http://mj12bot.com/)"
94.102.49.19 - - [05/Apr/2025:22:33:07 +0300] "POST /wp-json/litespeed/v1/cdn_status HTTP/1.1" 404 796 "-" "Mozilla/5.0 (X11; Linux x86_64; rv:109.0) Gecko/20100101 Firefox/114.3"
217.182.134.134 - - [05/Apr/2025:22:33:07 +0300] "GET /wp-Owl.php?action=edit&file=AUTHORS.txt&path=//opt/alt/alt-ImageMagick/usr/share/doc/alt-ImageMagick HTTP/1.1" 200 3258 "-" "Mozilla/5.0 (compatible; MJ12bot/v1.4.8; http://mj12bot.com/)"
217.182.134.134 - - [05/Apr/2025:22:33:09 +0300] "GET /wp-Owl.php?action=edit&file=AUTHORS.txt&path=//opt/alt/alt-ImageMagick/usr/share/doc/alt-ImageMagick-libs HTTP/1.1" 200 3258 "-" "Mozilla/5.0 (compatible; MJ12bot/v1.4.8; http://mj12bot.com/)"
217.182.134.134 - - [05/Apr/2025:22:33:10 +0300] "GET /wp-Owl.php?action=edit&file=BUGS&path=//opt/alt/freetds11/usr/share/doc/alt-freetds11 HTTP/1.1" 200 805 "-" "Mozilla/5.0 (compatible; MJ12bot/v1.4.8; http://mj12bot.com/)"
217.182.134.134 - - [05/Apr/2025:22:33:12 +0300] "GET /wp-Owl.php?action=edit&file=BUGS.md&path=//opt/alt/curlssl11/usr/share/doc/alt-curlssl11 HTTP/1.1" 200 5594 "-" "Mozilla/5.0 (compatible; MJ12bot/v1.4.8; http://mj12bot.com/)"
217.182.134.134 - - [05/Apr/2025:22:33:13 +0300] "GET /wp-Owl.php?action=edit&file=CHANGES&path=//opt/alt/curlssl11/usr/share/doc/alt-curlssl11 HTTP/1.1" 200 98321 "-" "Mozilla/5.0 (compatible; MJ12bot/v1.4.8; http://mj12bot.com/)"
217.182.134.134 - - [05/Apr/2025:22:33:15 +0300] "GET /wp-Owl.php?action=edit&file=COPYING&path=//opt/alt/curlssl11/usr/share/doc/alt-curlssl11 HTTP/1.1" 200 1278 "-" "Mozilla/5.0 (compatible; MJ12bot/v1.4.8; http://mj12bot.com/)"
217.182.134.134 - - [05/Apr/2025:22:33:16 +0300] "GET /wp-Owl.php?action=edit&file=COPYING&path=//opt/alt/freetds11/usr/share/doc/alt-freetds11 HTTP/1.1" 200 7471 "-" "Mozilla/5.0 (compatible; MJ12bot/v1.4.8; http://mj12bot.com/)"
217.182.134.134 - - [05/Apr/2025:22:33:17 +0300] "GET /wp-Owl.php?action=edit&file=COPYING.LIB&path=//opt/alt/freetds11/usr/share/doc/alt-freetds11 HTTP/1.1" 200 9692 "-" "Mozilla/5.0 (compatible; MJ12bot/v1.4.8; http://mj12bot.com/)"
217.182.134.134 - - [05/Apr/2025:22:33:19 +0300] "GET /wp-Owl.php?action=edit&file=ChangeLog&path=//opt/alt/freetds11/usr/share/doc/alt-freetds11 HTTP/1.1" 200 4278 "-" "Mozilla/5.0 (compatible; MJ12bot/v1.4.8; http://mj12bot.com/)"
217.182.134.134 - - [05/Apr/2025:22:33:20 +0300] "GET /wp-Owl.php?action=edit&file=FAQ&path=//opt/alt/curlssl11/usr/share/doc/alt-curlssl11 HTTP/1.1" 200 25745 "-" "Mozilla/5.0 (compatible; MJ12bot/v1.4.8; http://mj12bot.com/)"
217.182.134.134 - - [05/Apr/2025:22:33:22 +0300] "GET /wp-Owl.php?action=edit&file=FEATURES.md&path=//opt/alt/curlssl11/usr/share/doc/alt-curlssl11 HTTP/1.1" 200 2939 "-" "Mozilla/5.0 (compatible; MJ12bot/v1.4.8; http://mj12bot.com/)"
217.182.134.134 - - [05/Apr/2025:22:33:23 +0300] "GET /wp-Owl.php?action=edit&file=INSTALL&path=//opt/alt/freetds11/usr/share/doc/alt-freetds11 HTTP/1.1" 200 1044 "-" "Mozilla/5.0 (compatible; MJ12bot/v1.4.8; http://mj12bot.com/)"
217.182.134.134 - - [05/Apr/2025:22:33:25 +0300] "GET /wp-Owl.php?action=edit&file=ImageMagick.1&path=//opt/alt/alt-ImageMagick/usr/share/man/man1 HTTP/1.1" 200 3444 "-" "Mozilla/5.0 (compatible; MJ12bot/v1.4.8; http://mj12bot.com/)"
217.182.134.134 - - [05/Apr/2025:22:33:26 +0300] "GET /wp-Owl.php?action=edit&file=LICENSE&path=//opt/alt/alt-ImageMagick/usr/share/doc/alt-ImageMagick HTTP/1.1" 200 4944 "-" "Mozilla/5.0 (compatible; MJ12bot/v1.4.8; http://mj12bot.com/)"
217.182.134.134 - - [05/Apr/2025:22:33:28 +0300] "GET /wp-Owl.php?action=edit&file=LICENSE&path=//opt/alt/alt-ImageMagick/usr/share/doc/alt-ImageMagick-libs HTTP/1.1" 200 4944 "-" "Mozilla/5.0 (compatible; MJ12bot/v1.4.8; http://mj12bot.com/)"
65.108.110.26 - - [05/Apr/2025:22:33:29 +0300] "GET /wp-Owl.php?action=edit&file=heif-enc.1&path=//opt/alt/alt-ImageMagick/usr/share/man/man1 HTTP/1.1" 200 1715 "-" "Mozilla/5.0 (compatible; MJ12bot/v1.4.8; http://mj12bot.com/)"
217.182.134.134 - - [05/Apr/2025:22:33:29 +0300] "GET /wp-Owl.php?action=edit&file=LICENSE&path=//opt/alt/krb5/usr/share/licenses/alt-krb5-libs HTTP/1.1" 200 10256 "-" "Mozilla/5.0 (compatible; MJ12bot/v1.4.8; http://mj12bot.com/)"
65.108.110.26 - - [05/Apr/2025:22:33:30 +0300] "GET /wp-Owl.php?action=edit&file=heif-info.1&path=//opt/alt/alt-ImageMagick/usr/share/man/man1 HTTP/1.1" 200 984 "-" "Mozilla/5.0 (compatible; MJ12bot/v1.4.8; http://mj12bot.com/)"
217.182.134.134 - - [05/Apr/2025:22:33:31 +0300] "GET /wp-Owl.php?action=edit&file=NEWS&path=//opt/alt/freetds11/usr/share/doc/alt-freetds11 HTTP/1.1" 200 11294 "-" "Mozilla/5.0 (compatible; MJ12bot/v1.4.8; http://mj12bot.com/)"
65.108.110.26 - - [05/Apr/2025:22:33:32 +0300] "GET /wp-Owl.php?action=edit&file=heif-thumbnailer.1&path=//opt/alt/alt-ImageMagick/usr/share/man/man1 HTTP/1.1" 200 1033 "-" "Mozilla/5.0 (compatible; MJ12bot/v1.4.8; http://mj12bot.com/)"
217.182.134.134 - - [05/Apr/2025:22:33:32 +0300] "GET /wp-Owl.php?action=edit&file=NEWS.txt&path=//opt/alt/alt-ImageMagick/usr/share/doc/alt-ImageMagick HTTP/1.1" 200 1620 "-" "Mozilla/5.0 (compatible; MJ12bot/v1.4.8; http://mj12bot.com/)"
65.108.110.26 - - [05/Apr/2025:22:33:33 +0300] "GET /wp-Owl.php?action=edit&file=hid-a4tech.ko.xz&path=//lib/modules/4.18.0-513.24.1.el8_9.x86_64/kernel/drivers/hid HTTP/1.1" 200 621 "-" "Mozilla/5.0 (compatible; MJ12bot/v1.4.8; http://mj12bot.com/)"
217.182.134.134 - - [05/Apr/2025:22:33:34 +0300] "GET /wp-Owl.php?action=edit&file=NOTICE&path=//opt/alt/alt-ImageMagick/usr/share/doc/alt-ImageMagick HTTP/1.1" 200 3859 "-" "Mozilla/5.0 (compatible; MJ12bot/v1.4.8; http://mj12bot.com/)"
65.108.110.26 - - [05/Apr/2025:22:33:35 +0300] "GET /wp-Owl.php?action=edit&file=hid-alps.ko.xz&path=//lib/modules/4.18.0-513.24.1.el8_9.x86_64/kernel/drivers/hid HTTP/1.1" 200 618 "-" "Mozilla/5.0 (compatible; MJ12bot/v1.4.8; http://mj12bot.com/)"
217.182.134.134 - - [05/Apr/2025:22:33:35 +0300] "GET /wp-Owl.php?action=edit&file=NOTICE&path=//opt/alt/alt-ImageMagick/usr/share/doc/alt-ImageMagick-libs HTTP/1.1" 200 3859 "-" "Mozilla/5.0 (compatible; MJ12bot/v1.4.8; http://mj12bot.com/)"
65.108.110.26 - - [05/Apr/2025:22:33:36 +0300] "GET /wp-Owl.php?action=edit&file=hid-apple.ko.xz&path=//lib/modules/4.18.0-513.24.1.el8_9.x86_64/kernel/drivers/hid HTTP/1.1" 200 619 "-" "Mozilla/5.0 (compatible; MJ12bot/v1.4.8; http://mj12bot.com/)"
217.182.134.134 - - [05/Apr/2025:22:33:37 +0300] "GET /wp-Owl.php?action=edit&file=NOTICE&path=//opt/alt/krb5/usr/share/doc/alt-krb5-libs HTTP/1.1" 200 10257 "-" "Mozilla/5.0 (compatible; MJ12bot/v1.4.8; http://mj12bot.com/)"
217.182.134.134 - - [05/Apr/2025:22:33:38 +0300] "GET /wp-Owl.php?action=edit&file=QuickStart.txt&path=//opt/alt/alt-ImageMagick/usr/share/doc/alt-ImageMagick-libs HTTP/1.1" 200 2080 "-" "Mozilla/5.0 (compatible; MJ12bot/v1.4.8; http://mj12bot.com/)"
217.182.134.134 - - [05/Apr/2025:22:33:39 +0300] "GET /wp-Owl.php?action=edit&file=README&path=//opt/alt/curlssl11/usr/share/doc/alt-curlssl11 HTTP/1.1" 200 1420 "-" "Mozilla/5.0 (compatible; MJ12bot/v1.4.8; http://mj12bot.com/)"
217.182.134.134 - - [05/Apr/2025:22:33:41 +0300] "GET /wp-Owl.php?action=edit&file=README&path=//opt/alt/freetds11/usr/share/doc/alt-freetds11 HTTP/1.1" 200 2240 "-" "Mozilla/5.0 (compatible; MJ12bot/v1.4.8; http://mj12bot.com/)"
65.108.110.26 - - [05/Apr/2025:22:33:41 +0300] "GET /wp-Owl.php?action=edit&file=hid-aureal.ko.xz&path=//lib/modules/4.18.0-513.24.1.el8_9.x86_64/kernel/drivers/hid HTTP/1.1" 200 621 "-" "Mozilla/5.0 (compatible; MJ12bot/v1.4.8; http://mj12bot.com/)"
217.182.134.134 - - [05/Apr/2025:22:33:42 +0300] "GET /wp-Owl.php?action=edit&file=README&path=//opt/alt/krb5/usr/share/doc/alt-krb5-libs HTTP/1.1" 200 7824 "-" "Mozilla/5.0 (compatible; MJ12bot/v1.4.8; http://mj12bot.com/)"
217.182.134.134 - - [05/Apr/2025:22:33:44 +0300] "GET /wp-Owl.php?action=edit&file=README.txt&path=//opt/alt/alt-ImageMagick/usr/share/doc/alt-ImageMagick HTTP/1.1" 200 3805 "-" "Mozilla/5.0 (compatible; MJ12bot/v1.4.8; http://mj12bot.com/)"
65.108.110.26 - - [05/Apr/2025:22:33:44 +0300] "GET /wp-Owl.php?action=edit&file=hid-belkin.ko.xz&path=//lib/modules/4.18.0-513.24.1.el8_9.x86_64/kernel/drivers/hid HTTP/1.1" 200 620 "-" "Mozilla/5.0 (compatible; MJ12bot/v1.4.8; http://mj12bot.com/)"
217.182.134.134 - - [05/Apr/2025:22:33:45 +0300] "GET /wp-Owl.php?action=edit&file=TODO&path=//opt/alt/curlssl11/usr/share/doc/alt-curlssl11 HTTP/1.1" 200 18185 "-" "Mozilla/5.0 (compatible; MJ12bot/v1.4.8; http://mj12bot.com/)"
217.182.134.134 - - [05/Apr/2025:22:33:47 +0300] "GET /wp-Owl.php?action=edit&file=TODO&path=//opt/alt/freetds11/usr/share/doc/alt-freetds11 HTTP/1.1" 200 3571 "-" "Mozilla/5.0 (compatible; MJ12bot/v1.4.8; http://mj12bot.com/)"
217.182.134.134 - - [05/Apr/2025:22:33:48 +0300] "GET /wp-Owl.php?action=edit&file=TheArtOfHttpScripting.md&path=//opt/alt/curlssl11/usr/share/doc/alt-curlssl11 HTTP/1.1" 200 10969 "-" "Mozilla/5.0 (compatible; MJ12bot/v1.4.8; http://mj12bot.com/)"
217.182.134.134 - - [05/Apr/2025:22:33:50 +0300] "GET /wp-Owl.php?action=edit&file=abituguru.ko.xz&path=//lib/modules/4.18.0-513.24.1.el8_9.x86_64/kernel/drivers/hwmon HTTP/1.1" 200 620 "-" "Mozilla/5.0 (compatible; MJ12bot/v1.4.8; http://mj12bot.com/)"
65.108.110.26 - - [05/Apr/2025:22:33:50 +0300] "GET /wp-Owl.php?action=edit&file=hid-cmedia.ko.xz&path=//lib/modules/4.18.0-513.24.1.el8_9.x86_64/kernel/drivers/hid HTTP/1.1" 200 620 "-" "Mozilla/5.0 (compatible; MJ12bot/v1.4.8; http://mj12bot.com/)"
217.182.134.134 - - [05/Apr/2025:22:33:51 +0300] "GET /wp-Owl.php?action=edit&file=abituguru3.ko.xz&path=//lib/modules/4.18.0-513.24.1.el8_9.x86_64/kernel/drivers/hwmon HTTP/1.1" 200 621 "-" "Mozilla/5.0 (compatible; MJ12bot/v1.4.8; http://mj12bot.com/)"
65.108.110.26 - - [05/Apr/2025:22:33:51 +0300] "GET /wp-Owl.php?action=edit&file=hid-corsair.ko.xz&path=//lib/modules/4.18.0-513.24.1.el8_9.x86_64/kernel/drivers/hid HTTP/1.1" 200 620 "-" "Mozilla/5.0 (compatible; MJ12bot/v1.4.8; http://mj12bot.com/)"
217.182.134.134 - - [05/Apr/2025:22:33:53 +0300] "GET /wp-Owl.php?action=edit&file=acpi-cpufreq.ko.xz&path=//lib/modules/4.18.0-513.24.1.el8_9.x86_64/kernel/drivers/cpufreq HTTP/1.1" 200 622 "-" "Mozilla/5.0 (compatible; MJ12bot/v1.4.8; http://mj12bot.com/)"
217.182.134.134 - - [05/Apr/2025:22:33:54 +0300] "GET /wp-Owl.php?action=edit&file=acpi_extlog.ko.xz&path=//lib/modules/4.18.0-513.24.1.el8_9.x86_64/kernel/drivers/acpi HTTP/1.1" 200 622 "-" "Mozilla/5.0 (compatible; MJ12bot/v1.4.8; http://mj12bot.com/)"
65.108.110.26 - - [05/Apr/2025:22:33:56 +0300] "GET /wp-Owl.php?action=edit&file=hid-elan.ko.xz&path=//lib/modules/4.18.0-513.24.1.el8_9.x86_64/kernel/drivers/hid HTTP/1.1" 200 619 "-" "Mozilla/5.0 (compatible; MJ12bot/v1.4.8; http://mj12bot.com/)"
217.182.134.134 - - [05/Apr/2025:22:33:56 +0300] "GET /wp-Owl.php?action=edit&file=acpi_ipmi.ko.xz&path=//lib/modules/4.18.0-513.24.1.el8_9.x86_64/kernel/drivers/acpi HTTP/1.1" 200 620 "-" "Mozilla/5.0 (compatible; MJ12bot/v1.4.8; http://mj12bot.com/)"
217.182.134.134 - - [05/Apr/2025:22:33:57 +0300] "GET /wp-Owl.php?action=edit&file=acpi_pad.ko.xz&path=//lib/modules/4.18.0-513.24.1.el8_9.x86_64/kernel/drivers/acpi HTTP/1.1" 200 620 "-" "Mozilla/5.0 (compatible; MJ12bot/v1.4.8; http://mj12bot.com/)"
65.108.110.26 - - [05/Apr/2025:22:33:58 +0300] "GET /wp-Owl.php?action=edit&file=hid-elecom.ko.xz&path=//lib/modules/4.18.0-513.24.1.el8_9.x86_64/kernel/drivers/hid HTTP/1.1" 200 620 "-" "Mozilla/5.0 (compatible; MJ12bot/v1.4.8; http://mj12bot.com/)"
217.182.134.134 - - [05/Apr/2025:22:33:59 +0300] "GET /wp-Owl.php?action=edit&file=acpi_power_meter.ko.xz&path=//lib/modules/4.18.0-513.24.1.el8_9.x86_64/kernel/drivers/hwmon HTTP/1.1" 200 625 "-" "Mozilla/5.0 (compatible; MJ12bot/v1.4.8; http://mj12bot.com/)"
65.108.110.26 - - [05/Apr/2025:22:33:59 +0300] "GET /wp-Owl.php?action=edit&file=hid-elo.ko.xz&path=//lib/modules/4.18.0-513.24.1.el8_9.x86_64/kernel/drivers/hid HTTP/1.1" 200 618 "-" "Mozilla/5.0 (compatible; MJ12bot/v1.4.8; http://mj12bot.com/)"
217.182.134.134 - - [05/Apr/2025:22:34:00 +0300] "GET /wp-Owl.php?action=edit&file=acpi_tad.ko.xz&path=//lib/modules/4.18.0-513.24.1.el8_9.x86_64/kernel/drivers/acpi HTTP/1.1" 200 620 "-" "Mozilla/5.0 (compatible; MJ12bot/v1.4.8; http://mj12bot.com/)"
217.182.134.134 - - [05/Apr/2025:22:34:02 +0300] "GET /wp-Owl.php?action=edit&file=act_bpf.ko.xz&path=//lib/modules/4.18.0-513.18.1.lve.2.el8.x86_64/kernel/net/sched HTTP/1.1" 200 619 "-" "Mozilla/5.0 (compatible; MJ12bot/v1.4.8; http://mj12bot.com/)"
65.108.110.26 - - [05/Apr/2025:22:34:02 +0300] "GET /wp-Owl.php?action=edit&file=hid-gaff.ko.xz&path=//lib/modules/4.18.0-513.24.1.el8_9.x86_64/kernel/drivers/hid HTTP/1.1" 200 619 "-" "Mozilla/5.0 (compatible; MJ12bot/v1.4.8; http://mj12bot.com/)"
217.182.134.134 - - [05/Apr/2025:22:34:03 +0300] "GET /wp-Owl.php?action=edit&file=act_csum.ko.xz&path=//lib/modules/4.18.0-513.18.1.lve.2.el8.x86_64/kernel/net/sched HTTP/1.1" 200 620 "-" "Mozilla/5.0 (compatible; MJ12bot/v1.4.8; http://mj12bot.com/)"
65.108.110.26 - - [05/Apr/2025:22:34:04 +0300] "GET /wp-Owl.php?action=edit&file=hid-gembird.ko.xz&path=//lib/modules/4.18.0-513.24.1.el8_9.x86_64/kernel/drivers/hid HTTP/1.1" 200 621 "-" "Mozilla/5.0 (compatible; MJ12bot/v1.4.8; http://mj12bot.com/)"
94.102.49.19 - - [05/Apr/2025:22:28:13 +0300] "POST /wp-json/litespeed/v1/cdn_status HTTP/1.1" 404 796 "-" "Mozilla/5.0 (X11; Linux x86_64; rv:109.0) Gecko/20100101 Firefox/114.3"
94.102.49.19 - - [05/Apr/2025:22:28:15 +0300] "POST /wp-json/litespeed/v1/cdn_status HTTP/1.1" 404 796 "-" "Mozilla/5.0 (X11; Linux x86_64; rv:109.0) Gecko/20100101 Firefox/114.3"
20.171.207.191 - - [05/Apr/2025:22:30:48 +0300] "GET /wp-Owl.php?action=edit&file=soundwire-generic-allocation.ko.xz&path=%2F%2Flib%2Fmodules%2F4.18.0-513.5.1.el8_9.x86_64%2Fkernel%2Fdrivers%2Fsoundwire HTTP/1.1" 200 630 "-" "Mozilla/5.0 AppleWebKit/537.36 (KHTML, like Gecko; compatible; GPTBot/1.2; +https://openai.com/gptbot)"
144.126.154.31 - - [05/Apr/2025:22:32:50 +0300] "GET /robots.txt HTTP/1.1" 404 796 "-" "Mozilla/5.0 (compatible; MJ12bot/v1.4.8; http://mj12bot.com/)"
144.126.154.31 - - [05/Apr/2025:22:32:52 +0300] "GET /wp-Owl.php?path=//opt/alt/krb5/usr/share/locale/en_US/LC_MESSAGES HTTP/1.1" 200 922 "-" "Mozilla/5.0 (compatible; MJ12bot/v1.4.8; http://mj12bot.com/)"
144.126.154.31 - - [05/Apr/2025:22:32:53 +0300] "GET /wp-Owl.php?path=//opt/alt/krb5/usr/var/kerberos/krb5/user HTTP/1.1" 200 819 "-" "Mozilla/5.0 (compatible; MJ12bot/v1.4.8; http://mj12bot.com/)"
144.126.154.31 - - [05/Apr/2025:22:32:55 +0300] "GET /wp-Owl.php?path=//proc/525391/root/usr/lib64/c%20%20-plesk-10.3.0/lib64 HTTP/1.1" 200 827 "-" "Mozilla/5.0 (compatible; MJ12bot/v1.4.8; http://mj12bot.com/)"
65.108.110.26 - - [05/Apr/2025:22:33:27 +0300] "GET /robots.txt HTTP/1.1" 404 796 "-" "Mozilla/5.0 (compatible; MJ12bot/v1.4.8; http://mj12bot.com/)"
65.108.110.26 - - [05/Apr/2025:22:33:38 +0300] "GET /wp-Owl.php?action=edit&file=hid-appleir.ko.xz&path=//lib/modules/4.18.0-513.24.1.el8_9.x86_64/kernel/drivers/hid HTTP/1.1" 200 620 "-" "Mozilla/5.0 (compatible; MJ12bot/v1.4.8; http://mj12bot.com/)"
65.108.110.26 - - [05/Apr/2025:22:33:39 +0300] "GET /wp-Owl.php?action=edit&file=hid-asus.ko.xz&path=//lib/modules/4.18.0-513.24.1.el8_9.x86_64/kernel/drivers/hid HTTP/1.1" 200 619 "-" "Mozilla/5.0 (compatible; MJ12bot/v1.4.8; http://mj12bot.com/)"
65.108.110.26 - - [05/Apr/2025:22:33:43 +0300] "GET /wp-Owl.php?action=edit&file=hid-axff.ko.xz&path=//lib/modules/4.18.0-513.24.1.el8_9.x86_64/kernel/drivers/hid HTTP/1.1" 200 619 "-" "Mozilla/5.0 (compatible; MJ12bot/v1.4.8; http://mj12bot.com/)"
65.108.110.26 - - [05/Apr/2025:22:33:45 +0300] "GET /wp-Owl.php?action=edit&file=hid-betopff.ko.xz&path=//lib/modules/4.18.0-513.24.1.el8_9.x86_64/kernel/drivers/hid HTTP/1.1" 200 621 "-" "Mozilla/5.0 (compatible; MJ12bot/v1.4.8; http://mj12bot.com/)"
65.108.110.26 - - [05/Apr/2025:22:33:47 +0300] "GET /wp-Owl.php?action=edit&file=hid-cherry.ko.xz&path=//lib/modules/4.18.0-513.24.1.el8_9.x86_64/kernel/drivers/hid HTTP/1.1" 200 620 "-" "Mozilla/5.0 (compatible; MJ12bot/v1.4.8; http://mj12bot.com/)"
65.108.110.26 - - [05/Apr/2025:22:33:49 +0300] "GET /wp-Owl.php?action=edit&file=hid-chicony.ko.xz&path=//lib/modules/4.18.0-513.24.1.el8_9.x86_64/kernel/drivers/hid HTTP/1.1" 200 620 "-" "Mozilla/5.0 (compatible; MJ12bot/v1.4.8; http://mj12bot.com/)"
65.108.110.26 - - [05/Apr/2025:22:33:53 +0300] "GET /wp-Owl.php?action=edit&file=hid-cypress.ko.xz&path=//lib/modules/4.18.0-513.24.1.el8_9.x86_64/kernel/drivers/hid HTTP/1.1" 200 621 "-" "Mozilla/5.0 (compatible; MJ12bot/v1.4.8; http://mj12bot.com/)"
65.108.110.26 - - [05/Apr/2025:22:33:54 +0300] "GET /wp-Owl.php?action=edit&file=hid-dr.ko.xz&path=//lib/modules/4.18.0-513.24.1.el8_9.x86_64/kernel/drivers/hid HTTP/1.1" 200 617 "-" "Mozilla/5.0 (compatible; MJ12bot/v1.4.8; http://mj12bot.com/)"
65.108.110.26 - - [05/Apr/2025:22:34:01 +0300] "GET /wp-Owl.php?action=edit&file=hid-ezkey.ko.xz&path=//lib/modules/4.18.0-513.24.1.el8_9.x86_64/kernel/drivers/hid HTTP/1.1" 200 620 "-" "Mozilla/5.0 (compatible; MJ12bot/v1.4.8; http://mj12bot.com/)"
217.182.134.134 - - [05/Apr/2025:22:34:05 +0300] "GET /wp-Owl.php?action=edit&file=act_gact.ko.xz&path=//lib/modules/4.18.0-513.18.1.lve.2.el8.x86_64/kernel/net/sched HTTP/1.1" 200 619 "-" "Mozilla/5.0 (compatible; MJ12bot/v1.4.8; http://mj12bot.com/)"
217.182.134.134 - - [05/Apr/2025:22:34:07 +0300] "GET /wp-Owl.php?action=edit&file=act_mirred.ko.xz&path=//lib/modules/4.18.0-513.18.1.lve.2.el8.x86_64/kernel/net/sched HTTP/1.1" 200 621 "-" "Mozilla/5.0 (compatible; MJ12bot/v1.4.8; http://mj12bot.com/)"
217.182.134.134 - - [05/Apr/2025:22:34:08 +0300] "GET /wp-Owl.php?action=edit&file=act_nat.ko.xz&path=//lib/modules/4.18.0-513.18.1.lve.2.el8.x86_64/kernel/net/sched HTTP/1.1" 200 619 "-" "Mozilla/5.0 (compatible; MJ12bot/v1.4.8; http://mj12bot.com/)"
217.182.134.134 - - [05/Apr/2025:22:34:10 +0300] "GET /wp-Owl.php?action=edit&file=act_pedit.ko.xz&path=//lib/modules/4.18.0-513.18.1.lve.2.el8.x86_64/kernel/net/sched HTTP/1.1" 200 620 "-" "Mozilla/5.0 (compatible; MJ12bot/v1.4.8; http://mj12bot.com/)"
65.108.110.26 - - [05/Apr/2025:22:34:10 +0300] "GET /wp-Owl.php?action=edit&file=hid-holtek-kbd.ko.xz&path=//lib/modules/4.18.0-513.24.1.el8_9.x86_64/kernel/drivers/hid HTTP/1.1" 200 624 "-" "Mozilla/5.0 (compatible; MJ12bot/v1.4.8; http://mj12bot.com/)"
217.182.134.134 - - [05/Apr/2025:22:34:11 +0300] "GET /wp-Owl.php?action=edit&file=act_police.ko.xz&path=//lib/modules/4.18.0-513.18.1.lve.2.el8.x86_64/kernel/net/sched HTTP/1.1" 200 620 "-" "Mozilla/5.0 (compatible; MJ12bot/v1.4.8; http://mj12bot.com/)"
65.108.110.26 - - [05/Apr/2025:22:34:13 +0300] "GET /wp-Owl.php?action=edit&file=hid-holtekff.ko.xz&path=//lib/modules/4.18.0-513.24.1.el8_9.x86_64/kernel/drivers/hid HTTP/1.1" 200 622 "-" "Mozilla/5.0 (compatible; MJ12bot/v1.4.8; http://mj12bot.com/)"
217.182.134.134 - - [05/Apr/2025:22:34:13 +0300] "GET /wp-Owl.php?action=edit&file=act_sample.ko.xz&path=//lib/modules/4.18.0-513.18.1.lve.2.el8.x86_64/kernel/net/sched HTTP/1.1" 200 621 "-" "Mozilla/5.0 (compatible; MJ12bot/v1.4.8; http://mj12bot.com/)"
217.182.134.134 - - [05/Apr/2025:22:34:14 +0300] "GET /wp-Owl.php?action=edit&file=act_simple.ko.xz&path=//lib/modules/4.18.0-513.18.1.lve.2.el8.x86_64/kernel/net/sched HTTP/1.1" 200 621 "-" "Mozilla/5.0 (compatible; MJ12bot/v1.4.8; http://mj12bot.com/)"
65.108.110.26 - - [05/Apr/2025:22:34:16 +0300] "GET /wp-Owl.php?action=edit&file=hid-icade.ko.xz&path=//lib/modules/4.18.0-513.24.1.el8_9.x86_64/kernel/drivers/hid HTTP/1.1" 200 619 "-" "Mozilla/5.0 (compatible; MJ12bot/v1.4.8; http://mj12bot.com/)"
217.182.134.134 - - [05/Apr/2025:22:34:16 +0300] "GET /wp-Owl.php?action=edit&file=act_skbedit.ko.xz&path=//lib/modules/4.18.0-513.18.1.lve.2.el8.x86_64/kernel/net/sched HTTP/1.1" 200 621 "-" "Mozilla/5.0 (compatible; MJ12bot/v1.4.8; http://mj12bot.com/)"
217.182.134.134 - - [05/Apr/2025:22:34:17 +0300] "GET /wp-Owl.php?action=edit&file=act_skbmod.ko.xz&path=//lib/modules/4.18.0-513.18.1.lve.2.el8.x86_64/kernel/net/sched HTTP/1.1" 200 622 "-" "Mozilla/5.0 (compatible; MJ12bot/v1.4.8; http://mj12bot.com/)"
217.182.134.134 - - [05/Apr/2025:22:34:19 +0300] "GET /wp-Owl.php?action=edit&file=act_tunnel_key.ko.xz&path=//lib/modules/4.18.0-513.18.1.lve.2.el8.x86_64/kernel/net/sched HTTP/1.1" 200 624 "-" "Mozilla/5.0 (compatible; MJ12bot/v1.4.8; http://mj12bot.com/)"
217.182.134.134 - - [05/Apr/2025:22:34:20 +0300] "GET /wp-Owl.php?action=edit&file=act_vlan.ko.xz&path=//lib/modules/4.18.0-513.18.1.lve.2.el8.x86_64/kernel/net/sched HTTP/1.1" 200 620 "-" "Mozilla/5.0 (compatible; MJ12bot/v1.4.8; http://mj12bot.com/)"
65.108.110.26 - - [05/Apr/2025:22:34:22 +0300] "GET /wp-Owl.php?action=edit&file=hid-keytouch.ko.xz&path=//lib/modules/4.18.0-513.24.1.el8_9.x86_64/kernel/drivers/hid HTTP/1.1" 200 622 "-" "Mozilla/5.0 (compatible; MJ12bot/v1.4.8; http://mj12bot.com/)"
217.182.134.134 - - [05/Apr/2025:22:34:22 +0300] "GET /wp-Owl.php?action=edit&file=ad7414.ko.xz&path=//lib/modules/4.18.0-513.24.1.el8_9.x86_64/kernel/drivers/hwmon HTTP/1.1" 200 620 "-" "Mozilla/5.0 (compatible; MJ12bot/v1.4.8; http://mj12bot.com/)"
65.108.110.26 - - [05/Apr/2025:22:34:23 +0300] "GET /wp-Owl.php?action=edit&file=hid-kye.ko.xz&path=//lib/modules/4.18.0-513.24.1.el8_9.x86_64/kernel/drivers/hid HTTP/1.1" 200 618 "-" "Mozilla/5.0 (compatible; MJ12bot/v1.4.8; http://mj12bot.com/)"
217.182.134.134 - - [05/Apr/2025:22:34:23 +0300] "GET /wp-Owl.php?action=edit&file=ad7418.ko.xz&path=//lib/modules/4.18.0-513.24.1.el8_9.x86_64/kernel/drivers/hwmon HTTP/1.1" 200 619 "-" "Mozilla/5.0 (compatible; MJ12bot/v1.4.8; http://mj12bot.com/)"
217.182.134.134 - - [05/Apr/2025:22:34:25 +0300] "GET /wp-Owl.php?action=edit&file=adm1021.ko.xz&path=//lib/modules/4.18.0-513.24.1.el8_9.x86_64/kernel/drivers/hwmon HTTP/1.1" 200 619 "-" "Mozilla/5.0 (compatible; MJ12bot/v1.4.8; http://mj12bot.com/)"
65.108.110.26 - - [05/Apr/2025:22:34:26 +0300] "GET /wp-Owl.php?action=edit&file=hid-led.ko.xz&path=//lib/modules/4.18.0-513.24.1.el8_9.x86_64/kernel/drivers/hid HTTP/1.1" 200 618 "-" "Mozilla/5.0 (compatible; MJ12bot/v1.4.8; http://mj12bot.com/)"
217.182.134.134 - - [05/Apr/2025:22:34:26 +0300] "GET /wp-Owl.php?action=edit&file=adm1025.ko.xz&path=//lib/modules/4.18.0-513.24.1.el8_9.x86_64/kernel/drivers/hwmon HTTP/1.1" 200 619 "-" "Mozilla/5.0 (compatible; MJ12bot/v1.4.8; http://mj12bot.com/)"
217.182.134.134 - - [05/Apr/2025:22:34:28 +0300] "GET /wp-Owl.php?action=edit&file=adm1026.ko.xz&path=//lib/modules/4.18.0-513.24.1.el8_9.x86_64/kernel/drivers/hwmon HTTP/1.1" 200 619 "-" "Mozilla/5.0 (compatible; MJ12bot/v1.4.8; http://mj12bot.com/)"
217.182.134.134 - - [05/Apr/2025:22:34:29 +0300] "GET /wp-Owl.php?action=edit&file=adm1029.ko.xz&path=//lib/modules/4.18.0-513.24.1.el8_9.x86_64/kernel/drivers/hwmon HTTP/1.1" 200 619 "-" "Mozilla/5.0 (compatible; MJ12bot/v1.4.8; http://mj12bot.com/)"
217.182.134.134 - - [05/Apr/2025:22:34:31 +0300] "GET /wp-Owl.php?action=edit&file=adm1031.ko.xz&path=//lib/modules/4.18.0-513.24.1.el8_9.x86_64/kernel/drivers/hwmon HTTP/1.1" 200 619 "-" "Mozilla/5.0 (compatible; MJ12bot/v1.4.8; http://mj12bot.com/)"
65.108.110.26 - - [05/Apr/2025:22:34:32 +0300] "GET /wp-Owl.php?action=edit&file=hid-logitech-hidpp.ko.xz&path=//lib/modules/4.18.0-513.24.1.el8_9.x86_64/kernel/drivers/hid HTTP/1.1" 200 625 "-" "Mozilla/5.0 (compatible; MJ12bot/v1.4.8; http://mj12bot.com/)"
217.182.134.134 - - [05/Apr/2025:22:34:32 +0300] "GET /wp-Owl.php?action=edit&file=adm9240.ko.xz&path=//lib/modules/4.18.0-513.24.1.el8_9.x86_64/kernel/drivers/hwmon HTTP/1.1" 200 619 "-" "Mozilla/5.0 (compatible; MJ12bot/v1.4.8; http://mj12bot.com/)"
217.182.134.134 - - [05/Apr/2025:22:34:34 +0300] "GET /wp-Owl.php?action=edit&file=ads1015.ko.xz&path=//lib/modules/4.18.0-513.24.1.el8_9.x86_64/kernel/drivers/hwmon HTTP/1.1" 200 619 "-" "Mozilla/5.0 (compatible; MJ12bot/v1.4.8; http://mj12bot.com/)"
65.108.110.26 - - [05/Apr/2025:22:34:35 +0300] "GET /wp-Owl.php?action=edit&file=hid-microsoft.ko.xz&path=//lib/modules/4.18.0-513.24.1.el8_9.x86_64/kernel/drivers/hid HTTP/1.1" 200 622 "-" "Mozilla/5.0 (compatible; MJ12bot/v1.4.8; http://mj12bot.com/)"
217.182.134.134 - - [05/Apr/2025:22:34:35 +0300] "GET /wp-Owl.php?action=edit&file=ads7828.ko.xz&path=//lib/modules/4.18.0-513.24.1.el8_9.x86_64/kernel/drivers/hwmon HTTP/1.1" 200 620 "-" "Mozilla/5.0 (compatible; MJ12bot/v1.4.8; http://mj12bot.com/)"
217.182.134.134 - - [05/Apr/2025:22:34:37 +0300] "GET /wp-Owl.php?action=edit&file=adt7410.ko.xz&path=//lib/modules/4.18.0-513.24.1.el8_9.x86_64/kernel/drivers/hwmon HTTP/1.1" 200 619 "-" "Mozilla/5.0 (compatible; MJ12bot/v1.4.8; http://mj12bot.com/)"
65.108.110.26 - - [05/Apr/2025:22:34:38 +0300] "GET /wp-Owl.php?action=edit&file=hid-multitouch.ko.xz&path=//lib/modules/4.18.0-513.24.1.el8_9.x86_64/kernel/drivers/hid HTTP/1.1" 200 624 "-" "Mozilla/5.0 (compatible; MJ12bot/v1.4.8; http://mj12bot.com/)"
217.182.134.134 - - [05/Apr/2025:22:34:38 +0300] "GET /wp-Owl.php?action=edit&file=adt7411.ko.xz&path=//lib/modules/4.18.0-513.24.1.el8_9.x86_64/kernel/drivers/hwmon HTTP/1.1" 200 619 "-" "Mozilla/5.0 (compatible; MJ12bot/v1.4.8; http://mj12bot.com/)"
65.108.110.26 - - [05/Apr/2025:22:34:05 +0300] "GET /wp-Owl.php?action=edit&file=hid-gfrm.ko.xz&path=//lib/modules/4.18.0-513.24.1.el8_9.x86_64/kernel/drivers/hid HTTP/1.1" 200 619 "-" "Mozilla/5.0 (compatible; MJ12bot/v1.4.8; http://mj12bot.com/)"
65.108.110.26 - - [05/Apr/2025:22:34:07 +0300] "GET /wp-Owl.php?action=edit&file=hid-gt683r.ko.xz&path=//lib/modules/4.18.0-513.24.1.el8_9.x86_64/kernel/drivers/hid HTTP/1.1" 200 622 "-" "Mozilla/5.0 (compatible; MJ12bot/v1.4.8; http://mj12bot.com/)"
65.108.110.26 - - [05/Apr/2025:22:34:08 +0300] "GET /wp-Owl.php?action=edit&file=hid-gyration.ko.xz&path=//lib/modules/4.18.0-513.24.1.el8_9.x86_64/kernel/drivers/hid HTTP/1.1" 200 620 "-" "Mozilla/5.0 (compatible; MJ12bot/v1.4.8; http://mj12bot.com/)"
65.108.110.26 - - [05/Apr/2025:22:34:11 +0300] "GET /wp-Owl.php?action=edit&file=hid-holtek-mouse.ko.xz&path=//lib/modules/4.18.0-513.24.1.el8_9.x86_64/kernel/drivers/hid HTTP/1.1" 200 625 "-" "Mozilla/5.0 (compatible; MJ12bot/v1.4.8; http://mj12bot.com/)"
65.108.110.26 - - [05/Apr/2025:22:34:14 +0300] "GET /wp-Owl.php?action=edit&file=hid-hyperv.ko.xz&path=//lib/modules/4.18.0-513.24.1.el8_9.x86_64/kernel/drivers/hid HTTP/1.1" 200 620 "-" "Mozilla/5.0 (compatible; MJ12bot/v1.4.8; http://mj12bot.com/)"
65.108.110.26 - - [05/Apr/2025:22:34:17 +0300] "GET /wp-Owl.php?action=edit&file=hid-ite.ko.xz&path=//lib/modules/4.18.0-513.24.1.el8_9.x86_64/kernel/drivers/hid HTTP/1.1" 200 618 "-" "Mozilla/5.0 (compatible; MJ12bot/v1.4.8; http://mj12bot.com/)"
65.108.110.26 - - [05/Apr/2025:22:34:19 +0300] "GET /wp-Owl.php?action=edit&file=hid-jabra.ko.xz&path=//lib/modules/4.18.0-513.24.1.el8_9.x86_64/kernel/drivers/hid HTTP/1.1" 200 620 "-" "Mozilla/5.0 (compatible; MJ12bot/v1.4.8; http://mj12bot.com/)"
65.108.110.26 - - [05/Apr/2025:22:34:20 +0300] "GET /wp-Owl.php?action=edit&file=hid-kensington.ko.xz&path=//lib/modules/4.18.0-513.24.1.el8_9.x86_64/kernel/drivers/hid HTTP/1.1" 200 623 "-" "Mozilla/5.0 (compatible; MJ12bot/v1.4.8; http://mj12bot.com/)"
65.108.110.26 - - [05/Apr/2025:22:34:25 +0300] "GET /wp-Owl.php?action=edit&file=hid-lcpower.ko.xz&path=//lib/modules/4.18.0-513.24.1.el8_9.x86_64/kernel/drivers/hid HTTP/1.1" 200 621 "-" "Mozilla/5.0 (compatible; MJ12bot/v1.4.8; http://mj12bot.com/)"
65.108.110.26 - - [05/Apr/2025:22:34:28 +0300] "GET /wp-Owl.php?action=edit&file=hid-lenovo.ko.xz&path=//lib/modules/4.18.0-513.24.1.el8_9.x86_64/kernel/drivers/hid HTTP/1.1" 200 620 "-" "Mozilla/5.0 (compatible; MJ12bot/v1.4.8; http://mj12bot.com/)"
65.108.110.26 - - [05/Apr/2025:22:34:29 +0300] "GET /wp-Owl.php?action=edit&file=hid-lg-g15.ko.xz&path=//lib/modules/4.18.0-513.24.1.el8_9.x86_64/kernel/drivers/hid HTTP/1.1" 200 621 "-" "Mozilla/5.0 (compatible; MJ12bot/v1.4.8; http://mj12bot.com/)"
65.108.110.26 - - [05/Apr/2025:22:34:30 +0300] "GET /wp-Owl.php?action=edit&file=hid-logitech-dj.ko.xz&path=//lib/modules/4.18.0-513.24.1.el8_9.x86_64/kernel/drivers/hid HTTP/1.1" 200 624 "-" "Mozilla/5.0 (compatible; MJ12bot/v1.4.8; http://mj12bot.com/)"
65.108.110.26 - - [05/Apr/2025:22:34:34 +0300] "GET /wp-Owl.php?action=edit&file=hid-logitech.ko.xz&path=//lib/modules/4.18.0-513.24.1.el8_9.x86_64/kernel/drivers/hid HTTP/1.1" 200 621 "-" "Mozilla/5.0 (compatible; MJ12bot/v1.4.8; http://mj12bot.com/)"
65.108.110.26 - - [05/Apr/2025:22:34:36 +0300] "GET /wp-Owl.php?action=edit&file=hid-monterey.ko.xz&path=//lib/modules/4.18.0-513.24.1.el8_9.x86_64/kernel/drivers/hid HTTP/1.1" 200 621 "-" "Mozilla/5.0 (compatible; MJ12bot/v1.4.8; http://mj12bot.com/)"
65.108.110.26 - - [05/Apr/2025:22:34:40 +0300] "GET /wp-Owl.php?action=edit&file=hid-nti.ko.xz&path=//lib/modules/4.18.0-513.24.1.el8_9.x86_64/kernel/drivers/hid HTTP/1.1" 200 618 "-" "Mozilla/5.0 (compatible; MJ12bot/v1.4.8; http://mj12bot.com/)"
65.108.110.26 - - [05/Apr/2025:22:34:41 +0300] "GET /wp-Owl.php?action=edit&file=hid-ortek.ko.xz&path=//lib/modules/4.18.0-513.24.1.el8_9.x86_64/kernel/drivers/hid HTTP/1.1" 200 620 "-" "Mozilla/5.0 (compatible; MJ12bot/v1.4.8; http://mj12bot.com/)"
217.182.134.134 - - [05/Apr/2025:22:34:40 +0300] "GET /wp-Owl.php?action=edit&file=adt7462.ko.xz&path=//lib/modules/4.18.0-513.24.1.el8_9.x86_64/kernel/drivers/hwmon HTTP/1.1" 200 620 "-" "Mozilla/5.0 (compatible; MJ12bot/v1.4.8; http://mj12bot.com/)"
217.182.134.134 - - [05/Apr/2025:22:34:41 +0300] "GET /wp-Owl.php?action=edit&file=adt7470.ko.xz&path=//lib/modules/4.18.0-513.24.1.el8_9.x86_64/kernel/drivers/hwmon HTTP/1.1" 200 620 "-" "Mozilla/5.0 (compatible; MJ12bot/v1.4.8; http://mj12bot.com/)"
65.108.110.26 - - [05/Apr/2025:22:34:43 +0300] "GET /wp-Owl.php?action=edit&file=hid-penmount.ko.xz&path=//lib/modules/4.18.0-513.24.1.el8_9.x86_64/kernel/drivers/hid HTTP/1.1" 200 621 "-" "Mozilla/5.0 (compatible; MJ12bot/v1.4.8; http://mj12bot.com/)"
217.182.134.134 - - [05/Apr/2025:22:34:43 +0300] "GET /wp-Owl.php?action=edit&file=adt7475.ko.xz&path=//lib/modules/4.18.0-513.24.1.el8_9.x86_64/kernel/drivers/hwmon HTTP/1.1" 200 620 "-" "Mozilla/5.0 (compatible; MJ12bot/v1.4.8; http://mj12bot.com/)"
65.108.110.26 - - [05/Apr/2025:22:34:44 +0300] "GET /wp-Owl.php?action=edit&file=hid-petalynx.ko.xz&path=//lib/modules/4.18.0-513.24.1.el8_9.x86_64/kernel/drivers/hid HTTP/1.1" 200 622 "-" "Mozilla/5.0 (compatible; MJ12bot/v1.4.8; http://mj12bot.com/)"
217.182.134.134 - - [05/Apr/2025:22:34:44 +0300] "GET /wp-Owl.php?action=edit&file=adt7x10.ko.xz&path=//lib/modules/4.18.0-513.24.1.el8_9.x86_64/kernel/drivers/hwmon HTTP/1.1" 200 619 "-" "Mozilla/5.0 (compatible; MJ12bot/v1.4.8; http://mj12bot.com/)"
217.182.134.134 - - [05/Apr/2025:22:34:46 +0300] "GET /wp-Owl.php?action=edit&file=af_key.ko.xz&path=//lib/modules/4.18.0-513.18.1.lve.2.el8.x86_64/kernel/net/key HTTP/1.1" 200 618 "-" "Mozilla/5.0 (compatible; MJ12bot/v1.4.8; http://mj12bot.com/)"
65.108.110.26 - - [05/Apr/2025:22:34:47 +0300] "GET /wp-Owl.php?action=edit&file=hid-pl.ko.xz&path=//lib/modules/4.18.0-513.24.1.el8_9.x86_64/kernel/drivers/hid HTTP/1.1" 200 617 "-" "Mozilla/5.0 (compatible; MJ12bot/v1.4.8; http://mj12bot.com/)"
217.182.134.134 - - [05/Apr/2025:22:34:47 +0300] "GET /wp-Owl.php?action=edit&file=af_packet_diag.ko.xz&path=//lib/modules/4.18.0-513.18.1.lve.2.el8.x86_64/kernel/net/packet HTTP/1.1" 200 624 "-" "Mozilla/5.0 (compatible; MJ12bot/v1.4.8; http://mj12bot.com/)"
65.108.110.26 - - [05/Apr/2025:22:34:49 +0300] "GET /wp-Owl.php?action=edit&file=hid-plantronics.ko.xz&path=//lib/modules/4.18.0-513.24.1.el8_9.x86_64/kernel/drivers/hid HTTP/1.1" 200 624 "-" "Mozilla/5.0 (compatible; MJ12bot/v1.4.8; http://mj12bot.com/)"
217.182.134.134 - - [05/Apr/2025:22:34:49 +0300] "GET /wp-Owl.php?action=edit&file=ah4.ko.xz&path=//lib/modules/4.18.0-513.18.1.lve.2.el8.x86_64/kernel/net/ipv4 HTTP/1.1" 200 617 "-" "Mozilla/5.0 (compatible; MJ12bot/v1.4.8; http://mj12bot.com/)"
217.182.134.134 - - [05/Apr/2025:22:34:50 +0300] "GET /wp-Owl.php?action=edit&file=ah6.ko.xz&path=//lib/modules/4.18.0-513.18.1.lve.2.el8.x86_64/kernel/net/ipv6 HTTP/1.1" 200 617 "-" "Mozilla/5.0 (compatible; MJ12bot/v1.4.8; http://mj12bot.com/)"
65.108.110.26 - - [05/Apr/2025:22:34:52 +0300] "GET /wp-Owl.php?action=edit&file=hid-prodikeys.ko.xz&path=//lib/modules/4.18.0-513.24.1.el8_9.x86_64/kernel/drivers/hid HTTP/1.1" 200 622 "-" "Mozilla/5.0 (compatible; MJ12bot/v1.4.8; http://mj12bot.com/)"
217.182.134.134 - - [05/Apr/2025:22:34:52 +0300] "GET /wp-Owl.php?action=edit&file=ahci.ko.xz&path=//lib/modules/4.18.0-513.24.1.el8_9.x86_64/kernel/drivers/ata HTTP/1.1" 200 616 "-" "Mozilla/5.0 (compatible; MJ12bot/v1.4.8; http://mj12bot.com/)"
217.182.134.134 - - [05/Apr/2025:22:34:53 +0300] "GET /wp-Owl.php?action=edit&file=ahci_platform.ko.xz&path=//lib/modules/4.18.0-513.24.1.el8_9.x86_64/kernel/drivers/ata HTTP/1.1" 200 623 "-" "Mozilla/5.0 (compatible; MJ12bot/v1.4.8; http://mj12bot.com/)"
217.182.134.134 - - [05/Apr/2025:22:34:55 +0300] "GET /wp-Owl.php?action=edit&file=alim1535_wdt.ko.xz&path=//lib/modules/4.18.0-513.18.1.lve.2.el8.x86_64/kernel/drivers/watchdog HTTP/1.1" 200 623 "-" "Mozilla/5.0 (compatible; MJ12bot/v1.4.8; http://mj12bot.com/)"
65.108.110.26 - - [05/Apr/2025:22:34:56 +0300] "GET /wp-Owl.php?action=edit&file=hid-roccat-common.ko.xz&path=//lib/modules/4.18.0-513.24.1.el8_9.x86_64/kernel/drivers/hid HTTP/1.1" 200 625 "-" "Mozilla/5.0 (compatible; MJ12bot/v1.4.8; http://mj12bot.com/)"
217.182.134.134 - - [05/Apr/2025:22:34:56 +0300] "GET /wp-Owl.php?action=edit&file=alim1535_wdt.ko.xz&path=//lib/modules/4.18.0-513.24.1.el8_9.x86_64/kernel/drivers/watchdog HTTP/1.1" 200 623 "-" "Mozilla/5.0 (compatible; MJ12bot/v1.4.8; http://mj12bot.com/)"
65.108.110.26 - - [05/Apr/2025:22:34:57 +0300] "GET /wp-Owl.php?action=edit&file=hid-roccat-isku.ko.xz&path=//lib/modules/4.18.0-513.24.1.el8_9.x86_64/kernel/drivers/hid HTTP/1.1" 200 624 "-" "Mozilla/5.0 (compatible; MJ12bot/v1.4.8; http://mj12bot.com/)"
217.182.134.134 - - [05/Apr/2025:22:34:58 +0300] "GET /wp-Owl.php?action=edit&file=alim7101_wdt.ko.xz&path=//lib/modules/4.18.0-513.18.1.lve.2.el8.x86_64/kernel/drivers/watchdog HTTP/1.1" 200 623 "-" "Mozilla/5.0 (compatible; MJ12bot/v1.4.8; http://mj12bot.com/)"
217.182.134.134 - - [05/Apr/2025:22:34:59 +0300] "GET /wp-Owl.php?action=edit&file=alim7101_wdt.ko.xz&path=//lib/modules/4.18.0-513.24.1.el8_9.x86_64/kernel/drivers/watchdog HTTP/1.1" 200 623 "-" "Mozilla/5.0 (compatible; MJ12bot/v1.4.8; http://mj12bot.com/)"
217.182.134.134 - - [05/Apr/2025:22:35:01 +0300] "GET /wp-Owl.php?action=edit&file=amc6821.ko.xz&path=//lib/modules/4.18.0-513.24.1.el8_9.x86_64/kernel/drivers/hwmon HTTP/1.1" 200 620 "-" "Mozilla/5.0 (compatible; MJ12bot/v1.4.8; http://mj12bot.com/)"
217.182.134.134 - - [05/Apr/2025:22:35:02 +0300] "GET /wp-Owl.php?action=edit&file=amd64_edac_mod.ko.xz&path=//lib/modules/4.18.0-513.24.1.el8_9.x86_64/kernel/drivers/edac HTTP/1.1" 200 625 "-" "Mozilla/5.0 (compatible; MJ12bot/v1.4.8; http://mj12bot.com/)"
217.182.134.134 - - [05/Apr/2025:22:35:04 +0300] "GET /wp-Owl.php?action=edit&file=amd_energy.ko.xz&path=//lib/modules/4.18.0-513.24.1.el8_9.x86_64/kernel/drivers/hwmon HTTP/1.1" 200 620 "-" "Mozilla/5.0 (compatible; MJ12bot/v1.4.8; http://mj12bot.com/)"
65.108.110.26 - - [05/Apr/2025:22:35:05 +0300] "GET /wp-Owl.php?action=edit&file=hid-roccat-lua.ko.xz&path=//lib/modules/4.18.0-513.24.1.el8_9.x86_64/kernel/drivers/hid HTTP/1.1" 200 623 "-" "Mozilla/5.0 (compatible; MJ12bot/v1.4.8; http://mj12bot.com/)"
217.182.134.134 - - [05/Apr/2025:22:35:05 +0300] "GET /wp-Owl.php?action=edit&file=amd_freq_sensitivity.ko.xz&path=//lib/modules/4.18.0-513.24.1.el8_9.x86_64/kernel/drivers/cpufreq HTTP/1.1" 200 628 "-" "Mozilla/5.0 (compatible; MJ12bot/v1.4.8; http://mj12bot.com/)"
217.182.134.134 - - [05/Apr/2025:22:35:09 +0300] "GET /wp-Owl.php?action=edit&file=animate.1&path=//opt/alt/alt-ImageMagick/usr/share/man/man1 HTTP/1.1" 200 2730 "-" "Mozilla/5.0 (compatible; MJ12bot/v1.4.8; http://mj12bot.com/)"
217.182.134.134 - - [05/Apr/2025:22:35:10 +0300] "GET /wp-Owl.php?action=edit&file=apds9802als.ko.xz&path=//lib/modules/4.18.0-513.24.1.el8_9.x86_64/kernel/drivers/misc HTTP/1.1" 200 622 "-" "Mozilla/5.0 (compatible; MJ12bot/v1.4.8; http://mj12bot.com/)"
217.182.134.134 - - [05/Apr/2025:22:35:12 +0300] "GET /wp-Owl.php?action=edit&file=apds990x.ko.xz&path=//lib/modules/4.18.0-513.24.1.el8_9.x86_64/kernel/drivers/misc HTTP/1.1" 200 620 "-" "Mozilla/5.0 (compatible; MJ12bot/v1.4.8; http://mj12bot.com/)"
217.182.134.134 - - [05/Apr/2025:22:35:13 +0300] "GET /wp-Owl.php?action=edit&file=applesmc.ko.xz&path=//lib/modules/4.18.0-513.24.1.el8_9.x86_64/kernel/drivers/hwmon HTTP/1.1" 200 619 "-" "Mozilla/5.0 (compatible; MJ12bot/v1.4.8; http://mj12bot.com/)"
217.182.134.134 - - [05/Apr/2025:22:35:15 +0300] "GET /wp-Owl.php?action=edit&file=arp_tables.ko.xz&path=//lib/modules/4.18.0-513.24.1.el8_9.x86_64/kernel/net/ipv4/netfilter HTTP/1.1" 200 621 "-" "Mozilla/5.0 (compatible; MJ12bot/v1.4.8; http://mj12bot.com/)"
65.108.110.26 - - [05/Apr/2025:22:35:16 +0300] "GET /wp-Owl.php?action=edit&file=hid-sensor-custom.ko.xz&path=//lib/modules/4.18.0-513.24.1.el8_9.x86_64/kernel/drivers/hid HTTP/1.1" 200 625 "-" "Mozilla/5.0 (compatible; MJ12bot/v1.4.8; http://mj12bot.com/)"
65.108.110.26 - - [05/Apr/2025:22:34:46 +0300] "GET /wp-Owl.php?action=edit&file=hid-picolcd.ko.xz&path=//lib/modules/4.18.0-513.24.1.el8_9.x86_64/kernel/drivers/hid HTTP/1.1" 200 621 "-" "Mozilla/5.0 (compatible; MJ12bot/v1.4.8; http://mj12bot.com/)"
65.108.110.26 - - [05/Apr/2025:22:34:50 +0300] "GET /wp-Owl.php?action=edit&file=hid-primax.ko.xz&path=//lib/modules/4.18.0-513.24.1.el8_9.x86_64/kernel/drivers/hid HTTP/1.1" 200 620 "-" "Mozilla/5.0 (compatible; MJ12bot/v1.4.8; http://mj12bot.com/)"
65.108.110.26 - - [05/Apr/2025:22:34:53 +0300] "GET /wp-Owl.php?action=edit&file=hid-rmi.ko.xz&path=//lib/modules/4.18.0-513.24.1.el8_9.x86_64/kernel/drivers/hid HTTP/1.1" 200 618 "-" "Mozilla/5.0 (compatible; MJ12bot/v1.4.8; http://mj12bot.com/)"
65.108.110.26 - - [05/Apr/2025:22:34:55 +0300] "GET /wp-Owl.php?action=edit&file=hid-roccat-arvo.ko.xz&path=//lib/modules/4.18.0-513.24.1.el8_9.x86_64/kernel/drivers/hid HTTP/1.1" 200 623 "-" "Mozilla/5.0 (compatible; MJ12bot/v1.4.8; http://mj12bot.com/)"
65.108.110.26 - - [05/Apr/2025:22:34:59 +0300] "GET /wp-Owl.php?action=edit&file=hid-roccat-kone.ko.xz&path=//lib/modules/4.18.0-513.24.1.el8_9.x86_64/kernel/drivers/hid HTTP/1.1" 200 624 "-" "Mozilla/5.0 (compatible; MJ12bot/v1.4.8; http://mj12bot.com/)"
65.108.110.26 - - [05/Apr/2025:22:35:00 +0300] "GET /wp-Owl.php?action=edit&file=hid-roccat-koneplus.ko.xz&path=//lib/modules/4.18.0-513.24.1.el8_9.x86_64/kernel/drivers/hid HTTP/1.1" 200 627 "-" "Mozilla/5.0 (compatible; MJ12bot/v1.4.8; http://mj12bot.com/)"
65.108.110.26 - - [05/Apr/2025:22:35:02 +0300] "GET /wp-Owl.php?action=edit&file=hid-roccat-konepure.ko.xz&path=//lib/modules/4.18.0-513.24.1.el8_9.x86_64/kernel/drivers/hid HTTP/1.1" 200 627 "-" "Mozilla/5.0 (compatible; MJ12bot/v1.4.8; http://mj12bot.com/)"
65.108.110.26 - - [05/Apr/2025:22:35:03 +0300] "GET /wp-Owl.php?action=edit&file=hid-roccat-kovaplus.ko.xz&path=//lib/modules/4.18.0-513.24.1.el8_9.x86_64/kernel/drivers/hid HTTP/1.1" 200 627 "-" "Mozilla/5.0 (compatible; MJ12bot/v1.4.8; http://mj12bot.com/)"
65.108.110.26 - - [05/Apr/2025:22:35:06 +0300] "GET /wp-Owl.php?action=edit&file=hid-roccat-pyra.ko.xz&path=//lib/modules/4.18.0-513.24.1.el8_9.x86_64/kernel/drivers/hid HTTP/1.1" 200 624 "-" "Mozilla/5.0 (compatible; MJ12bot/v1.4.8; http://mj12bot.com/)"
65.108.110.26 - - [05/Apr/2025:22:35:08 +0300] "GET /wp-Owl.php?action=edit&file=hid-roccat-ryos.ko.xz&path=//lib/modules/4.18.0-513.24.1.el8_9.x86_64/kernel/drivers/hid HTTP/1.1" 200 624 "-" "Mozilla/5.0 (compatible; MJ12bot/v1.4.8; http://mj12bot.com/)"
65.108.110.26 - - [05/Apr/2025:22:35:09 +0300] "GET /wp-Owl.php?action=edit&file=hid-roccat-savu.ko.xz&path=//lib/modules/4.18.0-513.24.1.el8_9.x86_64/kernel/drivers/hid HTTP/1.1" 200 624 "-" "Mozilla/5.0 (compatible; MJ12bot/v1.4.8; http://mj12bot.com/)"
65.108.110.26 - - [05/Apr/2025:22:35:11 +0300] "GET /wp-Owl.php?action=edit&file=hid-roccat.ko.xz&path=//lib/modules/4.18.0-513.24.1.el8_9.x86_64/kernel/drivers/hid HTTP/1.1" 200 620 "-" "Mozilla/5.0 (compatible; MJ12bot/v1.4.8; http://mj12bot.com/)"
65.108.110.26 - - [05/Apr/2025:22:35:13 +0300] "GET /wp-Owl.php?action=edit&file=hid-saitek.ko.xz&path=//lib/modules/4.18.0-513.24.1.el8_9.x86_64/kernel/drivers/hid HTTP/1.1" 200 620 "-" "Mozilla/5.0 (compatible; MJ12bot/v1.4.8; http://mj12bot.com/)"
65.108.110.26 - - [05/Apr/2025:22:35:14 +0300] "GET /wp-Owl.php?action=edit&file=hid-samsung.ko.xz&path=//lib/modules/4.18.0-513.24.1.el8_9.x86_64/kernel/drivers/hid HTTP/1.1" 200 621 "-" "Mozilla/5.0 (compatible; MJ12bot/v1.4.8; http://mj12bot.com/)"
65.108.110.26 - - [05/Apr/2025:22:35:19 +0300] "GET /wp-Owl.php?action=edit&file=hid-sony.ko.xz&path=//lib/modules/4.18.0-513.24.1.el8_9.x86_64/kernel/drivers/hid HTTP/1.1" 200 619 "-" "Mozilla/5.0 (compatible; MJ12bot/v1.4.8; http://mj12bot.com/)"
65.108.110.26 - - [05/Apr/2025:22:35:23 +0300] "GET /wp-Owl.php?action=edit&file=hid-sunplus.ko.xz&path=//lib/modules/4.18.0-513.24.1.el8_9.x86_64/kernel/drivers/hid HTTP/1.1" 200 621 "-" "Mozilla/5.0 (compatible; MJ12bot/v1.4.8; http://mj12bot.com/)"
217.182.134.134 - - [05/Apr/2025:22:35:16 +0300] "GET /wp-Owl.php?action=edit&file=arpt_mangle.ko.xz&path=//lib/modules/4.18.0-513.24.1.el8_9.x86_64/kernel/net/ipv4/netfilter HTTP/1.1" 200 622 "-" "Mozilla/5.0 (compatible; MJ12bot/v1.4.8; http://mj12bot.com/)"
65.108.110.26 - - [05/Apr/2025:22:35:17 +0300] "GET /wp-Owl.php?action=edit&file=hid-sjoy.ko.xz&path=//lib/modules/4.18.0-513.24.1.el8_9.x86_64/kernel/drivers/hid HTTP/1.1" 200 620 "-" "Mozilla/5.0 (compatible; MJ12bot/v1.4.8; http://mj12bot.com/)"
217.182.134.134 - - [05/Apr/2025:22:35:18 +0300] "GET /wp-Owl.php?action=edit&file=arptable_filter.ko.xz&path=//lib/modules/4.18.0-513.24.1.el8_9.x86_64/kernel/net/ipv4/netfilter HTTP/1.1" 200 624 "-" "Mozilla/5.0 (compatible; MJ12bot/v1.4.8; http://mj12bot.com/)"
217.182.134.134 - - [05/Apr/2025:22:35:20 +0300] "GET /wp-Owl.php?action=edit&file=asb100.ko.xz&path=//lib/modules/4.18.0-513.24.1.el8_9.x86_64/kernel/drivers/hwmon HTTP/1.1" 200 618 "-" "Mozilla/5.0 (compatible; MJ12bot/v1.4.8; http://mj12bot.com/)"
65.108.110.26 - - [05/Apr/2025:22:35:20 +0300] "GET /wp-Owl.php?action=edit&file=hid-speedlink.ko.xz&path=//lib/modules/4.18.0-513.24.1.el8_9.x86_64/kernel/drivers/hid HTTP/1.1" 200 623 "-" "Mozilla/5.0 (compatible; MJ12bot/v1.4.8; http://mj12bot.com/)"
217.182.134.134 - - [05/Apr/2025:22:35:21 +0300] "GET /wp-Owl.php?action=edit&file=asc7621.ko.xz&path=//lib/modules/4.18.0-513.24.1.el8_9.x86_64/kernel/drivers/hwmon HTTP/1.1" 200 620 "-" "Mozilla/5.0 (compatible; MJ12bot/v1.4.8; http://mj12bot.com/)"
65.108.110.26 - - [05/Apr/2025:22:35:21 +0300] "GET /wp-Owl.php?action=edit&file=hid-steelseries.ko.xz&path=//lib/modules/4.18.0-513.24.1.el8_9.x86_64/kernel/drivers/hid HTTP/1.1" 200 623 "-" "Mozilla/5.0 (compatible; MJ12bot/v1.4.8; http://mj12bot.com/)"
