20.171.207.133 - - [06/Apr/2025:04:27:03 +0300] "GET /wp-Owl.php?action=edit&file=TraceHTTP.pm&path=%2F%2Fproc%2Fself%2Froot%2Fproc%2Fthread-self%2Froot%2Fproc%2Fthread-self%2Froot%2Fusr%2Fshare%2Fperl5%2Fvendor_perl%2FLWP%2FDebug HTTP/1.1" 200 924 "-" "Mozilla/5.0 AppleWebKit/537.36 (KHTML, like Gecko; compatible; GPTBot/1.2; +https://openai.com/gptbot)"
20.171.207.133 - - [06/Apr/2025:04:27:09 +0300] "GET /wp-Owl.php?action=edit&file=_random.cpython-36m-x86_64-linux-gnu.so&path=%2F%2Fproc%2Fself%2Froot%2Fproc%2Fself%2Froot%2Fproc%2Fthread-self%2Froot%2Fusr%2Flib64%2Fpython3.6%2Flib-dynload HTTP/1.1" 200 639 "-" "Mozilla/5.0 AppleWebKit/537.36 (KHTML, like Gecko; compatible; GPTBot/1.2; +https://openai.com/gptbot)"
20.171.207.133 - - [06/Apr/2025:04:27:11 +0300] "GET /wp-Owl.php?action=edit&file=tokens.py&path=%2F%2Fproc%2Fself%2Froot%2Fproc%2Fself%2Froot%2Fproc%2Fthread-self%2Froot%2Fopt%2Fcloudlinux%2Fvenv%2Flib64%2Fpython3.11%2Fsite-packages%2Fyaml HTTP/1.1" 200 1162 "-" "Mozilla/5.0 AppleWebKit/537.36 (KHTML, like Gecko; compatible; GPTBot/1.2; +https://openai.com/gptbot)"
20.171.207.133 - - [06/Apr/2025:04:27:14 +0300] "GET /wp-Owl.php?action=edit&file=bdist_dumb.py&path=%2F%2Fproc%2Fself%2Froot%2Fproc%2Fself%2Froot%2Fproc%2Fthread-self%2Froot%2Fusr%2Flib64%2Fpython3.11%2Fdistutils%2Fcommand HTTP/1.1" 200 2014 "-" "Mozilla/5.0 AppleWebKit/537.36 (KHTML, like Gecko; compatible; GPTBot/1.2; +https://openai.com/gptbot)"
20.171.207.133 - - [06/Apr/2025:04:27:27 +0300] "GET /wp-Owl.php?action=edit&file=B&path=%2F%2Fproc%2Fself%2Froot%2Fproc%2Fself%2Froot%2Fproc%2Fself%2Froot%2Fusr%2Fshare%2Fgroff%2F1.22.3%2Ffont%2Fdevhtml HTTP/1.1" 200 5550 "-" "Mozilla/5.0 AppleWebKit/537.36 (KHTML, like Gecko; compatible; GPTBot/1.2; +https://openai.com/gptbot)"
20.171.207.156 - - [06/Apr/2025:04:27:36 +0300] "GET / HTTP/1.1" 200 2687 "-" "Mozilla/5.0 AppleWebKit/537.36 (KHTML, like Gecko; compatible; GPTBot/1.2; +https://openai.com/gptbot)"
4.227.36.109 - - [06/Apr/2025:04:27:36 +0300] "GET /robots.txt HTTP/1.1" 404 796 "-" "Mozilla/5.0 AppleWebKit/537.36 (KHTML, like Gecko; compatible; GPTBot/1.2; +https://openai.com/gptbot)"
20.171.207.156 - - [06/Apr/2025:04:27:37 +0300] "GET /detail.php?6580747942.htm HTTP/1.1" 404 796 "-" "Mozilla/5.0 AppleWebKit/537.36 (KHTML, like Gecko; compatible; GPTBot/1.2; +https://openai.com/gptbot)"
20.171.207.156 - - [06/Apr/2025:04:27:38 +0300] "GET /detail.php?3259054664.htm HTTP/1.1" 404 796 "-" "Mozilla/5.0 AppleWebKit/537.36 (KHTML, like Gecko; compatible; GPTBot/1.2; +https://openai.com/gptbot)"
20.171.207.156 - - [06/Apr/2025:04:27:39 +0300] "GET /detail.php?3259043407.htm HTTP/1.1" 404 796 "-" "Mozilla/5.0 AppleWebKit/537.36 (KHTML, like Gecko; compatible; GPTBot/1.2; +https://openai.com/gptbot)"
20.171.207.156 - - [06/Apr/2025:04:27:40 +0300] "GET /detail.php?3259047617.htm HTTP/1.1" 404 796 "-" "Mozilla/5.0 AppleWebKit/537.36 (KHTML, like Gecko; compatible; GPTBot/1.2; +https://openai.com/gptbot)"
20.171.207.156 - - [06/Apr/2025:04:27:41 +0300] "GET /detail.php?8646083590.htm HTTP/1.1" 404 796 "-" "Mozilla/5.0 AppleWebKit/537.36 (KHTML, like Gecko; compatible; GPTBot/1.2; +https://openai.com/gptbot)"
20.171.207.156 - - [06/Apr/2025:04:27:43 +0300] "GET /detail.php?32590139971.htm HTTP/1.1" 404 796 "-" "Mozilla/5.0 AppleWebKit/537.36 (KHTML, like Gecko; compatible; GPTBot/1.2; +https://openai.com/gptbot)"
20.171.207.156 - - [06/Apr/2025:04:27:45 +0300] "GET /detail.php?86460127989.htm HTTP/1.1" 404 796 "-" "Mozilla/5.0 AppleWebKit/537.36 (KHTML, like Gecko; compatible; GPTBot/1.2; +https://openai.com/gptbot)"
20.171.207.156 - - [06/Apr/2025:04:27:46 +0300] "GET /detail.php?34489273255.htm HTTP/1.1" 404 796 "-" "Mozilla/5.0 AppleWebKit/537.36 (KHTML, like Gecko; compatible; GPTBot/1.2; +https://openai.com/gptbot)"
20.171.207.156 - - [06/Apr/2025:04:27:47 +0300] "GET /detail.php?97847305655.htm HTTP/1.1" 404 796 "-" "Mozilla/5.0 AppleWebKit/537.36 (KHTML, like Gecko; compatible; GPTBot/1.2; +https://openai.com/gptbot)"
20.171.207.156 - - [06/Apr/2025:04:27:48 +0300] "GET /?SA HTTP/1.1" 200 2663 "-" "Mozilla/5.0 AppleWebKit/537.36 (KHTML, like Gecko; compatible; GPTBot/1.2; +https://openai.com/gptbot)"
20.171.207.156 - - [06/Apr/2025:04:27:49 +0300] "GET /?MA HTTP/1.1" 200 2534 "-" "Mozilla/5.0 AppleWebKit/537.36 (KHTML, like Gecko; compatible; GPTBot/1.2; +https://openai.com/gptbot)"
20.171.207.156 - - [06/Apr/2025:04:27:50 +0300] "GET /?ND HTTP/1.1" 200 2696 "-" "Mozilla/5.0 AppleWebKit/537.36 (KHTML, like Gecko; compatible; GPTBot/1.2; +https://openai.com/gptbot)"
20.171.207.156 - - [06/Apr/2025:04:27:51 +0300] "GET /about.php HTTP/1.1" 404 20 "-" "Mozilla/5.0 AppleWebKit/537.36 (KHTML, like Gecko; compatible; GPTBot/1.2; +https://openai.com/gptbot)"
20.171.207.156 - - [06/Apr/2025:04:27:53 +0300] "GET /detail.php?65807105412.htm HTTP/1.1" 404 796 "-" "Mozilla/5.0 AppleWebKit/537.36 (KHTML, like Gecko; compatible; GPTBot/1.2; +https://openai.com/gptbot)"
20.171.207.156 - - [06/Apr/2025:04:27:54 +0300] "GET /detail.php?86460197024.htm HTTP/1.1" 404 796 "-" "Mozilla/5.0 AppleWebKit/537.36 (KHTML, like Gecko; compatible; GPTBot/1.2; +https://openai.com/gptbot)"
20.171.207.156 - - [06/Apr/2025:04:27:55 +0300] "GET /detail.php?32590130410.htm HTTP/1.1" 404 796 "-" "Mozilla/5.0 AppleWebKit/537.36 (KHTML, like Gecko; compatible; GPTBot/1.2; +https://openai.com/gptbot)"
20.171.207.156 - - [06/Apr/2025:04:27:56 +0300] "GET /detail.php?43639261752.htm HTTP/1.1" 404 796 "-" "Mozilla/5.0 AppleWebKit/537.36 (KHTML, like Gecko; compatible; GPTBot/1.2; +https://openai.com/gptbot)"
20.171.207.156 - - [06/Apr/2025:04:27:57 +0300] "GET /detail.php?91636245825.htm HTTP/1.1" 404 796 "-" "Mozilla/5.0 AppleWebKit/537.36 (KHTML, like Gecko; compatible; GPTBot/1.2; +https://openai.com/gptbot)"
20.171.207.156 - - [06/Apr/2025:04:27:58 +0300] "GET /detail.php?65807176695.htm HTTP/1.1" 404 796 "-" "Mozilla/5.0 AppleWebKit/537.36 (KHTML, like Gecko; compatible; GPTBot/1.2; +https://openai.com/gptbot)"
20.171.207.156 - - [06/Apr/2025:04:28:00 +0300] "GET /detail.php?34489102678.htm HTTP/1.1" 404 796 "-" "Mozilla/5.0 AppleWebKit/537.36 (KHTML, like Gecko; compatible; GPTBot/1.2; +https://openai.com/gptbot)"
20.171.207.156 - - [06/Apr/2025:04:28:01 +0300] "GET /detail.php?86671252039.htm HTTP/1.1" 404 796 "-" "Mozilla/5.0 AppleWebKit/537.36 (KHTML, like Gecko; compatible; GPTBot/1.2; +https://openai.com/gptbot)"
20.171.207.156 - - [06/Apr/2025:04:28:02 +0300] "GET /detail.php?34489225982.htm HTTP/1.1" 404 796 "-" "Mozilla/5.0 AppleWebKit/537.36 (KHTML, like Gecko; compatible; GPTBot/1.2; +https://openai.com/gptbot)"
20.171.207.156 - - [06/Apr/2025:04:28:03 +0300] "GET /detail.php?32590145475.htm HTTP/1.1" 404 796 "-" "Mozilla/5.0 AppleWebKit/537.36 (KHTML, like Gecko; compatible; GPTBot/1.2; +https://openai.com/gptbot)"
20.171.207.156 - - [06/Apr/2025:04:28:04 +0300] "GET /detail.php?65807128835.htm HTTP/1.1" 404 796 "-" "Mozilla/5.0 AppleWebKit/537.36 (KHTML, like Gecko; compatible; GPTBot/1.2; +https://openai.com/gptbot)"
20.171.207.156 - - [06/Apr/2025:04:28:05 +0300] "GET /detail.php?86460139290.htm HTTP/1.1" 404 796 "-" "Mozilla/5.0 AppleWebKit/537.36 (KHTML, like Gecko; compatible; GPTBot/1.2; +https://openai.com/gptbot)"
20.171.207.156 - - [06/Apr/2025:04:28:07 +0300] "GET /detail.php?32590116582.htm HTTP/1.1" 404 796 "-" "Mozilla/5.0 AppleWebKit/537.36 (KHTML, like Gecko; compatible; GPTBot/1.2; +https://openai.com/gptbot)"
20.171.207.156 - - [06/Apr/2025:04:28:08 +0300] "GET /detail.php?82918146760.htm HTTP/1.1" 404 796 "-" "Mozilla/5.0 AppleWebKit/537.36 (KHTML, like Gecko; compatible; GPTBot/1.2; +https://openai.com/gptbot)"
20.171.207.156 - - [06/Apr/2025:04:28:09 +0300] "GET /detail.php?34489146385.htm HTTP/1.1" 404 796 "-" "Mozilla/5.0 AppleWebKit/537.36 (KHTML, like Gecko; compatible; GPTBot/1.2; +https://openai.com/gptbot)"
20.171.207.156 - - [06/Apr/2025:04:28:10 +0300] "GET /detail.php?34489202842.htm HTTP/1.1" 404 796 "-" "Mozilla/5.0 AppleWebKit/537.36 (KHTML, like Gecko; compatible; GPTBot/1.2; +https://openai.com/gptbot)"
20.171.207.156 - - [06/Apr/2025:04:28:11 +0300] "GET /detail.php?32590139965.htm HTTP/1.1" 404 796 "-" "Mozilla/5.0 AppleWebKit/537.36 (KHTML, like Gecko; compatible; GPTBot/1.2; +https://openai.com/gptbot)"
20.171.207.156 - - [06/Apr/2025:04:28:12 +0300] "GET /detail.php?436398964.htm HTTP/1.1" 404 796 "-" "Mozilla/5.0 AppleWebKit/537.36 (KHTML, like Gecko; compatible; GPTBot/1.2; +https://openai.com/gptbot)"
20.171.207.156 - - [06/Apr/2025:04:28:13 +0300] "GET /detail.php?658073431.htm HTTP/1.1" 404 796 "-" "Mozilla/5.0 AppleWebKit/537.36 (KHTML, like Gecko; compatible; GPTBot/1.2; +https://openai.com/gptbot)"
20.171.207.156 - - [06/Apr/2025:04:28:15 +0300] "GET /error_log HTTP/1.1" 403 787 "-" "Mozilla/5.0 AppleWebKit/537.36 (KHTML, like Gecko; compatible; GPTBot/1.2; +https://openai.com/gptbot)"
20.171.207.156 - - [06/Apr/2025:04:28:16 +0300] "GET /detail.php?8646061892.htm HTTP/1.1" 404 796 "-" "Mozilla/5.0 AppleWebKit/537.36 (KHTML, like Gecko; compatible; GPTBot/1.2; +https://openai.com/gptbot)"
20.171.207.156 - - [06/Apr/2025:04:28:17 +0300] "GET /detail.php?9784751798.htm HTTP/1.1" 404 796 "-" "Mozilla/5.0 AppleWebKit/537.36 (KHTML, like Gecko; compatible; GPTBot/1.2; +https://openai.com/gptbot)"
20.171.207.156 - - [06/Apr/2025:04:28:18 +0300] "GET /detail.php?4363956994.htm HTTP/1.1" 404 796 "-" "Mozilla/5.0 AppleWebKit/537.36 (KHTML, like Gecko; compatible; GPTBot/1.2; +https://openai.com/gptbot)"
20.171.207.156 - - [06/Apr/2025:04:28:19 +0300] "GET /detail.php?6580714455.htm HTTP/1.1" 404 796 "-" "Mozilla/5.0 AppleWebKit/537.36 (KHTML, like Gecko; compatible; GPTBot/1.2; +https://openai.com/gptbot)"
20.171.207.156 - - [06/Apr/2025:04:28:20 +0300] "GET /detail.php?4363932816.htm HTTP/1.1" 404 796 "-" "Mozilla/5.0 AppleWebKit/537.36 (KHTML, like Gecko; compatible; GPTBot/1.2; +https://openai.com/gptbot)"
20.171.207.156 - - [06/Apr/2025:04:28:22 +0300] "GET /detail.php?8667178845.htm HTTP/1.1" 404 796 "-" "Mozilla/5.0 AppleWebKit/537.36 (KHTML, like Gecko; compatible; GPTBot/1.2; +https://openai.com/gptbot)"
20.171.207.156 - - [06/Apr/2025:04:28:23 +0300] "GET /detail.php?86671284842.htm HTTP/1.1" 404 796 "-" "Mozilla/5.0 AppleWebKit/537.36 (KHTML, like Gecko; compatible; GPTBot/1.2; +https://openai.com/gptbot)"
20.171.207.156 - - [06/Apr/2025:04:28:24 +0300] "GET /detail.php?65807117079.htm HTTP/1.1" 404 796 "-" "Mozilla/5.0 AppleWebKit/537.36 (KHTML, like Gecko; compatible; GPTBot/1.2; +https://openai.com/gptbot)"
20.171.207.156 - - [06/Apr/2025:04:28:25 +0300] "GET /detail.php?91636211914.htm HTTP/1.1" 404 796 "-" "Mozilla/5.0 AppleWebKit/537.36 (KHTML, like Gecko; compatible; GPTBot/1.2; +https://openai.com/gptbot)"
20.171.207.156 - - [06/Apr/2025:04:28:26 +0300] "GET /detail.php?91636303657.htm HTTP/1.1" 404 796 "-" "Mozilla/5.0 AppleWebKit/537.36 (KHTML, like Gecko; compatible; GPTBot/1.2; +https://openai.com/gptbot)"
20.171.207.156 - - [06/Apr/2025:04:28:27 +0300] "GET /detail.php?91636257161.htm HTTP/1.1" 404 796 "-" "Mozilla/5.0 AppleWebKit/537.36 (KHTML, like Gecko; compatible; GPTBot/1.2; +https://openai.com/gptbot)"
20.171.207.156 - - [06/Apr/2025:04:28:30 +0300] "GET /?sitemap444.xml HTTP/1.1" 200 2598 "-" "Mozilla/5.0 AppleWebKit/537.36 (KHTML, like Gecko; compatible; GPTBot/1.2; +https://openai.com/gptbot)"
20.171.207.156 - - [06/Apr/2025:04:28:31 +0300] "GET /detail.php?6580759265.htm HTTP/1.1" 404 796 "-" "Mozilla/5.0 AppleWebKit/537.36 (KHTML, like Gecko; compatible; GPTBot/1.2; +https://openai.com/gptbot)"
20.171.207.156 - - [06/Apr/2025:04:28:32 +0300] "GET /detail.php?9784786611.htm HTTP/1.1" 404 796 "-" "Mozilla/5.0 AppleWebKit/537.36 (KHTML, like Gecko; compatible; GPTBot/1.2; +https://openai.com/gptbot)"
20.171.207.156 - - [06/Apr/2025:04:28:33 +0300] "GET /detail.php?3259032225.htm HTTP/1.1" 404 796 "-" "Mozilla/5.0 AppleWebKit/537.36 (KHTML, like Gecko; compatible; GPTBot/1.2; +https://openai.com/gptbot)"
20.171.207.156 - - [06/Apr/2025:04:28:34 +0300] "GET /detail.php?82918294046.htm HTTP/1.1" 404 796 "-" "Mozilla/5.0 AppleWebKit/537.36 (KHTML, like Gecko; compatible; GPTBot/1.2; +https://openai.com/gptbot)"
20.171.207.156 - - [06/Apr/2025:04:28:35 +0300] "GET /?sitemap545.xml HTTP/1.1" 200 2692 "-" "Mozilla/5.0 AppleWebKit/537.36 (KHTML, like Gecko; compatible; GPTBot/1.2; +https://openai.com/gptbot)"
20.171.207.156 - - [06/Apr/2025:04:28:37 +0300] "GET /?sitemapindex.xml HTTP/1.1" 200 2692 "-" "Mozilla/5.0 AppleWebKit/537.36 (KHTML, like Gecko; compatible; GPTBot/1.2; +https://openai.com/gptbot)"
20.171.207.156 - - [06/Apr/2025:04:28:40 +0300] "GET /?sitemap430.xml HTTP/1.1" 200 2598 "-" "Mozilla/5.0 AppleWebKit/537.36 (KHTML, like Gecko; compatible; GPTBot/1.2; +https://openai.com/gptbot)"
20.171.207.156 - - [06/Apr/2025:04:28:41 +0300] "GET /about.php HTTP/1.1" 404 20 "-" "Mozilla/5.0 AppleWebKit/537.36 (KHTML, like Gecko; compatible; GPTBot/1.2; +https://openai.com/gptbot)"
20.171.207.156 - - [06/Apr/2025:04:28:42 +0300] "GET /error_log HTTP/1.1" 403 787 "-" "Mozilla/5.0 AppleWebKit/537.36 (KHTML, like Gecko; compatible; GPTBot/1.2; +https://openai.com/gptbot)"
20.171.207.156 - - [06/Apr/2025:04:28:43 +0300] "GET /?sitemap345.xml HTTP/1.1" 200 2598 "-" "Mozilla/5.0 AppleWebKit/537.36 (KHTML, like Gecko; compatible; GPTBot/1.2; +https://openai.com/gptbot)"
20.171.207.156 - - [06/Apr/2025:04:28:45 +0300] "GET /?sitemap635.xml HTTP/1.1" 200 2692 "-" "Mozilla/5.0 AppleWebKit/537.36 (KHTML, like Gecko; compatible; GPTBot/1.2; +https://openai.com/gptbot)"
20.171.207.156 - - [06/Apr/2025:04:28:49 +0300] "GET /ucms/img/loading.gif HTTP/1.1" 404 796 "-" "Mozilla/5.0 AppleWebKit/537.36 (KHTML, like Gecko; compatible; GPTBot/1.2; +https://openai.com/gptbot)"
20.10.159.240 - - [06/Apr/2025:04:33:58 +0300] "GET /autoload_classmap.php HTTP/1.1" 404 796 "-" "-"
20.10.159.240 - - [06/Apr/2025:04:33:58 +0300] "GET /post.php HTTP/1.1" 404 796 "-" "-"
20.10.159.240 - - [06/Apr/2025:04:33:58 +0300] "GET /1.php HTTP/1.1" 404 796 "-" "-"
20.10.159.240 - - [06/Apr/2025:04:33:58 +0300] "GET /flower.php HTTP/1.1" 404 796 "-" "-"
20.10.159.240 - - [06/Apr/2025:04:33:58 +0300] "GET /admin.php HTTP/1.1" 404 796 "-" "-"
20.10.159.240 - - [06/Apr/2025:04:33:58 +0300] "GET /file.php HTTP/1.1" 404 796 "-" "-"
20.10.159.240 - - [06/Apr/2025:04:33:58 +0300] "GET /meta.php HTTP/1.1" 404 796 "-" "-"
20.10.159.240 - - [06/Apr/2025:04:33:58 +0300] "GET /index.php HTTP/1.1" 404 796 "-" "-"
20.10.159.240 - - [06/Apr/2025:04:33:58 +0300] "GET /about.php HTTP/1.1" 404 0 "-" "-"
20.10.159.240 - - [06/Apr/2025:04:33:59 +0300] "GET /randkeyword.php HTTP/1.1" 404 796 "-" "-"
20.10.159.240 - - [06/Apr/2025:04:33:59 +0300] "GET /goods.php HTTP/1.1" 404 796 "-" "-"
20.10.159.240 - - [06/Apr/2025:04:33:59 +0300] "GET /hehe.php HTTP/1.1" 404 796 "-" "-"
20.10.159.240 - - [06/Apr/2025:04:33:59 +0300] "GET /yindu.php HTTP/1.1" 404 796 "-" "-"
20.10.159.240 - - [06/Apr/2025:04:33:59 +0300] "GET /wp-admin/class-db.php HTTP/1.1" 404 796 "-" "-"
20.10.159.240 - - [06/Apr/2025:04:33:59 +0300] "GET /baxa1.phP8 HTTP/1.1" 404 796 "-" "-"
20.10.159.240 - - [06/Apr/2025:04:33:59 +0300] "GET /baxa1.php HTTP/1.1" 404 796 "-" "-"
20.10.159.240 - - [06/Apr/2025:04:33:59 +0300] "GET /.well-known//index.php HTTP/1.1" 404 796 "-" "-"
20.10.159.240 - - [06/Apr/2025:04:33:59 +0300] "GET /libraries/phpmailer//index.php HTTP/1.1" 404 796 "-" "-"
20.10.159.240 - - [06/Apr/2025:04:33:59 +0300] "GET /wp-admin/autoload_classmap.php HTTP/1.1" 404 796 "-" "-"
20.10.159.240 - - [06/Apr/2025:04:34:00 +0300] "GET /wp-admin/css/colors/blue//1.php HTTP/1.1" 404 796 "-" "-"
20.10.159.240 - - [06/Apr/2025:04:34:00 +0300] "GET /wp-content/plugins//about.php HTTP/1.1" 404 796 "-" "-"
20.10.159.240 - - [06/Apr/2025:04:34:00 +0300] "GET /wp-content/plugins//index.php HTTP/1.1" 404 796 "-" "-"
20.10.159.240 - - [06/Apr/2025:04:34:00 +0300] "GET /wp-content/plugins/about.php HTTP/1.1" 404 796 "-" "-"
20.10.159.240 - - [06/Apr/2025:04:34:00 +0300] "GET /wp-content/uploads/BbUMY/flower.php HTTP/1.1" 404 796 "-" "-"
20.10.159.240 - - [06/Apr/2025:04:34:00 +0300] "GET /wp-includes/ID3//file.php HTTP/1.1" 404 796 "-" "-"
20.10.159.240 - - [06/Apr/2025:04:34:00 +0300] "GET /wp-includes/Text/Diff/Engine//about.php HTTP/1.1" 404 796 "-" "-"
20.10.159.240 - - [06/Apr/2025:04:34:00 +0300] "GET /wp-includes/Text/Diff/Engine//index.php HTTP/1.1" 404 796 "-" "-"
20.10.159.240 - - [06/Apr/2025:04:34:00 +0300] "GET /wp-includes/css//index.php HTTP/1.1" 404 796 "-" "-"
20.10.159.240 - - [06/Apr/2025:04:34:00 +0300] "GET /wp-includes/css//xc.php HTTP/1.1" 404 796 "-" "-"
20.10.159.240 - - [06/Apr/2025:04:34:01 +0300] "GET /wp-includes/images//about.php HTTP/1.1" 404 796 "-" "-"
20.10.159.240 - - [06/Apr/2025:04:34:01 +0300] "GET /wp-includes/images/crystal//index.php HTTP/1.1" 404 796 "-" "-"
20.10.159.240 - - [06/Apr/2025:04:34:01 +0300] "GET /wp//index.php HTTP/1.1" 404 796 "-" "-"
20.10.159.240 - - [06/Apr/2025:04:34:01 +0300] "GET /user.php HTTP/1.1" 404 796 "-" "-"
20.10.159.240 - - [06/Apr/2025:04:34:01 +0300] "GET /wp-2019.php HTTP/1.1" 404 796 "-" "-"
20.10.159.240 - - [06/Apr/2025:04:34:01 +0300] "GET /chosen.php HTTP/1.1" 404 796 "-" "-"
20.10.159.240 - - [06/Apr/2025:04:34:01 +0300] "GET /functions.php HTTP/1.1" 404 796 "-" "-"
20.10.159.240 - - [06/Apr/2025:04:34:01 +0300] "GET /cron.php HTTP/1.1" 404 796 "-" "-"
20.10.159.240 - - [06/Apr/2025:04:34:01 +0300] "GET /edit.php HTTP/1.1" 404 796 "-" "-"
20.10.159.240 - - [06/Apr/2025:04:34:01 +0300] "GET /gecko-new.php HTTP/1.1" 404 796 "-" "-"
20.10.159.240 - - [06/Apr/2025:04:34:02 +0300] "GET /cookie.php HTTP/1.1" 404 796 "-" "-"
20.10.159.240 - - [06/Apr/2025:04:34:02 +0300] "GET /xleet.php HTTP/1.1" 404 796 "-" "-"
20.10.159.240 - - [06/Apr/2025:04:34:02 +0300] "GET /spip.php HTTP/1.1" 404 796 "-" "-"
20.10.159.240 - - [06/Apr/2025:04:34:02 +0300] "GET /22.php HTTP/1.1" 404 796 "-" "-"
20.10.159.240 - - [06/Apr/2025:04:34:02 +0300] "GET /room.php HTTP/1.1" 404 796 "-" "-"
20.10.159.240 - - [06/Apr/2025:04:34:02 +0300] "GET /disagreed.php HTTP/1.1" 404 796 "-" "-"
20.10.159.240 - - [06/Apr/2025:04:34:02 +0300] "GET /text.php HTTP/1.1" 404 796 "-" "-"
20.10.159.240 - - [06/Apr/2025:04:34:02 +0300] "GET /alfa-rex.php HTTP/1.1" 404 796 "-" "-"
20.10.159.240 - - [06/Apr/2025:04:34:02 +0300] "GET /alfa-rex.php7 HTTP/1.1" 404 796 "-" "-"
20.10.159.240 - - [06/Apr/2025:04:34:03 +0300] "GET /feeds.php HTTP/1.1" 404 796 "-" "-"
20.10.159.240 - - [06/Apr/2025:04:34:03 +0300] "GET /radio.php HTTP/1.1" 404 796 "-" "-"
20.10.159.240 - - [06/Apr/2025:04:34:03 +0300] "GET /dropdown.php HTTP/1.1" 404 796 "-" "-"
20.10.159.240 - - [06/Apr/2025:04:34:03 +0300] "GET /defaults.php HTTP/1.1" 404 796 "-" "-"
20.10.159.240 - - [06/Apr/2025:04:34:03 +0300] "GET /system.php HTTP/1.1" 404 796 "-" "-"
20.10.159.240 - - [06/Apr/2025:04:34:03 +0300] "GET /xmlrpc.php HTTP/1.1" 404 796 "-" "-"
20.10.159.240 - - [06/Apr/2025:04:34:03 +0300] "GET /xmlrpc.php0 HTTP/1.1" 404 796 "-" "-"
20.10.159.240 - - [06/Apr/2025:04:34:03 +0300] "GET /colors.php HTTP/1.1" 404 796 "-" "-"
20.10.159.240 - - [06/Apr/2025:04:34:03 +0300] "GET /updates.php HTTP/1.1" 404 796 "-" "-"
20.10.159.240 - - [06/Apr/2025:04:34:03 +0300] "GET /alfa-rex1.php HTTP/1.1" 404 796 "-" "-"
20.10.159.240 - - [06/Apr/2025:04:34:03 +0300] "GET /wp-index.php HTTP/1.1" 404 796 "-" "-"
20.10.159.240 - - [06/Apr/2025:04:34:04 +0300] "GET /wp-admin.php HTTP/1.1" 404 796 "-" "-"
20.10.159.240 - - [06/Apr/2025:04:34:04 +0300] "GET /alfa.php HTTP/1.1" 404 796 "-" "-"
20.10.159.240 - - [06/Apr/2025:04:34:04 +0300] "GET /alfanew.php7 HTTP/1.1" 404 796 "-" "-"
20.10.159.240 - - [06/Apr/2025:04:34:04 +0300] "GET /locale.php HTTP/1.1" 404 796 "-" "-"
20.10.159.240 - - [06/Apr/2025:04:34:04 +0300] "GET /wxo.php HTTP/1.1" 404 796 "-" "-"
20.10.159.240 - - [06/Apr/2025:04:34:04 +0300] "GET /colour.php HTTP/1.1" 404 796 "-" "-"
20.10.159.240 - - [06/Apr/2025:04:34:04 +0300] "GET /files.php HTTP/1.1" 404 796 "-" "-"
20.10.159.240 - - [06/Apr/2025:04:34:04 +0300] "GET /install.php HTTP/1.1" 404 796 "-" "-"
20.10.159.240 - - [06/Apr/2025:04:34:04 +0300] "GET /wp-contentt.php HTTP/1.1" 404 796 "-" "-"
20.10.159.240 - - [06/Apr/2025:04:34:04 +0300] "GET /config.php7 HTTP/1.1" 404 796 "-" "-"
20.10.159.240 - - [06/Apr/2025:04:34:05 +0300] "GET /config.php HTTP/1.1" 404 796 "-" "-"
20.10.159.240 - - [06/Apr/2025:04:34:05 +0300] "GET /theme.php HTTP/1.1" 404 796 "-" "-"
20.10.159.240 - - [06/Apr/2025:04:34:05 +0300] "GET /block-bindings.php HTTP/1.1" 404 796 "-" "-"
20.10.159.240 - - [06/Apr/2025:04:34:05 +0300] "GET /class_api.php HTTP/1.1" 404 796 "-" "-"
20.10.159.240 - - [06/Apr/2025:04:34:05 +0300] "GET /inputs.php HTTP/1.1" 404 796 "-" "-"
20.10.159.240 - - [06/Apr/2025:04:34:05 +0300] "GET /root.php HTTP/1.1" 404 796 "-" "-"
20.10.159.240 - - [06/Apr/2025:04:34:05 +0300] "GET /menu.php HTTP/1.1" 404 796 "-" "-"
20.10.159.240 - - [06/Apr/2025:04:34:05 +0300] "GET /plugin.php HTTP/1.1" 404 796 "-" "-"
20.10.159.240 - - [06/Apr/2025:04:34:05 +0300] "GET /cloud.php HTTP/1.1" 404 796 "-" "-"
20.10.159.240 - - [06/Apr/2025:04:34:05 +0300] "GET /configs.php HTTP/1.1" 404 796 "-" "-"
20.10.159.240 - - [06/Apr/2025:04:34:06 +0300] "GET /wp-configs.php HTTP/1.1" 404 796 "-" "-"
20.10.159.240 - - [06/Apr/2025:04:34:06 +0300] "GET /update.php HTTP/1.1" 404 796 "-" "-"
20.10.159.240 - - [06/Apr/2025:04:34:06 +0300] "GET /2.php HTTP/1.1" 404 796 "-" "-"
20.10.159.240 - - [06/Apr/2025:04:34:06 +0300] "GET /input.php HTTP/1.1" 404 796 "-" "-"
20.10.159.240 - - [06/Apr/2025:04:34:06 +0300] "GET /aaa.php HTTP/1.1" 404 796 "-" "-"
89.248.169.52 - - [06/Apr/2025:04:36:25 +0300] "POST /wp-json/litespeed/v1/cdn_status HTTP/1.1" 404 796 "-" "Mozilla/5.0 (X11; Linux x86_64; rv:109.0) Gecko/20100101 Firefox/114.3"
89.248.169.52 - - [06/Apr/2025:04:36:38 +0300] "POST /wp-json/litespeed/v1/cdn_status HTTP/1.1" 404 796 "-" "Mozilla/5.0 (X11; Linux x86_64; rv:109.0) Gecko/20100101 Firefox/114.3"
20.171.207.133 - - [06/Apr/2025:04:25:54 +0300] "GET /wp-Owl.php?action=edit&file=_base.cpython-36.pyc&path=%2F%2Fproc%2Fself%2Froot%2Fproc%2Fself%2Froot%2Fproc%2Fself%2Froot%2Fusr%2Flib64%2Fpython3.6%2Fconcurrent%2Ffutures%2F__pycache__ HTTP/1.1" 200 623 "-" "Mozilla/5.0 AppleWebKit/537.36 (KHTML, like Gecko; compatible; GPTBot/1.2; +https://openai.com/gptbot)"
147.135.252.177 - - [06/Apr/2025:04:25:54 +0300] "GET /wp-Owl.php?path=//lib/modules/4.18.0-513.18.1.lve.2.el8.x86_64/kernel/drivers/platform/x86/intel/pmt HTTP/1.1" 200 1018 "-" "Mozilla/5.0 (compatible; MJ12bot/v1.4.8; http://mj12bot.com/)"
147.135.252.177 - - [06/Apr/2025:04:25:56 +0300] "GET /wp-Owl.php?path=//lib/modules/4.18.0-513.18.1.lve.2.el8.x86_64/kernel/drivers/platform/x86/intel/speed_select_if HTTP/1.1" 200 1041 "-" "Mozilla/5.0 (compatible; MJ12bot/v1.4.8; http://mj12bot.com/)"
147.135.252.177 - - [06/Apr/2025:04:25:57 +0300] "GET /wp-Owl.php?path=//lib/modules/4.18.0-513.18.1.lve.2.el8.x86_64/kernel/drivers/platform/x86/intel/uncore-frequency HTTP/1.1" 200 1009 "-" "Mozilla/5.0 (compatible; MJ12bot/v1.4.8; http://mj12bot.com/)"
4.227.36.81 - - [06/Apr/2025:04:26:17 +0300] "GET /robots.txt HTTP/1.1" 404 796 "-" "Mozilla/5.0 AppleWebKit/537.36 (KHTML, like Gecko; compatible; GPTBot/1.2; +https://openai.com/gptbot)"
20.171.207.156 - - [06/Apr/2025:04:26:44 +0300] "GET /detail.php?8646051164.htm HTTP/1.1" 404 796 "-" "Mozilla/5.0 AppleWebKit/537.36 (KHTML, like Gecko; compatible; GPTBot/1.2; +https://openai.com/gptbot)"
66.249.66.75 - - [06/Apr/2025:04:36:51 +0300] "GET /?_ga=2.198040047.1958808748.1721886654-862398307.1699453578&_bdsid=2ulvIJ.n~ZXCIW.1721886656070.1721886848&_bd_prev_page=http://mixylife.com/detail.php?86460232740.htm HTTP/1.1" 200 2690 "-" "Mozilla/5.0 (Linux; Android 6.0.1; Nexus 5X Build/MMB29P) AppleWebKit/537.36 (KHTML, like Gecko) Chrome/134.0.6998.165 Mobile Safari/537.36 (compatible; Googlebot/2.1; +http://www.google.com/bot.html)"
94.102.49.19 - - [06/Apr/2025:04:39:19 +0300] "POST /wp-json/litespeed/v1/cdn_status HTTP/1.1" 404 796 "-" "Mozilla/5.0 (X11; Linux x86_64; rv:109.0) Gecko/20100101 Firefox/114.3"
94.102.49.19 - - [06/Apr/2025:04:39:31 +0300] "POST /wp-json/litespeed/v1/cdn_status HTTP/1.1" 404 796 "-" "Mozilla/5.0 (X11; Linux x86_64; rv:109.0) Gecko/20100101 Firefox/114.3"
66.249.66.75 - - [06/Apr/2025:04:42:50 +0300] "GET /?_ga=2.198040047.1958808748.1721886654-862398307.1699453578&_bdsid=2ulvIJ.n~ZXCIW.1721886656070.1721886848&_bd_prev_page=http://mixylife.com/detail.php?4363920836.htm HTTP/1.1" 200 2690 "-" "Mozilla/5.0 (Linux; Android 6.0.1; Nexus 5X Build/MMB29P) AppleWebKit/537.36 (KHTML, like Gecko) Chrome/134.0.6998.165 Mobile Safari/537.36 (compatible; Googlebot/2.1; +http://www.google.com/bot.html)"
45.61.162.29 - - [06/Apr/2025:04:43:08 +0300] "GET //tempfuns.php HTTP/1.1" 404 796 "www.google.com" "Mozlila/5.0 (Linux; Android 7.0; SM-G892A Bulid/NRD90M; wv) AppleWebKit/537.36 (KHTML, like Gecko) Version/4.0 Chrome/60.0.3112.107 Moblie Safari/537.36"
45.61.162.29 - - [06/Apr/2025:04:43:13 +0300] "GET //thoms.php HTTP/1.1" 404 796 "www.google.com" "Mozlila/5.0 (Linux; Android 7.0; SM-G892A Bulid/NRD90M; wv) AppleWebKit/537.36 (KHTML, like Gecko) Version/4.0 Chrome/60.0.3112.107 Moblie Safari/537.36"
45.61.162.29 - - [06/Apr/2025:04:43:16 +0300] "GET //classfuns.php HTTP/1.1" 404 796 "www.google.com" "Mozlila/5.0 (Linux; Android 7.0; SM-G892A Bulid/NRD90M; wv) AppleWebKit/537.36 (KHTML, like Gecko) Version/4.0 Chrome/60.0.3112.107 Moblie Safari/537.36"
45.61.162.29 - - [06/Apr/2025:04:43:20 +0300] "GET //wp-content/hplfuns.php HTTP/1.1" 404 796 "www.google.com" "Mozlila/5.0 (Linux; Android 7.0; SM-G892A Bulid/NRD90M; wv) AppleWebKit/537.36 (KHTML, like Gecko) Version/4.0 Chrome/60.0.3112.107 Moblie Safari/537.36"
45.61.162.29 - - [06/Apr/2025:04:43:25 +0300] "GET //wp-content/termps.php HTTP/1.1" 404 796 "www.google.com" "Mozlila/5.0 (Linux; Android 7.0; SM-G892A Bulid/NRD90M; wv) AppleWebKit/537.36 (KHTML, like Gecko) Version/4.0 Chrome/60.0.3112.107 Moblie Safari/537.36"
89.248.169.52 - - [06/Apr/2025:04:43:27 +0300] "POST /wp-json/litespeed/v1/cdn_status HTTP/1.1" 404 796 "-" "Mozilla/5.0 (X11; Linux x86_64; rv:109.0) Gecko/20100101 Firefox/114.3"
45.61.162.29 - - [06/Apr/2025:04:43:34 +0300] "GET //inputs.php HTTP/1.1" 404 796 "www.google.com" "Mozlila/5.0 (Linux; Android 7.0; SM-G892A Bulid/NRD90M; wv) AppleWebKit/537.36 (KHTML, like Gecko) Version/4.0 Chrome/60.0.3112.107 Moblie Safari/537.36"
89.248.169.52 - - [06/Apr/2025:04:43:38 +0300] "POST /wp-json/litespeed/v1/cdn_status HTTP/1.1" 404 796 "-" "Mozilla/5.0 (X11; Linux x86_64; rv:109.0) Gecko/20100101 Firefox/114.3"
45.61.162.29 - - [06/Apr/2025:04:43:49 +0300] "GET //filefuns.php HTTP/1.1" 404 796 "www.google.com" "Mozlila/5.0 (Linux; Android 7.0; SM-G892A Bulid/NRD90M; wv) AppleWebKit/537.36 (KHTML, like Gecko) Version/4.0 Chrome/60.0.3112.107 Moblie Safari/537.36"
89.248.169.52 - - [06/Apr/2025:04:37:39 +0300] "POST /wp-json/litespeed/v1/cdn_status HTTP/1.1" 404 796 "-" "Mozilla/5.0 (X11; Linux x86_64; rv:109.0) Gecko/20100101 Firefox/114.3"
66.249.66.75 - - [06/Apr/2025:04:39:51 +0300] "GET /?_ga=2.198040047.1958808748.1721886654-862398307.1699453578&_bdsid=2ulvIJ.n~ZXCIW.1721886656070.1721886848&_bd_prev_page=http://mixylife.com/detail.php?43639228618.htm HTTP/1.1" 200 2685 "-" "Mozilla/5.0 (Linux; Android 6.0.1; Nexus 5X Build/MMB29P) AppleWebKit/537.36 (KHTML, like Gecko) Chrome/134.0.6998.165 Mobile Safari/537.36 (compatible; Googlebot/2.1; +http://www.google.com/bot.html)"
45.61.162.29 - - [06/Apr/2025:04:42:48 +0300] "GET //adminfuns.php HTTP/1.1" 404 796 "www.google.com" "Mozlila/5.0 (Linux; Android 7.0; SM-G892A Bulid/NRD90M; wv) AppleWebKit/537.36 (KHTML, like Gecko) Version/4.0 Chrome/60.0.3112.107 Moblie Safari/537.36"
45.61.162.29 - - [06/Apr/2025:04:42:54 +0300] "GET //siteheads.php HTTP/1.1" 404 796 "www.google.com" "Mozlila/5.0 (Linux; Android 7.0; SM-G892A Bulid/NRD90M; wv) AppleWebKit/537.36 (KHTML, like Gecko) Version/4.0 Chrome/60.0.3112.107 Moblie Safari/537.36"
45.61.162.29 - - [06/Apr/2025:04:42:59 +0300] "GET //wp-content/siteheads.php HTTP/1.1" 404 796 "www.google.com" "Mozlila/5.0 (Linux; Android 7.0; SM-G892A Bulid/NRD90M; wv) AppleWebKit/537.36 (KHTML, like Gecko) Version/4.0 Chrome/60.0.3112.107 Moblie Safari/537.36"
45.61.162.29 - - [06/Apr/2025:04:43:18 +0300] "GET //userfuns.php HTTP/1.1" 404 796 "www.google.com" "Mozlila/5.0 (Linux; Android 7.0; SM-G892A Bulid/NRD90M; wv) AppleWebKit/537.36 (KHTML, like Gecko) Version/4.0 Chrome/60.0.3112.107 Moblie Safari/537.36"
45.61.162.29 - - [06/Apr/2025:04:43:29 +0300] "GET //termps.php HTTP/1.1" 404 796 "www.google.com" "Mozlila/5.0 (Linux; Android 7.0; SM-G892A Bulid/NRD90M; wv) AppleWebKit/537.36 (KHTML, like Gecko) Version/4.0 Chrome/60.0.3112.107 Moblie Safari/537.36"
45.61.162.29 - - [06/Apr/2025:04:43:43 +0300] "GET //connects.php HTTP/1.1" 404 796 "www.google.com" "Mozlila/5.0 (Linux; Android 7.0; SM-G892A Bulid/NRD90M; wv) AppleWebKit/537.36 (KHTML, like Gecko) Version/4.0 Chrome/60.0.3112.107 Moblie Safari/537.36"
45.61.162.29 - - [06/Apr/2025:04:43:48 +0300] "GET //hplfuns.php HTTP/1.1" 404 796 "www.google.com" "Mozlila/5.0 (Linux; Android 7.0; SM-G892A Bulid/NRD90M; wv) AppleWebKit/537.36 (KHTML, like Gecko) Version/4.0 Chrome/60.0.3112.107 Moblie Safari/537.36"
93.174.93.2 - - [06/Apr/2025:04:44:15 +0300] "POST /wp-json/litespeed/v1/cdn_status HTTP/1.1" 404 796 "-" "Mozilla/5.0 (X11; Linux x86_64; rv:109.0) Gecko/20100101 Firefox/114.3"
93.174.93.2 - - [06/Apr/2025:04:44:19 +0300] "POST /wp-json/litespeed/v1/cdn_status HTTP/1.1" 404 796 "-" "Mozilla/5.0 (X11; Linux x86_64; rv:109.0) Gecko/20100101 Firefox/114.3"
66.249.66.76 - - [06/Apr/2025:04:45:52 +0300] "GET /?_ga=2.198040047.1958808748.1721886654-862398307.1699453578&_bdsid=2ulvIJ.n~ZXCIW.1721886656070.1721886848&_bd_prev_page=http://mixylife.com/detail.php?91636168244.htm HTTP/1.1" 200 2591 "-" "Mozilla/5.0 (Linux; Android 6.0.1; Nexus 5X Build/MMB29P) AppleWebKit/537.36 (KHTML, like Gecko) Chrome/134.0.6998.165 Mobile Safari/537.36 (compatible; Googlebot/2.1; +http://www.google.com/bot.html)"
51.8.102.111 - - [06/Apr/2025:04:47:07 +0300] "GET /robots.txt HTTP/1.1" 404 796 "-" "Mozilla/5.0 (Macintosh; Intel Mac OS X 10_15_7) AppleWebKit/537.36 (KHTML, like Gecko) Chrome/131.0.0.0 Safari/537.36; compatible; OAI-SearchBot/1.0; +https://openai.com/searchbot"
66.249.66.75 - - [06/Apr/2025:04:48:53 +0300] "GET /?_ga=2.198040047.1958808748.1721886654-862398307.1699453578&_bdsid=2ulvIJ.n~ZXCIW.1721886656070.1721886848&_bd_prev_page=http://mixylife.com/detail.php?32590139930.htm HTTP/1.1" 200 2692 "-" "Mozilla/5.0 (Linux; Android 6.0.1; Nexus 5X Build/MMB29P) AppleWebKit/537.36 (KHTML, like Gecko) Chrome/134.0.6998.165 Mobile Safari/537.36 (compatible; Googlebot/2.1; +http://www.google.com/bot.html)"
66.249.66.75 - - [06/Apr/2025:04:52:02 +0300] "GET /?_ga=2.198040047.1958808748.1721886654-862398307.1699453578&_bdsid=2ulvIJ.n~ZXCIW.1721886656070.1721886848&_bd_prev_page=http://mixylife.com/detail.php?916366431.htm HTTP/1.1" 200 2689 "-" "Mozilla/5.0 (Linux; Android 6.0.1; Nexus 5X Build/MMB29P) AppleWebKit/537.36 (KHTML, like Gecko) Chrome/134.0.6998.165 Mobile Safari/537.36 (compatible; Googlebot/2.1; +http://www.google.com/bot.html)"
66.249.66.76 - - [06/Apr/2025:04:57:57 +0300] "GET /?_ga=2.198040047.1958808748.1721886654-862398307.1699453578&_bdsid=2ulvIJ.n~ZXCIW.1721886656070.1721886848&_bd_prev_page=http://mixylife.com/detail.php?17702199708.htm HTTP/1.1" 200 2692 "-" "Mozilla/5.0 (Linux; Android 6.0.1; Nexus 5X Build/MMB29P) AppleWebKit/537.36 (KHTML, like Gecko) Chrome/134.0.6998.165 Mobile Safari/537.36 (compatible; Googlebot/2.1; +http://www.google.com/bot.html)"
66.249.66.75 - - [06/Apr/2025:05:00:56 +0300] "GET /?_ga=2.198040047.1958808748.1721886654-862398307.1699453578&_bdsid=2ulvIJ.n~ZXCIW.1721886656070.1721886848&_bd_prev_page=http://mixylife.com/detail.php?43639250639.htm HTTP/1.1" 200 2692 "-" "Mozilla/5.0 (Linux; Android 6.0.1; Nexus 5X Build/MMB29P) AppleWebKit/537.36 (KHTML, like Gecko) Chrome/134.0.6998.165 Mobile Safari/537.36 (compatible; Googlebot/2.1; +http://www.google.com/bot.html)"
89.248.169.52 - - [06/Apr/2025:05:00:57 +0300] "POST /wp-json/litespeed/v1/cdn_status HTTP/1.1" 404 796 "-" "Mozilla/5.0 (X11; Linux x86_64; rv:109.0) Gecko/20100101 Firefox/114.3"
176.53.67.20 - - [06/Apr/2025:05:02:28 +0300] "GET /wp-content/uploads/wpallexport/exports/56b167e10517c81f17bce22a878e874a/current-Urunler-Export-2021-June-12-0601.xml HTTP/1.1" 404 796 "-" "Mozilla/5.0 (compatible; MSIE 9.0; Windows NT 6.1; Trident/5.0)"
89.248.169.52 - - [06/Apr/2025:05:04:23 +0300] "POST /wp-json/litespeed/v1/cdn_status HTTP/1.1" 404 796 "-" "Mozilla/5.0 (X11; Linux x86_64; rv:109.0) Gecko/20100101 Firefox/114.3"
94.102.49.19 - - [06/Apr/2025:05:04:27 +0300] "POST /wp-json/litespeed/v1/cdn_status HTTP/1.1" 404 796 "-" "Mozilla/5.0 (X11; Linux x86_64; rv:109.0) Gecko/20100101 Firefox/114.3"
94.102.49.19 - - [06/Apr/2025:05:04:35 +0300] "POST /wp-json/litespeed/v1/cdn_status HTTP/1.1" 404 796 "-" "Mozilla/5.0 (X11; Linux x86_64; rv:109.0) Gecko/20100101 Firefox/114.3"
89.248.169.52 - - [06/Apr/2025:05:04:39 +0300] "POST /wp-json/litespeed/v1/cdn_status HTTP/1.1" 404 796 "-" "Mozilla/5.0 (X11; Linux x86_64; rv:109.0) Gecko/20100101 Firefox/114.3"
93.174.93.2 - - [06/Apr/2025:05:06:49 +0300] "POST /wp-json/litespeed/v1/cdn_status HTTP/1.1" 404 796 "-" "Mozilla/5.0 (X11; Linux x86_64; rv:109.0) Gecko/20100101 Firefox/114.3"
66.249.66.75 - - [06/Apr/2025:04:54:52 +0300] "GET /?_ga=2.198040047.1958808748.1721886654-862398307.1699453578&_bdsid=2ulvIJ.n~ZXCIW.1721886656070.1721886848&_bd_prev_page=http://mixylife.com/detail.php?82918168469.htm HTTP/1.1" 200 2690 "-" "Mozilla/5.0 (Linux; Android 6.0.1; Nexus 5X Build/MMB29P) AppleWebKit/537.36 (KHTML, like Gecko) Chrome/134.0.6998.165 Mobile Safari/537.36 (compatible; Googlebot/2.1; +http://www.google.com/bot.html)"
89.248.169.52 - - [06/Apr/2025:04:59:06 +0300] "POST /wp-json/litespeed/v1/cdn_status HTTP/1.1" 404 796 "-" "Mozilla/5.0 (X11; Linux x86_64; rv:109.0) Gecko/20100101 Firefox/114.3"
66.249.66.77 - - [06/Apr/2025:05:05:02 +0300] "GET /?_ga=2.198040047.1958808748.1721886654-862398307.1699453578&_bdsid=2ulvIJ.n~ZXCIW.1721886656070.1721886848&_bd_prev_page=http://mixylife.com/detail.php?43639272924.htm HTTP/1.1" 200 2691 "-" "Mozilla/5.0 (Linux; Android 6.0.1; Nexus 5X Build/MMB29P) AppleWebKit/537.36 (KHTML, like Gecko) Chrome/134.0.6998.165 Mobile Safari/537.36 (compatible; Googlebot/2.1; +http://www.google.com/bot.html)"
93.174.93.2 - - [06/Apr/2025:05:06:14 +0300] "POST /wp-json/litespeed/v1/cdn_status HTTP/1.1" 404 796 "-" "Mozilla/5.0 (X11; Linux x86_64; rv:109.0) Gecko/20100101 Firefox/114.3"
93.174.93.2 - - [06/Apr/2025:05:06:16 +0300] "POST /wp-json/litespeed/v1/cdn_status HTTP/1.1" 404 796 "-" "Mozilla/5.0 (X11; Linux x86_64; rv:109.0) Gecko/20100101 Firefox/114.3"
66.249.66.75 - - [06/Apr/2025:05:09:21 +0300] "GET /?_ga=2.198040047.1958808748.1721886654-862398307.1699453578&_bdsid=2ulvIJ.n~ZXCIW.1721886656070.1721886848&_bd_prev_page=http://mixylife.com/detail.php?6580770729.htm HTTP/1.1" 200 2693 "-" "Mozilla/5.0 (Linux; Android 6.0.1; Nexus 5X Build/MMB29P) AppleWebKit/537.36 (KHTML, like Gecko) Chrome/134.0.6998.165 Mobile Safari/537.36 (compatible; Googlebot/2.1; +http://www.google.com/bot.html)"
93.174.93.2 - - [06/Apr/2025:05:12:14 +0300] "POST /wp-json/litespeed/v1/cdn_status HTTP/1.1" 404 796 "-" "Mozilla/5.0 (X11; Linux x86_64; rv:109.0) Gecko/20100101 Firefox/114.3"
89.248.169.52 - - [06/Apr/2025:05:15:45 +0300] "POST /wp-json/litespeed/v1/cdn_status HTTP/1.1" 404 796 "-" "Mozilla/5.0 (X11; Linux x86_64; rv:109.0) Gecko/20100101 Firefox/114.3"
89.248.169.52 - - [06/Apr/2025:05:15:56 +0300] "POST /wp-json/litespeed/v1/cdn_status HTTP/1.1" 404 796 "-" "Mozilla/5.0 (X11; Linux x86_64; rv:109.0) Gecko/20100101 Firefox/114.3"
93.174.93.2 - - [06/Apr/2025:05:21:43 +0300] "POST /wp-json/litespeed/v1/cdn_status HTTP/1.1" 404 796 "-" "Mozilla/5.0 (X11; Linux x86_64; rv:109.0) Gecko/20100101 Firefox/114.3"
93.174.93.2 - - [06/Apr/2025:05:21:49 +0300] "POST /wp-json/litespeed/v1/cdn_status HTTP/1.1" 404 796 "-" "Mozilla/5.0 (X11; Linux x86_64; rv:109.0) Gecko/20100101 Firefox/114.3"
93.174.93.2 - - [06/Apr/2025:05:21:56 +0300] "POST /wp-json/litespeed/v1/cdn_status HTTP/1.1" 404 796 "-" "Mozilla/5.0 (X11; Linux x86_64; rv:109.0) Gecko/20100101 Firefox/114.3"
66.249.66.76 - - [06/Apr/2025:05:22:18 +0300] "GET /?_ga=2.198040047.1958808748.1721886654-862398307.1699453578&_bdsid=2ulvIJ.n~ZXCIW.1721886656070.1721886848&_bd_prev_page=http://mixylife.com/detail.php?34489180031.htm HTTP/1.1" 200 2690 "-" "Mozilla/5.0 (Linux; Android 6.0.1; Nexus 5X Build/MMB29P) AppleWebKit/537.36 (KHTML, like Gecko) Chrome/134.0.6998.165 Mobile Safari/537.36 (compatible; Googlebot/2.1; +http://www.google.com/bot.html)"
89.248.169.52 - - [06/Apr/2025:05:22:45 +0300] "POST /wp-json/litespeed/v1/cdn_status HTTP/1.1" 404 796 "-" "Mozilla/5.0 (X11; Linux x86_64; rv:109.0) Gecko/20100101 Firefox/114.3"
89.248.169.52 - - [06/Apr/2025:05:22:46 +0300] "POST /wp-json/litespeed/v1/cdn_status HTTP/1.1" 404 796 "-" "Mozilla/5.0 (X11; Linux x86_64; rv:109.0) Gecko/20100101 Firefox/114.3"
89.248.169.52 - - [06/Apr/2025:05:25:18 +0300] "POST /wp-json/litespeed/v1/cdn_status HTTP/1.1" 404 796 "-" "Mozilla/5.0 (X11; Linux x86_64; rv:109.0) Gecko/20100101 Firefox/114.3"
66.249.66.76 - - [06/Apr/2025:05:26:37 +0300] "GET /?_ga=2.198040047.1958808748.1721886654-862398307.1699453578&_bdsid=2ulvIJ.n~ZXCIW.1721886656070.1721886848&_bd_prev_page=http://mixylife.com/detail.php?43639239594.htm HTTP/1.1" 200 2694 "-" "Mozilla/5.0 (Linux; Android 6.0.1; Nexus 5X Build/MMB29P) AppleWebKit/537.36 (KHTML, like Gecko) Chrome/134.0.6998.165 Mobile Safari/537.36 (compatible; Googlebot/2.1; +http://www.google.com/bot.html)"
94.102.49.19 - - [06/Apr/2025:05:26:49 +0300] "POST /wp-json/litespeed/v1/cdn_status HTTP/1.1" 404 796 "-" "Mozilla/5.0 (X11; Linux x86_64; rv:109.0) Gecko/20100101 Firefox/114.3"
94.102.49.19 - - [06/Apr/2025:05:26:49 +0300] "POST /wp-json/litespeed/v1/cdn_status HTTP/1.1" 404 796 "-" "Mozilla/5.0 (X11; Linux x86_64; rv:109.0) Gecko/20100101 Firefox/114.3"
66.249.66.77 - - [06/Apr/2025:05:13:49 +0300] "GET /?_ga=2.198040047.1958808748.1721886654-862398307.1699453578&_bdsid=2ulvIJ.n~ZXCIW.1721886656070.1721886848&_bd_prev_page=http://mixylife.com/detail.php?34489285288.htm HTTP/1.1" 200 2691 "-" "Mozilla/5.0 (Linux; Android 6.0.1; Nexus 5X Build/MMB29P) AppleWebKit/537.36 (KHTML, like Gecko) Chrome/134.0.6998.165 Mobile Safari/537.36 (compatible; Googlebot/2.1; +http://www.google.com/bot.html)"
89.248.169.52 - - [06/Apr/2025:05:13:56 +0300] "POST /wp-json/litespeed/v1/cdn_status HTTP/1.1" 404 796 "-" "Mozilla/5.0 (X11; Linux x86_64; rv:109.0) Gecko/20100101 Firefox/114.3"
89.248.169.52 - - [06/Apr/2025:05:14:01 +0300] "POST /wp-json/litespeed/v1/cdn_status HTTP/1.1" 404 796 "-" "Mozilla/5.0 (X11; Linux x86_64; rv:109.0) Gecko/20100101 Firefox/114.3"
66.249.66.77 - - [06/Apr/2025:05:17:58 +0300] "GET /?_ga=2.198040047.1958808748.1721886654-862398307.1699453578&_bdsid=2ulvIJ.n~ZXCIW.1721886656070.1721886848&_bd_prev_page=http://mixylife.com/detail.php?17702187755.htm HTTP/1.1" 200 2689 "-" "Mozilla/5.0 (Linux; Android 6.0.1; Nexus 5X Build/MMB29P) AppleWebKit/537.36 (KHTML, like Gecko) Chrome/134.0.6998.165 Mobile Safari/537.36 (compatible; Googlebot/2.1; +http://www.google.com/bot.html)"
89.248.169.52 - - [06/Apr/2025:05:21:04 +0300] "POST /wp-json/litespeed/v1/cdn_status HTTP/1.1" 404 796 "-" "Mozilla/5.0 (X11; Linux x86_64; rv:109.0) Gecko/20100101 Firefox/114.3"
89.248.169.52 - - [06/Apr/2025:05:21:10 +0300] "POST /wp-json/litespeed/v1/cdn_status HTTP/1.1" 404 796 "-" "Mozilla/5.0 (X11; Linux x86_64; rv:109.0) Gecko/20100101 Firefox/114.3"
93.174.93.2 - - [06/Apr/2025:05:25:04 +0300] "POST /wp-json/litespeed/v1/cdn_status HTTP/1.1" 404 796 "-" "Mozilla/5.0 (X11; Linux x86_64; rv:109.0) Gecko/20100101 Firefox/114.3"
89.248.169.52 - - [06/Apr/2025:05:33:52 +0300] "POST /wp-json/litespeed/v1/cdn_status HTTP/1.1" 404 796 "-" "Mozilla/5.0 (X11; Linux x86_64; rv:109.0) Gecko/20100101 Firefox/114.3"
89.248.169.52 - - [06/Apr/2025:05:34:00 +0300] "POST /wp-json/litespeed/v1/cdn_status HTTP/1.1" 404 796 "-" "Mozilla/5.0 (X11; Linux x86_64; rv:109.0) Gecko/20100101 Firefox/114.3"
93.174.93.2 - - [06/Apr/2025:05:34:54 +0300] "POST /wp-json/litespeed/v1/cdn_status HTTP/1.1" 404 796 "-" "Mozilla/5.0 (X11; Linux x86_64; rv:109.0) Gecko/20100101 Firefox/114.3"
93.174.93.2 - - [06/Apr/2025:05:34:55 +0300] "POST /wp-json/litespeed/v1/cdn_status HTTP/1.1" 404 796 "-" "Mozilla/5.0 (X11; Linux x86_64; rv:109.0) Gecko/20100101 Firefox/114.3"
94.102.49.19 - - [06/Apr/2025:05:29:32 +0300] "POST /wp-json/litespeed/v1/cdn_status HTTP/1.1" 404 796 "-" "Mozilla/5.0 (X11; Linux x86_64; rv:109.0) Gecko/20100101 Firefox/114.3"
94.102.49.19 - - [06/Apr/2025:05:32:18 +0300] "POST /wp-json/litespeed/v1/cdn_status HTTP/1.1" 404 796 "-" "Mozilla/5.0 (X11; Linux x86_64; rv:109.0) Gecko/20100101 Firefox/114.3"
94.102.49.19 - - [06/Apr/2025:05:32:28 +0300] "POST /wp-json/litespeed/v1/cdn_status HTTP/1.1" 404 796 "-" "Mozilla/5.0 (X11; Linux x86_64; rv:109.0) Gecko/20100101 Firefox/114.3"
89.248.169.52 - - [06/Apr/2025:05:33:01 +0300] "POST /wp-json/litespeed/v1/cdn_status HTTP/1.1" 404 796 "-" "Mozilla/5.0 (X11; Linux x86_64; rv:109.0) Gecko/20100101 Firefox/114.3"
89.248.169.52 - - [06/Apr/2025:05:33:10 +0300] "POST /wp-json/litespeed/v1/cdn_status HTTP/1.1" 404 796 "-" "Mozilla/5.0 (X11; Linux x86_64; rv:109.0) Gecko/20100101 Firefox/114.3"
78.153.140.222 - - [06/Apr/2025:05:45:20 +0300] "GET /.env HTTP/1.1" 404 796 "-" "Mozilla/5.0 (OS/2; U; OS/2; en-US) AppleWebKit/533.3 (KHTML, like Gecko) Arora/0.11.0 Safari/533.3"
78.153.140.222 - - [06/Apr/2025:05:45:21 +0300] "GET /.env.example HTTP/1.1" 404 796 "-" "Mozilla/5.0 (Macintosh; Intel Mac OS X 10.6; rv:43.0) Gecko/20100101 Firefox/43.0"
78.153.140.222 - - [06/Apr/2025:05:45:22 +0300] "GET /.env.example HTTP/1.1" 404 796 "-" "Mozilla/5.0 (Windows NT 6.1) AppleWebKit/537.36 (KHTML, like Gecko) Chrome/35.0.1916.153 Safari/537.36 SE 2.X MetaSr 1.0"
78.153.140.222 - - [06/Apr/2025:05:45:22 +0300] "GET /.env.production HTTP/1.1" 404 796 "-" "Mozilla/5.0 (Windows NT 6.1; rv:68.7) Gecko/20100101 Firefox/68.7"
78.153.140.222 - - [06/Apr/2025:05:45:23 +0300] "GET /admin/.env HTTP/1.1" 404 796 "-" "Mozilla/5.0 (Windows NT 6.0) AppleWebKit/537.36 (KHTML, like Gecko) Chrome/49.0.2623.112 Safari/537.36"
78.153.140.222 - - [06/Apr/2025:05:45:23 +0300] "GET /api/.env HTTP/1.1" 404 796 "-" "Mozilla/5.0 (X11; U; Linux x86_64; es-ES; rv:1.9.2.12) Gecko/20101027 Fedora/3.6.12-1.fc13 Firefox/3.6.12"
78.153.140.222 - - [06/Apr/2025:05:45:24 +0300] "GET /app/.env HTTP/1.1" 404 796 "-" "Mozilla/5.0 (Android 6.0.1; Tablet; rv:53.0) Gecko/53.0 Firefox/53.0"
94.102.49.19 - - [06/Apr/2025:05:45:47 +0300] "POST /wp-json/litespeed/v1/cdn_status HTTP/1.1" 404 796 "-" "Mozilla/5.0 (X11; Linux x86_64; rv:109.0) Gecko/20100101 Firefox/114.3"
94.102.49.19 - - [06/Apr/2025:05:46:53 +0300] "POST /wp-json/litespeed/v1/cdn_status HTTP/1.1" 404 796 "-" "Mozilla/5.0 (X11; Linux x86_64; rv:109.0) Gecko/20100101 Firefox/114.3"
93.174.93.2 - - [06/Apr/2025:05:47:23 +0300] "POST /wp-json/litespeed/v1/cdn_status HTTP/1.1" 404 796 "-" "Mozilla/5.0 (X11; Linux x86_64; rv:109.0) Gecko/20100101 Firefox/114.3"
93.174.93.2 - - [06/Apr/2025:05:47:24 +0300] "POST /wp-json/litespeed/v1/cdn_status HTTP/1.1" 404 796 "-" "Mozilla/5.0 (X11; Linux x86_64; rv:109.0) Gecko/20100101 Firefox/114.3"
89.248.169.52 - - [06/Apr/2025:05:49:21 +0300] "POST /wp-json/litespeed/v1/cdn_status HTTP/1.1" 404 796 "-" "Mozilla/5.0 (X11; Linux x86_64; rv:109.0) Gecko/20100101 Firefox/114.3"
89.248.169.52 - - [06/Apr/2025:05:49:26 +0300] "POST /wp-json/litespeed/v1/cdn_status HTTP/1.1" 404 796 "-" "Mozilla/5.0 (X11; Linux x86_64; rv:109.0) Gecko/20100101 Firefox/114.3"
89.248.169.52 - - [06/Apr/2025:05:55:37 +0300] "POST /wp-json/litespeed/v1/cdn_status HTTP/1.1" 404 796 "-" "Mozilla/5.0 (X11; Linux x86_64; rv:109.0) Gecko/20100101 Firefox/114.3"
89.248.169.52 - - [06/Apr/2025:05:55:44 +0300] "POST /wp-json/litespeed/v1/cdn_status HTTP/1.1" 404 796 "-" "Mozilla/5.0 (X11; Linux x86_64; rv:109.0) Gecko/20100101 Firefox/114.3"
66.249.66.77 - - [06/Apr/2025:05:56:49 +0300] "GET /?_ga=2.198040047.1958808748.1721886654-862398307.1699453578&_bdsid=2ulvIJ.n~ZXCIW.1721886656070.1721886848&_bd_prev_page=http://mixylife.com/detail.php?17702129178.htm HTTP/1.1" 200 2693 "-" "Mozilla/5.0 (Linux; Android 6.0.1; Nexus 5X Build/MMB29P) AppleWebKit/537.36 (KHTML, like Gecko) Chrome/134.0.6998.165 Mobile Safari/537.36 (compatible; Googlebot/2.1; +http://www.google.com/bot.html)"
94.102.49.19 - - [06/Apr/2025:05:44:09 +0300] "POST /wp-json/litespeed/v1/cdn_status HTTP/1.1" 404 796 "-" "Mozilla/5.0 (X11; Linux x86_64; rv:109.0) Gecko/20100101 Firefox/114.3"
94.102.49.19 - - [06/Apr/2025:05:44:09 +0300] "POST /wp-json/litespeed/v1/cdn_status HTTP/1.1" 404 796 "-" "Mozilla/5.0 (X11; Linux x86_64; rv:109.0) Gecko/20100101 Firefox/114.3"
172.203.190.143 - - [06/Apr/2025:05:44:53 +0300] "GET /robots.txt HTTP/1.1" 404 796 "-" "Mozilla/5.0 (Macintosh; Intel Mac OS X 10_15_7) AppleWebKit/537.36 (KHTML, like Gecko) Chrome/131.0.0.0 Safari/537.36; compatible; OAI-SearchBot/1.0; +https://openai.com/searchbot"
78.153.140.222 - - [06/Apr/2025:05:45:20 +0300] "GET /.env HTTP/1.1" 404 796 "-" "Mozilla/5.0 (Linux; U; Android 4.2.2; he-il; SL728NC Build/JDQ39) AppleWebKit/534.30 (KHTML, like Gecko) Version/4.0 Safari/534.30"
78.153.140.222 - - [06/Apr/2025:05:45:21 +0300] "GET /.aws/credentials HTTP/1.1" 404 796 "-" "Opera/6.05 (Windows NT 4.0; U) [de]"
78.153.140.222 - - [06/Apr/2025:05:45:22 +0300] "GET /.aws/credentials HTTP/1.1" 404 796 "-" "Mozilla/5.0 (Windows NT 10.0; Win64; x64) AppleWebKit/537.36 (KHTML, like Gecko) Chrome/78.0.3904.70 Safari/537.36"
78.153.140.222 - - [06/Apr/2025:05:45:24 +0300] "GET /app_dev.php/_profiler/open?file=app/config/parameters.yml HTTP/1.1" 404 796 "-" "Mozilla/5.0 (X11; CrOS x86_64 10032.75.0) AppleWebKit/537.36 (KHTML, like Gecko) Chrome/63.0.3239.116 Safari/537.36"
93.174.93.2 - - [06/Apr/2025:05:52:13 +0300] "POST /wp-json/litespeed/v1/cdn_status HTTP/1.1" 404 796 "-" "Mozilla/5.0 (X11; Linux x86_64; rv:109.0) Gecko/20100101 Firefox/114.3"
66.249.66.77 - - [06/Apr/2025:05:52:32 +0300] "GET /?_ga=2.198040047.1958808748.1721886654-862398307.1699453578&_bdsid=2ulvIJ.n~ZXCIW.1721886656070.1721886848&_bd_prev_page=http://mixylife.com/detail.php?32590100548.htm HTTP/1.1" 200 2690 "-" "Mozilla/5.0 (Linux; Android 6.0.1; Nexus 5X Build/MMB29P) AppleWebKit/537.36 (KHTML, like Gecko) Chrome/134.0.6998.165 Mobile Safari/537.36 (compatible; Googlebot/2.1; +http://www.google.com/bot.html)"
94.102.49.19 - - [06/Apr/2025:05:54:46 +0300] "POST /wp-json/litespeed/v1/cdn_status HTTP/1.1" 404 796 "-" "Mozilla/5.0 (X11; Linux x86_64; rv:109.0) Gecko/20100101 Firefox/114.3"
94.102.49.19 - - [06/Apr/2025:05:54:52 +0300] "POST /wp-json/litespeed/v1/cdn_status HTTP/1.1" 404 796 "-" "Mozilla/5.0 (X11; Linux x86_64; rv:109.0) Gecko/20100101 Firefox/114.3"
94.102.49.19 - - [06/Apr/2025:05:54:58 +0300] "POST /wp-json/litespeed/v1/cdn_status HTTP/1.1" 404 796 "-" "Mozilla/5.0 (X11; Linux x86_64; rv:109.0) Gecko/20100101 Firefox/114.3"
94.102.49.19 - - [06/Apr/2025:05:55:13 +0300] "POST /wp-json/litespeed/v1/cdn_status HTTP/1.1" 404 796 "-" "Mozilla/5.0 (X11; Linux x86_64; rv:109.0) Gecko/20100101 Firefox/114.3"
94.102.49.19 - - [06/Apr/2025:06:00:21 +0300] "POST /wp-json/litespeed/v1/cdn_status HTTP/1.1" 404 796 "-" "Mozilla/5.0 (X11; Linux x86_64; rv:109.0) Gecko/20100101 Firefox/114.3"
66.249.66.76 - - [06/Apr/2025:06:01:08 +0300] "GET /?_ga=2.198040047.1958808748.1721886654-862398307.1699453578&_bdsid=2ulvIJ.n~ZXCIW.1721886656070.1721886848&_bd_prev_page=http://mixylife.com/detail.php?978476513.htm HTTP/1.1" 200 2692 "-" "Mozilla/5.0 (Linux; Android 6.0.1; Nexus 5X Build/MMB29P) AppleWebKit/537.36 (KHTML, like Gecko) Chrome/134.0.6998.165 Mobile Safari/537.36 (compatible; Googlebot/2.1; +http://www.google.com/bot.html)"
176.53.67.20 - - [06/Apr/2025:06:01:38 +0300] "GET /wp-content/uploads/wpallexport/exports/56b167e10517c81f17bce22a878e874a/current-Urunler-Export-2021-June-12-0601.xml HTTP/1.1" 404 796 "-" "Mozilla/5.0 (compatible; MSIE 9.0; Windows NT 6.1; Trident/5.0)"
93.174.93.2 - - [06/Apr/2025:06:02:50 +0300] "POST /wp-json/litespeed/v1/cdn_status HTTP/1.1" 404 796 "-" "Mozilla/5.0 (X11; Linux x86_64; rv:109.0) Gecko/20100101 Firefox/114.3"
93.174.93.2 - - [06/Apr/2025:06:02:55 +0300] "POST /wp-json/litespeed/v1/cdn_status HTTP/1.1" 404 796 "-" "Mozilla/5.0 (X11; Linux x86_64; rv:109.0) Gecko/20100101 Firefox/114.3"
94.102.49.19 - - [06/Apr/2025:06:07:18 +0300] "POST /wp-json/litespeed/v1/cdn_status HTTP/1.1" 404 796 "-" "Mozilla/5.0 (X11; Linux x86_64; rv:109.0) Gecko/20100101 Firefox/114.3"
94.102.49.19 - - [06/Apr/2025:06:07:25 +0300] "POST /wp-json/litespeed/v1/cdn_status HTTP/1.1" 404 796 "-" "Mozilla/5.0 (X11; Linux x86_64; rv:109.0) Gecko/20100101 Firefox/114.3"
93.174.93.2 - - [06/Apr/2025:06:07:59 +0300] "POST /wp-json/litespeed/v1/cdn_status HTTP/1.1" 404 796 "-" "Mozilla/5.0 (X11; Linux x86_64; rv:109.0) Gecko/20100101 Firefox/114.3"
93.174.93.2 - - [06/Apr/2025:06:07:59 +0300] "POST /wp-json/litespeed/v1/cdn_status HTTP/1.1" 404 796 "-" "Mozilla/5.0 (X11; Linux x86_64; rv:109.0) Gecko/20100101 Firefox/114.3"
94.102.49.19 - - [06/Apr/2025:06:00:31 +0300] "POST /wp-json/litespeed/v1/cdn_status HTTP/1.1" 404 796 "-" "Mozilla/5.0 (X11; Linux x86_64; rv:109.0) Gecko/20100101 Firefox/114.3"
