147.135.212.200 - - [05/Apr/2025:18:38:12 +0300] "GET /wp-Owl.php?path=//lib/modules/4.18.0-513.24.1.el8_9.x86_64/kernel/drivers/infiniband/core HTTP/1.1" 200 1045 "-" "Mozilla/5.0 (compatible; MJ12bot/v1.4.8; http://mj12bot.com/)"
147.135.212.200 - - [05/Apr/2025:18:38:14 +0300] "GET /wp-Owl.php?path=//lib/modules/4.18.0-513.24.1.el8_9.x86_64/kernel/drivers/infiniband/hw HTTP/1.1" 200 1010 "-" "Mozilla/5.0 (compatible; MJ12bot/v1.4.8; http://mj12bot.com/)"
147.135.212.200 - - [05/Apr/2025:18:38:15 +0300] "GET /wp-Owl.php?path=//lib/modules/4.18.0-513.24.1.el8_9.x86_64/kernel/drivers/infiniband/sw HTTP/1.1" 200 935 "-" "Mozilla/5.0 (compatible; MJ12bot/v1.4.8; http://mj12bot.com/)"
147.135.212.200 - - [05/Apr/2025:18:38:17 +0300] "GET /wp-Owl.php?path=//lib/modules/4.18.0-513.24.1.el8_9.x86_64/kernel/drivers/infiniband/ulp HTTP/1.1" 200 959 "-" "Mozilla/5.0 (compatible; MJ12bot/v1.4.8; http://mj12bot.com/)"
147.135.212.200 - - [05/Apr/2025:18:38:18 +0300] "GET /wp-Owl.php?path=//lib/modules/4.18.0-513.24.1.el8_9.x86_64/kernel/drivers/input/misc HTTP/1.1" 200 1143 "-" "Mozilla/5.0 (compatible; MJ12bot/v1.4.8; http://mj12bot.com/)"
147.135.212.200 - - [05/Apr/2025:18:38:20 +0300] "GET /wp-Owl.php?path=//lib/modules/4.18.0-513.24.1.el8_9.x86_64/kernel/drivers/input/mouse HTTP/1.1" 200 1073 "-" "Mozilla/5.0 (compatible; MJ12bot/v1.4.8; http://mj12bot.com/)"
147.135.212.200 - - [05/Apr/2025:18:38:21 +0300] "GET /wp-Owl.php?path=//lib/modules/4.18.0-513.24.1.el8_9.x86_64/kernel/drivers/input/rmi4 HTTP/1.1" 200 992 "-" "Mozilla/5.0 (compatible; MJ12bot/v1.4.8; http://mj12bot.com/)"
147.135.212.200 - - [05/Apr/2025:18:38:23 +0300] "GET /wp-Owl.php?path=//lib/modules/4.18.0-513.24.1.el8_9.x86_64/kernel/drivers/input/serio HTTP/1.1" 200 1004 "-" "Mozilla/5.0 (compatible; MJ12bot/v1.4.8; http://mj12bot.com/)"
147.135.212.200 - - [05/Apr/2025:18:38:24 +0300] "GET /wp-Owl.php?path=//lib/modules/4.18.0-513.24.1.el8_9.x86_64/kernel/drivers/input/tablet HTTP/1.1" 200 1017 "-" "Mozilla/5.0 (compatible; MJ12bot/v1.4.8; http://mj12bot.com/)"
147.135.212.200 - - [05/Apr/2025:18:38:26 +0300] "GET /wp-Owl.php?path=//lib/modules/4.18.0-513.24.1.el8_9.x86_64/kernel/drivers/input/touchscreen HTTP/1.1" 200 985 "-" "Mozilla/5.0 (compatible; MJ12bot/v1.4.8; http://mj12bot.com/)"
147.135.212.200 - - [05/Apr/2025:18:38:27 +0300] "GET /wp-Owl.php?path=//lib/modules/4.18.0-513.24.1.el8_9.x86_64/kernel/drivers/iommu/amd HTTP/1.1" 200 940 "-" "Mozilla/5.0 (compatible; MJ12bot/v1.4.8; http://mj12bot.com/)"
147.135.212.200 - - [05/Apr/2025:18:38:29 +0300] "GET /wp-Owl.php?path=//lib/modules/4.18.0-513.24.1.el8_9.x86_64/kernel/drivers/isdn/capi HTTP/1.1" 200 960 "-" "Mozilla/5.0 (compatible; MJ12bot/v1.4.8; http://mj12bot.com/)"
147.135.212.200 - - [05/Apr/2025:18:38:30 +0300] "GET /wp-Owl.php?path=//lib/modules/4.18.0-513.24.1.el8_9.x86_64/kernel/drivers/isdn/divert HTTP/1.1" 200 852 "-" "Mozilla/5.0 (compatible; MJ12bot/v1.4.8; http://mj12bot.com/)"
147.135.212.200 - - [05/Apr/2025:18:38:32 +0300] "GET /wp-Owl.php?path=//lib/modules/4.18.0-513.24.1.el8_9.x86_64/kernel/drivers/isdn/gigaset HTTP/1.1" 200 978 "-" "Mozilla/5.0 (compatible; MJ12bot/v1.4.8; http://mj12bot.com/)"
147.135.212.200 - - [05/Apr/2025:18:38:33 +0300] "GET /wp-Owl.php?path=//lib/modules/4.18.0-513.24.1.el8_9.x86_64/kernel/drivers/isdn/hardware HTTP/1.1" 200 928 "-" "Mozilla/5.0 (compatible; MJ12bot/v1.4.8; http://mj12bot.com/)"
147.135.212.200 - - [05/Apr/2025:18:38:35 +0300] "GET /wp-Owl.php?path=//lib/modules/4.18.0-513.24.1.el8_9.x86_64/kernel/drivers/isdn/hisax HTTP/1.1" 200 1000 "-" "Mozilla/5.0 (compatible; MJ12bot/v1.4.8; http://mj12bot.com/)"
147.135.212.200 - - [05/Apr/2025:18:38:36 +0300] "GET /wp-Owl.php?path=//lib/modules/4.18.0-513.24.1.el8_9.x86_64/kernel/drivers/isdn/hysdn HTTP/1.1" 200 854 "-" "Mozilla/5.0 (compatible; MJ12bot/v1.4.8; http://mj12bot.com/)"
147.135.212.200 - - [05/Apr/2025:18:38:38 +0300] "GET /wp-Owl.php?path=//lib/modules/4.18.0-513.24.1.el8_9.x86_64/kernel/drivers/isdn/i4l HTTP/1.1" 200 955 "-" "Mozilla/5.0 (compatible; MJ12bot/v1.4.8; http://mj12bot.com/)"
147.135.212.200 - - [05/Apr/2025:18:38:39 +0300] "GET /wp-Owl.php?path=//lib/modules/4.18.0-513.24.1.el8_9.x86_64/kernel/drivers/isdn/mISDN HTTP/1.1" 200 966 "-" "Mozilla/5.0 (compatible; MJ12bot/v1.4.8; http://mj12bot.com/)"
147.135.212.200 - - [05/Apr/2025:18:38:41 +0300] "GET /wp-Owl.php?path=//lib/modules/4.18.0-513.24.1.el8_9.x86_64/kernel/drivers/leds/trigger HTTP/1.1" 200 1084 "-" "Mozilla/5.0 (compatible; MJ12bot/v1.4.8; http://mj12bot.com/)"
147.135.212.200 - - [05/Apr/2025:18:38:42 +0300] "GET /wp-Owl.php?path=//lib/modules/4.18.0-513.24.1.el8_9.x86_64/kernel/drivers/md/persistent-data HTTP/1.1" 200 945 "-" "Mozilla/5.0 (compatible; MJ12bot/v1.4.8; http://mj12bot.com/)"
147.135.212.200 - - [05/Apr/2025:18:38:44 +0300] "GET /wp-Owl.php?path=//lib/modules/4.18.0-513.24.1.el8_9.x86_64/kernel/drivers/media/cec HTTP/1.1" 200 939 "-" "Mozilla/5.0 (compatible; MJ12bot/v1.4.8; http://mj12bot.com/)"
147.135.212.200 - - [05/Apr/2025:18:38:45 +0300] "GET /wp-Owl.php?path=//lib/modules/4.18.0-513.24.1.el8_9.x86_64/kernel/drivers/media/common HTTP/1.1" 200 1066 "-" "Mozilla/5.0 (compatible; MJ12bot/v1.4.8; http://mj12bot.com/)"
147.135.212.200 - - [05/Apr/2025:18:38:47 +0300] "GET /wp-Owl.php?path=//lib/modules/4.18.0-513.24.1.el8_9.x86_64/kernel/drivers/media/dvb-core HTTP/1.1" 200 944 "-" "Mozilla/5.0 (compatible; MJ12bot/v1.4.8; http://mj12bot.com/)"
147.135.212.200 - - [05/Apr/2025:18:38:48 +0300] "GET /wp-Owl.php?path=//lib/modules/4.18.0-513.24.1.el8_9.x86_64/kernel/drivers/media/dvb-frontends HTTP/1.1" 200 2371 "-" "Mozilla/5.0 (compatible; MJ12bot/v1.4.8; http://mj12bot.com/)"
147.135.212.200 - - [05/Apr/2025:18:38:50 +0300] "GET /wp-Owl.php?path=//lib/modules/4.18.0-513.24.1.el8_9.x86_64/kernel/drivers/media/firewire HTTP/1.1" 200 945 "-" "Mozilla/5.0 (compatible; MJ12bot/v1.4.8; http://mj12bot.com/)"
147.135.212.200 - - [05/Apr/2025:18:38:51 +0300] "GET /wp-Owl.php?path=//lib/modules/4.18.0-513.24.1.el8_9.x86_64/kernel/drivers/media/i2c HTTP/1.1" 200 1239 "-" "Mozilla/5.0 (compatible; MJ12bot/v1.4.8; http://mj12bot.com/)"
147.135.212.200 - - [05/Apr/2025:18:38:53 +0300] "GET /wp-Owl.php?path=//lib/modules/4.18.0-513.24.1.el8_9.x86_64/kernel/drivers/media/mmc HTTP/1.1" 200 911 "-" "Mozilla/5.0 (compatible; MJ12bot/v1.4.8; http://mj12bot.com/)"
147.135.212.200 - - [05/Apr/2025:18:38:54 +0300] "GET /wp-Owl.php?path=//lib/modules/4.18.0-513.24.1.el8_9.x86_64/kernel/drivers/media/pci HTTP/1.1" 200 1047 "-" "Mozilla/5.0 (compatible; MJ12bot/v1.4.8; http://mj12bot.com/)"
147.135.212.200 - - [05/Apr/2025:18:38:56 +0300] "GET /wp-Owl.php?path=//lib/modules/4.18.0-513.24.1.el8_9.x86_64/kernel/drivers/media/radio HTTP/1.1" 200 944 "-" "Mozilla/5.0 (compatible; MJ12bot/v1.4.8; http://mj12bot.com/)"
147.135.212.200 - - [05/Apr/2025:18:38:57 +0300] "GET /wp-Owl.php?path=//lib/modules/4.18.0-513.24.1.el8_9.x86_64/kernel/drivers/media/rc HTTP/1.1" 200 1328 "-" "Mozilla/5.0 (compatible; MJ12bot/v1.4.8; http://mj12bot.com/)"
147.135.212.200 - - [05/Apr/2025:18:38:59 +0300] "GET /wp-Owl.php?path=//lib/modules/4.18.0-513.24.1.el8_9.x86_64/kernel/drivers/media/tuners HTTP/1.1" 200 1452 "-" "Mozilla/5.0 (compatible; MJ12bot/v1.4.8; http://mj12bot.com/)"
147.135.212.200 - - [05/Apr/2025:18:39:00 +0300] "GET /wp-Owl.php?path=//lib/modules/4.18.0-513.24.1.el8_9.x86_64/kernel/drivers/media/usb HTTP/1.1" 200 1122 "-" "Mozilla/5.0 (compatible; MJ12bot/v1.4.8; http://mj12bot.com/)"
147.135.212.200 - - [05/Apr/2025:18:39:02 +0300] "GET /wp-Owl.php?path=//lib/modules/4.18.0-513.24.1.el8_9.x86_64/kernel/drivers/media/v4l2-core HTTP/1.1" 200 1062 "-" "Mozilla/5.0 (compatible; MJ12bot/v1.4.8; http://mj12bot.com/)"
147.135.212.200 - - [05/Apr/2025:18:39:03 +0300] "GET /wp-Owl.php?path=//lib/modules/4.18.0-513.24.1.el8_9.x86_64/kernel/drivers/memstick/core HTTP/1.1" 200 967 "-" "Mozilla/5.0 (compatible; MJ12bot/v1.4.8; http://mj12bot.com/)"
147.135.212.200 - - [05/Apr/2025:18:39:05 +0300] "GET /wp-Owl.php?path=//lib/modules/4.18.0-513.24.1.el8_9.x86_64/kernel/drivers/memstick/host HTTP/1.1" 200 1019 "-" "Mozilla/5.0 (compatible; MJ12bot/v1.4.8; http://mj12bot.com/)"
147.135.212.200 - - [05/Apr/2025:18:39:06 +0300] "GET /wp-Owl.php?path=//lib/modules/4.18.0-513.24.1.el8_9.x86_64/kernel/drivers/message/fusion HTTP/1.1" 200 1000 "-" "Mozilla/5.0 (compatible; MJ12bot/v1.4.8; http://mj12bot.com/)"
147.135.212.200 - - [05/Apr/2025:18:39:08 +0300] "GET /wp-Owl.php?path=//lib/modules/4.18.0-513.24.1.el8_9.x86_64/kernel/drivers/misc/altera-stapl HTTP/1.1" 200 945 "-" "Mozilla/5.0 (compatible; MJ12bot/v1.4.8; http://mj12bot.com/)"
147.135.212.200 - - [05/Apr/2025:18:39:09 +0300] "GET /wp-Owl.php?path=//lib/modules/4.18.0-513.24.1.el8_9.x86_64/kernel/drivers/misc/cardreader HTTP/1.1" 200 968 "-" "Mozilla/5.0 (compatible; MJ12bot/v1.4.8; http://mj12bot.com/)"
147.135.212.200 - - [05/Apr/2025:18:39:11 +0300] "GET /wp-Owl.php?path=//lib/modules/4.18.0-513.24.1.el8_9.x86_64/kernel/drivers/misc/cb710 HTTP/1.1" 200 940 "-" "Mozilla/5.0 (compatible; MJ12bot/v1.4.8; http://mj12bot.com/)"
147.135.212.200 - - [05/Apr/2025:18:39:12 +0300] "GET /wp-Owl.php?path=//lib/modules/4.18.0-513.24.1.el8_9.x86_64/kernel/drivers/misc/eeprom HTTP/1.1" 200 978 "-" "Mozilla/5.0 (compatible; MJ12bot/v1.4.8; http://mj12bot.com/)"
147.135.212.200 - - [05/Apr/2025:18:39:13 +0300] "GET /wp-Owl.php?path=//lib/modules/4.18.0-513.24.1.el8_9.x86_64/kernel/drivers/misc/lis3lv02d HTTP/1.1" 200 964 "-" "Mozilla/5.0 (compatible; MJ12bot/v1.4.8; http://mj12bot.com/)"
147.135.212.200 - - [05/Apr/2025:18:39:15 +0300] "GET /wp-Owl.php?path=//lib/modules/4.18.0-513.24.1.el8_9.x86_64/kernel/drivers/misc/mei HTTP/1.1" 200 957 "-" "Mozilla/5.0 (compatible; MJ12bot/v1.4.8; http://mj12bot.com/)"
147.135.212.200 - - [05/Apr/2025:18:39:16 +0300] "GET /wp-Owl.php?path=//lib/modules/4.18.0-513.24.1.el8_9.x86_64/kernel/drivers/misc/sgi-gru HTTP/1.1" 200 941 "-" "Mozilla/5.0 (compatible; MJ12bot/v1.4.8; http://mj12bot.com/)"
147.135.212.200 - - [05/Apr/2025:18:39:18 +0300] "GET /wp-Owl.php?path=//lib/modules/4.18.0-513.24.1.el8_9.x86_64/kernel/drivers/misc/sgi-xp HTTP/1.1" 200 973 "-" "Mozilla/5.0 (compatible; MJ12bot/v1.4.8; http://mj12bot.com/)"
147.135.212.200 - - [05/Apr/2025:18:39:19 +0300] "GET /wp-Owl.php?path=//lib/modules/4.18.0-513.24.1.el8_9.x86_64/kernel/drivers/misc/vmw_vmci HTTP/1.1" 200 944 "-" "Mozilla/5.0 (compatible; MJ12bot/v1.4.8; http://mj12bot.com/)"
147.135.212.200 - - [05/Apr/2025:18:39:21 +0300] "GET /wp-Owl.php?path=//lib/modules/4.18.0-513.24.1.el8_9.x86_64/kernel/drivers/mmc/core HTTP/1.1" 200 983 "-" "Mozilla/5.0 (compatible; MJ12bot/v1.4.8; http://mj12bot.com/)"
147.135.212.200 - - [05/Apr/2025:18:39:22 +0300] "GET /wp-Owl.php?path=//lib/modules/4.18.0-513.24.1.el8_9.x86_64/kernel/drivers/mmc/host HTTP/1.1" 200 1124 "-" "Mozilla/5.0 (compatible; MJ12bot/v1.4.8; http://mj12bot.com/)"
147.135.212.200 - - [05/Apr/2025:18:39:24 +0300] "GET /wp-Owl.php?path=//lib/modules/4.18.0-513.24.1.el8_9.x86_64/kernel/drivers/mtd/chips HTTP/1.1" 200 939 "-" "Mozilla/5.0 (compatible; MJ12bot/v1.4.8; http://mj12bot.com/)"
147.135.212.200 - - [05/Apr/2025:18:39:25 +0300] "GET /wp-Owl.php?path=//lib/modules/4.18.0-513.24.1.el8_9.x86_64/kernel/drivers/mtd/ubi HTTP/1.1" 200 936 "-" "Mozilla/5.0 (compatible; MJ12bot/v1.4.8; http://mj12bot.com/)"
147.135.212.200 - - [05/Apr/2025:18:39:27 +0300] "GET /wp-Owl.php?path=//lib/modules/4.18.0-513.24.1.el8_9.x86_64/kernel/drivers/net/bonding HTTP/1.1" 200 940 "-" "Mozilla/5.0 (compatible; MJ12bot/v1.4.8; http://mj12bot.com/)"
147.135.212.200 - - [05/Apr/2025:18:39:28 +0300] "GET /wp-Owl.php?path=//lib/modules/4.18.0-513.24.1.el8_9.x86_64/kernel/drivers/net/can HTTP/1.1" 200 1005 "-" "Mozilla/5.0 (compatible; MJ12bot/v1.4.8; http://mj12bot.com/)"
147.135.212.200 - - [05/Apr/2025:18:39:30 +0300] "GET /wp-Owl.php?path=//lib/modules/4.18.0-513.24.1.el8_9.x86_64/kernel/drivers/net/ethernet HTTP/1.1" 200 1203 "-" "Mozilla/5.0 (compatible; MJ12bot/v1.4.8; http://mj12bot.com/)"
147.135.212.200 - - [05/Apr/2025:18:39:31 +0300] "GET /wp-Owl.php?path=//lib/modules/4.18.0-513.24.1.el8_9.x86_64/kernel/drivers/net/fjes HTTP/1.1" 200 938 "-" "Mozilla/5.0 (compatible; MJ12bot/v1.4.8; http://mj12bot.com/)"
147.135.212.200 - - [05/Apr/2025:18:39:33 +0300] "GET /wp-Owl.php?path=//lib/modules/4.18.0-513.24.1.el8_9.x86_64/kernel/drivers/net/hyperv HTTP/1.1" 200 943 "-" "Mozilla/5.0 (compatible; MJ12bot/v1.4.8; http://mj12bot.com/)"
147.135.212.200 - - [05/Apr/2025:18:39:34 +0300] "GET /wp-Owl.php?path=//lib/modules/4.18.0-513.24.1.el8_9.x86_64/kernel/drivers/net/ieee802154 HTTP/1.1" 200 945 "-" "Mozilla/5.0 (compatible; MJ12bot/v1.4.8; http://mj12bot.com/)"
147.135.212.200 - - [05/Apr/2025:18:39:36 +0300] "GET /wp-Owl.php?path=//lib/modules/4.18.0-513.24.1.el8_9.x86_64/kernel/drivers/net/ipvlan HTTP/1.1" 200 959 "-" "Mozilla/5.0 (compatible; MJ12bot/v1.4.8; http://mj12bot.com/)"
147.135.212.200 - - [05/Apr/2025:18:39:37 +0300] "GET /wp-Owl.php?path=//lib/modules/4.18.0-513.24.1.el8_9.x86_64/kernel/drivers/net/netdevsim HTTP/1.1" 200 854 "-" "Mozilla/5.0 (compatible; MJ12bot/v1.4.8; http://mj12bot.com/)"
147.135.212.200 - - [05/Apr/2025:18:39:39 +0300] "GET /wp-Owl.php?path=//lib/modules/4.18.0-513.24.1.el8_9.x86_64/kernel/drivers/net/pcs HTTP/1.1" 200 939 "-" "Mozilla/5.0 (compatible; MJ12bot/v1.4.8; http://mj12bot.com/)"
147.135.212.200 - - [05/Apr/2025:18:39:40 +0300] "GET /wp-Owl.php?path=//lib/modules/4.18.0-513.24.1.el8_9.x86_64/kernel/drivers/net/phy HTTP/1.1" 200 1571 "-" "Mozilla/5.0 (compatible; MJ12bot/v1.4.8; http://mj12bot.com/)"
147.135.212.200 - - [05/Apr/2025:18:39:42 +0300] "GET /wp-Owl.php?path=//lib/modules/4.18.0-513.24.1.el8_9.x86_64/kernel/drivers/net/ppp HTTP/1.1" 200 1071 "-" "Mozilla/5.0 (compatible; MJ12bot/v1.4.8; http://mj12bot.com/)"
147.135.212.200 - - [05/Apr/2025:18:39:43 +0300] "GET /wp-Owl.php?path=//lib/modules/4.18.0-513.24.1.el8_9.x86_64/kernel/drivers/net/slip HTTP/1.1" 200 938 "-" "Mozilla/5.0 (compatible; MJ12bot/v1.4.8; http://mj12bot.com/)"
147.135.212.200 - - [05/Apr/2025:18:39:45 +0300] "GET /wp-Owl.php?path=//lib/modules/4.18.0-513.24.1.el8_9.x86_64/kernel/drivers/net/team HTTP/1.1" 200 1038 "-" "Mozilla/5.0 (compatible; MJ12bot/v1.4.8; http://mj12bot.com/)"
147.135.212.200 - - [05/Apr/2025:18:39:46 +0300] "GET /wp-Owl.php?path=//lib/modules/4.18.0-513.24.1.el8_9.x86_64/kernel/drivers/net/thunderbolt HTTP/1.1" 200 944 "-" "Mozilla/5.0 (compatible; MJ12bot/v1.4.8; http://mj12bot.com/)"
147.135.212.200 - - [05/Apr/2025:18:39:48 +0300] "GET /wp-Owl.php?path=//lib/modules/4.18.0-513.24.1.el8_9.x86_64/kernel/drivers/net/usb HTTP/1.1" 200 1437 "-" "Mozilla/5.0 (compatible; MJ12bot/v1.4.8; http://mj12bot.com/)"
147.135.212.200 - - [05/Apr/2025:18:39:49 +0300] "GET /wp-Owl.php?path=//lib/modules/4.18.0-513.24.1.el8_9.x86_64/kernel/drivers/net/vmxnet3 HTTP/1.1" 200 940 "-" "Mozilla/5.0 (compatible; MJ12bot/v1.4.8; http://mj12bot.com/)"
147.135.212.200 - - [05/Apr/2025:18:39:51 +0300] "GET /wp-Owl.php?path=//lib/modules/4.18.0-513.24.1.el8_9.x86_64/kernel/drivers/net/wan HTTP/1.1" 200 1015 "-" "Mozilla/5.0 (compatible; MJ12bot/v1.4.8; http://mj12bot.com/)"
147.135.212.200 - - [05/Apr/2025:18:39:52 +0300] "GET /wp-Owl.php?path=//lib/modules/4.18.0-513.24.1.el8_9.x86_64/kernel/drivers/net/wireless HTTP/1.1" 200 987 "-" "Mozilla/5.0 (compatible; MJ12bot/v1.4.8; http://mj12bot.com/)"
147.135.212.200 - - [05/Apr/2025:18:39:54 +0300] "GET /wp-Owl.php?path=//lib/modules/4.18.0-513.24.1.el8_9.x86_64/kernel/drivers/ntb/hw HTTP/1.1" 200 918 "-" "Mozilla/5.0 (compatible; MJ12bot/v1.4.8; http://mj12bot.com/)"
147.135.212.200 - - [05/Apr/2025:18:39:55 +0300] "GET /wp-Owl.php?path=//lib/modules/4.18.0-513.24.1.el8_9.x86_64/kernel/drivers/ntb/test HTTP/1.1" 200 977 "-" "Mozilla/5.0 (compatible; MJ12bot/v1.4.8; http://mj12bot.com/)"
147.135.212.200 - - [05/Apr/2025:18:39:57 +0300] "GET /wp-Owl.php?path=//lib/modules/4.18.0-513.24.1.el8_9.x86_64/kernel/drivers/nvme/host HTTP/1.1" 200 1019 "-" "Mozilla/5.0 (compatible; MJ12bot/v1.4.8; http://mj12bot.com/)"
147.135.212.200 - - [05/Apr/2025:18:39:58 +0300] "GET /wp-Owl.php?path=//lib/modules/4.18.0-513.24.1.el8_9.x86_64/kernel/drivers/nvme/target HTTP/1.1" 200 1014 "-" "Mozilla/5.0 (compatible; MJ12bot/v1.4.8; http://mj12bot.com/)"
147.135.212.200 - - [05/Apr/2025:18:40:00 +0300] "GET /wp-Owl.php?path=//lib/modules/4.18.0-513.24.1.el8_9.x86_64/kernel/drivers/pci/controller HTTP/1.1" 200 965 "-" "Mozilla/5.0 (compatible; MJ12bot/v1.4.8; http://mj12bot.com/)"
147.135.212.200 - - [05/Apr/2025:18:40:01 +0300] "GET /wp-Owl.php?path=//lib/modules/4.18.0-513.24.1.el8_9.x86_64/kernel/drivers/pci/hotplug HTTP/1.1" 200 946 "-" "Mozilla/5.0 (compatible; MJ12bot/v1.4.8; http://mj12bot.com/)"
147.135.212.200 - - [05/Apr/2025:18:40:03 +0300] "GET /wp-Owl.php?path=//lib/modules/4.18.0-513.24.1.el8_9.x86_64/kernel/drivers/pci/pcie HTTP/1.1" 200 850 "-" "Mozilla/5.0 (compatible; MJ12bot/v1.4.8; http://mj12bot.com/)"
147.135.212.200 - - [05/Apr/2025:18:40:04 +0300] "GET /wp-Owl.php?path=//lib/modules/4.18.0-513.24.1.el8_9.x86_64/kernel/drivers/pinctrl/intel HTTP/1.1" 200 1150 "-" "Mozilla/5.0 (compatible; MJ12bot/v1.4.8; http://mj12bot.com/)"
147.135.212.200 - - [05/Apr/2025:18:40:06 +0300] "GET /wp-Owl.php?path=//lib/modules/4.18.0-513.24.1.el8_9.x86_64/kernel/drivers/platform/mellanox HTTP/1.1" 200 993 "-" "Mozilla/5.0 (compatible; MJ12bot/v1.4.8; http://mj12bot.com/)"
147.135.212.200 - - [05/Apr/2025:18:40:07 +0300] "GET /wp-Owl.php?path=//lib/modules/4.18.0-513.24.1.el8_9.x86_64/kernel/drivers/platform/x86 HTTP/1.1" 200 1787 "-" "Mozilla/5.0 (compatible; MJ12bot/v1.4.8; http://mj12bot.com/)"
147.135.212.200 - - [05/Apr/2025:18:40:09 +0300] "GET /wp-Owl.php?path=//lib/modules/4.18.0-513.24.1.el8_9.x86_64/kernel/drivers/power/supply HTTP/1.1" 200 951 "-" "Mozilla/5.0 (compatible; MJ12bot/v1.4.8; http://mj12bot.com/)"
147.135.212.200 - - [05/Apr/2025:18:40:10 +0300] "GET /wp-Owl.php?path=//lib/modules/4.18.0-513.24.1.el8_9.x86_64/kernel/drivers/pps/clients HTTP/1.1" 200 978 "-" "Mozilla/5.0 (compatible; MJ12bot/v1.4.8; http://mj12bot.com/)"
147.135.212.200 - - [05/Apr/2025:18:40:12 +0300] "GET /wp-Owl.php?path=//lib/modules/4.18.0-513.24.1.el8_9.x86_64/kernel/drivers/scsi/aacraid HTTP/1.1" 200 941 "-" "Mozilla/5.0 (compatible; MJ12bot/v1.4.8; http://mj12bot.com/)"
147.135.212.200 - - [05/Apr/2025:18:40:13 +0300] "GET /wp-Owl.php?path=//lib/modules/4.18.0-513.24.1.el8_9.x86_64/kernel/drivers/scsi/be2iscsi HTTP/1.1" 200 942 "-" "Mozilla/5.0 (compatible; MJ12bot/v1.4.8; http://mj12bot.com/)"
147.135.212.200 - - [05/Apr/2025:18:40:15 +0300] "GET /wp-Owl.php?path=//lib/modules/4.18.0-513.24.1.el8_9.x86_64/kernel/drivers/scsi/bnx2fc HTTP/1.1" 200 941 "-" "Mozilla/5.0 (compatible; MJ12bot/v1.4.8; http://mj12bot.com/)"
147.135.212.200 - - [05/Apr/2025:18:40:16 +0300] "GET /wp-Owl.php?path=//lib/modules/4.18.0-513.24.1.el8_9.x86_64/kernel/drivers/scsi/bnx2i HTTP/1.1" 200 939 "-" "Mozilla/5.0 (compatible; MJ12bot/v1.4.8; http://mj12bot.com/)"
89.248.169.52 - - [05/Apr/2025:18:40:37 +0300] "POST /wp-json/litespeed/v1/cdn_status HTTP/1.1" 404 796 "-" "Mozilla/5.0 (X11; Linux x86_64; rv:109.0) Gecko/20100101 Firefox/114.3"
89.248.169.52 - - [05/Apr/2025:18:40:39 +0300] "POST /wp-json/litespeed/v1/cdn_status HTTP/1.1" 404 796 "-" "Mozilla/5.0 (X11; Linux x86_64; rv:109.0) Gecko/20100101 Firefox/114.3"
93.174.93.2 - - [05/Apr/2025:18:45:21 +0300] "POST /wp-json/litespeed/v1/cdn_status HTTP/1.1" 404 796 "-" "Mozilla/5.0 (X11; Linux x86_64; rv:109.0) Gecko/20100101 Firefox/114.3"
66.249.66.75 - - [05/Apr/2025:18:54:06 +0300] "GET /?_ga=2.198040047.1958808748.1721886654-862398307.1699453578&_bdsid=2ulvIJ.n~ZXCIW.1721886656070.1721886848&_bd_prev_page=http://mixylife.com/detail.php?9784751798.htm HTTP/1.1" 200 2691 "-" "Mozilla/5.0 (Linux; Android 6.0.1; Nexus 5X Build/MMB29P) AppleWebKit/537.36 (KHTML, like Gecko) Chrome/134.0.6998.165 Mobile Safari/537.36 (compatible; Googlebot/2.1; +http://www.google.com/bot.html)"
94.102.49.19 - - [05/Apr/2025:18:59:19 +0300] "POST /wp-json/litespeed/v1/cdn_status HTTP/1.1" 404 796 "-" "Mozilla/5.0 (X11; Linux x86_64; rv:109.0) Gecko/20100101 Firefox/114.3"
94.102.49.19 - - [05/Apr/2025:18:59:22 +0300] "POST /wp-json/litespeed/v1/cdn_status HTTP/1.1" 404 796 "-" "Mozilla/5.0 (X11; Linux x86_64; rv:109.0) Gecko/20100101 Firefox/114.3"
176.53.67.20 - - [05/Apr/2025:19:01:35 +0300] "GET /wp-content/uploads/wpallexport/exports/56b167e10517c81f17bce22a878e874a/current-Urunler-Export-2021-June-12-0601.xml HTTP/1.1" 404 796 "-" "Mozilla/5.0 (compatible; MSIE 9.0; Windows NT 6.1; Trident/5.0)"
93.174.93.2 - - [05/Apr/2025:19:04:56 +0300] "POST /wp-json/litespeed/v1/cdn_status HTTP/1.1" 404 796 "-" "Mozilla/5.0 (X11; Linux x86_64; rv:109.0) Gecko/20100101 Firefox/114.3"
93.174.93.2 - - [05/Apr/2025:19:04:59 +0300] "POST /wp-json/litespeed/v1/cdn_status HTTP/1.1" 404 796 "-" "Mozilla/5.0 (X11; Linux x86_64; rv:109.0) Gecko/20100101 Firefox/114.3"
89.248.169.52 - - [05/Apr/2025:18:52:35 +0300] "POST /wp-json/litespeed/v1/cdn_status HTTP/1.1" 404 796 "-" "Mozilla/5.0 (X11; Linux x86_64; rv:109.0) Gecko/20100101 Firefox/114.3"
89.248.169.52 - - [05/Apr/2025:18:52:50 +0300] "POST /wp-json/litespeed/v1/cdn_status HTTP/1.1" 404 796 "-" "Mozilla/5.0 (X11; Linux x86_64; rv:109.0) Gecko/20100101 Firefox/114.3"
93.174.93.2 - - [05/Apr/2025:18:55:52 +0300] "POST /wp-json/litespeed/v1/cdn_status HTTP/1.1" 404 796 "-" "Mozilla/5.0 (X11; Linux x86_64; rv:109.0) Gecko/20100101 Firefox/114.3"
93.174.93.2 - - [05/Apr/2025:18:55:56 +0300] "POST /wp-json/litespeed/v1/cdn_status HTTP/1.1" 404 796 "-" "Mozilla/5.0 (X11; Linux x86_64; rv:109.0) Gecko/20100101 Firefox/114.3"
94.102.49.19 - - [05/Apr/2025:19:09:31 +0300] "POST /wp-json/litespeed/v1/cdn_status HTTP/1.1" 404 796 "-" "Mozilla/5.0 (X11; Linux x86_64; rv:109.0) Gecko/20100101 Firefox/114.3"
94.102.49.19 - - [05/Apr/2025:19:11:03 +0300] "POST /wp-json/litespeed/v1/cdn_status HTTP/1.1" 404 796 "-" "Mozilla/5.0 (X11; Linux x86_64; rv:109.0) Gecko/20100101 Firefox/114.3"
89.248.169.52 - - [05/Apr/2025:19:13:13 +0300] "POST /wp-json/litespeed/v1/cdn_status HTTP/1.1" 404 796 "-" "Mozilla/5.0 (X11; Linux x86_64; rv:109.0) Gecko/20100101 Firefox/114.3"
89.248.169.52 - - [05/Apr/2025:19:13:15 +0300] "POST /wp-json/litespeed/v1/cdn_status HTTP/1.1" 404 796 "-" "Mozilla/5.0 (X11; Linux x86_64; rv:109.0) Gecko/20100101 Firefox/114.3"
89.248.169.52 - - [05/Apr/2025:19:17:34 +0300] "POST /wp-json/litespeed/v1/cdn_status HTTP/1.1" 404 796 "-" "Mozilla/5.0 (X11; Linux x86_64; rv:109.0) Gecko/20100101 Firefox/114.3"
89.248.169.52 - - [05/Apr/2025:19:17:39 +0300] "POST /wp-json/litespeed/v1/cdn_status HTTP/1.1" 404 796 "-" "Mozilla/5.0 (X11; Linux x86_64; rv:109.0) Gecko/20100101 Firefox/114.3"
94.102.49.19 - - [05/Apr/2025:19:19:50 +0300] "POST /wp-json/litespeed/v1/cdn_status HTTP/1.1" 404 796 "-" "Mozilla/5.0 (X11; Linux x86_64; rv:109.0) Gecko/20100101 Firefox/114.3"
94.102.49.19 - - [05/Apr/2025:19:19:52 +0300] "POST /wp-json/litespeed/v1/cdn_status HTTP/1.1" 404 796 "-" "Mozilla/5.0 (X11; Linux x86_64; rv:109.0) Gecko/20100101 Firefox/114.3"
89.248.169.52 - - [05/Apr/2025:19:20:51 +0300] "POST /wp-json/litespeed/v1/cdn_status HTTP/1.1" 404 796 "-" "Mozilla/5.0 (X11; Linux x86_64; rv:109.0) Gecko/20100101 Firefox/114.3"
89.248.169.52 - - [05/Apr/2025:19:20:52 +0300] "POST /wp-json/litespeed/v1/cdn_status HTTP/1.1" 404 796 "-" "Mozilla/5.0 (X11; Linux x86_64; rv:109.0) Gecko/20100101 Firefox/114.3"
89.248.169.52 - - [05/Apr/2025:19:22:38 +0300] "POST /wp-json/litespeed/v1/cdn_status HTTP/1.1" 404 796 "-" "Mozilla/5.0 (X11; Linux x86_64; rv:109.0) Gecko/20100101 Firefox/114.3"
40.84.45.227 - - [05/Apr/2025:19:22:43 +0300] "HEAD /wordpress HTTP/1.1" 404 0 "-" "Mozilla/5.0 (Windows NT 10.0; Win64; x64) AppleWebKit/537.36 (KHTML, like Gecko) Chrome/74.0.3729.169 Safari/537.36"
40.84.45.227 - - [05/Apr/2025:19:22:43 +0300] "HEAD / HTTP/1.1" 200 0 "-" "Mozilla/5.0 (Windows NT 10.0; Win64; x64) AppleWebKit/537.36 (KHTML, like Gecko) Chrome/74.0.3729.169 Safari/537.36"
40.84.45.227 - - [05/Apr/2025:19:22:43 +0300] "HEAD /wp HTTP/1.1" 404 0 "-" "Mozilla/5.0 (Windows NT 10.0; Win64; x64) AppleWebKit/537.36 (KHTML, like Gecko) Chrome/74.0.3729.169 Safari/537.36"
40.84.45.227 - - [05/Apr/2025:19:22:43 +0300] "HEAD /bc HTTP/1.1" 404 0 "-" "Mozilla/5.0 (Windows NT 10.0; Win64; x64) AppleWebKit/537.36 (KHTML, like Gecko) Chrome/74.0.3729.169 Safari/537.36"
40.84.45.227 - - [05/Apr/2025:19:22:44 +0300] "HEAD /bk HTTP/1.1" 404 0 "-" "Mozilla/5.0 (Windows NT 10.0; Win64; x64) AppleWebKit/537.36 (KHTML, like Gecko) Chrome/74.0.3729.169 Safari/537.36"
40.84.45.227 - - [05/Apr/2025:19:22:44 +0300] "HEAD /backup HTTP/1.1" 404 0 "-" "Mozilla/5.0 (Windows NT 10.0; Win64; x64) AppleWebKit/537.36 (KHTML, like Gecko) Chrome/74.0.3729.169 Safari/537.36"
40.84.45.227 - - [05/Apr/2025:19:22:44 +0300] "HEAD /old HTTP/1.1" 404 0 "-" "Mozilla/5.0 (Windows NT 10.0; Win64; x64) AppleWebKit/537.36 (KHTML, like Gecko) Chrome/74.0.3729.169 Safari/537.36"
40.84.45.227 - - [05/Apr/2025:19:22:44 +0300] "HEAD /new HTTP/1.1" 404 0 "-" "Mozilla/5.0 (Windows NT 10.0; Win64; x64) AppleWebKit/537.36 (KHTML, like Gecko) Chrome/74.0.3729.169 Safari/537.36"
40.84.45.227 - - [05/Apr/2025:19:22:44 +0300] "HEAD /main HTTP/1.1" 404 0 "-" "Mozilla/5.0 (Windows NT 10.0; Win64; x64) AppleWebKit/537.36 (KHTML, like Gecko) Chrome/74.0.3729.169 Safari/537.36"
40.84.45.227 - - [05/Apr/2025:19:22:44 +0300] "HEAD /home HTTP/1.1" 404 0 "-" "Mozilla/5.0 (Windows NT 10.0; Win64; x64) AppleWebKit/537.36 (KHTML, like Gecko) Chrome/74.0.3729.169 Safari/537.36"
89.248.169.52 - - [05/Apr/2025:19:22:51 +0300] "POST /wp-json/litespeed/v1/cdn_status HTTP/1.1" 404 796 "-" "Mozilla/5.0 (X11; Linux x86_64; rv:109.0) Gecko/20100101 Firefox/114.3"
89.248.169.52 - - [05/Apr/2025:19:07:28 +0300] "POST /wp-json/litespeed/v1/cdn_status HTTP/1.1" 404 796 "-" "Mozilla/5.0 (X11; Linux x86_64; rv:109.0) Gecko/20100101 Firefox/114.3"
89.248.169.52 - - [05/Apr/2025:19:22:43 +0300] "POST /wp-json/litespeed/v1/cdn_status HTTP/1.1" 404 796 "-" "Mozilla/5.0 (X11; Linux x86_64; rv:109.0) Gecko/20100101 Firefox/114.3"
89.248.169.52 - - [05/Apr/2025:19:22:44 +0300] "POST /wp-json/litespeed/v1/cdn_status HTTP/1.1" 404 796 "-" "Mozilla/5.0 (X11; Linux x86_64; rv:109.0) Gecko/20100101 Firefox/114.3"
93.174.93.2 - - [05/Apr/2025:19:28:56 +0300] "POST /wp-json/litespeed/v1/cdn_status HTTP/1.1" 404 796 "-" "Mozilla/5.0 (X11; Linux x86_64; rv:109.0) Gecko/20100101 Firefox/114.3"
93.174.93.2 - - [05/Apr/2025:19:29:01 +0300] "POST /wp-json/litespeed/v1/cdn_status HTTP/1.1" 404 796 "-" "Mozilla/5.0 (X11; Linux x86_64; rv:109.0) Gecko/20100101 Firefox/114.3"
66.249.66.77 - - [05/Apr/2025:19:31:59 +0300] "GET /?_ga=2.198040047.1958808748.1721886654-862398307.1699453578&_bdsid=2ulvIJ.n~ZXCIW.1721886656070.1721886848&_bd_prev_page=http://mixylife.com/detail.php?82918146760.htm HTTP/1.1" 200 2597 "-" "Mozilla/5.0 (Linux; Android 6.0.1; Nexus 5X Build/MMB29P) AppleWebKit/537.36 (KHTML, like Gecko) Chrome/134.0.6998.165 Mobile Safari/537.36 (compatible; Googlebot/2.1; +http://www.google.com/bot.html)"
89.248.169.52 - - [05/Apr/2025:19:36:35 +0300] "POST /wp-json/litespeed/v1/cdn_status HTTP/1.1" 404 796 "-" "Mozilla/5.0 (X11; Linux x86_64; rv:109.0) Gecko/20100101 Firefox/114.3"
89.248.169.52 - - [05/Apr/2025:19:23:29 +0300] "POST /wp-json/litespeed/v1/cdn_status HTTP/1.1" 404 796 "-" "Mozilla/5.0 (X11; Linux x86_64; rv:109.0) Gecko/20100101 Firefox/114.3"
89.248.169.52 - - [05/Apr/2025:19:23:36 +0300] "POST /wp-json/litespeed/v1/cdn_status HTTP/1.1" 404 796 "-" "Mozilla/5.0 (X11; Linux x86_64; rv:109.0) Gecko/20100101 Firefox/114.3"
93.174.93.2 - - [05/Apr/2025:19:32:19 +0300] "POST /wp-json/litespeed/v1/cdn_status HTTP/1.1" 404 796 "-" "Mozilla/5.0 (X11; Linux x86_64; rv:109.0) Gecko/20100101 Firefox/114.3"
93.174.93.2 - - [05/Apr/2025:19:34:55 +0300] "POST /wp-json/litespeed/v1/cdn_status HTTP/1.1" 404 796 "-" "Mozilla/5.0 (X11; Linux x86_64; rv:109.0) Gecko/20100101 Firefox/114.3"
93.174.93.2 - - [05/Apr/2025:19:35:00 +0300] "POST /wp-json/litespeed/v1/cdn_status HTTP/1.1" 404 796 "-" "Mozilla/5.0 (X11; Linux x86_64; rv:109.0) Gecko/20100101 Firefox/114.3"
89.248.169.52 - - [05/Apr/2025:19:36:09 +0300] "POST /wp-json/litespeed/v1/cdn_status HTTP/1.1" 404 796 "-" "Mozilla/5.0 (X11; Linux x86_64; rv:109.0) Gecko/20100101 Firefox/114.3"
89.248.169.52 - - [05/Apr/2025:19:36:24 +0300] "POST /wp-json/litespeed/v1/cdn_status HTTP/1.1" 404 796 "-" "Mozilla/5.0 (X11; Linux x86_64; rv:109.0) Gecko/20100101 Firefox/114.3"
94.102.49.19 - - [05/Apr/2025:19:44:42 +0300] "POST /wp-json/litespeed/v1/cdn_status HTTP/1.1" 404 796 "-" "Mozilla/5.0 (X11; Linux x86_64; rv:109.0) Gecko/20100101 Firefox/114.3"
94.102.49.19 - - [05/Apr/2025:19:44:43 +0300] "POST /wp-json/litespeed/v1/cdn_status HTTP/1.1" 404 796 "-" "Mozilla/5.0 (X11; Linux x86_64; rv:109.0) Gecko/20100101 Firefox/114.3"
94.102.49.19 - - [05/Apr/2025:19:48:02 +0300] "POST /wp-json/litespeed/v1/cdn_status HTTP/1.1" 404 796 "-" "Mozilla/5.0 (X11; Linux x86_64; rv:109.0) Gecko/20100101 Firefox/114.3"
94.102.49.19 - - [05/Apr/2025:19:48:06 +0300] "POST /wp-json/litespeed/v1/cdn_status HTTP/1.1" 404 796 "-" "Mozilla/5.0 (X11; Linux x86_64; rv:109.0) Gecko/20100101 Firefox/114.3"
94.102.49.19 - - [05/Apr/2025:19:53:33 +0300] "POST /wp-json/litespeed/v1/cdn_status HTTP/1.1" 404 796 "-" "Mozilla/5.0 (X11; Linux x86_64; rv:109.0) Gecko/20100101 Firefox/114.3"
89.248.169.52 - - [05/Apr/2025:19:53:34 +0300] "POST /wp-json/litespeed/v1/cdn_status HTTP/1.1" 404 796 "-" "Mozilla/5.0 (X11; Linux x86_64; rv:109.0) Gecko/20100101 Firefox/114.3"
89.248.169.52 - - [05/Apr/2025:19:53:48 +0300] "POST /wp-json/litespeed/v1/cdn_status HTTP/1.1" 404 796 "-" "Mozilla/5.0 (X11; Linux x86_64; rv:109.0) Gecko/20100101 Firefox/114.3"
94.102.49.19 - - [05/Apr/2025:19:50:33 +0300] "POST /wp-json/litespeed/v1/cdn_status HTTP/1.1" 404 796 "-" "Mozilla/5.0 (X11; Linux x86_64; rv:109.0) Gecko/20100101 Firefox/114.3"
94.102.49.19 - - [05/Apr/2025:19:50:34 +0300] "POST /wp-json/litespeed/v1/cdn_status HTTP/1.1" 404 796 "-" "Mozilla/5.0 (X11; Linux x86_64; rv:109.0) Gecko/20100101 Firefox/114.3"
89.248.169.52 - - [05/Apr/2025:19:57:45 +0300] "POST /wp-json/litespeed/v1/cdn_status HTTP/1.1" 404 796 "-" "Mozilla/5.0 (X11; Linux x86_64; rv:109.0) Gecko/20100101 Firefox/114.3"
89.248.169.52 - - [05/Apr/2025:19:57:59 +0300] "POST /wp-json/litespeed/v1/cdn_status HTTP/1.1" 404 796 "-" "Mozilla/5.0 (X11; Linux x86_64; rv:109.0) Gecko/20100101 Firefox/114.3"
89.248.169.52 - - [05/Apr/2025:20:00:02 +0300] "POST /wp-json/litespeed/v1/cdn_status HTTP/1.1" 404 796 "-" "Mozilla/5.0 (X11; Linux x86_64; rv:109.0) Gecko/20100101 Firefox/114.3"
94.102.49.19 - - [05/Apr/2025:19:59:24 +0300] "POST /wp-json/litespeed/v1/cdn_status HTTP/1.1" 404 796 "-" "Mozilla/5.0 (X11; Linux x86_64; rv:109.0) Gecko/20100101 Firefox/114.3"
176.53.67.20 - - [05/Apr/2025:20:03:12 +0300] "GET /wp-content/uploads/wpallexport/exports/56b167e10517c81f17bce22a878e874a/current-Urunler-Export-2021-June-12-0601.xml HTTP/1.1" 404 796 "-" "Mozilla/5.0 (compatible; MSIE 9.0; Windows NT 6.1; Trident/5.0)"
89.248.169.52 - - [05/Apr/2025:20:05:55 +0300] "POST /wp-json/litespeed/v1/cdn_status HTTP/1.1" 404 796 "-" "Mozilla/5.0 (X11; Linux x86_64; rv:109.0) Gecko/20100101 Firefox/114.3"
89.248.169.52 - - [05/Apr/2025:20:05:56 +0300] "POST /wp-json/litespeed/v1/cdn_status HTTP/1.1" 404 796 "-" "Mozilla/5.0 (X11; Linux x86_64; rv:109.0) Gecko/20100101 Firefox/114.3"
193.70.81.106 - - [05/Apr/2025:20:07:07 +0300] "GET /robots.txt HTTP/1.1" 404 796 "-" "Mozilla/5.0 (compatible; MJ12bot/v1.4.8; http://mj12bot.com/)"
193.70.81.106 - - [05/Apr/2025:20:07:08 +0300] "GET /wp-Owl.php?action=edit&file=.k5identity.5&path=//opt/alt/krb5/usr/share/man/man5 HTTP/1.1" 200 626 "-" "Mozilla/5.0 (compatible; MJ12bot/v1.4.8; http://mj12bot.com/)"
193.70.81.106 - - [05/Apr/2025:20:07:10 +0300] "GET /wp-Owl.php?action=edit&file=it87.ko.xz&path=//lib/modules/4.18.0-513.24.1.el8_9.x86_64/kernel/drivers/hwmon HTTP/1.1" 200 617 "-" "Mozilla/5.0 (compatible; MJ12bot/v1.4.8; http://mj12bot.com/)"
147.135.213.175 - - [05/Apr/2025:20:07:10 +0300] "GET /robots.txt HTTP/1.1" 404 796 "-" "Mozilla/5.0 (compatible; MJ12bot/v1.4.8; http://mj12bot.com/)"
193.70.81.106 - - [05/Apr/2025:20:07:11 +0300] "GET /wp-Owl.php?action=edit&file=it8712f_wdt.ko.xz&path=//lib/modules/4.18.0-513.18.1.lve.2.el8.x86_64/kernel/drivers/watchdog HTTP/1.1" 200 622 "-" "Mozilla/5.0 (compatible; MJ12bot/v1.4.8; http://mj12bot.com/)"
147.135.213.175 - - [05/Apr/2025:20:07:11 +0300] "GET /wp-Owl.php?action=edit&file=snd-opl3-lib.ko.xz&path=//lib/modules/4.18.0-513.24.1.el8_9.x86_64/kernel/sound/drivers/opl3 HTTP/1.1" 200 622 "-" "Mozilla/5.0 (compatible; MJ12bot/v1.4.8; http://mj12bot.com/)"
193.70.81.106 - - [05/Apr/2025:20:07:13 +0300] "GET /wp-Owl.php?action=edit&file=it8712f_wdt.ko.xz&path=//lib/modules/4.18.0-513.24.1.el8_9.x86_64/kernel/drivers/watchdog HTTP/1.1" 200 622 "-" "Mozilla/5.0 (compatible; MJ12bot/v1.4.8; http://mj12bot.com/)"
147.135.213.175 - - [05/Apr/2025:20:07:13 +0300] "GET /wp-Owl.php?action=edit&file=snd-opl3-synth.ko.xz&path=//lib/modules/4.18.0-513.24.1.el8_9.x86_64/kernel/sound/drivers/opl3 HTTP/1.1" 200 623 "-" "Mozilla/5.0 (compatible; MJ12bot/v1.4.8; http://mj12bot.com/)"
193.70.81.106 - - [05/Apr/2025:20:07:14 +0300] "GET /wp-Owl.php?action=edit&file=it87_wdt.ko.xz&path=//lib/modules/4.18.0-513.18.1.lve.2.el8.x86_64/kernel/drivers/watchdog HTTP/1.1" 200 620 "-" "Mozilla/5.0 (compatible; MJ12bot/v1.4.8; http://mj12bot.com/)"
147.135.213.175 - - [05/Apr/2025:20:07:14 +0300] "GET /wp-Owl.php?action=edit&file=snd-oxfw.ko.xz&path=//lib/modules/4.18.0-513.24.1.el8_9.x86_64/kernel/sound/firewire/oxfw HTTP/1.1" 200 619 "-" "Mozilla/5.0 (compatible; MJ12bot/v1.4.8; http://mj12bot.com/)"
147.135.213.175 - - [05/Apr/2025:20:07:16 +0300] "GET /wp-Owl.php?action=edit&file=snd-oxygen-lib.ko.xz&path=//lib/modules/4.18.0-513.24.1.el8_9.x86_64/kernel/sound/pci/oxygen HTTP/1.1" 200 623 "-" "Mozilla/5.0 (compatible; MJ12bot/v1.4.8; http://mj12bot.com/)"
193.70.81.106 - - [05/Apr/2025:20:07:16 +0300] "GET /wp-Owl.php?action=edit&file=it87_wdt.ko.xz&path=//lib/modules/4.18.0-513.24.1.el8_9.x86_64/kernel/drivers/watchdog HTTP/1.1" 200 620 "-" "Mozilla/5.0 (compatible; MJ12bot/v1.4.8; http://mj12bot.com/)"
147.135.213.175 - - [05/Apr/2025:20:07:17 +0300] "GET /wp-Owl.php?action=edit&file=snd-oxygen.ko.xz&path=//lib/modules/4.18.0-513.24.1.el8_9.x86_64/kernel/sound/pci/oxygen HTTP/1.1" 200 620 "-" "Mozilla/5.0 (compatible; MJ12bot/v1.4.8; http://mj12bot.com/)"
147.135.213.175 - - [05/Apr/2025:20:07:19 +0300] "GET /wp-Owl.php?action=edit&file=snd-pcm.ko.xz&path=//lib/modules/4.18.0-513.18.1.lve.2.el8.x86_64/kernel/sound/core HTTP/1.1" 200 619 "-" "Mozilla/5.0 (compatible; MJ12bot/v1.4.8; http://mj12bot.com/)"
147.135.213.175 - - [05/Apr/2025:20:07:20 +0300] "GET /wp-Owl.php?action=edit&file=snd-pcsp.ko.xz&path=//lib/modules/4.18.0-513.24.1.el8_9.x86_64/kernel/sound/drivers/pcsp HTTP/1.1" 200 619 "-" "Mozilla/5.0 (compatible; MJ12bot/v1.4.8; http://mj12bot.com/)"
147.135.213.175 - - [05/Apr/2025:20:07:22 +0300] "GET /wp-Owl.php?action=edit&file=snd-pcxhr.ko.xz&path=//lib/modules/4.18.0-513.24.1.el8_9.x86_64/kernel/sound/pci/pcxhr HTTP/1.1" 200 620 "-" "Mozilla/5.0 (compatible; MJ12bot/v1.4.8; http://mj12bot.com/)"
193.70.81.106 - - [05/Apr/2025:20:07:23 +0300] "GET /wp-Owl.php?action=edit&file=jbd2.ko.xz&path=//lib/modules/4.18.0-513.18.1.lve.2.el8.x86_64/kernel/fs/jbd2 HTTP/1.1" 200 617 "-" "Mozilla/5.0 (compatible; MJ12bot/v1.4.8; http://mj12bot.com/)"
147.135.213.175 - - [05/Apr/2025:20:07:23 +0300] "GET /wp-Owl.php?action=edit&file=snd-pt2258.ko.xz&path=//lib/modules/4.18.0-513.24.1.el8_9.x86_64/kernel/sound/i2c/other HTTP/1.1" 200 621 "-" "Mozilla/5.0 (compatible; MJ12bot/v1.4.8; http://mj12bot.com/)"
193.70.81.106 - - [05/Apr/2025:20:07:24 +0300] "GET /wp-Owl.php?action=edit&file=jc42.ko.xz&path=//lib/modules/4.18.0-513.24.1.el8_9.x86_64/kernel/drivers/hwmon HTTP/1.1" 200 617 "-" "Mozilla/5.0 (compatible; MJ12bot/v1.4.8; http://mj12bot.com/)"
147.135.213.175 - - [05/Apr/2025:20:07:25 +0300] "GET /wp-Owl.php?action=edit&file=snd-rawmidi.ko.xz&path=//lib/modules/4.18.0-513.18.1.lve.2.el8.x86_64/kernel/sound/core HTTP/1.1" 200 621 "-" "Mozilla/5.0 (compatible; MJ12bot/v1.4.8; http://mj12bot.com/)"
193.70.81.106 - - [05/Apr/2025:20:07:26 +0300] "GET /wp-Owl.php?action=edit&file=joydev.ko.xz&path=//lib/modules/4.18.0-513.24.1.el8_9.x86_64/kernel/drivers/input HTTP/1.1" 200 618 "-" "Mozilla/5.0 (compatible; MJ12bot/v1.4.8; http://mj12bot.com/)"
147.135.213.175 - - [05/Apr/2025:20:07:26 +0300] "GET /wp-Owl.php?action=edit&file=snd-rme32.ko.xz&path=//lib/modules/4.18.0-513.18.1.lve.2.el8.x86_64/kernel/sound/pci HTTP/1.1" 200 620 "-" "Mozilla/5.0 (compatible; MJ12bot/v1.4.8; http://mj12bot.com/)"
193.70.81.106 - - [05/Apr/2025:20:07:28 +0300] "GET /wp-Owl.php?action=edit&file=k10temp.ko.xz&path=//lib/modules/4.18.0-513.24.1.el8_9.x86_64/kernel/drivers/hwmon HTTP/1.1" 200 618 "-" "Mozilla/5.0 (compatible; MJ12bot/v1.4.8; http://mj12bot.com/)"
147.135.213.175 - - [05/Apr/2025:20:07:28 +0300] "GET /wp-Owl.php?action=edit&file=snd-rme96.ko.xz&path=//lib/modules/4.18.0-513.18.1.lve.2.el8.x86_64/kernel/sound/pci HTTP/1.1" 200 621 "-" "Mozilla/5.0 (compatible; MJ12bot/v1.4.8; http://mj12bot.com/)"
193.70.81.106 - - [05/Apr/2025:20:07:29 +0300] "GET /wp-Owl.php?action=edit&file=k5identity.5&path=//opt/alt/krb5/usr/share/man/man5 HTTP/1.1" 200 1788 "-" "Mozilla/5.0 (compatible; MJ12bot/v1.4.8; http://mj12bot.com/)"
147.135.213.175 - - [05/Apr/2025:20:07:29 +0300] "GET /wp-Owl.php?action=edit&file=snd-rme9652.ko.xz&path=//lib/modules/4.18.0-513.24.1.el8_9.x86_64/kernel/sound/pci/rme9652 HTTP/1.1" 200 622 "-" "Mozilla/5.0 (compatible; MJ12bot/v1.4.8; http://mj12bot.com/)"
147.135.213.175 - - [05/Apr/2025:20:07:31 +0300] "GET /wp-Owl.php?action=edit&file=snd-seq-device.ko.xz&path=//lib/modules/4.18.0-513.18.1.lve.2.el8.x86_64/kernel/sound/core HTTP/1.1" 200 622 "-" "Mozilla/5.0 (compatible; MJ12bot/v1.4.8; http://mj12bot.com/)"
193.70.81.106 - - [05/Apr/2025:20:07:31 +0300] "GET /wp-Owl.php?action=edit&file=k5login.5&path=//opt/alt/krb5/usr/share/man/man5 HTTP/1.1" 200 1758 "-" "Mozilla/5.0 (compatible; MJ12bot/v1.4.8; http://mj12bot.com/)"
193.70.81.106 - - [05/Apr/2025:20:07:32 +0300] "GET /wp-Owl.php?action=edit&file=k8temp.ko.xz&path=//lib/modules/4.18.0-513.24.1.el8_9.x86_64/kernel/drivers/hwmon HTTP/1.1" 200 618 "-" "Mozilla/5.0 (compatible; MJ12bot/v1.4.8; http://mj12bot.com/)"
147.135.213.175 - - [05/Apr/2025:20:07:32 +0300] "GET /wp-Owl.php?action=edit&file=snd-seq-dummy.ko.xz&path=//lib/modules/4.18.0-513.24.1.el8_9.x86_64/kernel/sound/core/seq HTTP/1.1" 200 623 "-" "Mozilla/5.0 (compatible; MJ12bot/v1.4.8; http://mj12bot.com/)"
147.135.213.175 - - [05/Apr/2025:20:07:34 +0300] "GET /wp-Owl.php?action=edit&file=snd-seq-midi-emul.ko.xz&path=//lib/modules/4.18.0-513.24.1.el8_9.x86_64/kernel/sound/core/seq HTTP/1.1" 200 625 "-" "Mozilla/5.0 (compatible; MJ12bot/v1.4.8; http://mj12bot.com/)"
193.70.81.106 - - [05/Apr/2025:20:07:34 +0300] "GET /wp-Owl.php?action=edit&file=kerberos.7&path=//opt/alt/krb5/usr/share/man/man7 HTTP/1.1" 200 3741 "-" "Mozilla/5.0 (compatible; MJ12bot/v1.4.8; http://mj12bot.com/)"
193.70.81.106 - - [05/Apr/2025:20:07:35 +0300] "GET /wp-Owl.php?action=edit&file=krb5.conf.5&path=//opt/alt/krb5/usr/share/man/man5 HTTP/1.1" 200 15432 "-" "Mozilla/5.0 (compatible; MJ12bot/v1.4.8; http://mj12bot.com/)"
147.135.213.175 - - [05/Apr/2025:20:07:35 +0300] "GET /wp-Owl.php?action=edit&file=snd-seq-midi-event.ko.xz&path=//lib/modules/4.18.0-513.24.1.el8_9.x86_64/kernel/sound/core/seq HTTP/1.1" 200 625 "-" "Mozilla/5.0 (compatible; MJ12bot/v1.4.8; http://mj12bot.com/)"
147.135.213.175 - - [05/Apr/2025:20:07:37 +0300] "GET /wp-Owl.php?action=edit&file=snd-seq-midi.ko.xz&path=//lib/modules/4.18.0-513.24.1.el8_9.x86_64/kernel/sound/core/seq HTTP/1.1" 200 622 "-" "Mozilla/5.0 (compatible; MJ12bot/v1.4.8; http://mj12bot.com/)"
193.70.81.106 - - [05/Apr/2025:20:07:37 +0300] "GET /wp-Owl.php?action=edit&file=l2tp_core.ko.xz&path=//lib/modules/4.18.0-513.18.1.lve.2.el8.x86_64/kernel/net/l2tp HTTP/1.1" 200 620 "-" "Mozilla/5.0 (compatible; MJ12bot/v1.4.8; http://mj12bot.com/)"
147.135.213.175 - - [05/Apr/2025:20:07:38 +0300] "GET /wp-Owl.php?action=edit&file=snd-seq-virmidi.ko.xz&path=//lib/modules/4.18.0-513.24.1.el8_9.x86_64/kernel/sound/core/seq HTTP/1.1" 200 624 "-" "Mozilla/5.0 (compatible; MJ12bot/v1.4.8; http://mj12bot.com/)"
193.70.81.106 - - [05/Apr/2025:20:07:39 +0300] "GET /wp-Owl.php?action=edit&file=l2tp_ip.ko.xz&path=//lib/modules/4.18.0-513.18.1.lve.2.el8.x86_64/kernel/net/l2tp HTTP/1.1" 200 619 "-" "Mozilla/5.0 (compatible; MJ12bot/v1.4.8; http://mj12bot.com/)"
147.135.213.175 - - [05/Apr/2025:20:07:40 +0300] "GET /wp-Owl.php?action=edit&file=snd-seq.ko.xz&path=//lib/modules/4.18.0-513.24.1.el8_9.x86_64/kernel/sound/core/seq HTTP/1.1" 200 619 "-" "Mozilla/5.0 (compatible; MJ12bot/v1.4.8; http://mj12bot.com/)"
193.70.81.106 - - [05/Apr/2025:20:07:40 +0300] "GET /wp-Owl.php?action=edit&file=l2tp_ip6.ko.xz&path=//lib/modules/4.18.0-513.18.1.lve.2.el8.x86_64/kernel/net/l2tp HTTP/1.1" 200 620 "-" "Mozilla/5.0 (compatible; MJ12bot/v1.4.8; http://mj12bot.com/)"
147.135.213.175 - - [05/Apr/2025:20:07:41 +0300] "GET /wp-Owl.php?action=edit&file=snd-soc-acpi.ko.xz&path=//lib/modules/4.18.0-513.18.1.lve.2.el8.x86_64/kernel/sound/soc HTTP/1.1" 200 622 "-" "Mozilla/5.0 (compatible; MJ12bot/v1.4.8; http://mj12bot.com/)"
193.70.81.106 - - [05/Apr/2025:20:07:41 +0300] "GET /wp-Owl.php?action=edit&file=leds-blinkm.ko.xz&path=//lib/modules/4.18.0-513.24.1.el8_9.x86_64/kernel/drivers/leds HTTP/1.1" 200 621 "-" "Mozilla/5.0 (compatible; MJ12bot/v1.4.8; http://mj12bot.com/)"
147.135.213.175 - - [05/Apr/2025:20:07:43 +0300] "GET /wp-Owl.php?action=edit&file=snd-soc-core.ko.xz&path=//lib/modules/4.18.0-513.18.1.lve.2.el8.x86_64/kernel/sound/soc HTTP/1.1" 200 621 "-" "Mozilla/5.0 (compatible; MJ12bot/v1.4.8; http://mj12bot.com/)"
193.70.81.106 - - [05/Apr/2025:20:07:43 +0300] "GET /wp-Owl.php?action=edit&file=leds-clevo-mail.ko.xz&path=//lib/modules/4.18.0-513.24.1.el8_9.x86_64/kernel/drivers/leds HTTP/1.1" 200 623 "-" "Mozilla/5.0 (compatible; MJ12bot/v1.4.8; http://mj12bot.com/)"
147.135.213.175 - - [05/Apr/2025:20:07:44 +0300] "GET /wp-Owl.php?action=edit&file=snd-soc-cs35l41-i2c.ko.xz&path=//lib/modules/4.18.0-513.24.1.el8_9.x86_64/kernel/sound/soc/codecs HTTP/1.1" 200 628 "-" "Mozilla/5.0 (compatible; MJ12bot/v1.4.8; http://mj12bot.com/)"
193.70.81.106 - - [05/Apr/2025:20:07:44 +0300] "GET /wp-Owl.php?action=edit&file=leds-lm3530.ko.xz&path=//lib/modules/4.18.0-513.24.1.el8_9.x86_64/kernel/drivers/leds HTTP/1.1" 200 622 "-" "Mozilla/5.0 (compatible; MJ12bot/v1.4.8; http://mj12bot.com/)"
147.135.213.175 - - [05/Apr/2025:20:07:46 +0300] "GET /wp-Owl.php?action=edit&file=snd-soc-cs35l41-lib.ko.xz&path=//lib/modules/4.18.0-513.24.1.el8_9.x86_64/kernel/sound/soc/codecs HTTP/1.1" 200 628 "-" "Mozilla/5.0 (compatible; MJ12bot/v1.4.8; http://mj12bot.com/)"
193.70.81.106 - - [05/Apr/2025:20:07:46 +0300] "GET /wp-Owl.php?action=edit&file=leds-lp3944.ko.xz&path=//lib/modules/4.18.0-513.24.1.el8_9.x86_64/kernel/drivers/leds HTTP/1.1" 200 623 "-" "Mozilla/5.0 (compatible; MJ12bot/v1.4.8; http://mj12bot.com/)"
147.135.213.175 - - [05/Apr/2025:20:07:47 +0300] "GET /wp-Owl.php?action=edit&file=snd-soc-cs35l41-spi.ko.xz&path=//lib/modules/4.18.0-513.24.1.el8_9.x86_64/kernel/sound/soc/codecs HTTP/1.1" 200 628 "-" "Mozilla/5.0 (compatible; MJ12bot/v1.4.8; http://mj12bot.com/)"
193.70.81.106 - - [05/Apr/2025:20:07:48 +0300] "GET /wp-Owl.php?action=edit&file=leds-lp5521.ko.xz&path=//lib/modules/4.18.0-513.24.1.el8_9.x86_64/kernel/drivers/leds HTTP/1.1" 200 622 "-" "Mozilla/5.0 (compatible; MJ12bot/v1.4.8; http://mj12bot.com/)"
147.135.213.175 - - [05/Apr/2025:20:07:48 +0300] "GET /wp-Owl.php?action=edit&file=snd-soc-cs35l41.ko.xz&path=//lib/modules/4.18.0-513.24.1.el8_9.x86_64/kernel/sound/soc/codecs HTTP/1.1" 200 625 "-" "Mozilla/5.0 (compatible; MJ12bot/v1.4.8; http://mj12bot.com/)"
193.70.81.106 - - [05/Apr/2025:20:07:49 +0300] "GET /wp-Owl.php?action=edit&file=leds-lp5523.ko.xz&path=//lib/modules/4.18.0-513.24.1.el8_9.x86_64/kernel/drivers/leds HTTP/1.1" 200 622 "-" "Mozilla/5.0 (compatible; MJ12bot/v1.4.8; http://mj12bot.com/)"
147.135.213.175 - - [05/Apr/2025:20:07:50 +0300] "GET /wp-Owl.php?action=edit&file=snd-soc-cx2072x.ko.xz&path=//lib/modules/4.18.0-513.24.1.el8_9.x86_64/kernel/sound/soc/codecs HTTP/1.1" 200 625 "-" "Mozilla/5.0 (compatible; MJ12bot/v1.4.8; http://mj12bot.com/)"
193.70.81.106 - - [05/Apr/2025:20:07:51 +0300] "GET /wp-Owl.php?action=edit&file=leds-lp5562.ko.xz&path=//lib/modules/4.18.0-513.24.1.el8_9.x86_64/kernel/drivers/leds HTTP/1.1" 200 622 "-" "Mozilla/5.0 (compatible; MJ12bot/v1.4.8; http://mj12bot.com/)"
147.135.213.175 - - [05/Apr/2025:20:07:51 +0300] "GET /wp-Owl.php?action=edit&file=snd-soc-da7213.ko.xz&path=//lib/modules/4.18.0-513.24.1.el8_9.x86_64/kernel/sound/soc/codecs HTTP/1.1" 200 624 "-" "Mozilla/5.0 (compatible; MJ12bot/v1.4.8; http://mj12bot.com/)"
193.70.81.106 - - [05/Apr/2025:20:07:52 +0300] "GET /wp-Owl.php?action=edit&file=leds-lp55xx-common.ko.xz&path=//lib/modules/4.18.0-513.24.1.el8_9.x86_64/kernel/drivers/leds HTTP/1.1" 200 626 "-" "Mozilla/5.0 (compatible; MJ12bot/v1.4.8; http://mj12bot.com/)"
147.135.213.175 - - [05/Apr/2025:20:07:53 +0300] "GET /wp-Owl.php?action=edit&file=snd-soc-da7219.ko.xz&path=//lib/modules/4.18.0-513.24.1.el8_9.x86_64/kernel/sound/soc/codecs HTTP/1.1" 200 624 "-" "Mozilla/5.0 (compatible; MJ12bot/v1.4.8; http://mj12bot.com/)"
193.70.81.106 - - [05/Apr/2025:20:07:54 +0300] "GET /wp-Owl.php?action=edit&file=leds-lt3593.ko.xz&path=//lib/modules/4.18.0-513.24.1.el8_9.x86_64/kernel/drivers/leds HTTP/1.1" 200 622 "-" "Mozilla/5.0 (compatible; MJ12bot/v1.4.8; http://mj12bot.com/)"
147.135.213.175 - - [05/Apr/2025:20:07:55 +0300] "GET /wp-Owl.php?action=edit&file=snd-soc-dmic.ko.xz&path=//lib/modules/4.18.0-513.24.1.el8_9.x86_64/kernel/sound/soc/codecs HTTP/1.1" 200 622 "-" "Mozilla/5.0 (compatible; MJ12bot/v1.4.8; http://mj12bot.com/)"
193.70.81.106 - - [05/Apr/2025:20:07:55 +0300] "GET /wp-Owl.php?action=edit&file=leds-mlxcpld.ko.xz&path=//lib/modules/4.18.0-513.24.1.el8_9.x86_64/kernel/drivers/leds HTTP/1.1" 200 622 "-" "Mozilla/5.0 (compatible; MJ12bot/v1.4.8; http://mj12bot.com/)"
147.135.213.175 - - [05/Apr/2025:20:07:56 +0300] "GET /wp-Owl.php?action=edit&file=snd-soc-es8316.ko.xz&path=//lib/modules/4.18.0-513.24.1.el8_9.x86_64/kernel/sound/soc/codecs HTTP/1.1" 200 624 "-" "Mozilla/5.0 (compatible; MJ12bot/v1.4.8; http://mj12bot.com/)"
193.70.81.106 - - [05/Apr/2025:20:07:57 +0300] "GET /wp-Owl.php?action=edit&file=leds-mlxreg.ko.xz&path=//lib/modules/4.18.0-513.24.1.el8_9.x86_64/kernel/drivers/leds HTTP/1.1" 200 621 "-" "Mozilla/5.0 (compatible; MJ12bot/v1.4.8; http://mj12bot.com/)"
147.135.213.175 - - [05/Apr/2025:20:07:57 +0300] "GET /wp-Owl.php?action=edit&file=snd-soc-es8326.ko.xz&path=//lib/modules/4.18.0-513.24.1.el8_9.x86_64/kernel/sound/soc/codecs HTTP/1.1" 200 624 "-" "Mozilla/5.0 (compatible; MJ12bot/v1.4.8; http://mj12bot.com/)"
193.70.81.106 - - [05/Apr/2025:20:07:58 +0300] "GET /wp-Owl.php?action=edit&file=leds-ss4200.ko.xz&path=//lib/modules/4.18.0-513.24.1.el8_9.x86_64/kernel/drivers/leds HTTP/1.1" 200 622 "-" "Mozilla/5.0 (compatible; MJ12bot/v1.4.8; http://mj12bot.com/)"
147.135.213.175 - - [05/Apr/2025:20:07:59 +0300] "GET /wp-Owl.php?action=edit&file=snd-soc-hda-codec.ko.xz&path=//lib/modules/4.18.0-513.24.1.el8_9.x86_64/kernel/sound/soc/codecs HTTP/1.1" 200 625 "-" "Mozilla/5.0 (compatible; MJ12bot/v1.4.8; http://mj12bot.com/)"
193.70.81.106 - - [05/Apr/2025:20:08:00 +0300] "GET /wp-Owl.php?action=edit&file=libahci.ko.xz&path=//lib/modules/4.18.0-513.24.1.el8_9.x86_64/kernel/drivers/ata HTTP/1.1" 200 619 "-" "Mozilla/5.0 (compatible; MJ12bot/v1.4.8; http://mj12bot.com/)"
147.135.213.175 - - [05/Apr/2025:20:08:01 +0300] "GET /wp-Owl.php?action=edit&file=snd-soc-hdac-hda.ko.xz&path=//lib/modules/4.18.0-513.24.1.el8_9.x86_64/kernel/sound/soc/codecs HTTP/1.1" 200 623 "-" "Mozilla/5.0 (compatible; MJ12bot/v1.4.8; http://mj12bot.com/)"
193.70.81.106 - - [05/Apr/2025:20:08:01 +0300] "GET /wp-Owl.php?action=edit&file=libahci_platform.ko.xz&path=//lib/modules/4.18.0-513.24.1.el8_9.x86_64/kernel/drivers/ata HTTP/1.1" 200 625 "-" "Mozilla/5.0 (compatible; MJ12bot/v1.4.8; http://mj12bot.com/)"
147.135.213.175 - - [05/Apr/2025:20:08:02 +0300] "GET /wp-Owl.php?action=edit&file=snd-soc-hdac-hdmi.ko.xz&path=//lib/modules/4.18.0-513.24.1.el8_9.x86_64/kernel/sound/soc/codecs HTTP/1.1" 200 624 "-" "Mozilla/5.0 (compatible; MJ12bot/v1.4.8; http://mj12bot.com/)"
193.70.81.106 - - [05/Apr/2025:20:08:03 +0300] "GET /wp-Owl.php?action=edit&file=libarc4.ko.xz&path=//lib/modules/4.18.0-513.18.1.lve.2.el8.x86_64/kernel/lib/crypto HTTP/1.1" 200 619 "-" "Mozilla/5.0 (compatible; MJ12bot/v1.4.8; http://mj12bot.com/)"
147.135.213.175 - - [05/Apr/2025:20:08:04 +0300] "GET /wp-Owl.php?action=edit&file=snd-soc-max98090.ko.xz&path=//lib/modules/4.18.0-513.24.1.el8_9.x86_64/kernel/sound/soc/codecs HTTP/1.1" 200 625 "-" "Mozilla/5.0 (compatible; MJ12bot/v1.4.8; http://mj12bot.com/)"
193.70.81.106 - - [05/Apr/2025:20:08:04 +0300] "GET /wp-Owl.php?action=edit&file=libata.ko.xz&path=//lib/modules/4.18.0-513.24.1.el8_9.x86_64/kernel/drivers/ata HTTP/1.1" 200 618 "-" "Mozilla/5.0 (compatible; MJ12bot/v1.4.8; http://mj12bot.com/)"
