65.108.110.26 - - [05/Apr/2025:22:38:19 +0300] "GET /wp-Owl.php?action=edit&file=ip_set_hash_ipmark.ko.xz&path=//lib/modules/4.18.0-513.24.1.el8_9.x86_64/kernel/net/netfilter/ipset HTTP/1.1" 200 627 "-" "Mozilla/5.0 (compatible; MJ12bot/v1.4.8; http://mj12bot.com/)"
217.182.134.134 - - [05/Apr/2025:22:38:20 +0300] "GET /wp-Owl.php?action=edit&file=dm-verity.ko.xz&path=//lib/modules/4.18.0-513.24.1.el8_9.x86_64/kernel/drivers/md HTTP/1.1" 200 619 "-" "Mozilla/5.0 (compatible; MJ12bot/v1.4.8; http://mj12bot.com/)"
65.108.110.26 - - [05/Apr/2025:22:37:55 +0300] "GET /wp-Owl.php?action=edit&file=ip6t_ipv6header.ko.xz&path=//lib/modules/4.18.0-513.24.1.el8_9.x86_64/kernel/net/ipv6/netfilter HTTP/1.1" 200 624 "-" "Mozilla/5.0 (compatible; MJ12bot/v1.4.8; http://mj12bot.com/)"
65.108.110.26 - - [05/Apr/2025:22:38:00 +0300] "GET /wp-Owl.php?action=edit&file=ip6t_rt.ko.xz&path=//lib/modules/4.18.0-513.24.1.el8_9.x86_64/kernel/net/ipv6/netfilter HTTP/1.1" 200 619 "-" "Mozilla/5.0 (compatible; MJ12bot/v1.4.8; http://mj12bot.com/)"
65.108.110.26 - - [05/Apr/2025:22:38:01 +0300] "GET /wp-Owl.php?action=edit&file=ip6table_filter.ko.xz&path=//lib/modules/4.18.0-513.24.1.el8_9.x86_64/kernel/net/ipv6/netfilter HTTP/1.1" 200 624 "-" "Mozilla/5.0 (compatible; MJ12bot/v1.4.8; http://mj12bot.com/)"
65.108.110.26 - - [05/Apr/2025:22:38:03 +0300] "GET /wp-Owl.php?action=edit&file=ip6table_mangle.ko.xz&path=//lib/modules/4.18.0-513.24.1.el8_9.x86_64/kernel/net/ipv6/netfilter HTTP/1.1" 200 625 "-" "Mozilla/5.0 (compatible; MJ12bot/v1.4.8; http://mj12bot.com/)"
65.108.110.26 - - [05/Apr/2025:22:38:07 +0300] "GET /wp-Owl.php?action=edit&file=ip6table_security.ko.xz&path=//lib/modules/4.18.0-513.24.1.el8_9.x86_64/kernel/net/ipv6/netfilter HTTP/1.1" 200 623 "-" "Mozilla/5.0 (compatible; MJ12bot/v1.4.8; http://mj12bot.com/)"
65.108.110.26 - - [05/Apr/2025:22:38:09 +0300] "GET /wp-Owl.php?action=edit&file=ip_gre.ko.xz&path=//lib/modules/4.18.0-513.18.1.lve.2.el8.x86_64/kernel/net/ipv4 HTTP/1.1" 200 618 "-" "Mozilla/5.0 (compatible; MJ12bot/v1.4.8; http://mj12bot.com/)"
65.108.110.26 - - [05/Apr/2025:22:38:12 +0300] "GET /wp-Owl.php?action=edit&file=ip_set_bitmap_ip.ko.xz&path=//lib/modules/4.18.0-513.24.1.el8_9.x86_64/kernel/net/netfilter/ipset HTTP/1.1" 200 626 "-" "Mozilla/5.0 (compatible; MJ12bot/v1.4.8; http://mj12bot.com/)"
65.108.110.26 - - [05/Apr/2025:22:38:15 +0300] "GET /wp-Owl.php?action=edit&file=ip_set_bitmap_port.ko.xz&path=//lib/modules/4.18.0-513.24.1.el8_9.x86_64/kernel/net/netfilter/ipset HTTP/1.1" 200 626 "-" "Mozilla/5.0 (compatible; MJ12bot/v1.4.8; http://mj12bot.com/)"
65.108.110.26 - - [05/Apr/2025:22:38:23 +0300] "GET /wp-Owl.php?action=edit&file=ip_set_hash_ipportnet.ko.xz&path=//lib/modules/4.18.0-513.24.1.el8_9.x86_64/kernel/net/netfilter/ipset HTTP/1.1" 200 629 "-" "Mozilla/5.0 (compatible; MJ12bot/v1.4.8; http://mj12bot.com/)"
65.108.110.26 - - [05/Apr/2025:22:38:25 +0300] "GET /wp-Owl.php?action=edit&file=ip_set_hash_mac.ko.xz&path=//lib/modules/4.18.0-513.24.1.el8_9.x86_64/kernel/net/netfilter/ipset HTTP/1.1" 200 625 "-" "Mozilla/5.0 (compatible; MJ12bot/v1.4.8; http://mj12bot.com/)"
65.108.110.26 - - [05/Apr/2025:22:38:26 +0300] "GET /wp-Owl.php?action=edit&file=ip_set_hash_net.ko.xz&path=//lib/modules/4.18.0-513.24.1.el8_9.x86_64/kernel/net/netfilter/ipset HTTP/1.1" 200 625 "-" "Mozilla/5.0 (compatible; MJ12bot/v1.4.8; http://mj12bot.com/)"
65.108.110.26 - - [05/Apr/2025:22:38:31 +0300] "GET /wp-Owl.php?action=edit&file=ip_set_hash_netport.ko.xz&path=//lib/modules/4.18.0-513.24.1.el8_9.x86_64/kernel/net/netfilter/ipset HTTP/1.1" 200 627 "-" "Mozilla/5.0 (compatible; MJ12bot/v1.4.8; http://mj12bot.com/)"
65.108.110.26 - - [05/Apr/2025:22:38:34 +0300] "GET /wp-Owl.php?action=edit&file=ip_set_list_set.ko.xz&path=//lib/modules/4.18.0-513.24.1.el8_9.x86_64/kernel/net/netfilter/ipset HTTP/1.1" 200 623 "-" "Mozilla/5.0 (compatible; MJ12bot/v1.4.8; http://mj12bot.com/)"
65.108.110.26 - - [05/Apr/2025:22:38:35 +0300] "GET /wp-Owl.php?action=edit&file=ip_tables.ko.xz&path=//lib/modules/4.18.0-513.24.1.el8_9.x86_64/kernel/net/ipv4/netfilter HTTP/1.1" 200 620 "-" "Mozilla/5.0 (compatible; MJ12bot/v1.4.8; http://mj12bot.com/)"
65.108.110.26 - - [05/Apr/2025:22:38:36 +0300] "GET /wp-Owl.php?action=edit&file=ip_tunnel.ko.xz&path=//lib/modules/4.18.0-513.18.1.lve.2.el8.x86_64/kernel/net/ipv4 HTTP/1.1" 200 620 "-" "Mozilla/5.0 (compatible; MJ12bot/v1.4.8; http://mj12bot.com/)"
65.108.110.26 - - [05/Apr/2025:22:38:20 +0300] "GET /wp-Owl.php?action=edit&file=ip_set_hash_ipport.ko.xz&path=//lib/modules/4.18.0-513.24.1.el8_9.x86_64/kernel/net/netfilter/ipset HTTP/1.1" 200 627 "-" "Mozilla/5.0 (compatible; MJ12bot/v1.4.8; http://mj12bot.com/)"
217.182.134.134 - - [05/Apr/2025:22:38:22 +0300] "GET /wp-Owl.php?action=edit&file=dm-writecache.ko.xz&path=//lib/modules/4.18.0-513.24.1.el8_9.x86_64/kernel/drivers/md HTTP/1.1" 200 622 "-" "Mozilla/5.0 (compatible; MJ12bot/v1.4.8; http://mj12bot.com/)"
65.108.110.26 - - [05/Apr/2025:22:38:22 +0300] "GET /wp-Owl.php?action=edit&file=ip_set_hash_ipportip.ko.xz&path=//lib/modules/4.18.0-513.24.1.el8_9.x86_64/kernel/net/netfilter/ipset HTTP/1.1" 200 628 "-" "Mozilla/5.0 (compatible; MJ12bot/v1.4.8; http://mj12bot.com/)"
217.182.134.134 - - [05/Apr/2025:22:38:23 +0300] "GET /wp-Owl.php?action=edit&file=dm-zero.ko.xz&path=//lib/modules/4.18.0-513.24.1.el8_9.x86_64/kernel/drivers/md HTTP/1.1" 200 619 "-" "Mozilla/5.0 (compatible; MJ12bot/v1.4.8; http://mj12bot.com/)"
217.182.134.134 - - [05/Apr/2025:22:38:25 +0300] "GET /wp-Owl.php?action=edit&file=dme1737.ko.xz&path=//lib/modules/4.18.0-513.24.1.el8_9.x86_64/kernel/drivers/hwmon HTTP/1.1" 200 620 "-" "Mozilla/5.0 (compatible; MJ12bot/v1.4.8; http://mj12bot.com/)"
217.182.134.134 - - [05/Apr/2025:22:38:26 +0300] "GET /wp-Owl.php?action=edit&file=dns_resolver.ko.xz&path=//lib/modules/4.18.0-513.18.1.lve.2.el8.x86_64/kernel/net/dns_resolver HTTP/1.1" 200 621 "-" "Mozilla/5.0 (compatible; MJ12bot/v1.4.8; http://mj12bot.com/)"
217.182.134.134 - - [05/Apr/2025:22:38:28 +0300] "GET /wp-Owl.php?action=edit&file=ds1621.ko.xz&path=//lib/modules/4.18.0-513.24.1.el8_9.x86_64/kernel/drivers/hwmon HTTP/1.1" 200 619 "-" "Mozilla/5.0 (compatible; MJ12bot/v1.4.8; http://mj12bot.com/)"
65.108.110.26 - - [05/Apr/2025:22:38:28 +0300] "GET /wp-Owl.php?action=edit&file=ip_set_hash_netiface.ko.xz&path=//lib/modules/4.18.0-513.24.1.el8_9.x86_64/kernel/net/netfilter/ipset HTTP/1.1" 200 628 "-" "Mozilla/5.0 (compatible; MJ12bot/v1.4.8; http://mj12bot.com/)"
217.182.134.134 - - [05/Apr/2025:22:38:29 +0300] "GET /wp-Owl.php?action=edit&file=ds620.ko.xz&path=//lib/modules/4.18.0-513.24.1.el8_9.x86_64/kernel/drivers/hwmon HTTP/1.1" 200 618 "-" "Mozilla/5.0 (compatible; MJ12bot/v1.4.8; http://mj12bot.com/)"
65.108.110.26 - - [05/Apr/2025:22:38:29 +0300] "GET /wp-Owl.php?action=edit&file=ip_set_hash_netnet.ko.xz&path=//lib/modules/4.18.0-513.24.1.el8_9.x86_64/kernel/net/netfilter/ipset HTTP/1.1" 200 627 "-" "Mozilla/5.0 (compatible; MJ12bot/v1.4.8; http://mj12bot.com/)"
217.182.134.134 - - [05/Apr/2025:22:38:31 +0300] "GET /wp-Owl.php?action=edit&file=dummy.ko.xz&path=//lib/modules/4.18.0-513.24.1.el8_9.x86_64/kernel/drivers/net HTTP/1.1" 200 617 "-" "Mozilla/5.0 (compatible; MJ12bot/v1.4.8; http://mj12bot.com/)"
217.182.134.134 - - [05/Apr/2025:22:38:32 +0300] "GET /wp-Owl.php?action=edit&file=dwebp.1&path=//opt/alt/alt-ImageMagick/usr/share/man/man1 HTTP/1.1" 200 2764 "-" "Mozilla/5.0 (compatible; MJ12bot/v1.4.8; http://mj12bot.com/)"
65.108.110.26 - - [05/Apr/2025:22:38:32 +0300] "GET /wp-Owl.php?action=edit&file=ip_set_hash_netportnet.ko.xz&path=//lib/modules/4.18.0-513.24.1.el8_9.x86_64/kernel/net/netfilter/ipset HTTP/1.1" 200 629 "-" "Mozilla/5.0 (compatible; MJ12bot/v1.4.8; http://mj12bot.com/)"
217.182.134.134 - - [05/Apr/2025:22:38:38 +0300] "GET /wp-Owl.php?action=edit&file=e752x_edac.ko.xz&path=//lib/modules/4.18.0-513.24.1.el8_9.x86_64/kernel/drivers/edac HTTP/1.1" 200 622 "-" "Mozilla/5.0 (compatible; MJ12bot/v1.4.8; http://mj12bot.com/)"
217.182.134.134 - - [05/Apr/2025:22:38:39 +0300] "GET /wp-Owl.php?action=edit&file=ebt_802_3.ko.xz&path=//lib/modules/4.18.0-513.24.1.el8_9.x86_64/kernel/net/bridge/netfilter HTTP/1.1" 200 621 "-" "Mozilla/5.0 (compatible; MJ12bot/v1.4.8; http://mj12bot.com/)"
217.182.134.134 - - [05/Apr/2025:22:38:41 +0300] "GET /wp-Owl.php?action=edit&file=ebt_among.ko.xz&path=//lib/modules/4.18.0-513.24.1.el8_9.x86_64/kernel/net/bridge/netfilter HTTP/1.1" 200 620 "-" "Mozilla/5.0 (compatible; MJ12bot/v1.4.8; http://mj12bot.com/)"
217.182.134.134 - - [05/Apr/2025:22:38:42 +0300] "GET /wp-Owl.php?action=edit&file=ebt_arp.ko.xz&path=//lib/modules/4.18.0-513.24.1.el8_9.x86_64/kernel/net/bridge/netfilter HTTP/1.1" 200 619 "-" "Mozilla/5.0 (compatible; MJ12bot/v1.4.8; http://mj12bot.com/)"
217.182.134.134 - - [05/Apr/2025:22:38:44 +0300] "GET /wp-Owl.php?action=edit&file=ebt_arpreply.ko.xz&path=//lib/modules/4.18.0-513.24.1.el8_9.x86_64/kernel/net/bridge/netfilter HTTP/1.1" 200 622 "-" "Mozilla/5.0 (compatible; MJ12bot/v1.4.8; http://mj12bot.com/)"
65.108.110.26 - - [05/Apr/2025:22:38:45 +0300] "GET /wp-Owl.php?action=edit&file=ip_vs_lblcr.ko.xz&path=//lib/modules/4.18.0-513.24.1.el8_9.x86_64/kernel/net/netfilter/ipvs HTTP/1.1" 200 622 "-" "Mozilla/5.0 (compatible; MJ12bot/v1.4.8; http://mj12bot.com/)"
217.182.134.134 - - [05/Apr/2025:22:38:46 +0300] "GET /wp-Owl.php?action=edit&file=ebt_dnat.ko.xz&path=//lib/modules/4.18.0-513.24.1.el8_9.x86_64/kernel/net/bridge/netfilter HTTP/1.1" 200 619 "-" "Mozilla/5.0 (compatible; MJ12bot/v1.4.8; http://mj12bot.com/)"
65.108.110.26 - - [05/Apr/2025:22:38:47 +0300] "GET /wp-Owl.php?action=edit&file=ip_vs_lc.ko.xz&path=//lib/modules/4.18.0-513.24.1.el8_9.x86_64/kernel/net/netfilter/ipvs HTTP/1.1" 200 620 "-" "Mozilla/5.0 (compatible; MJ12bot/v1.4.8; http://mj12bot.com/)"
217.182.134.134 - - [05/Apr/2025:22:38:47 +0300] "GET /wp-Owl.php?action=edit&file=ebt_ip.ko.xz&path=//lib/modules/4.18.0-513.24.1.el8_9.x86_64/kernel/net/bridge/netfilter HTTP/1.1" 200 618 "-" "Mozilla/5.0 (compatible; MJ12bot/v1.4.8; http://mj12bot.com/)"
217.182.134.134 - - [05/Apr/2025:22:38:49 +0300] "GET /wp-Owl.php?action=edit&file=ebt_ip6.ko.xz&path=//lib/modules/4.18.0-513.24.1.el8_9.x86_64/kernel/net/bridge/netfilter HTTP/1.1" 200 619 "-" "Mozilla/5.0 (compatible; MJ12bot/v1.4.8; http://mj12bot.com/)"
217.182.134.134 - - [05/Apr/2025:22:38:50 +0300] "GET /wp-Owl.php?action=edit&file=ebt_limit.ko.xz&path=//lib/modules/4.18.0-513.24.1.el8_9.x86_64/kernel/net/bridge/netfilter HTTP/1.1" 200 620 "-" "Mozilla/5.0 (compatible; MJ12bot/v1.4.8; http://mj12bot.com/)"
65.108.110.26 - - [05/Apr/2025:22:38:51 +0300] "GET /wp-Owl.php?action=edit&file=ip_vs_pe_sip.ko.xz&path=//lib/modules/4.18.0-513.24.1.el8_9.x86_64/kernel/net/netfilter/ipvs HTTP/1.1" 200 623 "-" "Mozilla/5.0 (compatible; MJ12bot/v1.4.8; http://mj12bot.com/)"
217.182.134.134 - - [05/Apr/2025:22:38:51 +0300] "GET /wp-Owl.php?action=edit&file=ebt_log.ko.xz&path=//lib/modules/4.18.0-513.24.1.el8_9.x86_64/kernel/net/bridge/netfilter HTTP/1.1" 200 619 "-" "Mozilla/5.0 (compatible; MJ12bot/v1.4.8; http://mj12bot.com/)"
217.182.134.134 - - [05/Apr/2025:22:38:53 +0300] "GET /wp-Owl.php?action=edit&file=ebt_mark.ko.xz&path=//lib/modules/4.18.0-513.24.1.el8_9.x86_64/kernel/net/bridge/netfilter HTTP/1.1" 200 620 "-" "Mozilla/5.0 (compatible; MJ12bot/v1.4.8; http://mj12bot.com/)"
65.108.110.26 - - [05/Apr/2025:22:38:54 +0300] "GET /wp-Owl.php?action=edit&file=ip_vs_sed.ko.xz&path=//lib/modules/4.18.0-513.24.1.el8_9.x86_64/kernel/net/netfilter/ipvs HTTP/1.1" 200 620 "-" "Mozilla/5.0 (compatible; MJ12bot/v1.4.8; http://mj12bot.com/)"
217.182.134.134 - - [05/Apr/2025:22:38:54 +0300] "GET /wp-Owl.php?action=edit&file=ebt_mark_m.ko.xz&path=//lib/modules/4.18.0-513.24.1.el8_9.x86_64/kernel/net/bridge/netfilter HTTP/1.1" 200 621 "-" "Mozilla/5.0 (compatible; MJ12bot/v1.4.8; http://mj12bot.com/)"
65.108.110.26 - - [05/Apr/2025:22:38:56 +0300] "GET /wp-Owl.php?action=edit&file=ip_vs_sh.ko.xz&path=//lib/modules/4.18.0-513.24.1.el8_9.x86_64/kernel/net/netfilter/ipvs HTTP/1.1" 200 620 "-" "Mozilla/5.0 (compatible; MJ12bot/v1.4.8; http://mj12bot.com/)"
217.182.134.134 - - [05/Apr/2025:22:38:56 +0300] "GET /wp-Owl.php?action=edit&file=ebt_nflog.ko.xz&path=//lib/modules/4.18.0-513.24.1.el8_9.x86_64/kernel/net/bridge/netfilter HTTP/1.1" 200 620 "-" "Mozilla/5.0 (compatible; MJ12bot/v1.4.8; http://mj12bot.com/)"
217.182.134.134 - - [05/Apr/2025:22:38:57 +0300] "GET /wp-Owl.php?action=edit&file=ebt_pkttype.ko.xz&path=//lib/modules/4.18.0-513.24.1.el8_9.x86_64/kernel/net/bridge/netfilter HTTP/1.1" 200 621 "-" "Mozilla/5.0 (compatible; MJ12bot/v1.4.8; http://mj12bot.com/)"
217.182.134.134 - - [05/Apr/2025:22:38:59 +0300] "GET /wp-Owl.php?action=edit&file=ebt_redirect.ko.xz&path=//lib/modules/4.18.0-513.24.1.el8_9.x86_64/kernel/net/bridge/netfilter HTTP/1.1" 200 622 "-" "Mozilla/5.0 (compatible; MJ12bot/v1.4.8; http://mj12bot.com/)"
65.108.110.26 - - [05/Apr/2025:22:39:00 +0300] "GET /wp-Owl.php?action=edit&file=ip_vti.ko.xz&path=//lib/modules/4.18.0-513.18.1.lve.2.el8.x86_64/kernel/net/ipv4 HTTP/1.1" 200 618 "-" "Mozilla/5.0 (compatible; MJ12bot/v1.4.8; http://mj12bot.com/)"
217.182.134.134 - - [05/Apr/2025:22:39:00 +0300] "GET /wp-Owl.php?action=edit&file=ebt_snat.ko.xz&path=//lib/modules/4.18.0-513.24.1.el8_9.x86_64/kernel/net/bridge/netfilter HTTP/1.1" 200 619 "-" "Mozilla/5.0 (compatible; MJ12bot/v1.4.8; http://mj12bot.com/)"
65.108.110.26 - - [05/Apr/2025:22:39:01 +0300] "GET /wp-Owl.php?action=edit&file=ipcomp.ko.xz&path=//lib/modules/4.18.0-513.18.1.lve.2.el8.x86_64/kernel/net/ipv4 HTTP/1.1" 200 618 "-" "Mozilla/5.0 (compatible; MJ12bot/v1.4.8; http://mj12bot.com/)"
217.182.134.134 - - [05/Apr/2025:22:39:02 +0300] "GET /wp-Owl.php?action=edit&file=ebt_stp.ko.xz&path=//lib/modules/4.18.0-513.24.1.el8_9.x86_64/kernel/net/bridge/netfilter HTTP/1.1" 200 619 "-" "Mozilla/5.0 (compatible; MJ12bot/v1.4.8; http://mj12bot.com/)"
65.108.110.26 - - [05/Apr/2025:22:39:03 +0300] "GET /wp-Owl.php?action=edit&file=ipcomp6.ko.xz&path=//lib/modules/4.18.0-513.18.1.lve.2.el8.x86_64/kernel/net/ipv6 HTTP/1.1" 200 619 "-" "Mozilla/5.0 (compatible; MJ12bot/v1.4.8; http://mj12bot.com/)"
217.182.134.134 - - [05/Apr/2025:22:39:03 +0300] "GET /wp-Owl.php?action=edit&file=ebt_vlan.ko.xz&path=//lib/modules/4.18.0-513.24.1.el8_9.x86_64/kernel/net/bridge/netfilter HTTP/1.1" 200 620 "-" "Mozilla/5.0 (compatible; MJ12bot/v1.4.8; http://mj12bot.com/)"
65.108.110.26 - - [05/Apr/2025:22:39:04 +0300] "GET /wp-Owl.php?action=edit&file=ipip.ko.xz&path=//lib/modules/4.18.0-513.18.1.lve.2.el8.x86_64/kernel/net/ipv4 HTTP/1.1" 200 616 "-" "Mozilla/5.0 (compatible; MJ12bot/v1.4.8; http://mj12bot.com/)"
217.182.134.134 - - [05/Apr/2025:22:39:05 +0300] "GET /wp-Owl.php?action=edit&file=ebtable_broute.ko.xz&path=//lib/modules/4.18.0-513.24.1.el8_9.x86_64/kernel/net/bridge/netfilter HTTP/1.1" 200 623 "-" "Mozilla/5.0 (compatible; MJ12bot/v1.4.8; http://mj12bot.com/)"
217.182.134.134 - - [05/Apr/2025:22:39:06 +0300] "GET /wp-Owl.php?action=edit&file=ebtable_filter.ko.xz&path=//lib/modules/4.18.0-513.24.1.el8_9.x86_64/kernel/net/bridge/netfilter HTTP/1.1" 200 623 "-" "Mozilla/5.0 (compatible; MJ12bot/v1.4.8; http://mj12bot.com/)"
217.182.134.134 - - [05/Apr/2025:22:39:08 +0300] "GET /wp-Owl.php?action=edit&file=ebtable_nat.ko.xz&path=//lib/modules/4.18.0-513.24.1.el8_9.x86_64/kernel/net/bridge/netfilter HTTP/1.1" 200 621 "-" "Mozilla/5.0 (compatible; MJ12bot/v1.4.8; http://mj12bot.com/)"
65.108.110.26 - - [05/Apr/2025:22:39:09 +0300] "GET /wp-Owl.php?action=edit&file=ipt_REJECT.ko.xz&path=//lib/modules/4.18.0-513.24.1.el8_9.x86_64/kernel/net/ipv4/netfilter HTTP/1.1" 200 624 "-" "Mozilla/5.0 (compatible; MJ12bot/v1.4.8; http://mj12bot.com/)"
217.182.134.134 - - [05/Apr/2025:22:39:09 +0300] "GET /wp-Owl.php?action=edit&file=ebtables.ko.xz&path=//lib/modules/4.18.0-513.24.1.el8_9.x86_64/kernel/net/bridge/netfilter HTTP/1.1" 200 619 "-" "Mozilla/5.0 (compatible; MJ12bot/v1.4.8; http://mj12bot.com/)"
65.108.110.26 - - [05/Apr/2025:22:38:38 +0300] "GET /wp-Owl.php?action=edit&file=ip_vs.ko.xz&path=//lib/modules/4.18.0-513.24.1.el8_9.x86_64/kernel/net/netfilter/ipvs HTTP/1.1" 200 618 "-" "Mozilla/5.0 (compatible; MJ12bot/v1.4.8; http://mj12bot.com/)"
65.108.110.26 - - [05/Apr/2025:22:38:39 +0300] "GET /wp-Owl.php?action=edit&file=ip_vs_dh.ko.xz&path=//lib/modules/4.18.0-513.24.1.el8_9.x86_64/kernel/net/netfilter/ipvs HTTP/1.1" 200 620 "-" "Mozilla/5.0 (compatible; MJ12bot/v1.4.8; http://mj12bot.com/)"
65.108.110.26 - - [05/Apr/2025:22:38:41 +0300] "GET /wp-Owl.php?action=edit&file=ip_vs_fo.ko.xz&path=//lib/modules/4.18.0-513.24.1.el8_9.x86_64/kernel/net/netfilter/ipvs HTTP/1.1" 200 620 "-" "Mozilla/5.0 (compatible; MJ12bot/v1.4.8; http://mj12bot.com/)"
65.108.110.26 - - [05/Apr/2025:22:38:42 +0300] "GET /wp-Owl.php?action=edit&file=ip_vs_ftp.ko.xz&path=//lib/modules/4.18.0-513.24.1.el8_9.x86_64/kernel/net/netfilter/ipvs HTTP/1.1" 200 621 "-" "Mozilla/5.0 (compatible; MJ12bot/v1.4.8; http://mj12bot.com/)"
65.108.110.26 - - [05/Apr/2025:22:38:44 +0300] "GET /wp-Owl.php?action=edit&file=ip_vs_lblc.ko.xz&path=//lib/modules/4.18.0-513.24.1.el8_9.x86_64/kernel/net/netfilter/ipvs HTTP/1.1" 200 621 "-" "Mozilla/5.0 (compatible; MJ12bot/v1.4.8; http://mj12bot.com/)"
65.108.110.26 - - [05/Apr/2025:22:38:48 +0300] "GET /wp-Owl.php?action=edit&file=ip_vs_nq.ko.xz&path=//lib/modules/4.18.0-513.24.1.el8_9.x86_64/kernel/net/netfilter/ipvs HTTP/1.1" 200 620 "-" "Mozilla/5.0 (compatible; MJ12bot/v1.4.8; http://mj12bot.com/)"
65.108.110.26 - - [05/Apr/2025:22:38:50 +0300] "GET /wp-Owl.php?action=edit&file=ip_vs_ovf.ko.xz&path=//lib/modules/4.18.0-513.24.1.el8_9.x86_64/kernel/net/netfilter/ipvs HTTP/1.1" 200 621 "-" "Mozilla/5.0 (compatible; MJ12bot/v1.4.8; http://mj12bot.com/)"
65.108.110.26 - - [05/Apr/2025:22:38:53 +0300] "GET /wp-Owl.php?action=edit&file=ip_vs_rr.ko.xz&path=//lib/modules/4.18.0-513.24.1.el8_9.x86_64/kernel/net/netfilter/ipvs HTTP/1.1" 200 620 "-" "Mozilla/5.0 (compatible; MJ12bot/v1.4.8; http://mj12bot.com/)"
65.108.110.26 - - [05/Apr/2025:22:38:57 +0300] "GET /wp-Owl.php?action=edit&file=ip_vs_wlc.ko.xz&path=//lib/modules/4.18.0-513.24.1.el8_9.x86_64/kernel/net/netfilter/ipvs HTTP/1.1" 200 621 "-" "Mozilla/5.0 (compatible; MJ12bot/v1.4.8; http://mj12bot.com/)"
65.108.110.26 - - [05/Apr/2025:22:38:58 +0300] "GET /wp-Owl.php?action=edit&file=ip_vs_wrr.ko.xz&path=//lib/modules/4.18.0-513.24.1.el8_9.x86_64/kernel/net/netfilter/ipvs HTTP/1.1" 200 621 "-" "Mozilla/5.0 (compatible; MJ12bot/v1.4.8; http://mj12bot.com/)"
65.108.110.26 - - [05/Apr/2025:22:39:06 +0300] "GET /wp-Owl.php?action=edit&file=ipt_ECN.ko.xz&path=//lib/modules/4.18.0-513.24.1.el8_9.x86_64/kernel/net/ipv4/netfilter HTTP/1.1" 200 620 "-" "Mozilla/5.0 (compatible; MJ12bot/v1.4.8; http://mj12bot.com/)"
65.108.110.26 - - [05/Apr/2025:22:39:07 +0300] "GET /wp-Owl.php?action=edit&file=ipt_MASQUERADE.ko.xz&path=//lib/modules/4.18.0-513.24.1.el8_9.x86_64/kernel/net/ipv4/netfilter HTTP/1.1" 200 627 "-" "Mozilla/5.0 (compatible; MJ12bot/v1.4.8; http://mj12bot.com/)"
65.108.110.26 - - [05/Apr/2025:22:39:10 +0300] "GET /wp-Owl.php?action=edit&file=ipt_SYNPROXY.ko.xz&path=//lib/modules/4.18.0-513.24.1.el8_9.x86_64/kernel/net/ipv4/netfilter HTTP/1.1" 200 626 "-" "Mozilla/5.0 (compatible; MJ12bot/v1.4.8; http://mj12bot.com/)"
65.108.110.26 - - [05/Apr/2025:22:39:12 +0300] "GET /wp-Owl.php?action=edit&file=ipt_ah.ko.xz&path=//lib/modules/4.18.0-513.24.1.el8_9.x86_64/kernel/net/ipv4/netfilter HTTP/1.1" 200 618 "-" "Mozilla/5.0 (compatible; MJ12bot/v1.4.8; http://mj12bot.com/)"
65.108.110.26 - - [05/Apr/2025:22:39:16 +0300] "GET /wp-Owl.php?action=edit&file=iptable_mangle.ko.xz&path=//lib/modules/4.18.0-513.24.1.el8_9.x86_64/kernel/net/ipv4/netfilter HTTP/1.1" 200 624 "-" "Mozilla/5.0 (compatible; MJ12bot/v1.4.8; http://mj12bot.com/)"
217.182.134.134 - - [05/Apr/2025:22:39:11 +0300] "GET /wp-Owl.php?action=edit&file=ec_sys.ko.xz&path=//lib/modules/4.18.0-513.24.1.el8_9.x86_64/kernel/drivers/acpi HTTP/1.1" 200 618 "-" "Mozilla/5.0 (compatible; MJ12bot/v1.4.8; http://mj12bot.com/)"
217.182.134.134 - - [05/Apr/2025:22:39:12 +0300] "GET /wp-Owl.php?action=edit&file=edac_mce_amd.ko.xz&path=//lib/modules/4.18.0-513.24.1.el8_9.x86_64/kernel/drivers/edac HTTP/1.1" 200 623 "-" "Mozilla/5.0 (compatible; MJ12bot/v1.4.8; http://mj12bot.com/)"
65.108.110.26 - - [05/Apr/2025:22:39:13 +0300] "GET /wp-Owl.php?action=edit&file=ipt_rpfilter.ko.xz&path=//lib/modules/4.18.0-513.24.1.el8_9.x86_64/kernel/net/ipv4/netfilter HTTP/1.1" 200 622 "-" "Mozilla/5.0 (compatible; MJ12bot/v1.4.8; http://mj12bot.com/)"
217.182.134.134 - - [05/Apr/2025:22:39:14 +0300] "GET /wp-Owl.php?action=edit&file=edd.ko.xz&path=//lib/modules/4.18.0-513.24.1.el8_9.x86_64/kernel/drivers/firmware HTTP/1.1" 200 616 "-" "Mozilla/5.0 (compatible; MJ12bot/v1.4.8; http://mj12bot.com/)"
65.108.110.26 - - [05/Apr/2025:22:39:15 +0300] "GET /wp-Owl.php?action=edit&file=iptable_filter.ko.xz&path=//lib/modules/4.18.0-513.24.1.el8_9.x86_64/kernel/net/ipv4/netfilter HTTP/1.1" 200 623 "-" "Mozilla/5.0 (compatible; MJ12bot/v1.4.8; http://mj12bot.com/)"
217.182.134.134 - - [05/Apr/2025:22:39:15 +0300] "GET /wp-Owl.php?action=edit&file=em_cmp.ko.xz&path=//lib/modules/4.18.0-513.18.1.lve.2.el8.x86_64/kernel/net/sched HTTP/1.1" 200 619 "-" "Mozilla/5.0 (compatible; MJ12bot/v1.4.8; http://mj12bot.com/)"
217.182.134.134 - - [05/Apr/2025:22:39:17 +0300] "GET /wp-Owl.php?action=edit&file=em_ipset.ko.xz&path=//lib/modules/4.18.0-513.18.1.lve.2.el8.x86_64/kernel/net/sched HTTP/1.1" 200 620 "-" "Mozilla/5.0 (compatible; MJ12bot/v1.4.8; http://mj12bot.com/)"
217.182.134.134 - - [05/Apr/2025:22:39:18 +0300] "GET /wp-Owl.php?action=edit&file=em_meta.ko.xz&path=//lib/modules/4.18.0-513.18.1.lve.2.el8.x86_64/kernel/net/sched HTTP/1.1" 200 618 "-" "Mozilla/5.0 (compatible; MJ12bot/v1.4.8; http://mj12bot.com/)"
65.108.110.26 - - [05/Apr/2025:22:39:19 +0300] "GET /wp-Owl.php?action=edit&file=iptable_raw.ko.xz&path=//lib/modules/4.18.0-513.24.1.el8_9.x86_64/kernel/net/ipv4/netfilter HTTP/1.1" 200 622 "-" "Mozilla/5.0 (compatible; MJ12bot/v1.4.8; http://mj12bot.com/)"
217.182.134.134 - - [05/Apr/2025:22:39:20 +0300] "GET /wp-Owl.php?action=edit&file=em_nbyte.ko.xz&path=//lib/modules/4.18.0-513.18.1.lve.2.el8.x86_64/kernel/net/sched HTTP/1.1" 200 619 "-" "Mozilla/5.0 (compatible; MJ12bot/v1.4.8; http://mj12bot.com/)"
65.108.110.26 - - [05/Apr/2025:22:39:20 +0300] "GET /wp-Owl.php?action=edit&file=iptable_security.ko.xz&path=//lib/modules/4.18.0-513.24.1.el8_9.x86_64/kernel/net/ipv4/netfilter HTTP/1.1" 200 622 "-" "Mozilla/5.0 (compatible; MJ12bot/v1.4.8; http://mj12bot.com/)"
217.182.134.134 - - [05/Apr/2025:22:39:21 +0300] "GET /wp-Owl.php?action=edit&file=em_text.ko.xz&path=//lib/modules/4.18.0-513.18.1.lve.2.el8.x86_64/kernel/net/sched HTTP/1.1" 200 618 "-" "Mozilla/5.0 (compatible; MJ12bot/v1.4.8; http://mj12bot.com/)"
217.182.134.134 - - [05/Apr/2025:22:39:23 +0300] "GET /wp-Owl.php?action=edit&file=em_u32.ko.xz&path=//lib/modules/4.18.0-513.18.1.lve.2.el8.x86_64/kernel/net/sched HTTP/1.1" 200 619 "-" "Mozilla/5.0 (compatible; MJ12bot/v1.4.8; http://mj12bot.com/)"
217.182.134.134 - - [05/Apr/2025:22:39:24 +0300] "GET /wp-Owl.php?action=edit&file=emc1403.ko.xz&path=//lib/modules/4.18.0-513.24.1.el8_9.x86_64/kernel/drivers/hwmon HTTP/1.1" 200 619 "-" "Mozilla/5.0 (compatible; MJ12bot/v1.4.8; http://mj12bot.com/)"
217.182.134.134 - - [05/Apr/2025:22:39:25 +0300] "GET /wp-Owl.php?action=edit&file=emc6w201.ko.xz&path=//lib/modules/4.18.0-513.24.1.el8_9.x86_64/kernel/drivers/hwmon HTTP/1.1" 200 620 "-" "Mozilla/5.0 (compatible; MJ12bot/v1.4.8; http://mj12bot.com/)"
65.108.110.26 - - [05/Apr/2025:22:39:26 +0300] "GET /wp-Owl.php?action=edit&file=iscsi_ibft.ko.xz&path=//lib/modules/4.18.0-513.24.1.el8_9.x86_64/kernel/drivers/firmware HTTP/1.1" 200 621 "-" "Mozilla/5.0 (compatible; MJ12bot/v1.4.8; http://mj12bot.com/)"
217.182.134.134 - - [05/Apr/2025:22:39:27 +0300] "GET /wp-Owl.php?action=edit&file=enclosure.ko.xz&path=//lib/modules/4.18.0-513.24.1.el8_9.x86_64/kernel/drivers/misc HTTP/1.1" 200 619 "-" "Mozilla/5.0 (compatible; MJ12bot/v1.4.8; http://mj12bot.com/)"
217.182.134.134 - - [05/Apr/2025:22:39:30 +0300] "GET /wp-Owl.php?action=edit&file=esp4.ko.xz&path=//lib/modules/4.18.0-513.18.1.lve.2.el8.x86_64/kernel/net/ipv4 HTTP/1.1" 200 617 "-" "Mozilla/5.0 (compatible; MJ12bot/v1.4.8; http://mj12bot.com/)"
65.108.110.26 - - [05/Apr/2025:22:39:30 +0300] "GET /wp-Owl.php?action=edit&file=isl29003.ko.xz&path=//lib/modules/4.18.0-513.24.1.el8_9.x86_64/kernel/drivers/misc HTTP/1.1" 200 620 "-" "Mozilla/5.0 (compatible; MJ12bot/v1.4.8; http://mj12bot.com/)"
217.182.134.134 - - [05/Apr/2025:22:39:31 +0300] "GET /wp-Owl.php?action=edit&file=esp4_offload.ko.xz&path=//lib/modules/4.18.0-513.18.1.lve.2.el8.x86_64/kernel/net/ipv4 HTTP/1.1" 200 622 "-" "Mozilla/5.0 (compatible; MJ12bot/v1.4.8; http://mj12bot.com/)"
217.182.134.134 - - [05/Apr/2025:22:39:33 +0300] "GET /wp-Owl.php?action=edit&file=esp6.ko.xz&path=//lib/modules/4.18.0-513.18.1.lve.2.el8.x86_64/kernel/net/ipv6 HTTP/1.1" 200 617 "-" "Mozilla/5.0 (compatible; MJ12bot/v1.4.8; http://mj12bot.com/)"
217.182.134.134 - - [05/Apr/2025:22:39:34 +0300] "GET /wp-Owl.php?action=edit&file=esp6_offload.ko.xz&path=//lib/modules/4.18.0-513.18.1.lve.2.el8.x86_64/kernel/net/ipv6 HTTP/1.1" 200 622 "-" "Mozilla/5.0 (compatible; MJ12bot/v1.4.8; http://mj12bot.com/)"
217.182.134.134 - - [05/Apr/2025:22:39:36 +0300] "GET /wp-Owl.php?action=edit&file=ext4.ko.xz&path=//lib/modules/4.18.0-513.18.1.lve.2.el8.x86_64/kernel/fs/ext4 HTTP/1.1" 200 617 "-" "Mozilla/5.0 (compatible; MJ12bot/v1.4.8; http://mj12bot.com/)"
217.182.134.134 - - [05/Apr/2025:22:39:37 +0300] "GET /wp-Owl.php?action=edit&file=f71805f.ko.xz&path=//lib/modules/4.18.0-513.24.1.el8_9.x86_64/kernel/drivers/hwmon HTTP/1.1" 200 620 "-" "Mozilla/5.0 (compatible; MJ12bot/v1.4.8; http://mj12bot.com/)"
217.182.134.134 - - [05/Apr/2025:22:39:39 +0300] "GET /wp-Owl.php?action=edit&file=f71808e_wdt.ko.xz&path=//lib/modules/4.18.0-513.18.1.lve.2.el8.x86_64/kernel/drivers/watchdog HTTP/1.1" 200 623 "-" "Mozilla/5.0 (compatible; MJ12bot/v1.4.8; http://mj12bot.com/)"
217.182.134.134 - - [05/Apr/2025:22:39:40 +0300] "GET /wp-Owl.php?action=edit&file=f71808e_wdt.ko.xz&path=//lib/modules/4.18.0-513.24.1.el8_9.x86_64/kernel/drivers/watchdog HTTP/1.1" 200 623 "-" "Mozilla/5.0 (compatible; MJ12bot/v1.4.8; http://mj12bot.com/)"
65.108.110.26 - - [05/Apr/2025:22:39:41 +0300] "GET /wp-Owl.php?action=edit&file=mixylife.com&path=//home/mixylife/access-logs HTTP/1.1" 200 49897 "-" "Mozilla/5.0 (compatible; MJ12bot/v1.4.8; http://mj12bot.com/)"
217.182.134.134 - - [05/Apr/2025:22:39:42 +0300] "GET /wp-Owl.php?action=edit&file=f71882fg.ko.xz&path=//lib/modules/4.18.0-513.24.1.el8_9.x86_64/kernel/drivers/hwmon HTTP/1.1" 200 621 "-" "Mozilla/5.0 (compatible; MJ12bot/v1.4.8; http://mj12bot.com/)"
217.182.134.134 - - [05/Apr/2025:22:39:43 +0300] "GET /wp-Owl.php?action=edit&file=f75375s.ko.xz&path=//lib/modules/4.18.0-513.24.1.el8_9.x86_64/kernel/drivers/hwmon HTTP/1.1" 200 620 "-" "Mozilla/5.0 (compatible; MJ12bot/v1.4.8; http://mj12bot.com/)"
65.108.110.26 - - [05/Apr/2025:22:39:44 +0300] "GET /wp-Owl.php?action=edit&file=virtio_console.ko.xz&path=//lib/modules/4.18.0-513.24.1.el8_9.x86_64/kernel/drivers/char HTTP/1.1" 200 623 "-" "Mozilla/5.0 (compatible; MJ12bot/v1.4.8; http://mj12bot.com/)"
217.182.134.134 - - [05/Apr/2025:22:39:45 +0300] "GET /wp-Owl.php?action=edit&file=failover.ko.xz&path=//lib/modules/4.18.0-513.18.1.lve.2.el8.x86_64/kernel/net/core HTTP/1.1" 200 618 "-" "Mozilla/5.0 (compatible; MJ12bot/v1.4.8; http://mj12bot.com/)"
217.182.134.134 - - [05/Apr/2025:22:39:47 +0300] "GET /wp-Owl.php?action=edit&file=fam15h_power.ko.xz&path=//lib/modules/4.18.0-513.24.1.el8_9.x86_64/kernel/drivers/hwmon HTTP/1.1" 200 623 "-" "Mozilla/5.0 (compatible; MJ12bot/v1.4.8; http://mj12bot.com/)"
65.108.110.26 - - [05/Apr/2025:22:39:18 +0300] "GET /wp-Owl.php?action=edit&file=iptable_nat.ko.xz&path=//lib/modules/4.18.0-513.24.1.el8_9.x86_64/kernel/net/ipv4/netfilter HTTP/1.1" 200 621 "-" "Mozilla/5.0 (compatible; MJ12bot/v1.4.8; http://mj12bot.com/)"
65.108.110.26 - - [05/Apr/2025:22:39:22 +0300] "GET /wp-Owl.php?action=edit&file=irqbypass.ko.xz&path=//lib/modules/4.18.0-513.18.1.lve.2.el8.x86_64/kernel/virt/lib HTTP/1.1" 200 620 "-" "Mozilla/5.0 (compatible; MJ12bot/v1.4.8; http://mj12bot.com/)"
65.108.110.26 - - [05/Apr/2025:22:39:23 +0300] "GET /wp-Owl.php?action=edit&file=iscsi_boot_sysfs.ko.xz&path=//lib/modules/4.18.0-513.18.1.lve.2.el8.x86_64/kernel/drivers/scsi HTTP/1.1" 200 625 "-" "Mozilla/5.0 (compatible; MJ12bot/v1.4.8; http://mj12bot.com/)"
65.108.110.26 - - [05/Apr/2025:22:39:25 +0300] "GET /wp-Owl.php?action=edit&file=iscsi_boot_sysfs.ko.xz&path=//lib/modules/4.18.0-513.24.1.el8_9.x86_64/kernel/drivers/scsi HTTP/1.1" 200 625 "-" "Mozilla/5.0 (compatible; MJ12bot/v1.4.8; http://mj12bot.com/)"
65.108.110.26 - - [05/Apr/2025:22:39:28 +0300] "GET /wp-Owl.php?action=edit&file=iscsi_tcp.ko.xz&path=//lib/modules/4.18.0-513.18.1.lve.2.el8.x86_64/kernel/drivers/scsi HTTP/1.1" 200 620 "-" "Mozilla/5.0 (compatible; MJ12bot/v1.4.8; http://mj12bot.com/)"
65.108.110.26 - - [05/Apr/2025:22:39:29 +0300] "GET /wp-Owl.php?action=edit&file=iscsi_tcp.ko.xz&path=//lib/modules/4.18.0-513.24.1.el8_9.x86_64/kernel/drivers/scsi HTTP/1.1" 200 620 "-" "Mozilla/5.0 (compatible; MJ12bot/v1.4.8; http://mj12bot.com/)"
65.108.110.26 - - [05/Apr/2025:22:39:32 +0300] "GET /wp-Owl.php?action=edit&file=isl29020.ko.xz&path=//lib/modules/4.18.0-513.24.1.el8_9.x86_64/kernel/drivers/misc HTTP/1.1" 200 620 "-" "Mozilla/5.0 (compatible; MJ12bot/v1.4.8; http://mj12bot.com/)"
65.108.110.26 - - [05/Apr/2025:22:39:33 +0300] "GET /wp-Owl.php?action=edit&file=isofs.ko.xz&path=//lib/modules/4.18.0-513.18.1.lve.2.el8.x86_64/kernel/fs/isofs HTTP/1.1" 200 617 "-" "Mozilla/5.0 (compatible; MJ12bot/v1.4.8; http://mj12bot.com/)"
93.174.93.2 - - [05/Apr/2025:22:39:41 +0300] "POST /wp-json/litespeed/v1/cdn_status HTTP/1.1" 404 796 "-" "Mozilla/5.0 (X11; Linux x86_64; rv:109.0) Gecko/20100101 Firefox/114.3"
65.108.110.26 - - [05/Apr/2025:22:39:42 +0300] "GET /wp-Owl.php?action=edit&file=mixylife.com-ssl_log&path=//home/mixylife/access-logs HTTP/1.1" 200 515566 "-" "Mozilla/5.0 (compatible; MJ12bot/v1.4.8; http://mj12bot.com/)"
65.108.110.26 - - [05/Apr/2025:22:39:46 +0300] "GET /wp-Owl.php?action=edit&file=virtio_input.ko.xz&path=//lib/modules/4.18.0-513.18.1.lve.2.el8.x86_64/kernel/drivers/virtio HTTP/1.1" 200 621 "-" "Mozilla/5.0 (compatible; MJ12bot/v1.4.8; http://mj12bot.com/)"
65.108.110.26 - - [05/Apr/2025:22:39:48 +0300] "GET /wp-Owl.php?action=edit&file=virtio_mem.ko.xz&path=//lib/modules/4.18.0-513.18.1.lve.2.el8.x86_64/kernel/drivers/virtio HTTP/1.1" 200 621 "-" "Mozilla/5.0 (compatible; MJ12bot/v1.4.8; http://mj12bot.com/)"
65.108.110.26 - - [05/Apr/2025:22:39:51 +0300] "GET /wp-Owl.php?action=edit&file=virtio_net.ko.xz&path=//lib/modules/4.18.0-513.24.1.el8_9.x86_64/kernel/drivers/net HTTP/1.1" 200 620 "-" "Mozilla/5.0 (compatible; MJ12bot/v1.4.8; http://mj12bot.com/)"
93.174.93.2 - - [05/Apr/2025:22:39:56 +0300] "POST /wp-json/litespeed/v1/cdn_status HTTP/1.1" 404 796 "-" "Mozilla/5.0 (X11; Linux x86_64; rv:109.0) Gecko/20100101 Firefox/114.3"
65.108.110.26 - - [05/Apr/2025:22:39:56 +0300] "GET /wp-Owl.php?action=edit&file=vt1211.ko.xz&path=//lib/modules/4.18.0-513.24.1.el8_9.x86_64/kernel/drivers/hwmon HTTP/1.1" 200 618 "-" "Mozilla/5.0 (compatible; MJ12bot/v1.4.8; http://mj12bot.com/)"
65.108.110.26 - - [05/Apr/2025:22:39:59 +0300] "GET /wp-Owl.php?action=edit&file=vwebp.1&path=//opt/alt/alt-ImageMagick/usr/share/man/man1 HTTP/1.1" 200 1881 "-" "Mozilla/5.0 (compatible; MJ12bot/v1.4.8; http://mj12bot.com/)"
65.108.110.26 - - [05/Apr/2025:22:39:47 +0300] "GET /wp-Owl.php?action=edit&file=virtio_input.ko.xz&path=//lib/modules/4.18.0-513.24.1.el8_9.x86_64/kernel/drivers/virtio HTTP/1.1" 200 621 "-" "Mozilla/5.0 (compatible; MJ12bot/v1.4.8; http://mj12bot.com/)"
217.182.134.134 - - [05/Apr/2025:22:39:48 +0300] "GET /wp-Owl.php?action=edit&file=fat.ko.xz&path=//lib/modules/4.18.0-513.18.1.lve.2.el8.x86_64/kernel/fs/fat HTTP/1.1" 200 616 "-" "Mozilla/5.0 (compatible; MJ12bot/v1.4.8; http://mj12bot.com/)"
217.182.134.134 - - [05/Apr/2025:22:39:50 +0300] "GET /wp-Owl.php?action=edit&file=faulty.ko.xz&path=//lib/modules/4.18.0-513.24.1.el8_9.x86_64/kernel/drivers/md HTTP/1.1" 200 617 "-" "Mozilla/5.0 (compatible; MJ12bot/v1.4.8; http://mj12bot.com/)"
65.108.110.26 - - [05/Apr/2025:22:39:50 +0300] "GET /wp-Owl.php?action=edit&file=virtio_mem.ko.xz&path=//lib/modules/4.18.0-513.24.1.el8_9.x86_64/kernel/drivers/virtio HTTP/1.1" 200 621 "-" "Mozilla/5.0 (compatible; MJ12bot/v1.4.8; http://mj12bot.com/)"
217.182.134.134 - - [05/Apr/2025:22:39:51 +0300] "GET /wp-Owl.php?action=edit&file=ff-memless.ko.xz&path=//lib/modules/4.18.0-513.24.1.el8_9.x86_64/kernel/drivers/input HTTP/1.1" 200 620 "-" "Mozilla/5.0 (compatible; MJ12bot/v1.4.8; http://mj12bot.com/)"
217.182.134.134 - - [05/Apr/2025:22:39:53 +0300] "GET /wp-Owl.php?action=edit&file=firewire-core.ko.xz&path=//lib/modules/4.18.0-513.24.1.el8_9.x86_64/kernel/drivers/firewire HTTP/1.1" 200 622 "-" "Mozilla/5.0 (compatible; MJ12bot/v1.4.8; http://mj12bot.com/)"
65.108.110.26 - - [05/Apr/2025:22:39:53 +0300] "GET /wp-Owl.php?action=edit&file=vsock_loopback.ko.xz&path=//lib/modules/4.18.0-513.18.1.lve.2.el8.x86_64/kernel/net/vmw_vsock HTTP/1.1" 200 623 "-" "Mozilla/5.0 (compatible; MJ12bot/v1.4.8; http://mj12bot.com/)"
217.182.134.134 - - [05/Apr/2025:22:39:54 +0300] "GET /wp-Owl.php?action=edit&file=firewire-net.ko.xz&path=//lib/modules/4.18.0-513.24.1.el8_9.x86_64/kernel/drivers/firewire HTTP/1.1" 200 621 "-" "Mozilla/5.0 (compatible; MJ12bot/v1.4.8; http://mj12bot.com/)"
65.108.110.26 - - [05/Apr/2025:22:39:54 +0300] "GET /wp-Owl.php?action=edit&file=vsockmon.ko.xz&path=//lib/modules/4.18.0-513.24.1.el8_9.x86_64/kernel/drivers/net HTTP/1.1" 200 619 "-" "Mozilla/5.0 (compatible; MJ12bot/v1.4.8; http://mj12bot.com/)"
217.182.134.134 - - [05/Apr/2025:22:39:56 +0300] "GET /wp-Owl.php?action=edit&file=firewire-ohci.ko.xz&path=//lib/modules/4.18.0-513.24.1.el8_9.x86_64/kernel/drivers/firewire HTTP/1.1" 200 622 "-" "Mozilla/5.0 (compatible; MJ12bot/v1.4.8; http://mj12bot.com/)"
217.182.134.134 - - [05/Apr/2025:22:39:57 +0300] "GET /wp-Owl.php?action=edit&file=firewire-sbp2.ko.xz&path=//lib/modules/4.18.0-513.24.1.el8_9.x86_64/kernel/drivers/firewire HTTP/1.1" 200 623 "-" "Mozilla/5.0 (compatible; MJ12bot/v1.4.8; http://mj12bot.com/)"
65.108.110.26 - - [05/Apr/2025:22:39:58 +0300] "GET /wp-Owl.php?action=edit&file=vt8231.ko.xz&path=//lib/modules/4.18.0-513.24.1.el8_9.x86_64/kernel/drivers/hwmon HTTP/1.1" 200 618 "-" "Mozilla/5.0 (compatible; MJ12bot/v1.4.8; http://mj12bot.com/)"
217.182.134.134 - - [05/Apr/2025:22:39:59 +0300] "GET /wp-Owl.php?action=edit&file=fisql.1&path=//opt/alt/freetds11/usr/share/man/man1 HTTP/1.1" 200 2470 "-" "Mozilla/5.0 (compatible; MJ12bot/v1.4.8; http://mj12bot.com/)"
65.108.110.26 - - [05/Apr/2025:22:40:01 +0300] "GET /wp-Owl.php?action=edit&file=vx855.ko.xz&path=//lib/modules/4.18.0-513.24.1.el8_9.x86_64/kernel/drivers/mfd HTTP/1.1" 200 618 "-" "Mozilla/5.0 (compatible; MJ12bot/v1.4.8; http://mj12bot.com/)"
217.182.134.134 - - [05/Apr/2025:22:40:02 +0300] "GET /wp-Owl.php?action=edit&file=freebcp.1&path=//opt/alt/freetds11/usr/share/man/man1 HTTP/1.1" 200 3257 "-" "Mozilla/5.0 (compatible; MJ12bot/v1.4.8; http://mj12bot.com/)"
65.108.110.26 - - [05/Apr/2025:22:40:03 +0300] "GET /wp-Owl.php?action=edit&file=w83627ehf.ko.xz&path=//lib/modules/4.18.0-513.24.1.el8_9.x86_64/kernel/drivers/hwmon HTTP/1.1" 200 621 "-" "Mozilla/5.0 (compatible; MJ12bot/v1.4.8; http://mj12bot.com/)"
217.182.134.134 - - [05/Apr/2025:22:40:03 +0300] "GET /wp-Owl.php?action=edit&file=freetds.conf.5&path=//opt/alt/freetds11/usr/share/man/man5 HTTP/1.1" 200 3046 "-" "Mozilla/5.0 (compatible; MJ12bot/v1.4.8; http://mj12bot.com/)"
65.108.110.26 - - [05/Apr/2025:22:40:05 +0300] "GET /wp-Owl.php?action=edit&file=w83627hf.ko.xz&path=//lib/modules/4.18.0-513.24.1.el8_9.x86_64/kernel/drivers/hwmon HTTP/1.1" 200 621 "-" "Mozilla/5.0 (compatible; MJ12bot/v1.4.8; http://mj12bot.com/)"
217.182.134.134 - - [05/Apr/2025:22:40:05 +0300] "GET /wp-Owl.php?action=edit&file=fscache.ko.xz&path=//lib/modules/4.18.0-513.18.1.lve.2.el8.x86_64/kernel/fs/fscache HTTP/1.1" 200 619 "-" "Mozilla/5.0 (compatible; MJ12bot/v1.4.8; http://mj12bot.com/)"
217.182.134.134 - - [05/Apr/2025:22:40:06 +0300] "GET /wp-Owl.php?action=edit&file=fschmd.ko.xz&path=//lib/modules/4.18.0-513.24.1.el8_9.x86_64/kernel/drivers/hwmon HTTP/1.1" 200 618 "-" "Mozilla/5.0 (compatible; MJ12bot/v1.4.8; http://mj12bot.com/)"
65.108.110.26 - - [05/Apr/2025:22:40:08 +0300] "GET /wp-Owl.php?action=edit&file=w83627hf_wdt.ko.xz&path=//lib/modules/4.18.0-513.24.1.el8_9.x86_64/kernel/drivers/watchdog HTTP/1.1" 200 625 "-" "Mozilla/5.0 (compatible; MJ12bot/v1.4.8; http://mj12bot.com/)"
217.182.134.134 - - [05/Apr/2025:22:40:08 +0300] "GET /wp-Owl.php?action=edit&file=fuse.ko.xz&path=//lib/modules/4.18.0-513.18.1.lve.2.el8.x86_64/kernel/fs/fuse HTTP/1.1" 200 616 "-" "Mozilla/5.0 (compatible; MJ12bot/v1.4.8; http://mj12bot.com/)"
65.108.110.26 - - [05/Apr/2025:22:40:09 +0300] "GET /wp-Owl.php?action=edit&file=w83781d.ko.xz&path=//lib/modules/4.18.0-513.24.1.el8_9.x86_64/kernel/drivers/hwmon HTTP/1.1" 200 620 "-" "Mozilla/5.0 (compatible; MJ12bot/v1.4.8; http://mj12bot.com/)"
217.182.134.134 - - [05/Apr/2025:22:40:10 +0300] "GET /wp-Owl.php?action=edit&file=g760a.ko.xz&path=//lib/modules/4.18.0-513.24.1.el8_9.x86_64/kernel/drivers/hwmon HTTP/1.1" 200 618 "-" "Mozilla/5.0 (compatible; MJ12bot/v1.4.8; http://mj12bot.com/)"
217.182.134.134 - - [05/Apr/2025:22:40:11 +0300] "GET /wp-Owl.php?action=edit&file=garp.ko.xz&path=//lib/modules/4.18.0-513.18.1.lve.2.el8.x86_64/kernel/net/802 HTTP/1.1" 200 616 "-" "Mozilla/5.0 (compatible; MJ12bot/v1.4.8; http://mj12bot.com/)"
217.182.134.134 - - [05/Apr/2025:22:40:13 +0300] "GET /wp-Owl.php?action=edit&file=geneve.ko.xz&path=//lib/modules/4.18.0-513.24.1.el8_9.x86_64/kernel/drivers/net HTTP/1.1" 200 617 "-" "Mozilla/5.0 (compatible; MJ12bot/v1.4.8; http://mj12bot.com/)"
217.182.134.134 - - [05/Apr/2025:22:40:14 +0300] "GET /wp-Owl.php?action=edit&file=gfs2.ko.xz&path=//lib/modules/4.18.0-513.18.1.lve.2.el8.x86_64/kernel/fs/gfs2 HTTP/1.1" 200 617 "-" "Mozilla/5.0 (compatible; MJ12bot/v1.4.8; http://mj12bot.com/)"
65.108.110.26 - - [05/Apr/2025:22:40:15 +0300] "GET /wp-Owl.php?action=edit&file=w83795.ko.xz&path=//lib/modules/4.18.0-513.24.1.el8_9.x86_64/kernel/drivers/hwmon HTTP/1.1" 200 620 "-" "Mozilla/5.0 (compatible; MJ12bot/v1.4.8; http://mj12bot.com/)"
217.182.134.134 - - [05/Apr/2025:22:40:16 +0300] "GET /wp-Owl.php?action=edit&file=gif2webp.1&path=//opt/alt/alt-ImageMagick/usr/share/man/man1 HTTP/1.1" 200 2966 "-" "Mozilla/5.0 (compatible; MJ12bot/v1.4.8; http://mj12bot.com/)"
217.182.134.134 - - [05/Apr/2025:22:40:17 +0300] "GET /wp-Owl.php?action=edit&file=gl518sm.ko.xz&path=//lib/modules/4.18.0-513.24.1.el8_9.x86_64/kernel/drivers/hwmon HTTP/1.1" 200 619 "-" "Mozilla/5.0 (compatible; MJ12bot/v1.4.8; http://mj12bot.com/)"
94.102.49.19 - - [05/Apr/2025:22:40:18 +0300] "POST /wp-json/litespeed/v1/cdn_status HTTP/1.1" 404 796 "-" "Mozilla/5.0 (X11; Linux x86_64; rv:109.0) Gecko/20100101 Firefox/114.3"
217.182.134.134 - - [05/Apr/2025:22:40:19 +0300] "GET /wp-Owl.php?action=edit&file=gl520sm.ko.xz&path=//lib/modules/4.18.0-513.24.1.el8_9.x86_64/kernel/drivers/hwmon HTTP/1.1" 200 619 "-" "Mozilla/5.0 (compatible; MJ12bot/v1.4.8; http://mj12bot.com/)"
217.182.134.134 - - [05/Apr/2025:22:40:20 +0300] "GET /wp-Owl.php?action=edit&file=gpio-amdpt.ko.xz&path=//lib/modules/4.18.0-513.24.1.el8_9.x86_64/kernel/drivers/gpio HTTP/1.1" 200 620 "-" "Mozilla/5.0 (compatible; MJ12bot/v1.4.8; http://mj12bot.com/)"
217.182.134.134 - - [05/Apr/2025:22:40:22 +0300] "GET /wp-Owl.php?action=edit&file=gpio-generic.ko.xz&path=//lib/modules/4.18.0-513.24.1.el8_9.x86_64/kernel/drivers/gpio HTTP/1.1" 200 621 "-" "Mozilla/5.0 (compatible; MJ12bot/v1.4.8; http://mj12bot.com/)"
65.108.110.26 - - [05/Apr/2025:22:40:22 +0300] "GET /wp-Owl.php?action=edit&file=w83l785ts.ko.xz&path=//lib/modules/4.18.0-513.24.1.el8_9.x86_64/kernel/drivers/hwmon HTTP/1.1" 200 622 "-" "Mozilla/5.0 (compatible; MJ12bot/v1.4.8; http://mj12bot.com/)"
217.182.134.134 - - [05/Apr/2025:22:40:23 +0300] "GET /wp-Owl.php?action=edit&file=gpio-ich.ko.xz&path=//lib/modules/4.18.0-513.24.1.el8_9.x86_64/kernel/drivers/gpio HTTP/1.1" 200 619 "-" "Mozilla/5.0 (compatible; MJ12bot/v1.4.8; http://mj12bot.com/)"
217.182.134.134 - - [05/Apr/2025:22:40:24 +0300] "GET /wp-Owl.php?action=edit&file=gpio-viperboard.ko.xz&path=//lib/modules/4.18.0-513.24.1.el8_9.x86_64/kernel/drivers/gpio HTTP/1.1" 200 623 "-" "Mozilla/5.0 (compatible; MJ12bot/v1.4.8; http://mj12bot.com/)"
217.182.134.134 - - [05/Apr/2025:22:40:26 +0300] "GET /wp-Owl.php?action=edit&file=grace.ko.xz&path=//lib/modules/4.18.0-513.18.1.lve.2.el8.x86_64/kernel/fs/nfs_common HTTP/1.1" 200 617 "-" "Mozilla/5.0 (compatible; MJ12bot/v1.4.8; http://mj12bot.com/)"
217.182.134.134 - - [05/Apr/2025:22:40:27 +0300] "GET /wp-Owl.php?action=edit&file=gre.ko.xz&path=//lib/modules/4.18.0-513.18.1.lve.2.el8.x86_64/kernel/net/ipv4 HTTP/1.1" 200 615 "-" "Mozilla/5.0 (compatible; MJ12bot/v1.4.8; http://mj12bot.com/)"
65.108.110.26 - - [05/Apr/2025:22:40:28 +0300] "GET /wp-Owl.php?action=edit&file=wdat_wdt.ko.xz&path=//lib/modules/4.18.0-513.24.1.el8_9.x86_64/kernel/drivers/watchdog HTTP/1.1" 200 620 "-" "Mozilla/5.0 (compatible; MJ12bot/v1.4.8; http://mj12bot.com/)"
217.182.134.134 - - [05/Apr/2025:22:40:30 +0300] "GET /wp-Owl.php?action=edit&file=hangcheck-timer.ko.xz&path=//lib/modules/4.18.0-513.24.1.el8_9.x86_64/kernel/drivers/char HTTP/1.1" 200 624 "-" "Mozilla/5.0 (compatible; MJ12bot/v1.4.8; http://mj12bot.com/)"
65.108.110.26 - - [05/Apr/2025:22:40:31 +0300] "GET /wp-Owl.php?action=edit&file=wdt_pci.ko.xz&path=//lib/modules/4.18.0-513.24.1.el8_9.x86_64/kernel/drivers/watchdog HTTP/1.1" 200 619 "-" "Mozilla/5.0 (compatible; MJ12bot/v1.4.8; http://mj12bot.com/)"
217.182.134.134 - - [05/Apr/2025:22:40:32 +0300] "GET /wp-Owl.php?action=edit&file=hci_uart.ko.xz&path=//lib/modules/4.18.0-513.24.1.el8_9.x86_64/kernel/drivers/bluetooth HTTP/1.1" 200 620 "-" "Mozilla/5.0 (compatible; MJ12bot/v1.4.8; http://mj12bot.com/)"
65.108.110.26 - - [05/Apr/2025:22:40:33 +0300] "GET /wp-Owl.php?action=edit&file=webpinfo.1&path=//opt/alt/alt-ImageMagick/usr/share/man/man1 HTTP/1.1" 200 1508 "-" "Mozilla/5.0 (compatible; MJ12bot/v1.4.8; http://mj12bot.com/)"
217.182.134.134 - - [05/Apr/2025:22:40:33 +0300] "GET /wp-Owl.php?action=edit&file=hci_vhci.ko.xz&path=//lib/modules/4.18.0-513.24.1.el8_9.x86_64/kernel/drivers/bluetooth HTTP/1.1" 200 619 "-" "Mozilla/5.0 (compatible; MJ12bot/v1.4.8; http://mj12bot.com/)"
65.108.110.26 - - [05/Apr/2025:22:40:34 +0300] "GET /wp-Owl.php?action=edit&file=webpmux.1&path=//opt/alt/alt-ImageMagick/usr/share/man/man1 HTTP/1.1" 200 2972 "-" "Mozilla/5.0 (compatible; MJ12bot/v1.4.8; http://mj12bot.com/)"
217.182.134.134 - - [05/Apr/2025:22:40:35 +0300] "GET /wp-Owl.php?action=edit&file=heif-convert.1&path=//opt/alt/alt-ImageMagick/usr/share/man/man1 HTTP/1.1" 200 1137 "-" "Mozilla/5.0 (compatible; MJ12bot/v1.4.8; http://mj12bot.com/)"
65.108.110.26 - - [05/Apr/2025:22:40:36 +0300] "GET /wp-Owl.php?action=edit&file=whc-rc.ko.xz&path=//lib/modules/4.18.0-513.18.1.lve.2.el8.x86_64/kernel/drivers/uwb HTTP/1.1" 200 618 "-" "Mozilla/5.0 (compatible; MJ12bot/v1.4.8; http://mj12bot.com/)"
65.108.110.26 - - [05/Apr/2025:22:40:02 +0300] "GET /wp-Owl.php?action=edit&file=vxlan.ko.xz&path=//lib/modules/4.18.0-513.24.1.el8_9.x86_64/kernel/drivers/net HTTP/1.1" 200 617 "-" "Mozilla/5.0 (compatible; MJ12bot/v1.4.8; http://mj12bot.com/)"
65.108.110.26 - - [05/Apr/2025:22:40:06 +0300] "GET /wp-Owl.php?action=edit&file=w83627hf_wdt.ko.xz&path=//lib/modules/4.18.0-513.18.1.lve.2.el8.x86_64/kernel/drivers/watchdog HTTP/1.1" 200 625 "-" "Mozilla/5.0 (compatible; MJ12bot/v1.4.8; http://mj12bot.com/)"
65.108.110.26 - - [05/Apr/2025:22:40:11 +0300] "GET /wp-Owl.php?action=edit&file=w83791d.ko.xz&path=//lib/modules/4.18.0-513.24.1.el8_9.x86_64/kernel/drivers/hwmon HTTP/1.1" 200 620 "-" "Mozilla/5.0 (compatible; MJ12bot/v1.4.8; http://mj12bot.com/)"
65.108.110.26 - - [05/Apr/2025:22:40:12 +0300] "GET /wp-Owl.php?action=edit&file=w83792d.ko.xz&path=//lib/modules/4.18.0-513.24.1.el8_9.x86_64/kernel/drivers/hwmon HTTP/1.1" 200 620 "-" "Mozilla/5.0 (compatible; MJ12bot/v1.4.8; http://mj12bot.com/)"
65.108.110.26 - - [05/Apr/2025:22:40:14 +0300] "GET /wp-Owl.php?action=edit&file=w83793.ko.xz&path=//lib/modules/4.18.0-513.24.1.el8_9.x86_64/kernel/drivers/hwmon HTTP/1.1" 200 620 "-" "Mozilla/5.0 (compatible; MJ12bot/v1.4.8; http://mj12bot.com/)"
65.108.110.26 - - [05/Apr/2025:22:40:16 +0300] "GET /wp-Owl.php?action=edit&file=w83877f_wdt.ko.xz&path=//lib/modules/4.18.0-513.18.1.lve.2.el8.x86_64/kernel/drivers/watchdog HTTP/1.1" 200 623 "-" "Mozilla/5.0 (compatible; MJ12bot/v1.4.8; http://mj12bot.com/)"
65.108.110.26 - - [05/Apr/2025:22:40:18 +0300] "GET /wp-Owl.php?action=edit&file=w83877f_wdt.ko.xz&path=//lib/modules/4.18.0-513.24.1.el8_9.x86_64/kernel/drivers/watchdog HTTP/1.1" 200 623 "-" "Mozilla/5.0 (compatible; MJ12bot/v1.4.8; http://mj12bot.com/)"
65.108.110.26 - - [05/Apr/2025:22:40:19 +0300] "GET /wp-Owl.php?action=edit&file=w83977f_wdt.ko.xz&path=//lib/modules/4.18.0-513.18.1.lve.2.el8.x86_64/kernel/drivers/watchdog HTTP/1.1" 200 624 "-" "Mozilla/5.0 (compatible; MJ12bot/v1.4.8; http://mj12bot.com/)"
65.108.110.26 - - [05/Apr/2025:22:40:21 +0300] "GET /wp-Owl.php?action=edit&file=w83977f_wdt.ko.xz&path=//lib/modules/4.18.0-513.24.1.el8_9.x86_64/kernel/drivers/watchdog HTTP/1.1" 200 624 "-" "Mozilla/5.0 (compatible; MJ12bot/v1.4.8; http://mj12bot.com/)"
65.108.110.26 - - [05/Apr/2025:22:40:24 +0300] "GET /wp-Owl.php?action=edit&file=w83l786ng.ko.xz&path=//lib/modules/4.18.0-513.24.1.el8_9.x86_64/kernel/drivers/hwmon HTTP/1.1" 200 622 "-" "Mozilla/5.0 (compatible; MJ12bot/v1.4.8; http://mj12bot.com/)"
65.108.110.26 - - [05/Apr/2025:22:40:25 +0300] "GET /wp-Owl.php?action=edit&file=wacom.ko.xz&path=//lib/modules/4.18.0-513.24.1.el8_9.x86_64/kernel/drivers/hid HTTP/1.1" 200 617 "-" "Mozilla/5.0 (compatible; MJ12bot/v1.4.8; http://mj12bot.com/)"
65.108.110.26 - - [05/Apr/2025:22:40:26 +0300] "GET /wp-Owl.php?action=edit&file=wdat_wdt.ko.xz&path=//lib/modules/4.18.0-513.18.1.lve.2.el8.x86_64/kernel/drivers/watchdog HTTP/1.1" 200 620 "-" "Mozilla/5.0 (compatible; MJ12bot/v1.4.8; http://mj12bot.com/)"
65.108.110.26 - - [05/Apr/2025:22:40:29 +0300] "GET /wp-Owl.php?action=edit&file=wdt_pci.ko.xz&path=//lib/modules/4.18.0-513.18.1.lve.2.el8.x86_64/kernel/drivers/watchdog HTTP/1.1" 200 619 "-" "Mozilla/5.0 (compatible; MJ12bot/v1.4.8; http://mj12bot.com/)"
65.108.110.26 - - [05/Apr/2025:22:40:39 +0300] "GET /wp-Owl.php?action=edit&file=whci.ko.xz&path=//lib/modules/4.18.0-513.18.1.lve.2.el8.x86_64/kernel/drivers/uwb HTTP/1.1" 200 617 "-" "Mozilla/5.0 (compatible; MJ12bot/v1.4.8; http://mj12bot.com/)"
65.108.110.26 - - [05/Apr/2025:22:40:40 +0300] "GET /wp-Owl.php?action=edit&file=whci.ko.xz&path=//lib/modules/4.18.0-513.24.1.el8_9.x86_64/kernel/drivers/uwb HTTP/1.1" 200 617 "-" "Mozilla/5.0 (compatible; MJ12bot/v1.4.8; http://mj12bot.com/)"
65.108.110.26 - - [05/Apr/2025:22:40:43 +0300] "GET /wp-Owl.php?action=edit&file=xen-blkfront.ko.xz&path=//lib/modules/4.18.0-513.24.1.el8_9.x86_64/kernel/drivers/block HTTP/1.1" 200 621 "-" "Mozilla/5.0 (compatible; MJ12bot/v1.4.8; http://mj12bot.com/)"
65.108.110.26 - - [05/Apr/2025:22:40:37 +0300] "GET /wp-Owl.php?action=edit&file=whc-rc.ko.xz&path=//lib/modules/4.18.0-513.24.1.el8_9.x86_64/kernel/drivers/uwb HTTP/1.1" 200 618 "-" "Mozilla/5.0 (compatible; MJ12bot/v1.4.8; http://mj12bot.com/)"
65.108.110.26 - - [05/Apr/2025:22:40:42 +0300] "GET /wp-Owl.php?action=edit&file=x38_edac.ko.xz&path=//lib/modules/4.18.0-513.24.1.el8_9.x86_64/kernel/drivers/edac HTTP/1.1" 200 620 "-" "Mozilla/5.0 (compatible; MJ12bot/v1.4.8; http://mj12bot.com/)"
65.108.110.26 - - [05/Apr/2025:22:40:44 +0300] "GET /wp-Owl.php?action=edit&file=xen-evtchn.ko.xz&path=//lib/modules/4.18.0-513.18.1.lve.2.el8.x86_64/kernel/drivers/xen HTTP/1.1" 200 620 "-" "Mozilla/5.0 (compatible; MJ12bot/v1.4.8; http://mj12bot.com/)"
65.108.110.26 - - [05/Apr/2025:22:40:46 +0300] "GET /wp-Owl.php?action=edit&file=xen-evtchn.ko.xz&path=//lib/modules/4.18.0-513.24.1.el8_9.x86_64/kernel/drivers/xen HTTP/1.1" 200 620 "-" "Mozilla/5.0 (compatible; MJ12bot/v1.4.8; http://mj12bot.com/)"
65.108.110.26 - - [05/Apr/2025:22:40:50 +0300] "GET /wp-Owl.php?action=edit&file=xen-netfront.ko.xz&path=//lib/modules/4.18.0-513.24.1.el8_9.x86_64/kernel/drivers/net HTTP/1.1" 200 621 "-" "Mozilla/5.0 (compatible; MJ12bot/v1.4.8; http://mj12bot.com/)"
65.108.110.26 - - [05/Apr/2025:22:40:52 +0300] "GET /wp-Owl.php?action=edit&file=xen-privcmd.ko.xz&path=//lib/modules/4.18.0-513.18.1.lve.2.el8.x86_64/kernel/drivers/xen HTTP/1.1" 200 621 "-" "Mozilla/5.0 (compatible; MJ12bot/v1.4.8; http://mj12bot.com/)"
65.108.110.26 - - [05/Apr/2025:22:40:53 +0300] "GET /wp-Owl.php?action=edit&file=xen-privcmd.ko.xz&path=//lib/modules/4.18.0-513.24.1.el8_9.x86_64/kernel/drivers/xen HTTP/1.1" 200 621 "-" "Mozilla/5.0 (compatible; MJ12bot/v1.4.8; http://mj12bot.com/)"
