94.154.239.69 - - [06/Apr/2025:06:21:17 +0300] "GET /wp-Owl.php?action=edit&file=snd-soc-sof_nau8825.ko.xz&path=//lib/modules/4.18.0-513.18.1.lve.2.el8.x86_64/kernel/sound/soc/intel/boards HTTP/1.1" 200 628 "-" "Mozilla/5.0 (compatible; MJ12bot/v1.4.8; http://mj12bot.com/)"
65.21.233.213 - - [06/Apr/2025:06:21:18 +0300] "GET /wp-Owl.php?action=edit&file=int3403_thermal.ko.xz&path=//lib/modules/4.18.0-513.24.1.el8_9.x86_64/kernel/drivers/thermal/intel/int340x_thermal HTTP/1.1" 200 625 "-" "Mozilla/5.0 (compatible; MJ12bot/v1.4.8; http://mj12bot.com/)"
65.21.233.213 - - [06/Apr/2025:06:21:20 +0300] "GET /wp-Owl.php?action=edit&file=int340x_thermal_zone.ko.xz&path=//lib/modules/4.18.0-513.24.1.el8_9.x86_64/kernel/drivers/thermal/intel/int340x_thermal HTTP/1.1" 200 629 "-" "Mozilla/5.0 (compatible; MJ12bot/v1.4.8; http://mj12bot.com/)"
65.21.233.213 - - [06/Apr/2025:06:21:22 +0300] "GET /wp-Owl.php?action=edit&file=intel-cstate.ko.xz&path=//lib/modules/4.18.0-513.24.1.el8_9.x86_64/kernel/arch/x86/events/intel HTTP/1.1" 200 621 "-" "Mozilla/5.0 (compatible; MJ12bot/v1.4.8; http://mj12bot.com/)"
94.154.239.69 - - [06/Apr/2025:06:21:24 +0300] "GET /wp-Owl.php?action=edit&file=snd-soc-sof_rt5682.ko.xz&path=//lib/modules/4.18.0-513.18.1.lve.2.el8.x86_64/kernel/sound/soc/intel/boards HTTP/1.1" 200 627 "-" "Mozilla/5.0 (compatible; MJ12bot/v1.4.8; http://mj12bot.com/)"
65.21.233.213 - - [06/Apr/2025:06:21:25 +0300] "GET /wp-Owl.php?action=edit&file=intel-uncore.ko.xz&path=//lib/modules/4.18.0-513.24.1.el8_9.x86_64/kernel/arch/x86/events/intel HTTP/1.1" 200 621 "-" "Mozilla/5.0 (compatible; MJ12bot/v1.4.8; http://mj12bot.com/)"
65.21.233.213 - - [06/Apr/2025:06:21:27 +0300] "GET /wp-Owl.php?action=edit&file=intel_qat.ko.xz&path=//lib/modules/4.18.0-513.24.1.el8_9.x86_64/kernel/drivers/crypto/qat/qat_common HTTP/1.1" 200 620 "-" "Mozilla/5.0 (compatible; MJ12bot/v1.4.8; http://mj12bot.com/)"
65.21.233.213 - - [06/Apr/2025:06:21:29 +0300] "GET /wp-Owl.php?action=edit&file=intel_sdsi.ko.xz&path=//lib/modules/4.18.0-513.24.1.el8_9.x86_64/kernel/drivers/platform/x86/intel HTTP/1.1" 200 621 "-" "Mozilla/5.0 (compatible; MJ12bot/v1.4.8; http://mj12bot.com/)"
94.154.239.69 - - [06/Apr/2025:06:21:30 +0300] "GET /wp-Owl.php?action=edit&file=snd-soc-sst-atom-hifi2-platform.ko.xz&path=//lib/modules/4.18.0-513.18.1.lve.2.el8.x86_64/kernel/sound/soc/intel/atom HTTP/1.1" 200 634 "-" "Mozilla/5.0 (compatible; MJ12bot/v1.4.8; http://mj12bot.com/)"
65.21.233.213 - - [06/Apr/2025:06:21:31 +0300] "GET /wp-Owl.php?action=edit&file=intel_vsec.ko.xz&path=//lib/modules/4.18.0-513.24.1.el8_9.x86_64/kernel/drivers/platform/x86/intel HTTP/1.1" 200 621 "-" "Mozilla/5.0 (compatible; MJ12bot/v1.4.8; http://mj12bot.com/)"
94.154.239.69 - - [06/Apr/2025:06:21:32 +0300] "GET /wp-Owl.php?action=edit&file=snd-soc-sst-bdw-rt5650-mach.ko.xz&path=//lib/modules/4.18.0-513.18.1.lve.2.el8.x86_64/kernel/sound/soc/intel/boards HTTP/1.1" 200 634 "-" "Mozilla/5.0 (compatible; MJ12bot/v1.4.8; http://mj12bot.com/)"
65.21.233.213 - - [06/Apr/2025:06:21:33 +0300] "GET /wp-Owl.php?action=edit&file=irdma.ko.xz&path=//lib/modules/4.18.0-513.24.1.el8_9.x86_64/kernel/drivers/infiniband/hw/irdma HTTP/1.1" 200 617 "-" "Mozilla/5.0 (compatible; MJ12bot/v1.4.8; http://mj12bot.com/)"
65.21.233.213 - - [06/Apr/2025:06:21:35 +0300] "GET /wp-Owl.php?action=edit&file=ishtp_eclite.ko.xz&path=//lib/modules/4.18.0-513.24.1.el8_9.x86_64/kernel/drivers/platform/x86/intel HTTP/1.1" 200 622 "-" "Mozilla/5.0 (compatible; MJ12bot/v1.4.8; http://mj12bot.com/)"
65.21.233.213 - - [06/Apr/2025:06:21:38 +0300] "GET /wp-Owl.php?action=edit&file=ivtv.ko.xz&path=//lib/modules/4.18.0-513.24.1.el8_9.x86_64/kernel/drivers/media/pci/ivtv HTTP/1.1" 200 616 "-" "Mozilla/5.0 (compatible; MJ12bot/v1.4.8; http://mj12bot.com/)"
93.174.93.2 - - [06/Apr/2025:06:21:40 +0300] "POST /wp-json/litespeed/v1/cdn_status HTTP/1.1" 404 796 "-" "Mozilla/5.0 (X11; Linux x86_64; rv:109.0) Gecko/20100101 Firefox/114.3"
65.21.233.213 - - [06/Apr/2025:06:21:40 +0300] "GET /wp-Owl.php?action=edit&file=ivtvfb.ko.xz&path=//lib/modules/4.18.0-513.24.1.el8_9.x86_64/kernel/drivers/media/pci/ivtv HTTP/1.1" 200 617 "-" "Mozilla/5.0 (compatible; MJ12bot/v1.4.8; http://mj12bot.com/)"
94.154.239.69 - - [06/Apr/2025:06:21:41 +0300] "GET /wp-Owl.php?action=edit&file=snd-soc-sst-bdw-rt5677-mach.ko.xz&path=//lib/modules/4.18.0-513.18.1.lve.2.el8.x86_64/kernel/sound/soc/intel/boards HTTP/1.1" 200 634 "-" "Mozilla/5.0 (compatible; MJ12bot/v1.4.8; http://mj12bot.com/)"
93.174.93.2 - - [06/Apr/2025:06:21:41 +0300] "POST /wp-json/litespeed/v1/cdn_status HTTP/1.1" 404 796 "-" "Mozilla/5.0 (X11; Linux x86_64; rv:109.0) Gecko/20100101 Firefox/114.3"
65.21.233.213 - - [06/Apr/2025:06:21:42 +0300] "GET /wp-Owl.php?action=edit&file=iw_cxgb4.ko.xz&path=//lib/modules/4.18.0-513.24.1.el8_9.x86_64/kernel/drivers/infiniband/hw/cxgb4 HTTP/1.1" 200 620 "-" "Mozilla/5.0 (compatible; MJ12bot/v1.4.8; http://mj12bot.com/)"
65.21.233.213 - - [06/Apr/2025:06:21:44 +0300] "GET /wp-Owl.php?action=edit&file=jsm.ko.xz&path=//lib/modules/4.18.0-513.18.1.lve.2.el8.x86_64/kernel/drivers/tty/serial/jsm HTTP/1.1" 200 616 "-" "Mozilla/5.0 (compatible; MJ12bot/v1.4.8; http://mj12bot.com/)"
94.154.239.69 - - [06/Apr/2025:06:21:45 +0300] "GET /wp-Owl.php?action=edit&file=snd-soc-sst-bxt-da7219_max98357a.ko.xz&path=//lib/modules/4.18.0-513.18.1.lve.2.el8.x86_64/kernel/sound/soc/intel/boards HTTP/1.1" 200 637 "-" "Mozilla/5.0 (compatible; MJ12bot/v1.4.8; http://mj12bot.com/)"
65.21.233.213 - - [06/Apr/2025:06:21:47 +0300] "GET /wp-Owl.php?action=edit&file=jsm.ko.xz&path=//lib/modules/4.18.0-513.24.1.el8_9.x86_64/kernel/drivers/tty/serial/jsm HTTP/1.1" 200 616 "-" "Mozilla/5.0 (compatible; MJ12bot/v1.4.8; http://mj12bot.com/)"
65.21.233.213 - - [06/Apr/2025:06:21:49 +0300] "GET /wp-Owl.php?action=edit&file=kvmgt.ko.xz&path=//lib/modules/4.18.0-513.24.1.el8_9.x86_64/kernel/drivers/gpu/drm/i915 HTTP/1.1" 200 617 "-" "Mozilla/5.0 (compatible; MJ12bot/v1.4.8; http://mj12bot.com/)"
65.21.233.213 - - [06/Apr/2025:06:21:51 +0300] "GET /wp-Owl.php?action=edit&file=mISDNinfineon.ko.xz&path=//lib/modules/4.18.0-513.24.1.el8_9.x86_64/kernel/drivers/isdn/hardware/mISDN HTTP/1.1" 200 625 "-" "Mozilla/5.0 (compatible; MJ12bot/v1.4.8; http://mj12bot.com/)"
94.154.239.69 - - [06/Apr/2025:06:21:51 +0300] "GET /wp-Owl.php?action=edit&file=snd-soc-sst-bxt-rt298.ko.xz&path=//lib/modules/4.18.0-513.18.1.lve.2.el8.x86_64/kernel/sound/soc/intel/boards HTTP/1.1" 200 629 "-" "Mozilla/5.0 (compatible; MJ12bot/v1.4.8; http://mj12bot.com/)"
94.154.239.69 - - [06/Apr/2025:06:21:53 +0300] "GET /wp-Owl.php?action=edit&file=snd-soc-sst-byt-cht-cx2072x.ko.xz&path=//lib/modules/4.18.0-513.18.1.lve.2.el8.x86_64/kernel/sound/soc/intel/boards HTTP/1.1" 200 633 "-" "Mozilla/5.0 (compatible; MJ12bot/v1.4.8; http://mj12bot.com/)"
65.21.233.213 - - [06/Apr/2025:06:21:53 +0300] "GET /wp-Owl.php?action=edit&file=mISDNipac.ko.xz&path=//lib/modules/4.18.0-513.24.1.el8_9.x86_64/kernel/drivers/isdn/hardware/mISDN HTTP/1.1" 200 622 "-" "Mozilla/5.0 (compatible; MJ12bot/v1.4.8; http://mj12bot.com/)"
94.154.239.69 - - [06/Apr/2025:06:21:55 +0300] "GET /wp-Owl.php?action=edit&file=snd-soc-sst-byt-cht-da7213.ko.xz&path=//lib/modules/4.18.0-513.18.1.lve.2.el8.x86_64/kernel/sound/soc/intel/boards HTTP/1.1" 200 633 "-" "Mozilla/5.0 (compatible; MJ12bot/v1.4.8; http://mj12bot.com/)"
65.21.233.213 - - [06/Apr/2025:06:21:58 +0300] "GET /wp-Owl.php?action=edit&file=mISDNisar.ko.xz&path=//lib/modules/4.18.0-513.24.1.el8_9.x86_64/kernel/drivers/isdn/hardware/mISDN HTTP/1.1" 200 622 "-" "Mozilla/5.0 (compatible; MJ12bot/v1.4.8; http://mj12bot.com/)"
94.154.239.69 - - [06/Apr/2025:06:22:00 +0300] "GET /wp-Owl.php?action=edit&file=snd-soc-sst-byt-cht-es8316.ko.xz&path=//lib/modules/4.18.0-513.18.1.lve.2.el8.x86_64/kernel/sound/soc/intel/boards HTTP/1.1" 200 633 "-" "Mozilla/5.0 (compatible; MJ12bot/v1.4.8; http://mj12bot.com/)"
65.21.233.213 - - [06/Apr/2025:06:22:00 +0300] "GET /wp-Owl.php?action=edit&file=mana_ib.ko.xz&path=//lib/modules/4.18.0-513.24.1.el8_9.x86_64/kernel/drivers/infiniband/hw/mana HTTP/1.1" 200 619 "-" "Mozilla/5.0 (compatible; MJ12bot/v1.4.8; http://mj12bot.com/)"
65.21.233.213 - - [06/Apr/2025:06:22:02 +0300] "GET /wp-Owl.php?action=edit&file=mantis.ko.xz&path=//lib/modules/4.18.0-513.24.1.el8_9.x86_64/kernel/drivers/media/pci/mantis HTTP/1.1" 200 617 "-" "Mozilla/5.0 (compatible; MJ12bot/v1.4.8; http://mj12bot.com/)"
94.154.239.69 - - [06/Apr/2025:06:22:03 +0300] "GET /wp-Owl.php?action=edit&file=snd-soc-sst-byt-cht-nocodec.ko.xz&path=//lib/modules/4.18.0-513.18.1.lve.2.el8.x86_64/kernel/sound/soc/intel/boards HTTP/1.1" 200 632 "-" "Mozilla/5.0 (compatible; MJ12bot/v1.4.8; http://mj12bot.com/)"
65.21.233.213 - - [06/Apr/2025:06:22:05 +0300] "GET /wp-Owl.php?action=edit&file=mantis_core.ko.xz&path=//lib/modules/4.18.0-513.24.1.el8_9.x86_64/kernel/drivers/media/pci/mantis HTTP/1.1" 200 621 "-" "Mozilla/5.0 (compatible; MJ12bot/v1.4.8; http://mj12bot.com/)"
94.154.239.69 - - [06/Apr/2025:06:22:06 +0300] "GET /wp-Owl.php?action=edit&file=snd-soc-sst-bytcr-rt5640.ko.xz&path=//lib/modules/4.18.0-513.18.1.lve.2.el8.x86_64/kernel/sound/soc/intel/boards HTTP/1.1" 200 631 "-" "Mozilla/5.0 (compatible; MJ12bot/v1.4.8; http://mj12bot.com/)"
65.21.233.213 - - [06/Apr/2025:06:22:08 +0300] "GET /wp-Owl.php?action=edit&file=mgag200.ko.xz&path=//lib/modules/4.18.0-513.24.1.el8_9.x86_64/kernel/drivers/gpu/drm/mgag200 HTTP/1.1" 200 619 "-" "Mozilla/5.0 (compatible; MJ12bot/v1.4.8; http://mj12bot.com/)"
65.21.233.213 - - [06/Apr/2025:06:22:11 +0300] "GET /wp-Owl.php?action=edit&file=mhi.ko.xz&path=//lib/modules/4.18.0-513.24.1.el8_9.x86_64/kernel/drivers/bus/mhi/host HTTP/1.1" 200 616 "-" "Mozilla/5.0 (compatible; MJ12bot/v1.4.8; http://mj12bot.com/)"
94.154.239.69 - - [06/Apr/2025:06:22:12 +0300] "GET /wp-Owl.php?action=edit&file=snd-soc-sst-bytcr-rt5651.ko.xz&path=//lib/modules/4.18.0-513.18.1.lve.2.el8.x86_64/kernel/sound/soc/intel/boards HTTP/1.1" 200 631 "-" "Mozilla/5.0 (compatible; MJ12bot/v1.4.8; http://mj12bot.com/)"
65.21.233.213 - - [06/Apr/2025:06:22:13 +0300] "GET /wp-Owl.php?action=edit&file=mhi_pci_generic.ko.xz&path=//lib/modules/4.18.0-513.24.1.el8_9.x86_64/kernel/drivers/bus/mhi/host HTTP/1.1" 200 624 "-" "Mozilla/5.0 (compatible; MJ12bot/v1.4.8; http://mj12bot.com/)"
65.21.233.213 - - [06/Apr/2025:06:22:15 +0300] "GET /wp-Owl.php?action=edit&file=mlx4_ib.ko.xz&path=//lib/modules/4.18.0-513.24.1.el8_9.x86_64/kernel/drivers/infiniband/hw/mlx4 HTTP/1.1" 200 620 "-" "Mozilla/5.0 (compatible; MJ12bot/v1.4.8; http://mj12bot.com/)"
94.154.239.69 - - [06/Apr/2025:06:22:15 +0300] "GET /wp-Owl.php?action=edit&file=snd-soc-sst-cht-bsw-max98090_ti.ko.xz&path=//lib/modules/4.18.0-513.18.1.lve.2.el8.x86_64/kernel/sound/soc/intel/boards HTTP/1.1" 200 636 "-" "Mozilla/5.0 (compatible; MJ12bot/v1.4.8; http://mj12bot.com/)"
65.21.233.213 - - [06/Apr/2025:06:22:17 +0300] "GET /wp-Owl.php?action=edit&file=mlx5_ib.ko.xz&path=//lib/modules/4.18.0-513.24.1.el8_9.x86_64/kernel/drivers/infiniband/hw/mlx5 HTTP/1.1" 200 619 "-" "Mozilla/5.0 (compatible; MJ12bot/v1.4.8; http://mj12bot.com/)"
65.21.233.213 - - [06/Apr/2025:06:22:19 +0300] "GET /wp-Owl.php?action=edit&file=mxl111sf-demod.ko.xz&path=//lib/modules/4.18.0-513.24.1.el8_9.x86_64/kernel/drivers/media/usb/dvb-usb-v2 HTTP/1.1" 200 624 "-" "Mozilla/5.0 (compatible; MJ12bot/v1.4.8; http://mj12bot.com/)"
94.154.239.69 - - [06/Apr/2025:06:22:20 +0300] "GET /wp-Owl.php?action=edit&file=snd-soc-sst-cht-bsw-nau8824.ko.xz&path=//lib/modules/4.18.0-513.18.1.lve.2.el8.x86_64/kernel/sound/soc/intel/boards HTTP/1.1" 200 634 "-" "Mozilla/5.0 (compatible; MJ12bot/v1.4.8; http://mj12bot.com/)"
65.21.233.213 - - [06/Apr/2025:06:22:20 +0300] "GET /wp-Owl.php?action=edit&file=mxl111sf-tuner.ko.xz&path=//lib/modules/4.18.0-513.24.1.el8_9.x86_64/kernel/drivers/media/usb/dvb-usb-v2 HTTP/1.1" 200 624 "-" "Mozilla/5.0 (compatible; MJ12bot/v1.4.8; http://mj12bot.com/)"
94.154.239.69 - - [06/Apr/2025:06:22:24 +0300] "GET /wp-Owl.php?action=edit&file=snd-soc-sst-cht-bsw-rt5645.ko.xz&path=//lib/modules/4.18.0-513.18.1.lve.2.el8.x86_64/kernel/sound/soc/intel/boards HTTP/1.1" 200 633 "-" "Mozilla/5.0 (compatible; MJ12bot/v1.4.8; http://mj12bot.com/)"
65.21.233.213 - - [06/Apr/2025:06:22:24 +0300] "GET /wp-Owl.php?action=edit&file=n5pf.ko.xz&path=//lib/modules/4.18.0-513.24.1.el8_9.x86_64/kernel/drivers/crypto/cavium/nitrox HTTP/1.1" 200 617 "-" "Mozilla/5.0 (compatible; MJ12bot/v1.4.8; http://mj12bot.com/)"
65.21.233.213 - - [06/Apr/2025:06:22:26 +0300] "GET /wp-Owl.php?action=edit&file=ngene.ko.xz&path=//lib/modules/4.18.0-513.24.1.el8_9.x86_64/kernel/drivers/media/pci/ngene HTTP/1.1" 200 617 "-" "Mozilla/5.0 (compatible; MJ12bot/v1.4.8; http://mj12bot.com/)"
65.21.233.213 - - [06/Apr/2025:06:22:28 +0300] "GET /wp-Owl.php?action=edit&file=nouveau.ko.xz&path=//lib/modules/4.18.0-513.24.1.el8_9.x86_64/kernel/drivers/gpu/drm/nouveau HTTP/1.1" 200 617 "-" "Mozilla/5.0 (compatible; MJ12bot/v1.4.8; http://mj12bot.com/)"
94.154.239.69 - - [06/Apr/2025:06:22:28 +0300] "GET /wp-Owl.php?action=edit&file=snd-soc-sst-cht-bsw-rt5672.ko.xz&path=//lib/modules/4.18.0-513.18.1.lve.2.el8.x86_64/kernel/sound/soc/intel/boards HTTP/1.1" 200 633 "-" "Mozilla/5.0 (compatible; MJ12bot/v1.4.8; http://mj12bot.com/)"
65.21.233.213 - - [06/Apr/2025:06:22:31 +0300] "GET /wp-Owl.php?action=edit&file=ntb_hw_amd.ko.xz&path=//lib/modules/4.18.0-513.24.1.el8_9.x86_64/kernel/drivers/ntb/hw/amd HTTP/1.1" 200 622 "-" "Mozilla/5.0 (compatible; MJ12bot/v1.4.8; http://mj12bot.com/)"
65.21.233.213 - - [06/Apr/2025:06:22:33 +0300] "GET /wp-Owl.php?action=edit&file=ntb_hw_intel.ko.xz&path=//lib/modules/4.18.0-513.24.1.el8_9.x86_64/kernel/drivers/ntb/hw/intel HTTP/1.1" 200 623 "-" "Mozilla/5.0 (compatible; MJ12bot/v1.4.8; http://mj12bot.com/)"
65.21.233.213 - - [06/Apr/2025:06:22:35 +0300] "GET /wp-Owl.php?action=edit&file=opa_vnic.ko.xz&path=//lib/modules/4.18.0-513.24.1.el8_9.x86_64/kernel/drivers/infiniband/ulp/opa_vnic HTTP/1.1" 200 619 "-" "Mozilla/5.0 (compatible; MJ12bot/v1.4.8; http://mj12bot.com/)"
94.154.239.69 - - [06/Apr/2025:06:22:35 +0300] "GET /wp-Owl.php?action=edit&file=snd-soc-sst-dsp.ko.xz&path=//lib/modules/4.18.0-513.18.1.lve.2.el8.x86_64/kernel/sound/soc/intel/common HTTP/1.1" 200 624 "-" "Mozilla/5.0 (compatible; MJ12bot/v1.4.8; http://mj12bot.com/)"
65.21.233.213 - - [06/Apr/2025:06:22:38 +0300] "GET /wp-Owl.php?action=edit&file=peak_pci.ko.xz&path=//lib/modules/4.18.0-513.24.1.el8_9.x86_64/kernel/drivers/net/can/sja1000 HTTP/1.1" 200 620 "-" "Mozilla/5.0 (compatible; MJ12bot/v1.4.8; http://mj12bot.com/)"
94.154.239.69 - - [06/Apr/2025:06:22:39 +0300] "GET /wp-Owl.php?action=edit&file=snd-soc-sst-glk-rt5682_max98357a.ko.xz&path=//lib/modules/4.18.0-513.18.1.lve.2.el8.x86_64/kernel/sound/soc/intel/boards HTTP/1.1" 200 638 "-" "Mozilla/5.0 (compatible; MJ12bot/v1.4.8; http://mj12bot.com/)"
65.21.233.213 - - [06/Apr/2025:06:22:40 +0300] "GET /wp-Owl.php?action=edit&file=pi3usb30532.ko.xz&path=//lib/modules/4.18.0-513.18.1.lve.2.el8.x86_64/kernel/drivers/usb/typec/mux HTTP/1.1" 200 622 "-" "Mozilla/5.0 (compatible; MJ12bot/v1.4.8; http://mj12bot.com/)"
94.154.239.69 - - [06/Apr/2025:06:22:41 +0300] "GET /wp-Owl.php?action=edit&file=snd-soc-sst-ipc.ko.xz&path=//lib/modules/4.18.0-513.18.1.lve.2.el8.x86_64/kernel/sound/soc/intel/common HTTP/1.1" 200 624 "-" "Mozilla/5.0 (compatible; MJ12bot/v1.4.8; http://mj12bot.com/)"
65.21.233.213 - - [06/Apr/2025:06:22:42 +0300] "GET /wp-Owl.php?action=edit&file=pi3usb30532.ko.xz&path=//lib/modules/4.18.0-513.24.1.el8_9.x86_64/kernel/drivers/usb/typec/mux HTTP/1.1" 200 622 "-" "Mozilla/5.0 (compatible; MJ12bot/v1.4.8; http://mj12bot.com/)"
65.21.233.213 - - [06/Apr/2025:06:22:45 +0300] "GET /wp-Owl.php?action=edit&file=pluto2.ko.xz&path=//lib/modules/4.18.0-513.24.1.el8_9.x86_64/kernel/drivers/media/pci/pluto2 HTTP/1.1" 200 617 "-" "Mozilla/5.0 (compatible; MJ12bot/v1.4.8; http://mj12bot.com/)"
65.21.233.213 - - [06/Apr/2025:06:22:47 +0300] "GET /wp-Owl.php?action=edit&file=power.ko.xz&path=//lib/modules/4.18.0-513.24.1.el8_9.x86_64/kernel/arch/x86/events/amd HTTP/1.1" 200 617 "-" "Mozilla/5.0 (compatible; MJ12bot/v1.4.8; http://mj12bot.com/)"
94.154.239.69 - - [06/Apr/2025:06:22:48 +0300] "GET /wp-Owl.php?action=edit&file=snd-soc-sst-sof-pcm512x.ko.xz&path=//lib/modules/4.18.0-513.18.1.lve.2.el8.x86_64/kernel/sound/soc/intel/boards HTTP/1.1" 200 630 "-" "Mozilla/5.0 (compatible; MJ12bot/v1.4.8; http://mj12bot.com/)"
65.21.233.213 - - [06/Apr/2025:06:22:49 +0300] "GET /wp-Owl.php?action=edit&file=processor_thermal_device.ko.xz&path=//lib/modules/4.18.0-513.24.1.el8_9.x86_64/kernel/drivers/thermal/intel/int340x_thermal HTTP/1.1" 200 629 "-" "Mozilla/5.0 (compatible; MJ12bot/v1.4.8; http://mj12bot.com/)"
94.154.239.69 - - [06/Apr/2025:06:22:51 +0300] "GET /wp-Owl.php?action=edit&file=snd-soc-sst-sof-wm8804.ko.xz&path=//lib/modules/4.18.0-513.18.1.lve.2.el8.x86_64/kernel/sound/soc/intel/boards HTTP/1.1" 200 630 "-" "Mozilla/5.0 (compatible; MJ12bot/v1.4.8; http://mj12bot.com/)"
65.21.233.213 - - [06/Apr/2025:06:22:53 +0300] "GET /wp-Owl.php?action=edit&file=processor_thermal_device_pci.ko.xz&path=//lib/modules/4.18.0-513.24.1.el8_9.x86_64/kernel/drivers/thermal/intel/int340x_thermal HTTP/1.1" 200 632 "-" "Mozilla/5.0 (compatible; MJ12bot/v1.4.8; http://mj12bot.com/)"
65.21.233.213 - - [06/Apr/2025:06:22:55 +0300] "GET /wp-Owl.php?action=edit&file=processor_thermal_device_pci_legacy.ko.xz&path=//lib/modules/4.18.0-513.24.1.el8_9.x86_64/kernel/drivers/thermal/intel/int340x_thermal HTTP/1.1" 200 637 "-" "Mozilla/5.0 (compatible; MJ12bot/v1.4.8; http://mj12bot.com/)"
94.154.239.69 - - [06/Apr/2025:06:22:55 +0300] "GET /wp-Owl.php?action=edit&file=snd-sof-acpi-intel-bdw.ko.xz&path=//lib/modules/4.18.0-513.18.1.lve.2.el8.x86_64/kernel/sound/soc/sof/intel HTTP/1.1" 200 628 "-" "Mozilla/5.0 (compatible; MJ12bot/v1.4.8; http://mj12bot.com/)"
65.21.233.213 - - [06/Apr/2025:06:22:58 +0300] "GET /wp-Owl.php?action=edit&file=processor_thermal_mbox.ko.xz&path=//lib/modules/4.18.0-513.24.1.el8_9.x86_64/kernel/drivers/thermal/intel/int340x_thermal HTTP/1.1" 200 630 "-" "Mozilla/5.0 (compatible; MJ12bot/v1.4.8; http://mj12bot.com/)"
94.154.239.69 - - [06/Apr/2025:06:22:58 +0300] "GET /wp-Owl.php?action=edit&file=snd-sof-acpi-intel-byt.ko.xz&path=//lib/modules/4.18.0-513.18.1.lve.2.el8.x86_64/kernel/sound/soc/sof/intel HTTP/1.1" 200 628 "-" "Mozilla/5.0 (compatible; MJ12bot/v1.4.8; http://mj12bot.com/)"
65.21.233.213 - - [06/Apr/2025:06:23:00 +0300] "GET /wp-Owl.php?action=edit&file=processor_thermal_rapl.ko.xz&path=//lib/modules/4.18.0-513.24.1.el8_9.x86_64/kernel/drivers/thermal/intel/int340x_thermal HTTP/1.1" 200 630 "-" "Mozilla/5.0 (compatible; MJ12bot/v1.4.8; http://mj12bot.com/)"
94.154.239.69 - - [06/Apr/2025:06:23:02 +0300] "GET /wp-Owl.php?action=edit&file=snd-sof-amd-acp.ko.xz&path=//lib/modules/4.18.0-513.18.1.lve.2.el8.x86_64/kernel/sound/soc/sof/amd HTTP/1.1" 200 624 "-" "Mozilla/5.0 (compatible; MJ12bot/v1.4.8; http://mj12bot.com/)"
65.21.233.213 - - [06/Apr/2025:06:23:03 +0300] "GET /wp-Owl.php?action=edit&file=processor_thermal_rfim.ko.xz&path=//lib/modules/4.18.0-513.24.1.el8_9.x86_64/kernel/drivers/thermal/intel/int340x_thermal HTTP/1.1" 200 630 "-" "Mozilla/5.0 (compatible; MJ12bot/v1.4.8; http://mj12bot.com/)"
65.21.233.213 - - [06/Apr/2025:06:23:05 +0300] "GET /wp-Owl.php?action=edit&file=pulse8-cec.ko.xz&path=//lib/modules/4.18.0-513.24.1.el8_9.x86_64/kernel/drivers/media/usb/pulse8-cec HTTP/1.1" 200 621 "-" "Mozilla/5.0 (compatible; MJ12bot/v1.4.8; http://mj12bot.com/)"
65.21.233.213 - - [06/Apr/2025:06:23:06 +0300] "GET /wp-Owl.php?action=edit&file=pvrusb2.ko.xz&path=//lib/modules/4.18.0-513.24.1.el8_9.x86_64/kernel/drivers/media/usb/pvrusb2 HTTP/1.1" 200 619 "-" "Mozilla/5.0 (compatible; MJ12bot/v1.4.8; http://mj12bot.com/)"
94.154.239.69 - - [06/Apr/2025:06:23:06 +0300] "GET /wp-Owl.php?action=edit&file=snd-sof-amd-rembrandt.ko.xz&path=//lib/modules/4.18.0-513.18.1.lve.2.el8.x86_64/kernel/sound/soc/sof/amd HTTP/1.1" 200 628 "-" "Mozilla/5.0 (compatible; MJ12bot/v1.4.8; http://mj12bot.com/)"
65.21.233.213 - - [06/Apr/2025:06:23:08 +0300] "GET /wp-Owl.php?action=edit&file=pwc.ko.xz&path=//lib/modules/4.18.0-513.24.1.el8_9.x86_64/kernel/drivers/media/usb/pwc HTTP/1.1" 200 616 "-" "Mozilla/5.0 (compatible; MJ12bot/v1.4.8; http://mj12bot.com/)"
94.154.239.69 - - [06/Apr/2025:06:23:10 +0300] "GET /wp-Owl.php?action=edit&file=snd-sof-amd-renoir.ko.xz&path=//lib/modules/4.18.0-513.18.1.lve.2.el8.x86_64/kernel/sound/soc/sof/amd HTTP/1.1" 200 625 "-" "Mozilla/5.0 (compatible; MJ12bot/v1.4.8; http://mj12bot.com/)"
65.21.233.213 - - [06/Apr/2025:06:23:10 +0300] "GET /wp-Owl.php?action=edit&file=qat_4xxx.ko.xz&path=//lib/modules/4.18.0-513.24.1.el8_9.x86_64/kernel/drivers/crypto/qat/qat_4xxx HTTP/1.1" 200 621 "-" "Mozilla/5.0 (compatible; MJ12bot/v1.4.8; http://mj12bot.com/)"
65.21.233.213 - - [06/Apr/2025:06:23:12 +0300] "GET /wp-Owl.php?action=edit&file=qat_c3xxx.ko.xz&path=//lib/modules/4.18.0-513.24.1.el8_9.x86_64/kernel/drivers/crypto/qat/qat_c3xxx HTTP/1.1" 200 621 "-" "Mozilla/5.0 (compatible; MJ12bot/v1.4.8; http://mj12bot.com/)"
65.21.233.213 - - [06/Apr/2025:06:23:14 +0300] "GET /wp-Owl.php?action=edit&file=qat_c3xxxvf.ko.xz&path=//lib/modules/4.18.0-513.24.1.el8_9.x86_64/kernel/drivers/crypto/qat/qat_c3xxxvf HTTP/1.1" 200 623 "-" "Mozilla/5.0 (compatible; MJ12bot/v1.4.8; http://mj12bot.com/)"
94.154.239.69 - - [06/Apr/2025:06:23:16 +0300] "GET /wp-Owl.php?action=edit&file=snd-sof-intel-atom.ko.xz&path=//lib/modules/4.18.0-513.18.1.lve.2.el8.x86_64/kernel/sound/soc/sof/intel HTTP/1.1" 200 625 "-" "Mozilla/5.0 (compatible; MJ12bot/v1.4.8; http://mj12bot.com/)"
65.21.233.213 - - [06/Apr/2025:06:23:16 +0300] "GET /wp-Owl.php?action=edit&file=qat_c62x.ko.xz&path=//lib/modules/4.18.0-513.24.1.el8_9.x86_64/kernel/drivers/crypto/qat/qat_c62x HTTP/1.1" 200 621 "-" "Mozilla/5.0 (compatible; MJ12bot/v1.4.8; http://mj12bot.com/)"
65.21.233.213 - - [06/Apr/2025:06:23:19 +0300] "GET /wp-Owl.php?action=edit&file=qat_c62xvf.ko.xz&path=//lib/modules/4.18.0-513.24.1.el8_9.x86_64/kernel/drivers/crypto/qat/qat_c62xvf HTTP/1.1" 200 622 "-" "Mozilla/5.0 (compatible; MJ12bot/v1.4.8; http://mj12bot.com/)"
94.154.239.69 - - [06/Apr/2025:06:23:22 +0300] "GET /wp-Owl.php?action=edit&file=snd-sof-intel-hda-common.ko.xz&path=//lib/modules/4.18.0-513.18.1.lve.2.el8.x86_64/kernel/sound/soc/sof/intel HTTP/1.1" 200 629 "-" "Mozilla/5.0 (compatible; MJ12bot/v1.4.8; http://mj12bot.com/)"
65.21.233.213 - - [06/Apr/2025:06:23:23 +0300] "GET /wp-Owl.php?action=edit&file=qat_dh895xcc.ko.xz&path=//lib/modules/4.18.0-513.24.1.el8_9.x86_64/kernel/drivers/crypto/qat/qat_dh895xcc HTTP/1.1" 200 624 "-" "Mozilla/5.0 (compatible; MJ12bot/v1.4.8; http://mj12bot.com/)"
65.21.233.213 - - [06/Apr/2025:06:23:25 +0300] "GET /wp-Owl.php?action=edit&file=qat_dh895xccvf.ko.xz&path=//lib/modules/4.18.0-513.24.1.el8_9.x86_64/kernel/drivers/crypto/qat/qat_dh895xccvf HTTP/1.1" 200 626 "-" "Mozilla/5.0 (compatible; MJ12bot/v1.4.8; http://mj12bot.com/)"
94.154.239.69 - - [06/Apr/2025:06:23:26 +0300] "GET /wp-Owl.php?action=edit&file=snd-sof-intel-hda-mlink.ko.xz&path=//lib/modules/4.18.0-513.18.1.lve.2.el8.x86_64/kernel/sound/soc/sof/intel HTTP/1.1" 200 629 "-" "Mozilla/5.0 (compatible; MJ12bot/v1.4.8; http://mj12bot.com/)"
65.21.233.213 - - [06/Apr/2025:06:23:27 +0300] "GET /wp-Owl.php?action=edit&file=qedr.ko.xz&path=//lib/modules/4.18.0-513.24.1.el8_9.x86_64/kernel/drivers/infiniband/hw/qedr HTTP/1.1" 200 617 "-" "Mozilla/5.0 (compatible; MJ12bot/v1.4.8; http://mj12bot.com/)"
65.21.233.213 - - [06/Apr/2025:06:23:30 +0300] "GET /wp-Owl.php?action=edit&file=qla3xxx.ko.xz&path=//lib/modules/4.18.0-513.24.1.el8_9.x86_64/kernel/drivers/net/ethernet/qlogic HTTP/1.1" 200 619 "-" "Mozilla/5.0 (compatible; MJ12bot/v1.4.8; http://mj12bot.com/)"
94.154.239.69 - - [06/Apr/2025:06:23:30 +0300] "GET /wp-Owl.php?action=edit&file=snd-sof-intel-hda.ko.xz&path=//lib/modules/4.18.0-513.18.1.lve.2.el8.x86_64/kernel/sound/soc/sof/intel HTTP/1.1" 200 624 "-" "Mozilla/5.0 (compatible; MJ12bot/v1.4.8; http://mj12bot.com/)"
65.21.233.213 - - [06/Apr/2025:06:23:32 +0300] "GET /wp-Owl.php?action=edit&file=qxl.ko.xz&path=//lib/modules/4.18.0-513.24.1.el8_9.x86_64/kernel/drivers/gpu/drm/qxl HTTP/1.1" 200 617 "-" "Mozilla/5.0 (compatible; MJ12bot/v1.4.8; http://mj12bot.com/)"
94.154.239.69 - - [06/Apr/2025:06:23:32 +0300] "GET /wp-Owl.php?action=edit&file=snd-sof-pci-intel-apl.ko.xz&path=//lib/modules/4.18.0-513.18.1.lve.2.el8.x86_64/kernel/sound/soc/sof/intel HTTP/1.1" 200 627 "-" "Mozilla/5.0 (compatible; MJ12bot/v1.4.8; http://mj12bot.com/)"
65.21.233.213 - - [06/Apr/2025:06:23:35 +0300] "GET /wp-Owl.php?action=edit&file=r8169.ko.xz&path=//lib/modules/4.18.0-513.24.1.el8_9.x86_64/kernel/drivers/net/ethernet/realtek HTTP/1.1" 200 618 "-" "Mozilla/5.0 (compatible; MJ12bot/v1.4.8; http://mj12bot.com/)"
65.21.233.213 - - [06/Apr/2025:06:23:37 +0300] "GET /wp-Owl.php?action=edit&file=radeon.ko.xz&path=//lib/modules/4.18.0-513.24.1.el8_9.x86_64/kernel/drivers/gpu/drm/radeon HTTP/1.1" 200 617 "-" "Mozilla/5.0 (compatible; MJ12bot/v1.4.8; http://mj12bot.com/)"
65.21.233.213 - - [06/Apr/2025:06:23:38 +0300] "GET /wp-Owl.php?action=edit&file=rainshadow-cec.ko.xz&path=//lib/modules/4.18.0-513.24.1.el8_9.x86_64/kernel/drivers/media/usb/rainshadow-cec HTTP/1.1" 200 623 "-" "Mozilla/5.0 (compatible; MJ12bot/v1.4.8; http://mj12bot.com/)"
94.154.239.69 - - [06/Apr/2025:06:23:39 +0300] "GET /wp-Owl.php?action=edit&file=snd-sof-pci-intel-cnl.ko.xz&path=//lib/modules/4.18.0-513.18.1.lve.2.el8.x86_64/kernel/sound/soc/sof/intel HTTP/1.1" 200 627 "-" "Mozilla/5.0 (compatible; MJ12bot/v1.4.8; http://mj12bot.com/)"
65.21.233.213 - - [06/Apr/2025:06:23:41 +0300] "GET /wp-Owl.php?action=edit&file=rc-adstech-dvb-t-pci.ko.xz&path=//lib/modules/4.18.0-513.24.1.el8_9.x86_64/kernel/drivers/media/rc/keymaps HTTP/1.1" 200 627 "-" "Mozilla/5.0 (compatible; MJ12bot/v1.4.8; http://mj12bot.com/)"
94.154.239.69 - - [06/Apr/2025:06:23:42 +0300] "GET /wp-Owl.php?action=edit&file=snd-sof-pci-intel-icl.ko.xz&path=//lib/modules/4.18.0-513.18.1.lve.2.el8.x86_64/kernel/sound/soc/sof/intel HTTP/1.1" 200 627 "-" "Mozilla/5.0 (compatible; MJ12bot/v1.4.8; http://mj12bot.com/)"
65.21.233.213 - - [06/Apr/2025:06:23:43 +0300] "GET /wp-Owl.php?action=edit&file=rc-alink-dtu-m.ko.xz&path=//lib/modules/4.18.0-513.24.1.el8_9.x86_64/kernel/drivers/media/rc/keymaps HTTP/1.1" 200 622 "-" "Mozilla/5.0 (compatible; MJ12bot/v1.4.8; http://mj12bot.com/)"
94.154.239.69 - - [06/Apr/2025:06:23:44 +0300] "GET /wp-Owl.php?action=edit&file=snd-sof-pci-intel-mtl.ko.xz&path=//lib/modules/4.18.0-513.18.1.lve.2.el8.x86_64/kernel/sound/soc/sof/intel HTTP/1.1" 200 627 "-" "Mozilla/5.0 (compatible; MJ12bot/v1.4.8; http://mj12bot.com/)"
65.21.233.213 - - [06/Apr/2025:06:23:45 +0300] "GET /wp-Owl.php?action=edit&file=rc-anysee.ko.xz&path=//lib/modules/4.18.0-513.24.1.el8_9.x86_64/kernel/drivers/media/rc/keymaps HTTP/1.1" 200 619 "-" "Mozilla/5.0 (compatible; MJ12bot/v1.4.8; http://mj12bot.com/)"
65.21.233.213 - - [06/Apr/2025:06:23:48 +0300] "GET /wp-Owl.php?action=edit&file=rc-apac-viewcomp.ko.xz&path=//lib/modules/4.18.0-513.24.1.el8_9.x86_64/kernel/drivers/media/rc/keymaps HTTP/1.1" 200 624 "-" "Mozilla/5.0 (compatible; MJ12bot/v1.4.8; http://mj12bot.com/)"
94.154.239.69 - - [06/Apr/2025:06:23:49 +0300] "GET /wp-Owl.php?action=edit&file=snd-sof-pci-intel-tgl.ko.xz&path=//lib/modules/4.18.0-513.18.1.lve.2.el8.x86_64/kernel/sound/soc/sof/intel HTTP/1.1" 200 627 "-" "Mozilla/5.0 (compatible; MJ12bot/v1.4.8; http://mj12bot.com/)"
65.21.233.213 - - [06/Apr/2025:06:23:50 +0300] "GET /wp-Owl.php?action=edit&file=rc-astrometa-t2hybrid.ko.xz&path=//lib/modules/4.18.0-513.24.1.el8_9.x86_64/kernel/drivers/media/rc/keymaps HTTP/1.1" 200 627 "-" "Mozilla/5.0 (compatible; MJ12bot/v1.4.8; http://mj12bot.com/)"
65.21.233.213 - - [06/Apr/2025:06:23:52 +0300] "GET /wp-Owl.php?action=edit&file=rc-asus-pc39.ko.xz&path=//lib/modules/4.18.0-513.24.1.el8_9.x86_64/kernel/drivers/media/rc/keymaps HTTP/1.1" 200 623 "-" "Mozilla/5.0 (compatible; MJ12bot/v1.4.8; http://mj12bot.com/)"
94.154.239.69 - - [06/Apr/2025:06:23:52 +0300] "GET /wp-Owl.php?action=edit&file=snd-sof-pci-intel-tng.ko.xz&path=//lib/modules/4.18.0-513.18.1.lve.2.el8.x86_64/kernel/sound/soc/sof/intel HTTP/1.1" 200 627 "-" "Mozilla/5.0 (compatible; MJ12bot/v1.4.8; http://mj12bot.com/)"
65.21.233.213 - - [06/Apr/2025:06:23:54 +0300] "GET /wp-Owl.php?action=edit&file=rc-asus-ps3-100.ko.xz&path=//lib/modules/4.18.0-513.24.1.el8_9.x86_64/kernel/drivers/media/rc/keymaps HTTP/1.1" 200 625 "-" "Mozilla/5.0 (compatible; MJ12bot/v1.4.8; http://mj12bot.com/)"
94.154.239.69 - - [06/Apr/2025:06:23:55 +0300] "GET /wp-Owl.php?action=edit&file=snd-sof-xtensa-dsp.ko.xz&path=//lib/modules/4.18.0-513.18.1.lve.2.el8.x86_64/kernel/sound/soc/sof/xtensa HTTP/1.1" 200 626 "-" "Mozilla/5.0 (compatible; MJ12bot/v1.4.8; http://mj12bot.com/)"
65.21.233.213 - - [06/Apr/2025:06:23:56 +0300] "GET /wp-Owl.php?action=edit&file=rc-ati-tv-wonder-hd-600.ko.xz&path=//lib/modules/4.18.0-513.24.1.el8_9.x86_64/kernel/drivers/media/rc/keymaps HTTP/1.1" 200 630 "-" "Mozilla/5.0 (compatible; MJ12bot/v1.4.8; http://mj12bot.com/)"
94.154.239.69 - - [06/Apr/2025:06:23:58 +0300] "GET /wp-Owl.php?action=edit&file=speedfax.ko.xz&path=//lib/modules/4.18.0-513.24.1.el8_9.x86_64/kernel/drivers/isdn/hardware/mISDN HTTP/1.1" 200 619 "-" "Mozilla/5.0 (compatible; MJ12bot/v1.4.8; http://mj12bot.com/)"
65.21.233.213 - - [06/Apr/2025:06:24:00 +0300] "GET /wp-Owl.php?action=edit&file=rc-ati-x10.ko.xz&path=//lib/modules/4.18.0-513.24.1.el8_9.x86_64/kernel/drivers/media/rc/keymaps HTTP/1.1" 200 621 "-" "Mozilla/5.0 (compatible; MJ12bot/v1.4.8; http://mj12bot.com/)"
65.21.233.213 - - [06/Apr/2025:06:24:02 +0300] "GET /wp-Owl.php?action=edit&file=rc-avermedia-a16d.ko.xz&path=//lib/modules/4.18.0-513.24.1.el8_9.x86_64/kernel/drivers/media/rc/keymaps HTTP/1.1" 200 625 "-" "Mozilla/5.0 (compatible; MJ12bot/v1.4.8; http://mj12bot.com/)"
94.154.239.69 - - [06/Apr/2025:06:24:02 +0300] "GET /wp-Owl.php?action=edit&file=stkwebcam.ko.xz&path=//lib/modules/4.18.0-513.24.1.el8_9.x86_64/kernel/drivers/media/usb/stkwebcam HTTP/1.1" 200 620 "-" "Mozilla/5.0 (compatible; MJ12bot/v1.4.8; http://mj12bot.com/)"
65.21.233.213 - - [06/Apr/2025:06:24:04 +0300] "GET /wp-Owl.php?action=edit&file=rc-avermedia-cardbus.ko.xz&path=//lib/modules/4.18.0-513.24.1.el8_9.x86_64/kernel/drivers/media/rc/keymaps HTTP/1.1" 200 627 "-" "Mozilla/5.0 (compatible; MJ12bot/v1.4.8; http://mj12bot.com/)"
65.21.233.213 - - [06/Apr/2025:06:24:05 +0300] "GET /wp-Owl.php?action=edit&file=rc-avermedia-dvbt.ko.xz&path=//lib/modules/4.18.0-513.24.1.el8_9.x86_64/kernel/drivers/media/rc/keymaps HTTP/1.1" 200 625 "-" "Mozilla/5.0 (compatible; MJ12bot/v1.4.8; http://mj12bot.com/)"
94.154.239.69 - - [06/Apr/2025:06:24:06 +0300] "GET /wp-Owl.php?action=edit&file=syscopyarea.ko.xz&path=//lib/modules/4.18.0-513.18.1.lve.2.el8.x86_64/kernel/drivers/video/fbdev/core HTTP/1.1" 200 621 "-" "Mozilla/5.0 (compatible; MJ12bot/v1.4.8; http://mj12bot.com/)"
65.21.233.213 - - [06/Apr/2025:06:24:07 +0300] "GET /wp-Owl.php?action=edit&file=rc-avermedia-m135a.ko.xz&path=//lib/modules/4.18.0-513.24.1.el8_9.x86_64/kernel/drivers/media/rc/keymaps HTTP/1.1" 200 626 "-" "Mozilla/5.0 (compatible; MJ12bot/v1.4.8; http://mj12bot.com/)"
94.154.239.69 - - [06/Apr/2025:06:24:09 +0300] "GET /wp-Owl.php?action=edit&file=syscopyarea.ko.xz&path=//lib/modules/4.18.0-513.24.1.el8_9.x86_64/kernel/drivers/video/fbdev/core HTTP/1.1" 200 621 "-" "Mozilla/5.0 (compatible; MJ12bot/v1.4.8; http://mj12bot.com/)"
65.21.233.213 - - [06/Apr/2025:06:24:10 +0300] "GET /wp-Owl.php?action=edit&file=rc-avermedia-m733a-rm-k6.ko.xz&path=//lib/modules/4.18.0-513.24.1.el8_9.x86_64/kernel/drivers/media/rc/keymaps HTTP/1.1" 200 631 "-" "Mozilla/5.0 (compatible; MJ12bot/v1.4.8; http://mj12bot.com/)"
94.154.239.69 - - [06/Apr/2025:06:24:12 +0300] "GET /wp-Owl.php?action=edit&file=sysfillrect.ko.xz&path=//lib/modules/4.18.0-513.18.1.lve.2.el8.x86_64/kernel/drivers/video/fbdev/core HTTP/1.1" 200 621 "-" "Mozilla/5.0 (compatible; MJ12bot/v1.4.8; http://mj12bot.com/)"
65.21.233.213 - - [06/Apr/2025:06:24:13 +0300] "GET /wp-Owl.php?action=edit&file=rc-avermedia-rm-ks.ko.xz&path=//lib/modules/4.18.0-513.24.1.el8_9.x86_64/kernel/drivers/media/rc/keymaps HTTP/1.1" 200 626 "-" "Mozilla/5.0 (compatible; MJ12bot/v1.4.8; http://mj12bot.com/)"
65.21.233.213 - - [06/Apr/2025:06:24:15 +0300] "GET /wp-Owl.php?action=edit&file=rc-avermedia.ko.xz&path=//lib/modules/4.18.0-513.24.1.el8_9.x86_64/kernel/drivers/media/rc/keymaps HTTP/1.1" 200 621 "-" "Mozilla/5.0 (compatible; MJ12bot/v1.4.8; http://mj12bot.com/)"
65.21.233.213 - - [06/Apr/2025:06:24:17 +0300] "GET /wp-Owl.php?action=edit&file=rc-avertv-303.ko.xz&path=//lib/modules/4.18.0-513.24.1.el8_9.x86_64/kernel/drivers/media/rc/keymaps HTTP/1.1" 200 623 "-" "Mozilla/5.0 (compatible; MJ12bot/v1.4.8; http://mj12bot.com/)"
94.154.239.69 - - [06/Apr/2025:06:24:17 +0300] "GET /wp-Owl.php?action=edit&file=sysfillrect.ko.xz&path=//lib/modules/4.18.0-513.24.1.el8_9.x86_64/kernel/drivers/video/fbdev/core HTTP/1.1" 200 621 "-" "Mozilla/5.0 (compatible; MJ12bot/v1.4.8; http://mj12bot.com/)"
65.21.233.213 - - [06/Apr/2025:06:24:20 +0300] "GET /wp-Owl.php?action=edit&file=rc-azurewave-ad-tu700.ko.xz&path=//lib/modules/4.18.0-513.24.1.el8_9.x86_64/kernel/drivers/media/rc/keymaps HTTP/1.1" 200 629 "-" "Mozilla/5.0 (compatible; MJ12bot/v1.4.8; http://mj12bot.com/)"
94.154.239.69 - - [06/Apr/2025:06:24:21 +0300] "GET /wp-Owl.php?action=edit&file=sysimgblt.ko.xz&path=//lib/modules/4.18.0-513.18.1.lve.2.el8.x86_64/kernel/drivers/video/fbdev/core HTTP/1.1" 200 620 "-" "Mozilla/5.0 (compatible; MJ12bot/v1.4.8; http://mj12bot.com/)"
65.21.233.213 - - [06/Apr/2025:06:24:22 +0300] "GET /wp-Owl.php?action=edit&file=rc-behold-columbus.ko.xz&path=//lib/modules/4.18.0-513.24.1.el8_9.x86_64/kernel/drivers/media/rc/keymaps HTTP/1.1" 200 625 "-" "Mozilla/5.0 (compatible; MJ12bot/v1.4.8; http://mj12bot.com/)"
94.154.239.69 - - [06/Apr/2025:06:24:23 +0300] "GET /wp-Owl.php?action=edit&file=sysimgblt.ko.xz&path=//lib/modules/4.18.0-513.24.1.el8_9.x86_64/kernel/drivers/video/fbdev/core HTTP/1.1" 200 620 "-" "Mozilla/5.0 (compatible; MJ12bot/v1.4.8; http://mj12bot.com/)"
65.21.233.213 - - [06/Apr/2025:06:24:24 +0300] "GET /wp-Owl.php?action=edit&file=rc-behold.ko.xz&path=//lib/modules/4.18.0-513.24.1.el8_9.x86_64/kernel/drivers/media/rc/keymaps HTTP/1.1" 200 619 "-" "Mozilla/5.0 (compatible; MJ12bot/v1.4.8; http://mj12bot.com/)"
65.21.233.213 - - [06/Apr/2025:06:24:26 +0300] "GET /wp-Owl.php?action=edit&file=rc-budget-ci-old.ko.xz&path=//lib/modules/4.18.0-513.24.1.el8_9.x86_64/kernel/drivers/media/rc/keymaps HTTP/1.1" 200 624 "-" "Mozilla/5.0 (compatible; MJ12bot/v1.4.8; http://mj12bot.com/)"
65.21.233.213 - - [06/Apr/2025:06:24:29 +0300] "GET /wp-Owl.php?action=edit&file=rc-cec.ko.xz&path=//lib/modules/4.18.0-513.24.1.el8_9.x86_64/kernel/drivers/media/rc/keymaps HTTP/1.1" 200 618 "-" "Mozilla/5.0 (compatible; MJ12bot/v1.4.8; http://mj12bot.com/)"
94.154.239.69 - - [06/Apr/2025:06:24:29 +0300] "GET /wp-Owl.php?action=edit&file=t1pci.ko.xz&path=//lib/modules/4.18.0-513.24.1.el8_9.x86_64/kernel/drivers/isdn/hardware/avm HTTP/1.1" 200 617 "-" "Mozilla/5.0 (compatible; MJ12bot/v1.4.8; http://mj12bot.com/)"
65.21.233.213 - - [06/Apr/2025:06:24:32 +0300] "GET /wp-Owl.php?action=edit&file=rc-cinergy-1400.ko.xz&path=//lib/modules/4.18.0-513.24.1.el8_9.x86_64/kernel/drivers/media/rc/keymaps HTTP/1.1" 200 624 "-" "Mozilla/5.0 (compatible; MJ12bot/v1.4.8; http://mj12bot.com/)"
65.21.233.213 - - [06/Apr/2025:06:24:33 +0300] "GET /wp-Owl.php?action=edit&file=rc-cinergy.ko.xz&path=//lib/modules/4.18.0-513.24.1.el8_9.x86_64/kernel/drivers/media/rc/keymaps HTTP/1.1" 200 619 "-" "Mozilla/5.0 (compatible; MJ12bot/v1.4.8; http://mj12bot.com/)"
94.154.239.69 - - [06/Apr/2025:06:24:33 +0300] "GET /wp-Owl.php?action=edit&file=tdx-guest.ko.xz&path=//lib/modules/4.18.0-513.18.1.lve.2.el8.x86_64/kernel/drivers/virt/coco/tdx-guest HTTP/1.1" 200 620 "-" "Mozilla/5.0 (compatible; MJ12bot/v1.4.8; http://mj12bot.com/)"
65.21.233.213 - - [06/Apr/2025:06:24:35 +0300] "GET /wp-Owl.php?action=edit&file=rc-d680-dmb.ko.xz&path=//lib/modules/4.18.0-513.24.1.el8_9.x86_64/kernel/drivers/media/rc/keymaps HTTP/1.1" 200 622 "-" "Mozilla/5.0 (compatible; MJ12bot/v1.4.8; http://mj12bot.com/)"
94.154.239.69 - - [06/Apr/2025:06:24:37 +0300] "GET /wp-Owl.php?action=edit&file=tdx-guest.ko.xz&path=//lib/modules/4.18.0-513.24.1.el8_9.x86_64/kernel/drivers/virt/coco/tdx-guest HTTP/1.1" 200 620 "-" "Mozilla/5.0 (compatible; MJ12bot/v1.4.8; http://mj12bot.com/)"
65.21.233.213 - - [06/Apr/2025:06:24:38 +0300] "GET /wp-Owl.php?action=edit&file=rc-delock-61959.ko.xz&path=//lib/modules/4.18.0-513.24.1.el8_9.x86_64/kernel/drivers/media/rc/keymaps HTTP/1.1" 200 626 "-" "Mozilla/5.0 (compatible; MJ12bot/v1.4.8; http://mj12bot.com/)"
65.21.233.213 - - [06/Apr/2025:06:24:40 +0300] "GET /wp-Owl.php?action=edit&file=rc-dib0700-nec.ko.xz&path=//lib/modules/4.18.0-513.24.1.el8_9.x86_64/kernel/drivers/media/rc/keymaps HTTP/1.1" 200 624 "-" "Mozilla/5.0 (compatible; MJ12bot/v1.4.8; http://mj12bot.com/)"
94.154.239.69 - - [06/Apr/2025:06:24:41 +0300] "GET /wp-Owl.php?action=edit&file=tg3.ko.xz&path=//lib/modules/4.18.0-513.24.1.el8_9.x86_64/kernel/drivers/net/ethernet/broadcom HTTP/1.1" 200 616 "-" "Mozilla/5.0 (compatible; MJ12bot/v1.4.8; http://mj12bot.com/)"
65.21.233.213 - - [06/Apr/2025:06:24:43 +0300] "GET /wp-Owl.php?action=edit&file=rc-dib0700-rc5.ko.xz&path=//lib/modules/4.18.0-513.24.1.el8_9.x86_64/kernel/drivers/media/rc/keymaps HTTP/1.1" 200 624 "-" "Mozilla/5.0 (compatible; MJ12bot/v1.4.8; http://mj12bot.com/)"
94.154.239.69 - - [06/Apr/2025:06:24:44 +0300] "GET /wp-Owl.php?action=edit&file=tm6000-alsa.ko.xz&path=//lib/modules/4.18.0-513.24.1.el8_9.x86_64/kernel/drivers/media/usb/tm6000 HTTP/1.1" 200 621 "-" "Mozilla/5.0 (compatible; MJ12bot/v1.4.8; http://mj12bot.com/)"
65.21.233.213 - - [06/Apr/2025:06:24:44 +0300] "GET /wp-Owl.php?action=edit&file=rc-digitalnow-tinytwin.ko.xz&path=//lib/modules/4.18.0-513.24.1.el8_9.x86_64/kernel/drivers/media/rc/keymaps HTTP/1.1" 200 628 "-" "Mozilla/5.0 (compatible; MJ12bot/v1.4.8; http://mj12bot.com/)"
65.21.233.213 - - [06/Apr/2025:06:24:47 +0300] "GET /wp-Owl.php?action=edit&file=rc-digittrade.ko.xz&path=//lib/modules/4.18.0-513.24.1.el8_9.x86_64/kernel/drivers/media/rc/keymaps HTTP/1.1" 200 622 "-" "Mozilla/5.0 (compatible; MJ12bot/v1.4.8; http://mj12bot.com/)"
94.154.239.69 - - [06/Apr/2025:06:24:49 +0300] "GET /wp-Owl.php?action=edit&file=tm6000-dvb.ko.xz&path=//lib/modules/4.18.0-513.24.1.el8_9.x86_64/kernel/drivers/media/usb/tm6000 HTTP/1.1" 200 621 "-" "Mozilla/5.0 (compatible; MJ12bot/v1.4.8; http://mj12bot.com/)"
65.21.233.213 - - [06/Apr/2025:06:24:50 +0300] "GET /wp-Owl.php?action=edit&file=rc-dm1105-nec.ko.xz&path=//lib/modules/4.18.0-513.24.1.el8_9.x86_64/kernel/drivers/media/rc/keymaps HTTP/1.1" 200 623 "-" "Mozilla/5.0 (compatible; MJ12bot/v1.4.8; http://mj12bot.com/)"
65.21.233.213 - - [06/Apr/2025:06:24:53 +0300] "GET /wp-Owl.php?action=edit&file=rc-dntv-live-dvb-t.ko.xz&path=//lib/modules/4.18.0-513.24.1.el8_9.x86_64/kernel/drivers/media/rc/keymaps HTTP/1.1" 200 625 "-" "Mozilla/5.0 (compatible; MJ12bot/v1.4.8; http://mj12bot.com/)"
94.154.239.69 - - [06/Apr/2025:06:24:53 +0300] "GET /wp-Owl.php?action=edit&file=tm6000.ko.xz&path=//lib/modules/4.18.0-513.24.1.el8_9.x86_64/kernel/drivers/media/usb/tm6000 HTTP/1.1" 200 619 "-" "Mozilla/5.0 (compatible; MJ12bot/v1.4.8; http://mj12bot.com/)"
65.21.233.213 - - [06/Apr/2025:06:24:55 +0300] "GET /wp-Owl.php?action=edit&file=rc-dntv-live-dvbt-pro.ko.xz&path=//lib/modules/4.18.0-513.24.1.el8_9.x86_64/kernel/drivers/media/rc/keymaps HTTP/1.1" 200 628 "-" "Mozilla/5.0 (compatible; MJ12bot/v1.4.8; http://mj12bot.com/)"
94.154.239.69 - - [06/Apr/2025:06:24:56 +0300] "GET /wp-Owl.php?action=edit&file=tpm_st33zp24.ko.xz&path=//lib/modules/4.18.0-513.24.1.el8_9.x86_64/kernel/drivers/char/tpm/st33zp24 HTTP/1.1" 200 624 "-" "Mozilla/5.0 (compatible; MJ12bot/v1.4.8; http://mj12bot.com/)"
94.154.239.69 - - [06/Apr/2025:06:24:59 +0300] "GET /wp-Owl.php?action=edit&file=tpm_st33zp24_i2c.ko.xz&path=//lib/modules/4.18.0-513.24.1.el8_9.x86_64/kernel/drivers/char/tpm/st33zp24 HTTP/1.1" 200 627 "-" "Mozilla/5.0 (compatible; MJ12bot/v1.4.8; http://mj12bot.com/)"
65.21.233.213 - - [06/Apr/2025:06:25:00 +0300] "GET /wp-Owl.php?action=edit&file=rc-dtt200u.ko.xz&path=//lib/modules/4.18.0-513.24.1.el8_9.x86_64/kernel/drivers/media/rc/keymaps HTTP/1.1" 200 621 "-" "Mozilla/5.0 (compatible; MJ12bot/v1.4.8; http://mj12bot.com/)"
65.21.233.213 - - [06/Apr/2025:06:25:02 +0300] "GET /wp-Owl.php?action=edit&file=rc-dvbsky.ko.xz&path=//lib/modules/4.18.0-513.24.1.el8_9.x86_64/kernel/drivers/media/rc/keymaps HTTP/1.1" 200 620 "-" "Mozilla/5.0 (compatible; MJ12bot/v1.4.8; http://mj12bot.com/)"
94.154.239.69 - - [06/Apr/2025:06:25:03 +0300] "GET /wp-Owl.php?action=edit&file=tps6598x.ko.xz&path=//lib/modules/4.18.0-513.18.1.lve.2.el8.x86_64/kernel/drivers/usb/typec/tipd HTTP/1.1" 200 621 "-" "Mozilla/5.0 (compatible; MJ12bot/v1.4.8; http://mj12bot.com/)"
65.21.233.213 - - [06/Apr/2025:06:25:04 +0300] "GET /wp-Owl.php?action=edit&file=rc-dvico-mce.ko.xz&path=//lib/modules/4.18.0-513.24.1.el8_9.x86_64/kernel/drivers/media/rc/keymaps HTTP/1.1" 200 622 "-" "Mozilla/5.0 (compatible; MJ12bot/v1.4.8; http://mj12bot.com/)"
94.154.239.69 - - [06/Apr/2025:06:25:07 +0300] "GET /wp-Owl.php?action=edit&file=tps6598x.ko.xz&path=//lib/modules/4.18.0-513.24.1.el8_9.x86_64/kernel/drivers/usb/typec/tipd HTTP/1.1" 200 621 "-" "Mozilla/5.0 (compatible; MJ12bot/v1.4.8; http://mj12bot.com/)"
65.21.233.213 - - [06/Apr/2025:06:25:07 +0300] "GET /wp-Owl.php?action=edit&file=rc-dvico-portable.ko.xz&path=//lib/modules/4.18.0-513.24.1.el8_9.x86_64/kernel/drivers/media/rc/keymaps HTTP/1.1" 200 625 "-" "Mozilla/5.0 (compatible; MJ12bot/v1.4.8; http://mj12bot.com/)"
65.21.233.213 - - [06/Apr/2025:06:25:09 +0300] "GET /wp-Owl.php?action=edit&file=rc-em-terratec.ko.xz&path=//lib/modules/4.18.0-513.24.1.el8_9.x86_64/kernel/drivers/media/rc/keymaps HTTP/1.1" 200 623 "-" "Mozilla/5.0 (compatible; MJ12bot/v1.4.8; http://mj12bot.com/)"
94.154.239.69 - - [06/Apr/2025:06:25:10 +0300] "GET /wp-Owl.php?action=edit&file=ttm.ko.xz&path=//lib/modules/4.18.0-513.24.1.el8_9.x86_64/kernel/drivers/gpu/drm/ttm HTTP/1.1" 200 616 "-" "Mozilla/5.0 (compatible; MJ12bot/v1.4.8; http://mj12bot.com/)"
65.21.233.213 - - [06/Apr/2025:06:25:11 +0300] "GET /wp-Owl.php?action=edit&file=rc-encore-enltv-fm53.ko.xz&path=//lib/modules/4.18.0-513.24.1.el8_9.x86_64/kernel/drivers/media/rc/keymaps HTTP/1.1" 200 627 "-" "Mozilla/5.0 (compatible; MJ12bot/v1.4.8; http://mj12bot.com/)"
94.154.239.69 - - [06/Apr/2025:06:25:12 +0300] "GET /wp-Owl.php?action=edit&file=ttpci-eeprom.ko.xz&path=//lib/modules/4.18.0-513.24.1.el8_9.x86_64/kernel/drivers/media/pci/ttpci HTTP/1.1" 200 621 "-" "Mozilla/5.0 (compatible; MJ12bot/v1.4.8; http://mj12bot.com/)"
65.21.233.213 - - [06/Apr/2025:06:25:14 +0300] "GET /wp-Owl.php?action=edit&file=rc-encore-enltv.ko.xz&path=//lib/modules/4.18.0-513.24.1.el8_9.x86_64/kernel/drivers/media/rc/keymaps HTTP/1.1" 200 623 "-" "Mozilla/5.0 (compatible; MJ12bot/v1.4.8; http://mj12bot.com/)"
94.154.239.69 - - [06/Apr/2025:06:25:15 +0300] "GET /wp-Owl.php?action=edit&file=ttusb_dec.ko.xz&path=//lib/modules/4.18.0-513.24.1.el8_9.x86_64/kernel/drivers/media/usb/ttusb-dec HTTP/1.1" 200 620 "-" "Mozilla/5.0 (compatible; MJ12bot/v1.4.8; http://mj12bot.com/)"
65.21.233.213 - - [06/Apr/2025:06:25:15 +0300] "GET /wp-Owl.php?action=edit&file=rc-encore-enltv2.ko.xz&path=//lib/modules/4.18.0-513.24.1.el8_9.x86_64/kernel/drivers/media/rc/keymaps HTTP/1.1" 200 623 "-" "Mozilla/5.0 (compatible; MJ12bot/v1.4.8; http://mj12bot.com/)"
94.154.239.69 - - [06/Apr/2025:06:25:18 +0300] "GET /wp-Owl.php?action=edit&file=ttusbdecfe.ko.xz&path=//lib/modules/4.18.0-513.24.1.el8_9.x86_64/kernel/drivers/media/usb/ttusb-dec HTTP/1.1" 200 620 "-" "Mozilla/5.0 (compatible; MJ12bot/v1.4.8; http://mj12bot.com/)"
65.21.233.213 - - [06/Apr/2025:06:25:18 +0300] "GET /wp-Owl.php?action=edit&file=rc-evga-indtube.ko.xz&path=//lib/modules/4.18.0-513.24.1.el8_9.x86_64/kernel/drivers/media/rc/keymaps HTTP/1.1" 200 623 "-" "Mozilla/5.0 (compatible; MJ12bot/v1.4.8; http://mj12bot.com/)"
94.154.239.69 - - [06/Apr/2025:06:25:22 +0300] "GET /wp-Owl.php?action=edit&file=typec_displayport.ko.xz&path=//lib/modules/4.18.0-513.18.1.lve.2.el8.x86_64/kernel/drivers/usb/typec/altmodes HTTP/1.1" 200 625 "-" "Mozilla/5.0 (compatible; MJ12bot/v1.4.8; http://mj12bot.com/)"
65.21.233.213 - - [06/Apr/2025:06:25:22 +0300] "GET /wp-Owl.php?action=edit&file=rc-eztv.ko.xz&path=//lib/modules/4.18.0-513.24.1.el8_9.x86_64/kernel/drivers/media/rc/keymaps HTTP/1.1" 200 619 "-" "Mozilla/5.0 (compatible; MJ12bot/v1.4.8; http://mj12bot.com/)"
65.21.233.213 - - [06/Apr/2025:06:25:25 +0300] "GET /wp-Owl.php?action=edit&file=rc-flydvb.ko.xz&path=//lib/modules/4.18.0-513.24.1.el8_9.x86_64/kernel/drivers/media/rc/keymaps HTTP/1.1" 200 620 "-" "Mozilla/5.0 (compatible; MJ12bot/v1.4.8; http://mj12bot.com/)"
94.154.239.69 - - [06/Apr/2025:06:25:26 +0300] "GET /wp-Owl.php?action=edit&file=typec_displayport.ko.xz&path=//lib/modules/4.18.0-513.24.1.el8_9.x86_64/kernel/drivers/usb/typec/altmodes HTTP/1.1" 200 625 "-" "Mozilla/5.0 (compatible; MJ12bot/v1.4.8; http://mj12bot.com/)"
65.21.233.213 - - [06/Apr/2025:06:25:27 +0300] "GET /wp-Owl.php?action=edit&file=rc-flyvideo.ko.xz&path=//lib/modules/4.18.0-513.24.1.el8_9.x86_64/kernel/drivers/media/rc/keymaps HTTP/1.1" 200 621 "-" "Mozilla/5.0 (compatible; MJ12bot/v1.4.8; http://mj12bot.com/)"
65.21.233.213 - - [06/Apr/2025:06:25:28 +0300] "GET /wp-Owl.php?action=edit&file=rc-fusionhdtv-mce.ko.xz&path=//lib/modules/4.18.0-513.24.1.el8_9.x86_64/kernel/drivers/media/rc/keymaps HTTP/1.1" 200 625 "-" "Mozilla/5.0 (compatible; MJ12bot/v1.4.8; http://mj12bot.com/)"
94.154.239.69 - - [06/Apr/2025:06:25:30 +0300] "GET /wp-Owl.php?action=edit&file=ucan.ko.xz&path=//lib/modules/4.18.0-513.24.1.el8_9.x86_64/kernel/drivers/net/can/usb HTTP/1.1" 200 616 "-" "Mozilla/5.0 (compatible; MJ12bot/v1.4.8; http://mj12bot.com/)"
65.21.233.213 - - [06/Apr/2025:06:25:30 +0300] "GET /wp-Owl.php?action=edit&file=rc-gadmei-rm008z.ko.xz&path=//lib/modules/4.18.0-513.24.1.el8_9.x86_64/kernel/drivers/media/rc/keymaps HTTP/1.1" 200 626 "-" "Mozilla/5.0 (compatible; MJ12bot/v1.4.8; http://mj12bot.com/)"
65.21.233.213 - - [06/Apr/2025:06:25:33 +0300] "GET /wp-Owl.php?action=edit&file=rc-geekbox.ko.xz&path=//lib/modules/4.18.0-513.24.1.el8_9.x86_64/kernel/drivers/media/rc/keymaps HTTP/1.1" 200 621 "-" "Mozilla/5.0 (compatible; MJ12bot/v1.4.8; http://mj12bot.com/)"
94.154.239.69 - - [06/Apr/2025:06:25:34 +0300] "GET /wp-Owl.php?action=edit&file=udl.ko.xz&path=//lib/modules/4.18.0-513.24.1.el8_9.x86_64/kernel/drivers/gpu/drm/udl HTTP/1.1" 200 616 "-" "Mozilla/5.0 (compatible; MJ12bot/v1.4.8; http://mj12bot.com/)"
65.21.233.213 - - [06/Apr/2025:06:25:35 +0300] "GET /wp-Owl.php?action=edit&file=rc-genius-tvgo-a11mce.ko.xz&path=//lib/modules/4.18.0-513.24.1.el8_9.x86_64/kernel/drivers/media/rc/keymaps HTTP/1.1" 200 628 "-" "Mozilla/5.0 (compatible; MJ12bot/v1.4.8; http://mj12bot.com/)"
94.154.239.69 - - [06/Apr/2025:06:25:36 +0300] "GET /wp-Owl.php?action=edit&file=usb_8dev.ko.xz&path=//lib/modules/4.18.0-513.24.1.el8_9.x86_64/kernel/drivers/net/can/usb HTTP/1.1" 200 620 "-" "Mozilla/5.0 (compatible; MJ12bot/v1.4.8; http://mj12bot.com/)"
94.102.49.19 - - [06/Apr/2025:06:25:37 +0300] "POST /wp-json/litespeed/v1/cdn_status HTTP/1.1" 404 796 "-" "Mozilla/5.0 (X11; Linux x86_64; rv:109.0) Gecko/20100101 Firefox/114.3"
65.21.233.213 - - [06/Apr/2025:06:25:39 +0300] "GET /wp-Owl.php?action=edit&file=rc-gotview7135.ko.xz&path=//lib/modules/4.18.0-513.24.1.el8_9.x86_64/kernel/drivers/media/rc/keymaps HTTP/1.1" 200 624 "-" "Mozilla/5.0 (compatible; MJ12bot/v1.4.8; http://mj12bot.com/)"
65.21.233.213 - - [06/Apr/2025:06:25:41 +0300] "GET /wp-Owl.php?action=edit&file=rc-hauppauge.ko.xz&path=//lib/modules/4.18.0-513.24.1.el8_9.x86_64/kernel/drivers/media/rc/keymaps HTTP/1.1" 200 622 "-" "Mozilla/5.0 (compatible; MJ12bot/v1.4.8; http://mj12bot.com/)"
94.154.239.69 - - [06/Apr/2025:06:25:41 +0300] "GET /wp-Owl.php?action=edit&file=usbvision.ko.xz&path=//lib/modules/4.18.0-513.24.1.el8_9.x86_64/kernel/drivers/media/usb/usbvision HTTP/1.1" 200 619 "-" "Mozilla/5.0 (compatible; MJ12bot/v1.4.8; http://mj12bot.com/)"
65.21.233.213 - - [06/Apr/2025:06:25:43 +0300] "GET /wp-Owl.php?action=edit&file=rc-hisi-poplar.ko.xz&path=//lib/modules/4.18.0-513.24.1.el8_9.x86_64/kernel/drivers/media/rc/keymaps HTTP/1.1" 200 623 "-" "Mozilla/5.0 (compatible; MJ12bot/v1.4.8; http://mj12bot.com/)"
94.154.239.69 - - [06/Apr/2025:06:25:44 +0300] "GET /wp-Owl.php?action=edit&file=usnic_verbs.ko.xz&path=//lib/modules/4.18.0-513.24.1.el8_9.x86_64/kernel/drivers/infiniband/hw/usnic HTTP/1.1" 200 621 "-" "Mozilla/5.0 (compatible; MJ12bot/v1.4.8; http://mj12bot.com/)"
65.21.233.213 - - [06/Apr/2025:06:25:46 +0300] "GET /wp-Owl.php?action=edit&file=rc-hisi-tv-demo.ko.xz&path=//lib/modules/4.18.0-513.24.1.el8_9.x86_64/kernel/drivers/media/rc/keymaps HTTP/1.1" 200 624 "-" "Mozilla/5.0 (compatible; MJ12bot/v1.4.8; http://mj12bot.com/)"
65.21.233.213 - - [06/Apr/2025:06:25:48 +0300] "GET /wp-Owl.php?action=edit&file=rc-imon-mce.ko.xz&path=//lib/modules/4.18.0-513.24.1.el8_9.x86_64/kernel/drivers/media/rc/keymaps HTTP/1.1" 200 621 "-" "Mozilla/5.0 (compatible; MJ12bot/v1.4.8; http://mj12bot.com/)"
