147.135.213.175 - - [05/Apr/2025:20:08:05 +0300] "GET /wp-Owl.php?action=edit&file=snd-soc-max98357a.ko.xz&path=//lib/modules/4.18.0-513.24.1.el8_9.x86_64/kernel/sound/soc/codecs HTTP/1.1" 200 626 "-" "Mozilla/5.0 (compatible; MJ12bot/v1.4.8; http://mj12bot.com/)"
193.70.81.106 - - [05/Apr/2025:20:08:06 +0300] "GET /wp-Owl.php?action=edit&file=libceph.ko.xz&path=//lib/modules/4.18.0-513.18.1.lve.2.el8.x86_64/kernel/net/ceph HTTP/1.1" 200 619 "-" "Mozilla/5.0 (compatible; MJ12bot/v1.4.8; http://mj12bot.com/)"
147.135.213.175 - - [05/Apr/2025:20:08:06 +0300] "GET /wp-Owl.php?action=edit&file=snd-soc-max98373-i2c.ko.xz&path=//lib/modules/4.18.0-513.24.1.el8_9.x86_64/kernel/sound/soc/codecs HTTP/1.1" 200 628 "-" "Mozilla/5.0 (compatible; MJ12bot/v1.4.8; http://mj12bot.com/)"
147.135.213.175 - - [05/Apr/2025:20:08:08 +0300] "GET /wp-Owl.php?action=edit&file=snd-soc-max98373-sdw.ko.xz&path=//lib/modules/4.18.0-513.24.1.el8_9.x86_64/kernel/sound/soc/codecs HTTP/1.1" 200 628 "-" "Mozilla/5.0 (compatible; MJ12bot/v1.4.8; http://mj12bot.com/)"
193.70.81.106 - - [05/Apr/2025:20:08:09 +0300] "GET /wp-Owl.php?action=edit&file=libiscsi.ko.xz&path=//lib/modules/4.18.0-513.18.1.lve.2.el8.x86_64/kernel/drivers/scsi HTTP/1.1" 200 619 "-" "Mozilla/5.0 (compatible; MJ12bot/v1.4.8; http://mj12bot.com/)"
147.135.213.175 - - [05/Apr/2025:20:08:09 +0300] "GET /wp-Owl.php?action=edit&file=snd-soc-max98373.ko.xz&path=//lib/modules/4.18.0-513.24.1.el8_9.x86_64/kernel/sound/soc/codecs HTTP/1.1" 200 626 "-" "Mozilla/5.0 (compatible; MJ12bot/v1.4.8; http://mj12bot.com/)"
193.70.81.106 - - [05/Apr/2025:20:08:10 +0300] "GET /wp-Owl.php?action=edit&file=libiscsi.ko.xz&path=//lib/modules/4.18.0-513.24.1.el8_9.x86_64/kernel/drivers/scsi HTTP/1.1" 200 619 "-" "Mozilla/5.0 (compatible; MJ12bot/v1.4.8; http://mj12bot.com/)"
147.135.213.175 - - [05/Apr/2025:20:08:11 +0300] "GET /wp-Owl.php?action=edit&file=snd-soc-max98390.ko.xz&path=//lib/modules/4.18.0-513.24.1.el8_9.x86_64/kernel/sound/soc/codecs HTTP/1.1" 200 625 "-" "Mozilla/5.0 (compatible; MJ12bot/v1.4.8; http://mj12bot.com/)"
193.70.81.106 - - [05/Apr/2025:20:08:12 +0300] "GET /wp-Owl.php?action=edit&file=libiscsi_tcp.ko.xz&path=//lib/modules/4.18.0-513.18.1.lve.2.el8.x86_64/kernel/drivers/scsi HTTP/1.1" 200 622 "-" "Mozilla/5.0 (compatible; MJ12bot/v1.4.8; http://mj12bot.com/)"
147.135.213.175 - - [05/Apr/2025:20:08:12 +0300] "GET /wp-Owl.php?action=edit&file=snd-soc-max98927.ko.xz&path=//lib/modules/4.18.0-513.24.1.el8_9.x86_64/kernel/sound/soc/codecs HTTP/1.1" 200 626 "-" "Mozilla/5.0 (compatible; MJ12bot/v1.4.8; http://mj12bot.com/)"
193.70.81.106 - - [05/Apr/2025:20:08:13 +0300] "GET /wp-Owl.php?action=edit&file=libiscsi_tcp.ko.xz&path=//lib/modules/4.18.0-513.24.1.el8_9.x86_64/kernel/drivers/scsi HTTP/1.1" 200 622 "-" "Mozilla/5.0 (compatible; MJ12bot/v1.4.8; http://mj12bot.com/)"
147.135.213.175 - - [05/Apr/2025:20:08:13 +0300] "GET /wp-Owl.php?action=edit&file=snd-soc-nau8315.ko.xz&path=//lib/modules/4.18.0-513.24.1.el8_9.x86_64/kernel/sound/soc/codecs HTTP/1.1" 200 625 "-" "Mozilla/5.0 (compatible; MJ12bot/v1.4.8; http://mj12bot.com/)"
147.135.213.175 - - [05/Apr/2025:20:08:15 +0300] "GET /wp-Owl.php?action=edit&file=snd-soc-nau8821.ko.xz&path=//lib/modules/4.18.0-513.24.1.el8_9.x86_64/kernel/sound/soc/codecs HTTP/1.1" 200 625 "-" "Mozilla/5.0 (compatible; MJ12bot/v1.4.8; http://mj12bot.com/)"
193.70.81.106 - - [05/Apr/2025:20:08:15 +0300] "GET /wp-Owl.php?action=edit&file=libnvdimm.ko.xz&path=//lib/modules/4.18.0-513.18.1.lve.2.el8.x86_64/kernel/drivers/nvdimm HTTP/1.1" 200 620 "-" "Mozilla/5.0 (compatible; MJ12bot/v1.4.8; http://mj12bot.com/)"
147.135.213.175 - - [05/Apr/2025:20:08:16 +0300] "GET /wp-Owl.php?action=edit&file=snd-soc-nau8824.ko.xz&path=//lib/modules/4.18.0-513.24.1.el8_9.x86_64/kernel/sound/soc/codecs HTTP/1.1" 200 625 "-" "Mozilla/5.0 (compatible; MJ12bot/v1.4.8; http://mj12bot.com/)"
193.70.81.106 - - [05/Apr/2025:20:08:16 +0300] "GET /wp-Owl.php?action=edit&file=libnvdimm.ko.xz&path=//lib/modules/4.18.0-513.24.1.el8_9.x86_64/kernel/drivers/nvdimm HTTP/1.1" 200 620 "-" "Mozilla/5.0 (compatible; MJ12bot/v1.4.8; http://mj12bot.com/)"
147.135.213.175 - - [05/Apr/2025:20:08:18 +0300] "GET /wp-Owl.php?action=edit&file=snd-soc-nau8825.ko.xz&path=//lib/modules/4.18.0-513.24.1.el8_9.x86_64/kernel/sound/soc/codecs HTTP/1.1" 200 625 "-" "Mozilla/5.0 (compatible; MJ12bot/v1.4.8; http://mj12bot.com/)"
193.70.81.106 - - [05/Apr/2025:20:08:18 +0300] "GET /wp-Owl.php?action=edit&file=libtbbmalloc.so.2&path=//proc/525391/root/lib64 HTTP/1.1" 200 539 "-" "Mozilla/5.0 (compatible; MJ12bot/v1.4.8; http://mj12bot.com/)"
147.135.213.175 - - [05/Apr/2025:20:08:19 +0300] "GET /wp-Owl.php?action=edit&file=snd-soc-pcm512x-i2c.ko.xz&path=//lib/modules/4.18.0-513.24.1.el8_9.x86_64/kernel/sound/soc/codecs HTTP/1.1" 200 627 "-" "Mozilla/5.0 (compatible; MJ12bot/v1.4.8; http://mj12bot.com/)"
193.70.81.106 - - [05/Apr/2025:20:08:20 +0300] "GET /wp-Owl.php?action=edit&file=libthai.so.0.3.0&path=//proc/525391/root/lib64 HTTP/1.1" 200 539 "-" "Mozilla/5.0 (compatible; MJ12bot/v1.4.8; http://mj12bot.com/)"
147.135.213.175 - - [05/Apr/2025:20:08:21 +0300] "GET /wp-Owl.php?action=edit&file=snd-soc-pcm512x.ko.xz&path=//lib/modules/4.18.0-513.24.1.el8_9.x86_64/kernel/sound/soc/codecs HTTP/1.1" 200 625 "-" "Mozilla/5.0 (compatible; MJ12bot/v1.4.8; http://mj12bot.com/)"
193.70.81.106 - - [05/Apr/2025:20:08:21 +0300] "GET /wp-Owl.php?action=edit&file=lineage-pem.ko.xz&path=//lib/modules/4.18.0-513.24.1.el8_9.x86_64/kernel/drivers/hwmon HTTP/1.1" 200 620 "-" "Mozilla/5.0 (compatible; MJ12bot/v1.4.8; http://mj12bot.com/)"
147.135.213.175 - - [05/Apr/2025:20:08:22 +0300] "GET /wp-Owl.php?action=edit&file=snd-soc-rl6231.ko.xz&path=//lib/modules/4.18.0-513.24.1.el8_9.x86_64/kernel/sound/soc/codecs HTTP/1.1" 200 624 "-" "Mozilla/5.0 (compatible; MJ12bot/v1.4.8; http://mj12bot.com/)"
193.70.81.106 - - [05/Apr/2025:20:08:23 +0300] "GET /wp-Owl.php?action=edit&file=linear.ko.xz&path=//lib/modules/4.18.0-513.24.1.el8_9.x86_64/kernel/drivers/md HTTP/1.1" 200 617 "-" "Mozilla/5.0 (compatible; MJ12bot/v1.4.8; http://mj12bot.com/)"
147.135.213.175 - - [05/Apr/2025:20:08:24 +0300] "GET /wp-Owl.php?action=edit&file=snd-soc-rl6347a.ko.xz&path=//lib/modules/4.18.0-513.24.1.el8_9.x86_64/kernel/sound/soc/codecs HTTP/1.1" 200 625 "-" "Mozilla/5.0 (compatible; MJ12bot/v1.4.8; http://mj12bot.com/)"
147.135.213.175 - - [05/Apr/2025:20:08:25 +0300] "GET /wp-Owl.php?action=edit&file=snd-soc-rt1011.ko.xz&path=//lib/modules/4.18.0-513.24.1.el8_9.x86_64/kernel/sound/soc/codecs HTTP/1.1" 200 624 "-" "Mozilla/5.0 (compatible; MJ12bot/v1.4.8; http://mj12bot.com/)"
147.135.213.175 - - [05/Apr/2025:20:08:27 +0300] "GET /wp-Owl.php?action=edit&file=snd-soc-rt1015.ko.xz&path=//lib/modules/4.18.0-513.24.1.el8_9.x86_64/kernel/sound/soc/codecs HTTP/1.1" 200 624 "-" "Mozilla/5.0 (compatible; MJ12bot/v1.4.8; http://mj12bot.com/)"
193.70.81.106 - - [05/Apr/2025:20:08:27 +0300] "GET /wp-Owl.php?action=edit&file=llc.ko.xz&path=//lib/modules/4.18.0-513.18.1.lve.2.el8.x86_64/kernel/net/llc HTTP/1.1" 200 616 "-" "Mozilla/5.0 (compatible; MJ12bot/v1.4.8; http://mj12bot.com/)"
147.135.213.175 - - [05/Apr/2025:20:08:28 +0300] "GET /wp-Owl.php?action=edit&file=snd-soc-rt1015p.ko.xz&path=//lib/modules/4.18.0-513.24.1.el8_9.x86_64/kernel/sound/soc/codecs HTTP/1.1" 200 624 "-" "Mozilla/5.0 (compatible; MJ12bot/v1.4.8; http://mj12bot.com/)"
193.70.81.106 - - [05/Apr/2025:20:08:29 +0300] "GET /wp-Owl.php?action=edit&file=lm63.ko.xz&path=//lib/modules/4.18.0-513.24.1.el8_9.x86_64/kernel/drivers/hwmon HTTP/1.1" 200 617 "-" "Mozilla/5.0 (compatible; MJ12bot/v1.4.8; http://mj12bot.com/)"
147.135.213.175 - - [05/Apr/2025:20:08:30 +0300] "GET /wp-Owl.php?action=edit&file=snd-soc-rt1308-sdw.ko.xz&path=//lib/modules/4.18.0-513.24.1.el8_9.x86_64/kernel/sound/soc/codecs HTTP/1.1" 200 627 "-" "Mozilla/5.0 (compatible; MJ12bot/v1.4.8; http://mj12bot.com/)"
193.70.81.106 - - [05/Apr/2025:20:08:30 +0300] "GET /wp-Owl.php?action=edit&file=lm73.ko.xz&path=//lib/modules/4.18.0-513.24.1.el8_9.x86_64/kernel/drivers/hwmon HTTP/1.1" 200 617 "-" "Mozilla/5.0 (compatible; MJ12bot/v1.4.8; http://mj12bot.com/)"
147.135.213.175 - - [05/Apr/2025:20:08:31 +0300] "GET /wp-Owl.php?action=edit&file=snd-soc-rt1308.ko.xz&path=//lib/modules/4.18.0-513.24.1.el8_9.x86_64/kernel/sound/soc/codecs HTTP/1.1" 200 624 "-" "Mozilla/5.0 (compatible; MJ12bot/v1.4.8; http://mj12bot.com/)"
193.70.81.106 - - [05/Apr/2025:20:08:32 +0300] "GET /wp-Owl.php?action=edit&file=lm75.ko.xz&path=//lib/modules/4.18.0-513.24.1.el8_9.x86_64/kernel/drivers/hwmon HTTP/1.1" 200 617 "-" "Mozilla/5.0 (compatible; MJ12bot/v1.4.8; http://mj12bot.com/)"
147.135.213.175 - - [05/Apr/2025:20:08:32 +0300] "GET /wp-Owl.php?action=edit&file=snd-soc-rt1316-sdw.ko.xz&path=//lib/modules/4.18.0-513.24.1.el8_9.x86_64/kernel/sound/soc/codecs HTTP/1.1" 200 627 "-" "Mozilla/5.0 (compatible; MJ12bot/v1.4.8; http://mj12bot.com/)"
193.70.81.106 - - [05/Apr/2025:20:08:33 +0300] "GET /wp-Owl.php?action=edit&file=lm77.ko.xz&path=//lib/modules/4.18.0-513.24.1.el8_9.x86_64/kernel/drivers/hwmon HTTP/1.1" 200 617 "-" "Mozilla/5.0 (compatible; MJ12bot/v1.4.8; http://mj12bot.com/)"
147.135.213.175 - - [05/Apr/2025:20:08:34 +0300] "GET /wp-Owl.php?action=edit&file=snd-soc-rt1318-sdw.ko.xz&path=//lib/modules/4.18.0-513.24.1.el8_9.x86_64/kernel/sound/soc/codecs HTTP/1.1" 200 627 "-" "Mozilla/5.0 (compatible; MJ12bot/v1.4.8; http://mj12bot.com/)"
193.70.81.106 - - [05/Apr/2025:20:08:35 +0300] "GET /wp-Owl.php?action=edit&file=lm78.ko.xz&path=//lib/modules/4.18.0-513.24.1.el8_9.x86_64/kernel/drivers/hwmon HTTP/1.1" 200 617 "-" "Mozilla/5.0 (compatible; MJ12bot/v1.4.8; http://mj12bot.com/)"
147.135.213.175 - - [05/Apr/2025:20:08:36 +0300] "GET /wp-Owl.php?action=edit&file=snd-soc-rt286.ko.xz&path=//lib/modules/4.18.0-513.24.1.el8_9.x86_64/kernel/sound/soc/codecs HTTP/1.1" 200 624 "-" "Mozilla/5.0 (compatible; MJ12bot/v1.4.8; http://mj12bot.com/)"
193.70.81.106 - - [05/Apr/2025:20:08:36 +0300] "GET /wp-Owl.php?action=edit&file=lm80.ko.xz&path=//lib/modules/4.18.0-513.24.1.el8_9.x86_64/kernel/drivers/hwmon HTTP/1.1" 200 617 "-" "Mozilla/5.0 (compatible; MJ12bot/v1.4.8; http://mj12bot.com/)"
147.135.213.175 - - [05/Apr/2025:20:08:37 +0300] "GET /wp-Owl.php?action=edit&file=snd-soc-rt298.ko.xz&path=//lib/modules/4.18.0-513.24.1.el8_9.x86_64/kernel/sound/soc/codecs HTTP/1.1" 200 624 "-" "Mozilla/5.0 (compatible; MJ12bot/v1.4.8; http://mj12bot.com/)"
193.70.81.106 - - [05/Apr/2025:20:08:38 +0300] "GET /wp-Owl.php?action=edit&file=lm83.ko.xz&path=//lib/modules/4.18.0-513.24.1.el8_9.x86_64/kernel/drivers/hwmon HTTP/1.1" 200 617 "-" "Mozilla/5.0 (compatible; MJ12bot/v1.4.8; http://mj12bot.com/)"
147.135.213.175 - - [05/Apr/2025:20:08:39 +0300] "GET /wp-Owl.php?action=edit&file=snd-soc-rt5514-spi.ko.xz&path=//lib/modules/4.18.0-513.24.1.el8_9.x86_64/kernel/sound/soc/codecs HTTP/1.1" 200 627 "-" "Mozilla/5.0 (compatible; MJ12bot/v1.4.8; http://mj12bot.com/)"
193.70.81.106 - - [05/Apr/2025:20:08:39 +0300] "GET /wp-Owl.php?action=edit&file=lm85.ko.xz&path=//lib/modules/4.18.0-513.24.1.el8_9.x86_64/kernel/drivers/hwmon HTTP/1.1" 200 617 "-" "Mozilla/5.0 (compatible; MJ12bot/v1.4.8; http://mj12bot.com/)"
147.135.213.175 - - [05/Apr/2025:20:08:40 +0300] "GET /wp-Owl.php?action=edit&file=snd-soc-rt5514.ko.xz&path=//lib/modules/4.18.0-513.24.1.el8_9.x86_64/kernel/sound/soc/codecs HTTP/1.1" 200 624 "-" "Mozilla/5.0 (compatible; MJ12bot/v1.4.8; http://mj12bot.com/)"
193.70.81.106 - - [05/Apr/2025:20:08:41 +0300] "GET /wp-Owl.php?action=edit&file=lm87.ko.xz&path=//lib/modules/4.18.0-513.24.1.el8_9.x86_64/kernel/drivers/hwmon HTTP/1.1" 200 617 "-" "Mozilla/5.0 (compatible; MJ12bot/v1.4.8; http://mj12bot.com/)"
147.135.213.175 - - [05/Apr/2025:20:08:42 +0300] "GET /wp-Owl.php?action=edit&file=snd-soc-rt5640.ko.xz&path=//lib/modules/4.18.0-513.24.1.el8_9.x86_64/kernel/sound/soc/codecs HTTP/1.1" 200 624 "-" "Mozilla/5.0 (compatible; MJ12bot/v1.4.8; http://mj12bot.com/)"
193.70.81.106 - - [05/Apr/2025:20:08:42 +0300] "GET /wp-Owl.php?action=edit&file=lm90.ko.xz&path=//lib/modules/4.18.0-513.24.1.el8_9.x86_64/kernel/drivers/hwmon HTTP/1.1" 200 617 "-" "Mozilla/5.0 (compatible; MJ12bot/v1.4.8; http://mj12bot.com/)"
147.135.213.175 - - [05/Apr/2025:20:08:43 +0300] "GET /wp-Owl.php?action=edit&file=snd-soc-rt5645.ko.xz&path=//lib/modules/4.18.0-513.24.1.el8_9.x86_64/kernel/sound/soc/codecs HTTP/1.1" 200 625 "-" "Mozilla/5.0 (compatible; MJ12bot/v1.4.8; http://mj12bot.com/)"
193.70.81.106 - - [05/Apr/2025:20:08:44 +0300] "GET /wp-Owl.php?action=edit&file=lm92.ko.xz&path=//lib/modules/4.18.0-513.24.1.el8_9.x86_64/kernel/drivers/hwmon HTTP/1.1" 200 617 "-" "Mozilla/5.0 (compatible; MJ12bot/v1.4.8; http://mj12bot.com/)"
147.135.213.175 - - [05/Apr/2025:20:08:45 +0300] "GET /wp-Owl.php?action=edit&file=snd-soc-rt5651.ko.xz&path=//lib/modules/4.18.0-513.24.1.el8_9.x86_64/kernel/sound/soc/codecs HTTP/1.1" 200 624 "-" "Mozilla/5.0 (compatible; MJ12bot/v1.4.8; http://mj12bot.com/)"
193.70.81.106 - - [05/Apr/2025:20:08:45 +0300] "GET /wp-Owl.php?action=edit&file=lm93.ko.xz&path=//lib/modules/4.18.0-513.24.1.el8_9.x86_64/kernel/drivers/hwmon HTTP/1.1" 200 617 "-" "Mozilla/5.0 (compatible; MJ12bot/v1.4.8; http://mj12bot.com/)"
147.135.213.175 - - [05/Apr/2025:20:08:46 +0300] "GET /wp-Owl.php?action=edit&file=snd-soc-rt5660.ko.xz&path=//lib/modules/4.18.0-513.24.1.el8_9.x86_64/kernel/sound/soc/codecs HTTP/1.1" 200 624 "-" "Mozilla/5.0 (compatible; MJ12bot/v1.4.8; http://mj12bot.com/)"
193.70.81.106 - - [05/Apr/2025:20:08:47 +0300] "GET /wp-Owl.php?action=edit&file=lm95234.ko.xz&path=//lib/modules/4.18.0-513.24.1.el8_9.x86_64/kernel/drivers/hwmon HTTP/1.1" 200 620 "-" "Mozilla/5.0 (compatible; MJ12bot/v1.4.8; http://mj12bot.com/)"
147.135.213.175 - - [05/Apr/2025:20:08:48 +0300] "GET /wp-Owl.php?action=edit&file=snd-soc-rt5663.ko.xz&path=//lib/modules/4.18.0-513.24.1.el8_9.x86_64/kernel/sound/soc/codecs HTTP/1.1" 200 625 "-" "Mozilla/5.0 (compatible; MJ12bot/v1.4.8; http://mj12bot.com/)"
193.70.81.106 - - [05/Apr/2025:20:08:48 +0300] "GET /wp-Owl.php?action=edit&file=lm95241.ko.xz&path=//lib/modules/4.18.0-513.24.1.el8_9.x86_64/kernel/drivers/hwmon HTTP/1.1" 200 620 "-" "Mozilla/5.0 (compatible; MJ12bot/v1.4.8; http://mj12bot.com/)"
147.135.213.175 - - [05/Apr/2025:20:08:49 +0300] "GET /wp-Owl.php?action=edit&file=snd-soc-rt5670.ko.xz&path=//lib/modules/4.18.0-513.24.1.el8_9.x86_64/kernel/sound/soc/codecs HTTP/1.1" 200 624 "-" "Mozilla/5.0 (compatible; MJ12bot/v1.4.8; http://mj12bot.com/)"
193.70.81.106 - - [05/Apr/2025:20:08:50 +0300] "GET /wp-Owl.php?action=edit&file=lm95245.ko.xz&path=//lib/modules/4.18.0-513.24.1.el8_9.x86_64/kernel/drivers/hwmon HTTP/1.1" 200 620 "-" "Mozilla/5.0 (compatible; MJ12bot/v1.4.8; http://mj12bot.com/)"
147.135.213.175 - - [05/Apr/2025:20:08:51 +0300] "GET /wp-Owl.php?action=edit&file=snd-soc-rt5677-spi.ko.xz&path=//lib/modules/4.18.0-513.24.1.el8_9.x86_64/kernel/sound/soc/codecs HTTP/1.1" 200 627 "-" "Mozilla/5.0 (compatible; MJ12bot/v1.4.8; http://mj12bot.com/)"
193.70.81.106 - - [05/Apr/2025:20:08:51 +0300] "GET /wp-Owl.php?action=edit&file=lockd.ko.xz&path=//lib/modules/4.18.0-513.18.1.lve.2.el8.x86_64/kernel/fs/lockd HTTP/1.1" 200 617 "-" "Mozilla/5.0 (compatible; MJ12bot/v1.4.8; http://mj12bot.com/)"
147.135.213.175 - - [05/Apr/2025:20:08:53 +0300] "GET /wp-Owl.php?action=edit&file=snd-soc-rt5677.ko.xz&path=//lib/modules/4.18.0-513.24.1.el8_9.x86_64/kernel/sound/soc/codecs HTTP/1.1" 200 625 "-" "Mozilla/5.0 (compatible; MJ12bot/v1.4.8; http://mj12bot.com/)"
193.70.81.106 - - [05/Apr/2025:20:08:53 +0300] "GET /wp-Owl.php?action=edit&file=loop.ko.xz&path=//lib/modules/4.18.0-513.24.1.el8_9.x86_64/kernel/drivers/block HTTP/1.1" 200 616 "-" "Mozilla/5.0 (compatible; MJ12bot/v1.4.8; http://mj12bot.com/)"
89.248.169.52 - - [05/Apr/2025:20:08:54 +0300] "POST /wp-json/litespeed/v1/cdn_status HTTP/1.1" 404 796 "-" "Mozilla/5.0 (X11; Linux x86_64; rv:109.0) Gecko/20100101 Firefox/114.3"
147.135.213.175 - - [05/Apr/2025:20:08:54 +0300] "GET /wp-Owl.php?action=edit&file=snd-soc-rt5682-i2c.ko.xz&path=//lib/modules/4.18.0-513.24.1.el8_9.x86_64/kernel/sound/soc/codecs HTTP/1.1" 200 627 "-" "Mozilla/5.0 (compatible; MJ12bot/v1.4.8; http://mj12bot.com/)"
193.70.81.106 - - [05/Apr/2025:20:08:54 +0300] "GET /wp-Owl.php?action=edit&file=lp.ko.xz&path=//lib/modules/4.18.0-513.24.1.el8_9.x86_64/kernel/drivers/char HTTP/1.1" 200 615 "-" "Mozilla/5.0 (compatible; MJ12bot/v1.4.8; http://mj12bot.com/)"
147.135.213.175 - - [05/Apr/2025:20:08:56 +0300] "GET /wp-Owl.php?action=edit&file=snd-soc-rt5682-sdw.ko.xz&path=//lib/modules/4.18.0-513.24.1.el8_9.x86_64/kernel/sound/soc/codecs HTTP/1.1" 200 627 "-" "Mozilla/5.0 (compatible; MJ12bot/v1.4.8; http://mj12bot.com/)"
193.70.81.106 - - [05/Apr/2025:20:08:56 +0300] "GET /wp-Owl.php?action=edit&file=lpc_ich.ko.xz&path=//lib/modules/4.18.0-513.24.1.el8_9.x86_64/kernel/drivers/mfd HTTP/1.1" 200 619 "-" "Mozilla/5.0 (compatible; MJ12bot/v1.4.8; http://mj12bot.com/)"
147.135.213.175 - - [05/Apr/2025:20:08:57 +0300] "GET /wp-Owl.php?action=edit&file=snd-soc-rt5682.ko.xz&path=//lib/modules/4.18.0-513.24.1.el8_9.x86_64/kernel/sound/soc/codecs HTTP/1.1" 200 625 "-" "Mozilla/5.0 (compatible; MJ12bot/v1.4.8; http://mj12bot.com/)"
193.70.81.106 - - [05/Apr/2025:20:08:57 +0300] "GET /wp-Owl.php?action=edit&file=lpc_sch.ko.xz&path=//lib/modules/4.18.0-513.24.1.el8_9.x86_64/kernel/drivers/mfd HTTP/1.1" 200 619 "-" "Mozilla/5.0 (compatible; MJ12bot/v1.4.8; http://mj12bot.com/)"
147.135.213.175 - - [05/Apr/2025:20:08:59 +0300] "GET /wp-Owl.php?action=edit&file=snd-soc-rt5682s.ko.xz&path=//lib/modules/4.18.0-513.24.1.el8_9.x86_64/kernel/sound/soc/codecs HTTP/1.1" 200 625 "-" "Mozilla/5.0 (compatible; MJ12bot/v1.4.8; http://mj12bot.com/)"
193.70.81.106 - - [05/Apr/2025:20:08:59 +0300] "GET /wp-Owl.php?action=edit&file=ltc4151.ko.xz&path=//lib/modules/4.18.0-513.24.1.el8_9.x86_64/kernel/drivers/hwmon HTTP/1.1" 200 619 "-" "Mozilla/5.0 (compatible; MJ12bot/v1.4.8; http://mj12bot.com/)"
147.135.213.175 - - [05/Apr/2025:20:09:00 +0300] "GET /wp-Owl.php?action=edit&file=snd-soc-rt700.ko.xz&path=//lib/modules/4.18.0-513.24.1.el8_9.x86_64/kernel/sound/soc/codecs HTTP/1.1" 200 623 "-" "Mozilla/5.0 (compatible; MJ12bot/v1.4.8; http://mj12bot.com/)"
193.70.81.106 - - [05/Apr/2025:20:09:01 +0300] "GET /wp-Owl.php?action=edit&file=ltc4215.ko.xz&path=//lib/modules/4.18.0-513.24.1.el8_9.x86_64/kernel/drivers/hwmon HTTP/1.1" 200 620 "-" "Mozilla/5.0 (compatible; MJ12bot/v1.4.8; http://mj12bot.com/)"
147.135.213.175 - - [05/Apr/2025:20:09:02 +0300] "GET /wp-Owl.php?action=edit&file=snd-soc-rt711-sdca.ko.xz&path=//lib/modules/4.18.0-513.24.1.el8_9.x86_64/kernel/sound/soc/codecs HTTP/1.1" 200 627 "-" "Mozilla/5.0 (compatible; MJ12bot/v1.4.8; http://mj12bot.com/)"
193.70.81.106 - - [05/Apr/2025:20:09:02 +0300] "GET /wp-Owl.php?action=edit&file=ltc4245.ko.xz&path=//lib/modules/4.18.0-513.24.1.el8_9.x86_64/kernel/drivers/hwmon HTTP/1.1" 200 620 "-" "Mozilla/5.0 (compatible; MJ12bot/v1.4.8; http://mj12bot.com/)"
147.135.213.175 - - [05/Apr/2025:20:09:03 +0300] "GET /wp-Owl.php?action=edit&file=snd-soc-rt711.ko.xz&path=//lib/modules/4.18.0-513.24.1.el8_9.x86_64/kernel/sound/soc/codecs HTTP/1.1" 200 623 "-" "Mozilla/5.0 (compatible; MJ12bot/v1.4.8; http://mj12bot.com/)"
193.70.81.106 - - [05/Apr/2025:20:09:03 +0300] "GET /wp-Owl.php?action=edit&file=ltc4261.ko.xz&path=//lib/modules/4.18.0-513.24.1.el8_9.x86_64/kernel/drivers/hwmon HTTP/1.1" 200 620 "-" "Mozilla/5.0 (compatible; MJ12bot/v1.4.8; http://mj12bot.com/)"
147.135.213.175 - - [05/Apr/2025:20:09:05 +0300] "GET /wp-Owl.php?action=edit&file=snd-soc-rt712-sdca.ko.xz&path=//lib/modules/4.18.0-513.24.1.el8_9.x86_64/kernel/sound/soc/codecs HTTP/1.1" 200 627 "-" "Mozilla/5.0 (compatible; MJ12bot/v1.4.8; http://mj12bot.com/)"
193.70.81.106 - - [05/Apr/2025:20:09:05 +0300] "GET /wp-Owl.php?action=edit&file=mac-celtic.ko.xz&path=//lib/modules/4.18.0-513.18.1.lve.2.el8.x86_64/kernel/fs/nls HTTP/1.1" 200 620 "-" "Mozilla/5.0 (compatible; MJ12bot/v1.4.8; http://mj12bot.com/)"
193.70.81.106 - - [05/Apr/2025:20:09:06 +0300] "GET /wp-Owl.php?action=edit&file=mac-centeuro.ko.xz&path=//lib/modules/4.18.0-513.18.1.lve.2.el8.x86_64/kernel/fs/nls HTTP/1.1" 200 621 "-" "Mozilla/5.0 (compatible; MJ12bot/v1.4.8; http://mj12bot.com/)"
147.135.213.175 - - [05/Apr/2025:20:09:06 +0300] "GET /wp-Owl.php?action=edit&file=snd-soc-rt715-sdca.ko.xz&path=//lib/modules/4.18.0-513.24.1.el8_9.x86_64/kernel/sound/soc/codecs HTTP/1.1" 200 627 "-" "Mozilla/5.0 (compatible; MJ12bot/v1.4.8; http://mj12bot.com/)"
193.70.81.106 - - [05/Apr/2025:20:09:08 +0300] "GET /wp-Owl.php?action=edit&file=mac-croatian.ko.xz&path=//lib/modules/4.18.0-513.18.1.lve.2.el8.x86_64/kernel/fs/nls HTTP/1.1" 200 621 "-" "Mozilla/5.0 (compatible; MJ12bot/v1.4.8; http://mj12bot.com/)"
147.135.213.175 - - [05/Apr/2025:20:09:08 +0300] "GET /wp-Owl.php?action=edit&file=snd-soc-rt715.ko.xz&path=//lib/modules/4.18.0-513.24.1.el8_9.x86_64/kernel/sound/soc/codecs HTTP/1.1" 200 624 "-" "Mozilla/5.0 (compatible; MJ12bot/v1.4.8; http://mj12bot.com/)"
193.70.81.106 - - [05/Apr/2025:20:09:09 +0300] "GET /wp-Owl.php?action=edit&file=mac-cyrillic.ko.xz&path=//lib/modules/4.18.0-513.18.1.lve.2.el8.x86_64/kernel/fs/nls HTTP/1.1" 200 621 "-" "Mozilla/5.0 (compatible; MJ12bot/v1.4.8; http://mj12bot.com/)"
147.135.213.175 - - [05/Apr/2025:20:09:09 +0300] "GET /wp-Owl.php?action=edit&file=snd-soc-ssm4567.ko.xz&path=//lib/modules/4.18.0-513.24.1.el8_9.x86_64/kernel/sound/soc/codecs HTTP/1.1" 200 626 "-" "Mozilla/5.0 (compatible; MJ12bot/v1.4.8; http://mj12bot.com/)"
147.135.213.175 - - [05/Apr/2025:20:09:11 +0300] "GET /wp-Owl.php?action=edit&file=snd-soc-ts3a227e.ko.xz&path=//lib/modules/4.18.0-513.24.1.el8_9.x86_64/kernel/sound/soc/codecs HTTP/1.1" 200 625 "-" "Mozilla/5.0 (compatible; MJ12bot/v1.4.8; http://mj12bot.com/)"
193.70.81.106 - - [05/Apr/2025:20:09:11 +0300] "GET /wp-Owl.php?action=edit&file=mac-gaelic.ko.xz&path=//lib/modules/4.18.0-513.18.1.lve.2.el8.x86_64/kernel/fs/nls HTTP/1.1" 200 620 "-" "Mozilla/5.0 (compatible; MJ12bot/v1.4.8; http://mj12bot.com/)"
147.135.213.175 - - [05/Apr/2025:20:09:12 +0300] "GET /wp-Owl.php?action=edit&file=snd-soc-wm-adsp.ko.xz&path=//lib/modules/4.18.0-513.24.1.el8_9.x86_64/kernel/sound/soc/codecs HTTP/1.1" 200 624 "-" "Mozilla/5.0 (compatible; MJ12bot/v1.4.8; http://mj12bot.com/)"
193.70.81.106 - - [05/Apr/2025:20:09:12 +0300] "GET /wp-Owl.php?action=edit&file=mac-greek.ko.xz&path=//lib/modules/4.18.0-513.18.1.lve.2.el8.x86_64/kernel/fs/nls HTTP/1.1" 200 620 "-" "Mozilla/5.0 (compatible; MJ12bot/v1.4.8; http://mj12bot.com/)"
147.135.213.175 - - [05/Apr/2025:20:09:14 +0300] "GET /wp-Owl.php?action=edit&file=snd-soc-wm8804-i2c.ko.xz&path=//lib/modules/4.18.0-513.24.1.el8_9.x86_64/kernel/sound/soc/codecs HTTP/1.1" 200 627 "-" "Mozilla/5.0 (compatible; MJ12bot/v1.4.8; http://mj12bot.com/)"
193.70.81.106 - - [05/Apr/2025:20:09:14 +0300] "GET /wp-Owl.php?action=edit&file=mac-iceland.ko.xz&path=//lib/modules/4.18.0-513.18.1.lve.2.el8.x86_64/kernel/fs/nls HTTP/1.1" 200 621 "-" "Mozilla/5.0 (compatible; MJ12bot/v1.4.8; http://mj12bot.com/)"
147.135.213.175 - - [05/Apr/2025:20:09:15 +0300] "GET /wp-Owl.php?action=edit&file=snd-soc-wm8804.ko.xz&path=//lib/modules/4.18.0-513.24.1.el8_9.x86_64/kernel/sound/soc/codecs HTTP/1.1" 200 625 "-" "Mozilla/5.0 (compatible; MJ12bot/v1.4.8; http://mj12bot.com/)"
193.70.81.106 - - [05/Apr/2025:20:09:15 +0300] "GET /wp-Owl.php?action=edit&file=mac-inuit.ko.xz&path=//lib/modules/4.18.0-513.18.1.lve.2.el8.x86_64/kernel/fs/nls HTTP/1.1" 200 619 "-" "Mozilla/5.0 (compatible; MJ12bot/v1.4.8; http://mj12bot.com/)"
147.135.213.175 - - [05/Apr/2025:20:09:17 +0300] "GET /wp-Owl.php?action=edit&file=snd-sof-acpi.ko.xz&path=//lib/modules/4.18.0-513.24.1.el8_9.x86_64/kernel/sound/soc/sof HTTP/1.1" 200 622 "-" "Mozilla/5.0 (compatible; MJ12bot/v1.4.8; http://mj12bot.com/)"
193.70.81.106 - - [05/Apr/2025:20:09:17 +0300] "GET /wp-Owl.php?action=edit&file=mac-roman.ko.xz&path=//lib/modules/4.18.0-513.18.1.lve.2.el8.x86_64/kernel/fs/nls HTTP/1.1" 200 620 "-" "Mozilla/5.0 (compatible; MJ12bot/v1.4.8; http://mj12bot.com/)"
147.135.213.175 - - [05/Apr/2025:20:09:18 +0300] "GET /wp-Owl.php?action=edit&file=snd-sof-pci.ko.xz&path=//lib/modules/4.18.0-513.24.1.el8_9.x86_64/kernel/sound/soc/sof HTTP/1.1" 200 621 "-" "Mozilla/5.0 (compatible; MJ12bot/v1.4.8; http://mj12bot.com/)"
193.70.81.106 - - [05/Apr/2025:20:09:18 +0300] "GET /wp-Owl.php?action=edit&file=mac-romanian.ko.xz&path=//lib/modules/4.18.0-513.18.1.lve.2.el8.x86_64/kernel/fs/nls HTTP/1.1" 200 621 "-" "Mozilla/5.0 (compatible; MJ12bot/v1.4.8; http://mj12bot.com/)"
193.70.81.106 - - [05/Apr/2025:20:09:20 +0300] "GET /wp-Owl.php?action=edit&file=mac-turkish.ko.xz&path=//lib/modules/4.18.0-513.18.1.lve.2.el8.x86_64/kernel/fs/nls HTTP/1.1" 200 621 "-" "Mozilla/5.0 (compatible; MJ12bot/v1.4.8; http://mj12bot.com/)"
147.135.213.175 - - [05/Apr/2025:20:09:20 +0300] "GET /wp-Owl.php?action=edit&file=snd-sof-probes.ko.xz&path=//lib/modules/4.18.0-513.24.1.el8_9.x86_64/kernel/sound/soc/sof HTTP/1.1" 200 623 "-" "Mozilla/5.0 (compatible; MJ12bot/v1.4.8; http://mj12bot.com/)"
193.70.81.106 - - [05/Apr/2025:20:09:21 +0300] "GET /wp-Owl.php?action=edit&file=mac80211.ko.xz&path=//lib/modules/4.18.0-513.18.1.lve.2.el8.x86_64/kernel/net/mac80211 HTTP/1.1" 200 620 "-" "Mozilla/5.0 (compatible; MJ12bot/v1.4.8; http://mj12bot.com/)"
147.135.213.175 - - [05/Apr/2025:20:09:21 +0300] "GET /wp-Owl.php?action=edit&file=snd-sof-utils.ko.xz&path=//lib/modules/4.18.0-513.24.1.el8_9.x86_64/kernel/sound/soc/sof HTTP/1.1" 200 622 "-" "Mozilla/5.0 (compatible; MJ12bot/v1.4.8; http://mj12bot.com/)"
193.70.81.106 - - [05/Apr/2025:20:09:23 +0300] "GET /wp-Owl.php?action=edit&file=mac802154.ko.xz&path=//lib/modules/4.18.0-513.18.1.lve.2.el8.x86_64/kernel/net/mac802154 HTTP/1.1" 200 621 "-" "Mozilla/5.0 (compatible; MJ12bot/v1.4.8; http://mj12bot.com/)"
147.135.213.175 - - [05/Apr/2025:20:09:23 +0300] "GET /wp-Owl.php?action=edit&file=snd-sof.ko.xz&path=//lib/modules/4.18.0-513.24.1.el8_9.x86_64/kernel/sound/soc/sof HTTP/1.1" 200 618 "-" "Mozilla/5.0 (compatible; MJ12bot/v1.4.8; http://mj12bot.com/)"
193.70.81.106 - - [05/Apr/2025:20:09:24 +0300] "GET /wp-Owl.php?action=edit&file=machzwd.ko.xz&path=//lib/modules/4.18.0-513.18.1.lve.2.el8.x86_64/kernel/drivers/watchdog HTTP/1.1" 200 619 "-" "Mozilla/5.0 (compatible; MJ12bot/v1.4.8; http://mj12bot.com/)"
147.135.213.175 - - [05/Apr/2025:20:09:24 +0300] "GET /wp-Owl.php?action=edit&file=snd-timer.ko.xz&path=//lib/modules/4.18.0-513.18.1.lve.2.el8.x86_64/kernel/sound/core HTTP/1.1" 200 619 "-" "Mozilla/5.0 (compatible; MJ12bot/v1.4.8; http://mj12bot.com/)"
193.70.81.106 - - [05/Apr/2025:20:09:26 +0300] "GET /wp-Owl.php?action=edit&file=machzwd.ko.xz&path=//lib/modules/4.18.0-513.24.1.el8_9.x86_64/kernel/drivers/watchdog HTTP/1.1" 200 619 "-" "Mozilla/5.0 (compatible; MJ12bot/v1.4.8; http://mj12bot.com/)"
147.135.213.175 - - [05/Apr/2025:20:09:26 +0300] "GET /wp-Owl.php?action=edit&file=snd-trident.ko.xz&path=//lib/modules/4.18.0-513.24.1.el8_9.x86_64/kernel/sound/pci/trident HTTP/1.1" 200 620 "-" "Mozilla/5.0 (compatible; MJ12bot/v1.4.8; http://mj12bot.com/)"
193.70.81.106 - - [05/Apr/2025:20:09:27 +0300] "GET /wp-Owl.php?action=edit&file=macsec.ko.xz&path=//lib/modules/4.18.0-513.24.1.el8_9.x86_64/kernel/drivers/net HTTP/1.1" 200 618 "-" "Mozilla/5.0 (compatible; MJ12bot/v1.4.8; http://mj12bot.com/)"
147.135.213.175 - - [05/Apr/2025:20:09:28 +0300] "GET /wp-Owl.php?action=edit&file=snd-ua101.ko.xz&path=//lib/modules/4.18.0-513.24.1.el8_9.x86_64/kernel/sound/usb/misc HTTP/1.1" 200 620 "-" "Mozilla/5.0 (compatible; MJ12bot/v1.4.8; http://mj12bot.com/)"
193.70.81.106 - - [05/Apr/2025:20:09:29 +0300] "GET /wp-Owl.php?action=edit&file=macvlan.ko.xz&path=//lib/modules/4.18.0-513.24.1.el8_9.x86_64/kernel/drivers/net HTTP/1.1" 200 618 "-" "Mozilla/5.0 (compatible; MJ12bot/v1.4.8; http://mj12bot.com/)"
147.135.213.175 - - [05/Apr/2025:20:09:29 +0300] "GET /wp-Owl.php?action=edit&file=snd-usb-6fire.ko.xz&path=//lib/modules/4.18.0-513.24.1.el8_9.x86_64/kernel/sound/usb/6fire HTTP/1.1" 200 623 "-" "Mozilla/5.0 (compatible; MJ12bot/v1.4.8; http://mj12bot.com/)"
193.70.81.106 - - [05/Apr/2025:20:09:30 +0300] "GET /wp-Owl.php?action=edit&file=macvtap.ko.xz&path=//lib/modules/4.18.0-513.24.1.el8_9.x86_64/kernel/drivers/net HTTP/1.1" 200 618 "-" "Mozilla/5.0 (compatible; MJ12bot/v1.4.8; http://mj12bot.com/)"
147.135.213.175 - - [05/Apr/2025:20:09:31 +0300] "GET /wp-Owl.php?action=edit&file=snd-usb-audio.ko.xz&path=//lib/modules/4.18.0-513.18.1.lve.2.el8.x86_64/kernel/sound/usb HTTP/1.1" 200 622 "-" "Mozilla/5.0 (compatible; MJ12bot/v1.4.8; http://mj12bot.com/)"
193.70.81.106 - - [05/Apr/2025:20:09:32 +0300] "GET /wp-Owl.php?action=edit&file=magick-script.1&path=//opt/alt/alt-ImageMagick/usr/share/man/man1 HTTP/1.1" 200 5575 "-" "Mozilla/5.0 (compatible; MJ12bot/v1.4.8; http://mj12bot.com/)"
147.135.213.175 - - [05/Apr/2025:20:09:32 +0300] "GET /wp-Owl.php?action=edit&file=snd-usb-caiaq.ko.xz&path=//lib/modules/4.18.0-513.24.1.el8_9.x86_64/kernel/sound/usb/caiaq HTTP/1.1" 200 623 "-" "Mozilla/5.0 (compatible; MJ12bot/v1.4.8; http://mj12bot.com/)"
147.135.213.175 - - [05/Apr/2025:20:09:33 +0300] "GET /wp-Owl.php?action=edit&file=snd-usb-hiface.ko.xz&path=//lib/modules/4.18.0-513.24.1.el8_9.x86_64/kernel/sound/usb/hiface HTTP/1.1" 200 623 "-" "Mozilla/5.0 (compatible; MJ12bot/v1.4.8; http://mj12bot.com/)"
193.70.81.106 - - [05/Apr/2025:20:09:33 +0300] "GET /wp-Owl.php?action=edit&file=magick.1&path=//opt/alt/alt-ImageMagick/usr/share/man/man1 HTTP/1.1" 200 5585 "-" "Mozilla/5.0 (compatible; MJ12bot/v1.4.8; http://mj12bot.com/)"
147.135.213.175 - - [05/Apr/2025:20:09:35 +0300] "GET /wp-Owl.php?action=edit&file=snd-usb-line6.ko.xz&path=//lib/modules/4.18.0-513.24.1.el8_9.x86_64/kernel/sound/usb/line6 HTTP/1.1" 200 623 "-" "Mozilla/5.0 (compatible; MJ12bot/v1.4.8; http://mj12bot.com/)"
147.135.213.175 - - [05/Apr/2025:20:09:36 +0300] "GET /wp-Owl.php?action=edit&file=snd-usb-pod.ko.xz&path=//lib/modules/4.18.0-513.24.1.el8_9.x86_64/kernel/sound/usb/line6 HTTP/1.1" 200 621 "-" "Mozilla/5.0 (compatible; MJ12bot/v1.4.8; http://mj12bot.com/)"
193.70.81.106 - - [05/Apr/2025:20:09:36 +0300] "GET /wp-Owl.php?action=edit&file=max16065.ko.xz&path=//lib/modules/4.18.0-513.24.1.el8_9.x86_64/kernel/drivers/hwmon HTTP/1.1" 200 619 "-" "Mozilla/5.0 (compatible; MJ12bot/v1.4.8; http://mj12bot.com/)"
147.135.213.175 - - [05/Apr/2025:20:09:37 +0300] "GET /wp-Owl.php?action=edit&file=snd-usb-podhd.ko.xz&path=//lib/modules/4.18.0-513.24.1.el8_9.x86_64/kernel/sound/usb/line6 HTTP/1.1" 200 623 "-" "Mozilla/5.0 (compatible; MJ12bot/v1.4.8; http://mj12bot.com/)"
193.70.81.106 - - [05/Apr/2025:20:09:38 +0300] "GET /wp-Owl.php?action=edit&file=max1619.ko.xz&path=//lib/modules/4.18.0-513.24.1.el8_9.x86_64/kernel/drivers/hwmon HTTP/1.1" 200 618 "-" "Mozilla/5.0 (compatible; MJ12bot/v1.4.8; http://mj12bot.com/)"
147.135.213.175 - - [05/Apr/2025:20:09:39 +0300] "GET /wp-Owl.php?action=edit&file=snd-usb-toneport.ko.xz&path=//lib/modules/4.18.0-513.24.1.el8_9.x86_64/kernel/sound/usb/line6 HTTP/1.1" 200 624 "-" "Mozilla/5.0 (compatible; MJ12bot/v1.4.8; http://mj12bot.com/)"
193.70.81.106 - - [05/Apr/2025:20:09:40 +0300] "GET /wp-Owl.php?action=edit&file=max1668.ko.xz&path=//lib/modules/4.18.0-513.24.1.el8_9.x86_64/kernel/drivers/hwmon HTTP/1.1" 200 619 "-" "Mozilla/5.0 (compatible; MJ12bot/v1.4.8; http://mj12bot.com/)"
147.135.213.175 - - [05/Apr/2025:20:09:41 +0300] "GET /wp-Owl.php?action=edit&file=snd-usb-us122l.ko.xz&path=//lib/modules/4.18.0-513.24.1.el8_9.x86_64/kernel/sound/usb/usx2y HTTP/1.1" 200 623 "-" "Mozilla/5.0 (compatible; MJ12bot/v1.4.8; http://mj12bot.com/)"
193.70.81.106 - - [05/Apr/2025:20:09:41 +0300] "GET /wp-Owl.php?action=edit&file=max197.ko.xz&path=//lib/modules/4.18.0-513.24.1.el8_9.x86_64/kernel/drivers/hwmon HTTP/1.1" 200 618 "-" "Mozilla/5.0 (compatible; MJ12bot/v1.4.8; http://mj12bot.com/)"
147.135.213.175 - - [05/Apr/2025:20:09:42 +0300] "GET /wp-Owl.php?action=edit&file=snd-usb-usx2y.ko.xz&path=//lib/modules/4.18.0-513.24.1.el8_9.x86_64/kernel/sound/usb/usx2y HTTP/1.1" 200 622 "-" "Mozilla/5.0 (compatible; MJ12bot/v1.4.8; http://mj12bot.com/)"
193.70.81.106 - - [05/Apr/2025:20:09:42 +0300] "GET /wp-Owl.php?action=edit&file=max6639.ko.xz&path=//lib/modules/4.18.0-513.24.1.el8_9.x86_64/kernel/drivers/hwmon HTTP/1.1" 200 619 "-" "Mozilla/5.0 (compatible; MJ12bot/v1.4.8; http://mj12bot.com/)"
147.135.213.175 - - [05/Apr/2025:20:09:44 +0300] "GET /wp-Owl.php?action=edit&file=snd-usb-variax.ko.xz&path=//lib/modules/4.18.0-513.24.1.el8_9.x86_64/kernel/sound/usb/line6 HTTP/1.1" 200 623 "-" "Mozilla/5.0 (compatible; MJ12bot/v1.4.8; http://mj12bot.com/)"
193.70.81.106 - - [05/Apr/2025:20:09:44 +0300] "GET /wp-Owl.php?action=edit&file=max6642.ko.xz&path=//lib/modules/4.18.0-513.24.1.el8_9.x86_64/kernel/drivers/hwmon HTTP/1.1" 200 619 "-" "Mozilla/5.0 (compatible; MJ12bot/v1.4.8; http://mj12bot.com/)"
147.135.213.175 - - [05/Apr/2025:20:09:45 +0300] "GET /wp-Owl.php?action=edit&file=snd-usbmidi-lib.ko.xz&path=//lib/modules/4.18.0-513.18.1.lve.2.el8.x86_64/kernel/sound/usb HTTP/1.1" 200 623 "-" "Mozilla/5.0 (compatible; MJ12bot/v1.4.8; http://mj12bot.com/)"
193.70.81.106 - - [05/Apr/2025:20:09:45 +0300] "GET /wp-Owl.php?action=edit&file=max6650.ko.xz&path=//lib/modules/4.18.0-513.24.1.el8_9.x86_64/kernel/drivers/hwmon HTTP/1.1" 200 619 "-" "Mozilla/5.0 (compatible; MJ12bot/v1.4.8; http://mj12bot.com/)"
94.102.49.19 - - [05/Apr/2025:20:09:46 +0300] "POST /wp-json/litespeed/v1/cdn_status HTTP/1.1" 404 796 "-" "Mozilla/5.0 (X11; Linux x86_64; rv:109.0) Gecko/20100101 Firefox/114.3"
147.135.213.175 - - [05/Apr/2025:20:09:46 +0300] "GET /wp-Owl.php?action=edit&file=snd-util-mem.ko.xz&path=//lib/modules/4.18.0-513.18.1.lve.2.el8.x86_64/kernel/sound/synth HTTP/1.1" 200 621 "-" "Mozilla/5.0 (compatible; MJ12bot/v1.4.8; http://mj12bot.com/)"
193.70.81.106 - - [05/Apr/2025:20:09:47 +0300] "GET /wp-Owl.php?action=edit&file=max6697.ko.xz&path=//lib/modules/4.18.0-513.24.1.el8_9.x86_64/kernel/drivers/hwmon HTTP/1.1" 200 619 "-" "Mozilla/5.0 (compatible; MJ12bot/v1.4.8; http://mj12bot.com/)"
147.135.213.175 - - [05/Apr/2025:20:09:48 +0300] "GET /wp-Owl.php?action=edit&file=snd-via82xx-modem.ko.xz&path=//lib/modules/4.18.0-513.18.1.lve.2.el8.x86_64/kernel/sound/pci HTTP/1.1" 200 626 "-" "Mozilla/5.0 (compatible; MJ12bot/v1.4.8; http://mj12bot.com/)"
147.135.213.175 - - [05/Apr/2025:20:09:49 +0300] "GET /wp-Owl.php?action=edit&file=snd-via82xx.ko.xz&path=//lib/modules/4.18.0-513.18.1.lve.2.el8.x86_64/kernel/sound/pci HTTP/1.1" 200 621 "-" "Mozilla/5.0 (compatible; MJ12bot/v1.4.8; http://mj12bot.com/)"
193.70.81.106 - - [05/Apr/2025:20:09:50 +0300] "GET /wp-Owl.php?action=edit&file=mcp3021.ko.xz&path=//lib/modules/4.18.0-513.24.1.el8_9.x86_64/kernel/drivers/hwmon HTTP/1.1" 200 619 "-" "Mozilla/5.0 (compatible; MJ12bot/v1.4.8; http://mj12bot.com/)"
94.102.49.19 - - [05/Apr/2025:20:09:50 +0300] "POST /wp-json/litespeed/v1/cdn_status HTTP/1.1" 404 796 "-" "Mozilla/5.0 (X11; Linux x86_64; rv:109.0) Gecko/20100101 Firefox/114.3"
147.135.213.175 - - [05/Apr/2025:20:09:51 +0300] "GET /wp-Owl.php?action=edit&file=snd-virmidi.ko.xz&path=//lib/modules/4.18.0-513.18.1.lve.2.el8.x86_64/kernel/sound/drivers HTTP/1.1" 200 620 "-" "Mozilla/5.0 (compatible; MJ12bot/v1.4.8; http://mj12bot.com/)"
193.70.81.106 - - [05/Apr/2025:20:09:51 +0300] "GET /wp-Owl.php?action=edit&file=md-cluster.ko.xz&path=//lib/modules/4.18.0-513.24.1.el8_9.x86_64/kernel/drivers/md HTTP/1.1" 200 620 "-" "Mozilla/5.0 (compatible; MJ12bot/v1.4.8; http://mj12bot.com/)"
147.135.213.175 - - [05/Apr/2025:20:09:52 +0300] "GET /wp-Owl.php?action=edit&file=snd-virtuoso.ko.xz&path=//lib/modules/4.18.0-513.24.1.el8_9.x86_64/kernel/sound/pci/oxygen HTTP/1.1" 200 621 "-" "Mozilla/5.0 (compatible; MJ12bot/v1.4.8; http://mj12bot.com/)"
193.70.81.106 - - [05/Apr/2025:20:09:53 +0300] "GET /wp-Owl.php?action=edit&file=mdio.ko.xz&path=//lib/modules/4.18.0-513.24.1.el8_9.x86_64/kernel/drivers/net HTTP/1.1" 200 616 "-" "Mozilla/5.0 (compatible; MJ12bot/v1.4.8; http://mj12bot.com/)"
147.135.213.175 - - [05/Apr/2025:20:09:54 +0300] "GET /wp-Owl.php?action=edit&file=snd-vx-lib.ko.xz&path=//lib/modules/4.18.0-513.24.1.el8_9.x86_64/kernel/sound/drivers/vx HTTP/1.1" 200 620 "-" "Mozilla/5.0 (compatible; MJ12bot/v1.4.8; http://mj12bot.com/)"
193.70.81.106 - - [05/Apr/2025:20:09:54 +0300] "GET /wp-Owl.php?action=edit&file=mei_wdt.ko.xz&path=//lib/modules/4.18.0-513.18.1.lve.2.el8.x86_64/kernel/drivers/watchdog HTTP/1.1" 200 619 "-" "Mozilla/5.0 (compatible; MJ12bot/v1.4.8; http://mj12bot.com/)"
147.135.213.175 - - [05/Apr/2025:20:09:55 +0300] "GET /wp-Owl.php?action=edit&file=snd-vx222.ko.xz&path=//lib/modules/4.18.0-513.24.1.el8_9.x86_64/kernel/sound/pci/vx222 HTTP/1.1" 200 620 "-" "Mozilla/5.0 (compatible; MJ12bot/v1.4.8; http://mj12bot.com/)"
193.70.81.106 - - [05/Apr/2025:20:09:56 +0300] "GET /wp-Owl.php?action=edit&file=mei_wdt.ko.xz&path=//lib/modules/4.18.0-513.24.1.el8_9.x86_64/kernel/drivers/watchdog HTTP/1.1" 200 619 "-" "Mozilla/5.0 (compatible; MJ12bot/v1.4.8; http://mj12bot.com/)"
147.135.213.175 - - [05/Apr/2025:20:09:57 +0300] "GET /wp-Owl.php?action=edit&file=snd.ko.xz&path=//lib/modules/4.18.0-513.18.1.lve.2.el8.x86_64/kernel/sound/core HTTP/1.1" 200 615 "-" "Mozilla/5.0 (compatible; MJ12bot/v1.4.8; http://mj12bot.com/)"
193.70.81.106 - - [05/Apr/2025:20:09:58 +0300] "GET /wp-Owl.php?action=edit&file=mii.ko.xz&path=//lib/modules/4.18.0-513.24.1.el8_9.x86_64/kernel/drivers/net HTTP/1.1" 200 616 "-" "Mozilla/5.0 (compatible; MJ12bot/v1.4.8; http://mj12bot.com/)"
147.135.213.175 - - [05/Apr/2025:20:09:58 +0300] "GET /wp-Owl.php?action=edit&file=snd_xen_front.ko.xz&path=//lib/modules/4.18.0-513.18.1.lve.2.el8.x86_64/kernel/sound/xen HTTP/1.1" 200 623 "-" "Mozilla/5.0 (compatible; MJ12bot/v1.4.8; http://mj12bot.com/)"
193.70.81.106 - - [05/Apr/2025:20:09:59 +0300] "GET /wp-Owl.php?action=edit&file=mip6.ko.xz&path=//lib/modules/4.18.0-513.18.1.lve.2.el8.x86_64/kernel/net/ipv6 HTTP/1.1" 200 617 "-" "Mozilla/5.0 (compatible; MJ12bot/v1.4.8; http://mj12bot.com/)"
147.135.213.175 - - [05/Apr/2025:20:10:00 +0300] "GET /wp-Owl.php?action=edit&file=softdog.ko.xz&path=//lib/modules/4.18.0-513.18.1.lve.2.el8.x86_64/kernel/drivers/watchdog HTTP/1.1" 200 618 "-" "Mozilla/5.0 (compatible; MJ12bot/v1.4.8; http://mj12bot.com/)"
147.135.213.175 - - [05/Apr/2025:20:10:01 +0300] "GET /wp-Owl.php?action=edit&file=softdog.ko.xz&path=//lib/modules/4.18.0-513.24.1.el8_9.x86_64/kernel/drivers/watchdog HTTP/1.1" 200 618 "-" "Mozilla/5.0 (compatible; MJ12bot/v1.4.8; http://mj12bot.com/)"
147.135.213.175 - - [05/Apr/2025:20:10:03 +0300] "GET /wp-Owl.php?action=edit&file=soundwire-amd.ko.xz&path=//lib/modules/4.18.0-513.18.1.lve.2.el8.x86_64/kernel/drivers/soundwire HTTP/1.1" 200 622 "-" "Mozilla/5.0 (compatible; MJ12bot/v1.4.8; http://mj12bot.com/)"
193.70.81.106 - - [05/Apr/2025:20:10:04 +0300] "GET /wp-Owl.php?action=edit&file=mlx_wdt.ko.xz&path=//lib/modules/4.18.0-513.18.1.lve.2.el8.x86_64/kernel/drivers/watchdog HTTP/1.1" 200 619 "-" "Mozilla/5.0 (compatible; MJ12bot/v1.4.8; http://mj12bot.com/)"
147.135.213.175 - - [05/Apr/2025:20:10:04 +0300] "GET /wp-Owl.php?action=edit&file=soundwire-amd.ko.xz&path=//lib/modules/4.18.0-513.24.1.el8_9.x86_64/kernel/drivers/soundwire HTTP/1.1" 200 622 "-" "Mozilla/5.0 (compatible; MJ12bot/v1.4.8; http://mj12bot.com/)"
193.70.81.106 - - [05/Apr/2025:20:10:05 +0300] "GET /wp-Owl.php?action=edit&file=mlx_wdt.ko.xz&path=//lib/modules/4.18.0-513.24.1.el8_9.x86_64/kernel/drivers/watchdog HTTP/1.1" 200 619 "-" "Mozilla/5.0 (compatible; MJ12bot/v1.4.8; http://mj12bot.com/)"
147.135.213.175 - - [05/Apr/2025:20:10:06 +0300] "GET /wp-Owl.php?action=edit&file=soundwire-bus.ko.xz&path=//lib/modules/4.18.0-513.18.1.lve.2.el8.x86_64/kernel/drivers/soundwire HTTP/1.1" 200 622 "-" "Mozilla/5.0 (compatible; MJ12bot/v1.4.8; http://mj12bot.com/)"
147.135.213.175 - - [05/Apr/2025:20:10:07 +0300] "GET /wp-Owl.php?action=edit&file=soundwire-bus.ko.xz&path=//lib/modules/4.18.0-513.24.1.el8_9.x86_64/kernel/drivers/soundwire HTTP/1.1" 200 622 "-" "Mozilla/5.0 (compatible; MJ12bot/v1.4.8; http://mj12bot.com/)"
193.70.81.106 - - [05/Apr/2025:20:10:08 +0300] "GET /wp-Owl.php?action=edit&file=mlxreg-fan.ko.xz&path=//lib/modules/4.18.0-513.24.1.el8_9.x86_64/kernel/drivers/hwmon HTTP/1.1" 200 621 "-" "Mozilla/5.0 (compatible; MJ12bot/v1.4.8; http://mj12bot.com/)"
147.135.213.175 - - [05/Apr/2025:20:10:09 +0300] "GET /wp-Owl.php?action=edit&file=soundwire-cadence.ko.xz&path=//lib/modules/4.18.0-513.18.1.lve.2.el8.x86_64/kernel/drivers/soundwire HTTP/1.1" 200 624 "-" "Mozilla/5.0 (compatible; MJ12bot/v1.4.8; http://mj12bot.com/)"
147.135.213.175 - - [05/Apr/2025:20:10:10 +0300] "GET /wp-Owl.php?action=edit&file=soundwire-cadence.ko.xz&path=//lib/modules/4.18.0-513.24.1.el8_9.x86_64/kernel/drivers/soundwire HTTP/1.1" 200 624 "-" "Mozilla/5.0 (compatible; MJ12bot/v1.4.8; http://mj12bot.com/)"
147.135.213.175 - - [05/Apr/2025:20:10:12 +0300] "GET /wp-Owl.php?action=edit&file=soundwire-generic-allocation.ko.xz&path=//lib/modules/4.18.0-513.18.1.lve.2.el8.x86_64/kernel/drivers/soundwire HTTP/1.1" 200 630 "-" "Mozilla/5.0 (compatible; MJ12bot/v1.4.8; http://mj12bot.com/)"
147.135.213.175 - - [05/Apr/2025:20:10:13 +0300] "GET /wp-Owl.php?action=edit&file=soundwire-generic-allocation.ko.xz&path=//lib/modules/4.18.0-513.24.1.el8_9.x86_64/kernel/drivers/soundwire HTTP/1.1" 200 630 "-" "Mozilla/5.0 (compatible; MJ12bot/v1.4.8; http://mj12bot.com/)"
147.135.213.175 - - [05/Apr/2025:20:10:15 +0300] "GET /wp-Owl.php?action=edit&file=soundwire-intel.ko.xz&path=//lib/modules/4.18.0-513.18.1.lve.2.el8.x86_64/kernel/drivers/soundwire HTTP/1.1" 200 623 "-" "Mozilla/5.0 (compatible; MJ12bot/v1.4.8; http://mj12bot.com/)"
147.135.213.175 - - [05/Apr/2025:20:10:16 +0300] "GET /wp-Owl.php?action=edit&file=soundwire-intel.ko.xz&path=//lib/modules/4.18.0-513.24.1.el8_9.x86_64/kernel/drivers/soundwire HTTP/1.1" 200 623 "-" "Mozilla/5.0 (compatible; MJ12bot/v1.4.8; http://mj12bot.com/)"
147.135.213.175 - - [05/Apr/2025:20:10:17 +0300] "GET /wp-Owl.php?action=edit&file=sp5100_tco.ko.xz&path=//lib/modules/4.18.0-513.18.1.lve.2.el8.x86_64/kernel/drivers/watchdog HTTP/1.1" 200 622 "-" "Mozilla/5.0 (compatible; MJ12bot/v1.4.8; http://mj12bot.com/)"
147.135.213.175 - - [05/Apr/2025:20:10:19 +0300] "GET /wp-Owl.php?action=edit&file=sp5100_tco.ko.xz&path=//lib/modules/4.18.0-513.24.1.el8_9.x86_64/kernel/drivers/watchdog HTTP/1.1" 200 622 "-" "Mozilla/5.0 (compatible; MJ12bot/v1.4.8; http://mj12bot.com/)"
147.135.213.175 - - [05/Apr/2025:20:10:20 +0300] "GET /wp-Owl.php?action=edit&file=sparse-keymap.ko.xz&path=//lib/modules/4.18.0-513.24.1.el8_9.x86_64/kernel/drivers/input HTTP/1.1" 200 622 "-" "Mozilla/5.0 (compatible; MJ12bot/v1.4.8; http://mj12bot.com/)"
147.135.213.175 - - [05/Apr/2025:20:10:22 +0300] "GET /wp-Owl.php?action=edit&file=speedstep-lib.ko.xz&path=//lib/modules/4.18.0-513.24.1.el8_9.x86_64/kernel/drivers/cpufreq HTTP/1.1" 200 622 "-" "Mozilla/5.0 (compatible; MJ12bot/v1.4.8; http://mj12bot.com/)"
147.135.213.175 - - [05/Apr/2025:20:10:23 +0300] "GET /wp-Owl.php?action=edit&file=spi-amd.ko.xz&path=//lib/modules/4.18.0-513.18.1.lve.2.el8.x86_64/kernel/drivers/spi HTTP/1.1" 200 618 "-" "Mozilla/5.0 (compatible; MJ12bot/v1.4.8; http://mj12bot.com/)"
147.135.213.175 - - [05/Apr/2025:20:10:25 +0300] "GET /wp-Owl.php?action=edit&file=spi-amd.ko.xz&path=//lib/modules/4.18.0-513.24.1.el8_9.x86_64/kernel/drivers/spi HTTP/1.1" 200 618 "-" "Mozilla/5.0 (compatible; MJ12bot/v1.4.8; http://mj12bot.com/)"
147.135.213.175 - - [05/Apr/2025:20:10:26 +0300] "GET /wp-Owl.php?action=edit&file=spi-pxa2xx-pci.ko.xz&path=//lib/modules/4.18.0-513.18.1.lve.2.el8.x86_64/kernel/drivers/spi HTTP/1.1" 200 624 "-" "Mozilla/5.0 (compatible; MJ12bot/v1.4.8; http://mj12bot.com/)"
147.135.213.175 - - [05/Apr/2025:20:10:28 +0300] "GET /wp-Owl.php?action=edit&file=spi-pxa2xx-pci.ko.xz&path=//lib/modules/4.18.0-513.24.1.el8_9.x86_64/kernel/drivers/spi HTTP/1.1" 200 624 "-" "Mozilla/5.0 (compatible; MJ12bot/v1.4.8; http://mj12bot.com/)"
147.135.213.175 - - [05/Apr/2025:20:10:30 +0300] "GET /wp-Owl.php?action=edit&file=spi-pxa2xx-platform.ko.xz&path=//lib/modules/4.18.0-513.18.1.lve.2.el8.x86_64/kernel/drivers/spi HTTP/1.1" 200 626 "-" "Mozilla/5.0 (compatible; MJ12bot/v1.4.8; http://mj12bot.com/)"
147.135.213.175 - - [05/Apr/2025:20:10:31 +0300] "GET /wp-Owl.php?action=edit&file=spi-pxa2xx-platform.ko.xz&path=//lib/modules/4.18.0-513.24.1.el8_9.x86_64/kernel/drivers/spi HTTP/1.1" 200 626 "-" "Mozilla/5.0 (compatible; MJ12bot/v1.4.8; http://mj12bot.com/)"
147.135.213.175 - - [05/Apr/2025:20:10:33 +0300] "GET /wp-Owl.php?action=edit&file=squashfs.ko.xz&path=//lib/modules/4.18.0-513.18.1.lve.2.el8.x86_64/kernel/fs/squashfs HTTP/1.1" 200 620 "-" "Mozilla/5.0 (compatible; MJ12bot/v1.4.8; http://mj12bot.com/)"
147.135.213.175 - - [05/Apr/2025:20:10:34 +0300] "GET /wp-Owl.php?action=edit&file=sr_mod.ko.xz&path=//lib/modules/4.18.0-513.18.1.lve.2.el8.x86_64/kernel/drivers/scsi HTTP/1.1" 200 618 "-" "Mozilla/5.0 (compatible; MJ12bot/v1.4.8; http://mj12bot.com/)"
147.135.213.175 - - [05/Apr/2025:20:10:35 +0300] "GET /wp-Owl.php?action=edit&file=sr_mod.ko.xz&path=//lib/modules/4.18.0-513.24.1.el8_9.x86_64/kernel/drivers/scsi HTTP/1.1" 200 618 "-" "Mozilla/5.0 (compatible; MJ12bot/v1.4.8; http://mj12bot.com/)"
147.135.213.175 - - [05/Apr/2025:20:10:37 +0300] "GET /wp-Owl.php?action=edit&file=st.ko.xz&path=//lib/modules/4.18.0-513.18.1.lve.2.el8.x86_64/kernel/drivers/scsi HTTP/1.1" 200 615 "-" "Mozilla/5.0 (compatible; MJ12bot/v1.4.8; http://mj12bot.com/)"
4.227.36.118 - - [05/Apr/2025:20:10:37 +0300] "GET /robots.txt HTTP/1.1" 404 796 "-" "Mozilla/5.0 AppleWebKit/537.36 (KHTML, like Gecko; compatible; GPTBot/1.2; +https://openai.com/gptbot)"
147.135.213.175 - - [05/Apr/2025:20:10:38 +0300] "GET /wp-Owl.php?action=edit&file=st.ko.xz&path=//lib/modules/4.18.0-513.24.1.el8_9.x86_64/kernel/drivers/scsi HTTP/1.1" 200 615 "-" "Mozilla/5.0 (compatible; MJ12bot/v1.4.8; http://mj12bot.com/)"
147.135.213.175 - - [05/Apr/2025:20:10:42 +0300] "GET /wp-Owl.php?action=edit&file=stp.ko.xz&path=//lib/modules/4.18.0-513.18.1.lve.2.el8.x86_64/kernel/net/802 HTTP/1.1" 200 616 "-" "Mozilla/5.0 (compatible; MJ12bot/v1.4.8; http://mj12bot.com/)"
147.135.213.175 - - [05/Apr/2025:20:10:43 +0300] "GET /wp-Owl.php?action=edit&file=stream.1&path=//opt/alt/alt-ImageMagick/usr/share/man/man1 HTTP/1.1" 200 1988 "-" "Mozilla/5.0 (compatible; MJ12bot/v1.4.8; http://mj12bot.com/)"
147.135.213.175 - - [05/Apr/2025:20:10:45 +0300] "GET /wp-Owl.php?action=edit&file=sunrpc.ko.xz&path=//lib/modules/4.18.0-513.18.1.lve.2.el8.x86_64/kernel/net/sunrpc HTTP/1.1" 200 618 "-" "Mozilla/5.0 (compatible; MJ12bot/v1.4.8; http://mj12bot.com/)"
147.135.213.175 - - [05/Apr/2025:20:10:46 +0300] "GET /wp-Owl.php?action=edit&file=synclink.ko.xz&path=//lib/modules/4.18.0-513.18.1.lve.2.el8.x86_64/kernel/drivers/tty HTTP/1.1" 200 619 "-" "Mozilla/5.0 (compatible; MJ12bot/v1.4.8; http://mj12bot.com/)"
147.135.213.175 - - [05/Apr/2025:20:10:48 +0300] "GET /wp-Owl.php?action=edit&file=synclink.ko.xz&path=//lib/modules/4.18.0-513.24.1.el8_9.x86_64/kernel/drivers/tty HTTP/1.1" 200 619 "-" "Mozilla/5.0 (compatible; MJ12bot/v1.4.8; http://mj12bot.com/)"
147.135.213.175 - - [05/Apr/2025:20:10:49 +0300] "GET /wp-Owl.php?action=edit&file=synclink_gt.ko.xz&path=//lib/modules/4.18.0-513.18.1.lve.2.el8.x86_64/kernel/drivers/tty HTTP/1.1" 200 622 "-" "Mozilla/5.0 (compatible; MJ12bot/v1.4.8; http://mj12bot.com/)"
147.135.213.175 - - [05/Apr/2025:20:10:51 +0300] "GET /wp-Owl.php?action=edit&file=synclink_gt.ko.xz&path=//lib/modules/4.18.0-513.24.1.el8_9.x86_64/kernel/drivers/tty HTTP/1.1" 200 622 "-" "Mozilla/5.0 (compatible; MJ12bot/v1.4.8; http://mj12bot.com/)"
147.135.213.175 - - [05/Apr/2025:20:10:52 +0300] "GET /wp-Owl.php?action=edit&file=synclinkmp.ko.xz&path=//lib/modules/4.18.0-513.18.1.lve.2.el8.x86_64/kernel/drivers/tty HTTP/1.1" 200 621 "-" "Mozilla/5.0 (compatible; MJ12bot/v1.4.8; http://mj12bot.com/)"
147.135.213.175 - - [05/Apr/2025:20:10:53 +0300] "GET /wp-Owl.php?action=edit&file=synclinkmp.ko.xz&path=//lib/modules/4.18.0-513.24.1.el8_9.x86_64/kernel/drivers/tty HTTP/1.1" 200 621 "-" "Mozilla/5.0 (compatible; MJ12bot/v1.4.8; http://mj12bot.com/)"
147.135.213.175 - - [05/Apr/2025:20:10:55 +0300] "GET /wp-Owl.php?action=edit&file=tap.ko.xz&path=//lib/modules/4.18.0-513.24.1.el8_9.x86_64/kernel/drivers/net HTTP/1.1" 200 616 "-" "Mozilla/5.0 (compatible; MJ12bot/v1.4.8; http://mj12bot.com/)"
147.135.213.175 - - [05/Apr/2025:20:10:56 +0300] "GET /wp-Owl.php?action=edit&file=target_core_file.ko.xz&path=//lib/modules/4.18.0-513.18.1.lve.2.el8.x86_64/kernel/drivers/target HTTP/1.1" 200 624 "-" "Mozilla/5.0 (compatible; MJ12bot/v1.4.8; http://mj12bot.com/)"
147.135.213.175 - - [05/Apr/2025:20:10:58 +0300] "GET /wp-Owl.php?action=edit&file=target_core_file.ko.xz&path=//lib/modules/4.18.0-513.24.1.el8_9.x86_64/kernel/drivers/target HTTP/1.1" 200 624 "-" "Mozilla/5.0 (compatible; MJ12bot/v1.4.8; http://mj12bot.com/)"
147.135.213.175 - - [05/Apr/2025:20:10:59 +0300] "GET /wp-Owl.php?action=edit&file=target_core_iblock.ko.xz&path=//lib/modules/4.18.0-513.18.1.lve.2.el8.x86_64/kernel/drivers/target HTTP/1.1" 200 626 "-" "Mozilla/5.0 (compatible; MJ12bot/v1.4.8; http://mj12bot.com/)"
193.70.81.106 - - [05/Apr/2025:20:11:00 +0300] "GET /wp-Owl.php?action=edit&file=mogrify.1&path=//opt/alt/alt-ImageMagick/usr/share/man/man1 HTTP/1.1" 200 6465 "-" "Mozilla/5.0 (compatible; MJ12bot/v1.4.8; http://mj12bot.com/)"
